[INFO] fetching crate iroh-p2p 0.2.0...
[INFO] checking iroh-p2p-0.2.0 against nightly-2024-02-05 for check-cfg
[INFO] extracting crate iroh-p2p 0.2.0 into /workspace/builds/worker-0-tc1/source
[INFO] validating manifest of crates.io crate iroh-p2p 0.2.0 on toolchain nightly-2024-02-05
[INFO] running `Command { std: CARGO_HOME="/workspace/cargo-home" RUSTUP_HOME="/workspace/rustup-home" "/workspace/cargo-home/bin/cargo" "+nightly-2024-02-05" "metadata" "--manifest-path" "Cargo.toml" "--no-deps", kill_on_drop: false }`
[INFO] started tweaking crates.io crate iroh-p2p 0.2.0
[INFO] finished tweaking crates.io crate iroh-p2p 0.2.0
[INFO] tweaked toml for crates.io crate iroh-p2p 0.2.0 written to /workspace/builds/worker-0-tc1/source/Cargo.toml
[INFO] crate crates.io crate iroh-p2p 0.2.0 already has a lockfile, it will not be regenerated
[INFO] running `Command { std: CARGO_HOME="/workspace/cargo-home" RUSTUP_HOME="/workspace/rustup-home" "/workspace/cargo-home/bin/cargo" "+nightly-2024-02-05" "fetch" "--manifest-path" "Cargo.toml", kill_on_drop: false }`
[INFO] [stderr]     Updating crates.io index
[INFO] [stderr]  Downloading crates ...
[INFO] [stderr]   Downloaded serde_bytes v0.11.8
[INFO] [stderr]   Downloaded pest_meta v2.5.1
[INFO] [stderr]   Downloaded const-oid v0.9.1
[INFO] [stderr]   Downloaded blake2s_simd v1.0.0
[INFO] [stderr]   Downloaded constant_time_eq v0.2.4
[INFO] [stderr]   Downloaded serde-error v0.1.2
[INFO] [stderr]   Downloaded data-encoding-macro-internal v0.1.10
[INFO] [stderr]   Downloaded netlink-sys v0.8.3
[INFO] [stderr]   Downloaded quic-rpc v0.3.1
[INFO] [stderr]   Downloaded pest_generator v2.5.1
[INFO] [stderr]   Downloaded axum v0.6.1
[INFO] [stderr]   Downloaded snow v0.9.0
[INFO] [stderr]   Downloaded fiat-crypto v0.1.17
[INFO] [stderr]   Downloaded curve25519-dalek v4.0.0-pre.5
[INFO] [stderr]   Downloaded gimli v0.27.0
[INFO] [stderr]   Downloaded ntapi v0.4.0
[INFO] [stderr]   Downloaded sysinfo v0.26.8
[INFO] [stderr]   Downloaded iroh-bitswap v0.2.0
[INFO] [stderr]   Downloaded object v0.30.0
[INFO] [stderr]   Downloaded asn1-rs v0.5.1
[INFO] [stderr]   Downloaded x25519-dalek v2.0.0-pre.1
[INFO] [stderr]   Downloaded rustls v0.20.7
[INFO] [stderr]   Downloaded webrtc-dtls v0.7.0
[INFO] [stderr]   Downloaded quinn-proto v0.9.2
[INFO] [stderr]   Downloaded num-bigint-dig v0.8.2
[INFO] [stderr]   Downloaded deadqueue v0.2.4
[INFO] [stderr]   Downloaded pest_derive v2.5.1
[INFO] [stderr]   Downloaded tokio-context v0.1.3
[INFO] [stderr]   Downloaded humansize v2.1.2
[INFO] [stderr]   Downloaded async-io v1.12.0
[INFO] [stderr]   Downloaded rlimit v0.8.3
[INFO] [stderr]   Downloaded libp2p-kad v0.42.0
[INFO] [stderr]   Downloaded netlink-packet-utils v0.5.1
[INFO] [stderr]   Downloaded dtoa v1.0.5
[INFO] [stderr]   Downloaded iroh-metrics v0.2.0
[INFO] [stderr]   Downloaded rustls-pemfile v1.0.1
[INFO] [stderr]   Downloaded prost-build v0.11.5
[INFO] [stderr]   Downloaded chacha20 v0.8.2
[INFO] [stderr]   Downloaded polling v2.5.2
[INFO] [stderr]   Downloaded ed25519 v1.5.2
[INFO] [stderr]   Downloaded prettyplease v0.1.22
[INFO] [stderr]   Downloaded system-configuration v0.5.0
[INFO] [stderr]   Downloaded axum-core v0.3.0
[INFO] [stderr]   Downloaded asynchronous-codec v0.6.1
[INFO] [stderr]   Downloaded crc v3.0.0
[INFO] [stderr]   Downloaded poly1305 v0.7.2
[INFO] [stderr]   Downloaded prost-derive v0.11.5
[INFO] [stderr]   Downloaded chacha20poly1305 v0.9.1
[INFO] [stderr]   Downloaded ssh-key v0.5.1
[INFO] [stderr]   Downloaded platforms v3.0.2
[INFO] [stderr]   Downloaded prost-types v0.11.5
[INFO] [stderr]   Downloaded displaydoc v0.2.3
[INFO] [stderr]   Downloaded unsigned-varint v0.7.1
[INFO] [stderr]   Downloaded base64ct v1.5.3
[INFO] [stderr]   Downloaded der-parser v8.1.0
[INFO] [stderr]   Downloaded keyed_priority_queue v0.4.1
[INFO] [stderr]   Downloaded iroh-rpc-client v0.2.0
[INFO] [stderr]   Downloaded libp2p-autonat v0.9.0
[INFO] [stderr]   Downloaded libp2p-dcutr v0.8.0
[INFO] [stderr]   Downloaded libp2p-gossipsub v0.43.0
[INFO] [stderr]   Downloaded if-watch v3.0.0
[INFO] [stderr]   Downloaded prost v0.11.5
[INFO] [stderr]   Downloaded yasna v0.5.1
[INFO] [stderr]   Downloaded ssh-encoding v0.1.0
[INFO] [stderr]   Downloaded webrtc-media v0.5.0
[INFO] [stderr]   Downloaded data-encoding-macro v0.1.12
[INFO] [stderr]   Downloaded rsa v0.7.2
[INFO] [stderr]   Downloaded arc-swap v1.5.1
[INFO] [stderr]   Downloaded libp2p v0.50.0
[INFO] [stderr]   Downloaded asn1_der v0.7.5
[INFO] [stderr]   Downloaded webrtc-ice v0.9.0
[INFO] [stderr]   Downloaded serde-big-array v0.3.3
[INFO] [stderr]   Downloaded clap v4.0.30
[INFO] [stderr]   Downloaded iroh-util v0.2.0
[INFO] [stderr]   Downloaded libp2p-tls v0.1.0-alpha
[INFO] [stderr]   Downloaded libp2p-relay v0.14.0
[INFO] [stderr]   Downloaded names v0.14.0
[INFO] [stderr]   Downloaded semver v1.0.16
[INFO] [stderr]   Downloaded blake2b_simd v1.0.0
[INFO] [stderr]   Downloaded which v4.3.0
[INFO] [stderr]   Downloaded crc-catalog v2.1.0
[INFO] [stderr]   Downloaded blake3 v1.3.3
[INFO] [stderr]   Downloaded iroh-rpc-types v0.2.0
[INFO] [stderr]   Downloaded pest v2.5.1
[INFO] running `Command { std: "docker" "create" "-v" "/var/lib/crater-agent-workspace/builds/worker-0-tc1/target:/opt/rustwide/target:rw,Z" "-v" "/var/lib/crater-agent-workspace/builds/worker-0-tc1/source:/opt/rustwide/workdir:ro,Z" "-v" "/var/lib/crater-agent-workspace/cargo-home:/opt/rustwide/cargo-home:ro,Z" "-v" "/var/lib/crater-agent-workspace/rustup-home:/opt/rustwide/rustup-home:ro,Z" "-e" "SOURCE_DIR=/opt/rustwide/workdir" "-e" "CARGO_TARGET_DIR=/opt/rustwide/target" "-e" "CARGO_HOME=/opt/rustwide/cargo-home" "-e" "RUSTUP_HOME=/opt/rustwide/rustup-home" "-w" "/opt/rustwide/workdir" "-m" "1610612736" "--user" "0:0" "--network" "none" "ghcr.io/rust-lang/crates-build-env/linux@sha256:2788e3201cd34a07e3172128adcd8b3090168a8e3bcc40d7c032b9dda1df7d1c" "/opt/rustwide/cargo-home/bin/cargo" "+nightly-2024-02-05" "metadata" "--no-deps" "--format-version=1", kill_on_drop: false }`
[INFO] [stdout] 7d9db5169bedbfcb4c0664de79d5e5fc7131f84a495e78c8564f420302471171
[INFO] running `Command { std: "docker" "start" "-a" "7d9db5169bedbfcb4c0664de79d5e5fc7131f84a495e78c8564f420302471171", kill_on_drop: false }`
[INFO] running `Command { std: "docker" "inspect" "7d9db5169bedbfcb4c0664de79d5e5fc7131f84a495e78c8564f420302471171", kill_on_drop: false }`
[INFO] running `Command { std: "docker" "rm" "-f" "7d9db5169bedbfcb4c0664de79d5e5fc7131f84a495e78c8564f420302471171", kill_on_drop: false }`
[INFO] [stdout] 7d9db5169bedbfcb4c0664de79d5e5fc7131f84a495e78c8564f420302471171
[INFO] running `Command { std: "docker" "create" "-v" "/var/lib/crater-agent-workspace/builds/worker-0-tc1/target:/opt/rustwide/target:rw,Z" "-v" "/var/lib/crater-agent-workspace/builds/worker-0-tc1/source:/opt/rustwide/workdir:ro,Z" "-v" "/var/lib/crater-agent-workspace/cargo-home:/opt/rustwide/cargo-home:ro,Z" "-v" "/var/lib/crater-agent-workspace/rustup-home:/opt/rustwide/rustup-home:ro,Z" "-e" "SOURCE_DIR=/opt/rustwide/workdir" "-e" "CARGO_TARGET_DIR=/opt/rustwide/target" "-e" "CARGO_INCREMENTAL=0" "-e" "RUST_BACKTRACE=full" "-e" "RUSTFLAGS=--cap-lints=forbid" "-e" "RUSTDOCFLAGS=--cap-lints=forbid" "-e" "CARGO_HOME=/opt/rustwide/cargo-home" "-e" "RUSTUP_HOME=/opt/rustwide/rustup-home" "-w" "/opt/rustwide/workdir" "-m" "1610612736" "--user" "0:0" "--network" "none" "ghcr.io/rust-lang/crates-build-env/linux@sha256:2788e3201cd34a07e3172128adcd8b3090168a8e3bcc40d7c032b9dda1df7d1c" "/opt/rustwide/cargo-home/bin/cargo" "+nightly-2024-02-05" "check" "--frozen" "--all" "--all-targets" "--message-format=json", kill_on_drop: false }`
[INFO] [stdout] 31d1ad5003f9aa3b00bdbf33c79272d76455b9ff7cd742ce705330b1ad9e332d
[INFO] running `Command { std: "docker" "start" "-a" "31d1ad5003f9aa3b00bdbf33c79272d76455b9ff7cd742ce705330b1ad9e332d", kill_on_drop: false }`
[INFO] [stderr]    Compiling proc-macro2 v1.0.49
[INFO] [stderr]    Compiling quote v1.0.23
[INFO] [stderr]    Compiling unicode-ident v1.0.6
[INFO] [stderr]    Compiling syn v1.0.107
[INFO] [stderr]    Compiling libc v0.2.138
[INFO] [stderr]    Compiling serde_derive v1.0.151
[INFO] [stderr]    Compiling serde v1.0.151
[INFO] [stderr]     Checking pin-project-lite v0.2.9
[INFO] [stderr]     Checking once_cell v1.16.0
[INFO] [stderr]    Compiling futures-core v0.3.25
[INFO] [stderr]     Checking futures-sink v0.3.25
[INFO] [stderr]    Compiling slab v0.4.7
[INFO] [stderr]    Compiling futures-channel v0.3.25
[INFO] [stderr]    Compiling futures-task v0.3.25
[INFO] [stderr]     Checking futures-io v0.3.25
[INFO] [stderr]    Compiling futures-util v0.3.25
[INFO] [stderr]    Compiling thiserror v1.0.38
[INFO] [stderr]    Compiling cc v1.0.78
[INFO] [stderr]    Compiling either v1.8.0
[INFO] [stderr]    Compiling anyhow v1.0.68
[INFO] [stderr]    Compiling itertools v0.10.5
[INFO] [stderr]    Compiling indexmap v1.9.2
[INFO] [stderr]    Compiling prettyplease v0.1.22
[INFO] [stderr]    Compiling bytes v1.3.0
[INFO] [stderr]    Compiling hashbrown v0.12.3
[INFO] [stderr]    Compiling log v0.4.17
[INFO] [stderr]    Compiling regex-syntax v0.6.28
[INFO] [stderr]    Compiling remove_dir_all v0.5.3
[INFO] [stderr]    Compiling fastrand v1.8.0
[INFO] [stderr]    Compiling multimap v0.8.3
[INFO] [stderr]    Compiling tokio v1.23.0
[INFO] [stdout] error[E0422]: cannot find struct, variant or union type `LineColumn` in crate `proc_macro`
[INFO] [stdout]    --> /opt/rustwide/cargo-home/registry/src/index.crates.io-6f17d22bba15001f/proc-macro2-1.0.49/src/wrapper.rs:479:33
[INFO] [stdout]     |
[INFO] [stdout] 479 |                 let proc_macro::LineColumn { line, column } = s.start();
[INFO] [stdout]     |                                 ^^^^^^^^^^ not found in `proc_macro`
[INFO] [stdout]     |
[INFO] [stdout] help: consider importing one of these items
[INFO] [stdout]     |
[INFO] [stdout] 1   + use crate::LineColumn;
[INFO] [stdout]     |
[INFO] [stdout] 1   + use crate::fallback::LineColumn;
[INFO] [stdout]     |
[INFO] [stdout] help: if you import `LineColumn`, refer to it directly
[INFO] [stdout]     |
[INFO] [stdout] 479 -                 let proc_macro::LineColumn { line, column } = s.start();
[INFO] [stdout] 479 +                 let LineColumn { line, column } = s.start();
[INFO] [stdout]     |
[INFO] [stdout] 
[INFO] [stdout] 
[INFO] [stdout] error[E0422]: cannot find struct, variant or union type `LineColumn` in crate `proc_macro`
[INFO] [stdout]    --> /opt/rustwide/cargo-home/registry/src/index.crates.io-6f17d22bba15001f/proc-macro2-1.0.49/src/wrapper.rs:496:33
[INFO] [stdout]     |
[INFO] [stdout] 496 |                 let proc_macro::LineColumn { line, column } = s.end();
[INFO] [stdout]     |                                 ^^^^^^^^^^ not found in `proc_macro`
[INFO] [stdout]     |
[INFO] [stdout] help: consider importing one of these items
[INFO] [stdout]     |
[INFO] [stdout] 1   + use crate::LineColumn;
[INFO] [stdout]     |
[INFO] [stdout] 1   + use crate::fallback::LineColumn;
[INFO] [stdout]     |
[INFO] [stdout] help: if you import `LineColumn`, refer to it directly
[INFO] [stdout]     |
[INFO] [stdout] 496 -                 let proc_macro::LineColumn { line, column } = s.end();
[INFO] [stdout] 496 +                 let LineColumn { line, column } = s.end();
[INFO] [stdout]     |
[INFO] [stdout] 
[INFO] [stdout] 
[INFO] [stderr]    Compiling generic-array v0.14.6
[INFO] [stdout] error[E0635]: unknown feature `proc_macro_span_shrink`
[INFO] [stdout]   --> /opt/rustwide/cargo-home/registry/src/index.crates.io-6f17d22bba15001f/proc-macro2-1.0.49/src/lib.rs:92:30
[INFO] [stdout]    |
[INFO] [stdout] 92 |     feature(proc_macro_span, proc_macro_span_shrink)
[INFO] [stdout]    |                              ^^^^^^^^^^^^^^^^^^^^^^
[INFO] [stdout] 
[INFO] [stdout] 
[INFO] [stderr]     Checking percent-encoding v2.2.0
[INFO] [stderr]     Checking itoa v1.0.5
[INFO] [stderr]     Checking byteorder v1.4.3
[INFO] [stderr]     Checking cpufeatures v0.2.5
[INFO] [stdout] error: aborting due to 3 previous errors
[INFO] [stdout] 
[INFO] [stdout] 
[INFO] [stdout] Some errors have detailed explanations: E0422, E0635.
[INFO] [stdout] 
[INFO] [stdout] For more information about an error, try `rustc --explain E0422`.
[INFO] [stdout] 
[INFO] [stderr] error: could not compile `proc-macro2` (lib) due to 4 previous errors
[INFO] [stderr] warning: build failed, waiting for other jobs to finish...
[INFO] running `Command { std: "docker" "inspect" "31d1ad5003f9aa3b00bdbf33c79272d76455b9ff7cd742ce705330b1ad9e332d", kill_on_drop: false }`
[INFO] running `Command { std: "docker" "rm" "-f" "31d1ad5003f9aa3b00bdbf33c79272d76455b9ff7cd742ce705330b1ad9e332d", kill_on_drop: false }`
[INFO] [stdout] 31d1ad5003f9aa3b00bdbf33c79272d76455b9ff7cd742ce705330b1ad9e332d
