[INFO] fetching crate iroh-gateway 0.2.0...
[INFO] checking iroh-gateway-0.2.0 against nightly-2024-02-05 for check-cfg
[INFO] extracting crate iroh-gateway 0.2.0 into /workspace/builds/worker-4-tc1/source
[INFO] validating manifest of crates.io crate iroh-gateway 0.2.0 on toolchain nightly-2024-02-05
[INFO] running `Command { std: CARGO_HOME="/workspace/cargo-home" RUSTUP_HOME="/workspace/rustup-home" "/workspace/cargo-home/bin/cargo" "+nightly-2024-02-05" "metadata" "--manifest-path" "Cargo.toml" "--no-deps", kill_on_drop: false }`
[INFO] started tweaking crates.io crate iroh-gateway 0.2.0
[INFO] finished tweaking crates.io crate iroh-gateway 0.2.0
[INFO] tweaked toml for crates.io crate iroh-gateway 0.2.0 written to /workspace/builds/worker-4-tc1/source/Cargo.toml
[INFO] crate crates.io crate iroh-gateway 0.2.0 already has a lockfile, it will not be regenerated
[INFO] running `Command { std: CARGO_HOME="/workspace/cargo-home" RUSTUP_HOME="/workspace/rustup-home" "/workspace/cargo-home/bin/cargo" "+nightly-2024-02-05" "fetch" "--manifest-path" "Cargo.toml", kill_on_drop: false }`
[INFO] [stderr]     Updating crates.io index
[INFO] [stderr]  Downloading crates ...
[INFO] [stderr]   Downloaded iroh-metrics v0.2.0
[INFO] [stderr]   Downloaded libipld-cbor v0.15.0
[INFO] [stderr]   Downloaded iroh-util v0.2.0
[INFO] [stderr]   Downloaded cid v0.9.0
[INFO] [stderr]   Downloaded serde_bytes v0.11.8
[INFO] [stderr]   Downloaded libipld-cbor-derive v0.15.0
[INFO] [stderr]   Downloaded git-version-macro v0.3.5
[INFO] [stderr]   Downloaded iroh-unixfs v0.2.0
[INFO] [stderr]   Downloaded opentelemetry-proto v0.1.0
[INFO] [stderr]   Downloaded ctrlc v3.2.4
[INFO] [stderr]   Downloaded libipld-macro v0.15.0
[INFO] [stderr]   Downloaded darling_macro v0.14.2
[INFO] [stderr]   Downloaded git-version v0.3.5
[INFO] [stderr]   Downloaded libipld-pb v0.15.0
[INFO] [stderr]   Downloaded libipld-json v0.15.0
[INFO] [stderr]   Downloaded iroh-resolver v0.2.0
[INFO] [stderr]   Downloaded serde-error v0.1.2
[INFO] [stderr]   Downloaded http-serde v1.1.2
[INFO] [stderr]   Downloaded constant_time_eq v0.2.4
[INFO] [stderr]   Downloaded opentelemetry-otlp v0.11.0
[INFO] [stderr]   Downloaded iroh-store v0.2.0
[INFO] [stderr]   Downloaded concurrent-queue v2.0.0
[INFO] [stderr]   Downloaded asn1_der v0.7.5
[INFO] [stderr]   Downloaded serde_with v2.1.0
[INFO] [stderr]   Downloaded nix v0.26.1
[INFO] [stderr]   Downloaded object v0.30.0
[INFO] [stderr]   Downloaded blake3 v1.3.3
[INFO] [stderr]   Downloaded clap v4.0.30
[INFO] [stderr]   Downloaded cxx v1.0.85
[INFO] [stderr]   Downloaded cxxbridge-macro v1.0.85
[INFO] [stderr]   Downloaded toml v0.5.10
[INFO] [stderr]   Downloaded serde_qs v0.10.1
[INFO] [stderr]   Downloaded cxx-build v1.0.85
[INFO] [stderr]   Downloaded darling_core v0.14.2
[INFO] [stderr]   Downloaded ahash v0.8.2
[INFO] [stderr]   Downloaded paste v1.0.11
[INFO] [stderr]   Downloaded humansize v2.1.2
[INFO] [stderr]   Downloaded dtoa v1.0.5
[INFO] [stderr]   Downloaded fastmurmur3 v0.1.2
[INFO] [stderr]   Downloaded libipld-core v0.15.0
[INFO] [stderr]   Downloaded asynchronous-codec v0.6.1
[INFO] [stderr]   Downloaded ipconfig v0.3.1
[INFO] [stderr]   Downloaded libipld v0.15.0
[INFO] [stderr]   Downloaded rlimit v0.8.3
[INFO] [stderr]   Downloaded serde_with_macros v2.1.0
[INFO] [stderr]   Downloaded cxxbridge-flags v1.0.85
[INFO] [stderr]   Downloaded darling v0.14.2
[INFO] [stderr]   Downloaded iroh-rpc-types v0.2.0
[INFO] [stderr]   Downloaded iroh-rpc-client v0.2.0
[INFO] [stderr]   Downloaded data-encoding v2.3.3
[INFO] [stderr]   Downloaded iroh-car v0.2.0
[INFO] [stderr]   Downloaded mime_classifier v0.0.1
[INFO] [stderr]   Downloaded quic-rpc v0.3.1
[INFO] [stderr]   Downloaded sysinfo v0.26.8
[INFO] running `Command { std: "docker" "create" "-v" "/var/lib/crater-agent-workspace/builds/worker-4-tc1/target:/opt/rustwide/target:rw,Z" "-v" "/var/lib/crater-agent-workspace/builds/worker-4-tc1/source:/opt/rustwide/workdir:ro,Z" "-v" "/var/lib/crater-agent-workspace/cargo-home:/opt/rustwide/cargo-home:ro,Z" "-v" "/var/lib/crater-agent-workspace/rustup-home:/opt/rustwide/rustup-home:ro,Z" "-e" "SOURCE_DIR=/opt/rustwide/workdir" "-e" "CARGO_TARGET_DIR=/opt/rustwide/target" "-e" "CARGO_HOME=/opt/rustwide/cargo-home" "-e" "RUSTUP_HOME=/opt/rustwide/rustup-home" "-w" "/opt/rustwide/workdir" "-m" "1610612736" "--user" "0:0" "--network" "none" "ghcr.io/rust-lang/crates-build-env/linux@sha256:2788e3201cd34a07e3172128adcd8b3090168a8e3bcc40d7c032b9dda1df7d1c" "/opt/rustwide/cargo-home/bin/cargo" "+nightly-2024-02-05" "metadata" "--no-deps" "--format-version=1", kill_on_drop: false }`
[INFO] [stdout] a42f4adaa8d5015027d3df50c3ab29861c25a10d05f739a8c70ddaba9e92182d
[INFO] running `Command { std: "docker" "start" "-a" "a42f4adaa8d5015027d3df50c3ab29861c25a10d05f739a8c70ddaba9e92182d", kill_on_drop: false }`
[INFO] running `Command { std: "docker" "inspect" "a42f4adaa8d5015027d3df50c3ab29861c25a10d05f739a8c70ddaba9e92182d", kill_on_drop: false }`
[INFO] running `Command { std: "docker" "rm" "-f" "a42f4adaa8d5015027d3df50c3ab29861c25a10d05f739a8c70ddaba9e92182d", kill_on_drop: false }`
[INFO] [stdout] a42f4adaa8d5015027d3df50c3ab29861c25a10d05f739a8c70ddaba9e92182d
[INFO] running `Command { std: "docker" "create" "-v" "/var/lib/crater-agent-workspace/builds/worker-4-tc1/target:/opt/rustwide/target:rw,Z" "-v" "/var/lib/crater-agent-workspace/builds/worker-4-tc1/source:/opt/rustwide/workdir:ro,Z" "-v" "/var/lib/crater-agent-workspace/cargo-home:/opt/rustwide/cargo-home:ro,Z" "-v" "/var/lib/crater-agent-workspace/rustup-home:/opt/rustwide/rustup-home:ro,Z" "-e" "SOURCE_DIR=/opt/rustwide/workdir" "-e" "CARGO_TARGET_DIR=/opt/rustwide/target" "-e" "CARGO_INCREMENTAL=0" "-e" "RUST_BACKTRACE=full" "-e" "RUSTFLAGS=--cap-lints=forbid" "-e" "RUSTDOCFLAGS=--cap-lints=forbid" "-e" "CARGO_HOME=/opt/rustwide/cargo-home" "-e" "RUSTUP_HOME=/opt/rustwide/rustup-home" "-w" "/opt/rustwide/workdir" "-m" "1610612736" "--user" "0:0" "--network" "none" "ghcr.io/rust-lang/crates-build-env/linux@sha256:2788e3201cd34a07e3172128adcd8b3090168a8e3bcc40d7c032b9dda1df7d1c" "/opt/rustwide/cargo-home/bin/cargo" "+nightly-2024-02-05" "check" "--frozen" "--all" "--all-targets" "--message-format=json", kill_on_drop: false }`
[INFO] [stdout] e274f46584f390e0b515f32acae6072dcd6ff1bf9b4b5b211bdedeb12de01d9a
[INFO] running `Command { std: "docker" "start" "-a" "e274f46584f390e0b515f32acae6072dcd6ff1bf9b4b5b211bdedeb12de01d9a", kill_on_drop: false }`
[INFO] [stderr]    Compiling proc-macro2 v1.0.49
[INFO] [stderr]    Compiling libc v0.2.138
[INFO] [stderr]    Compiling serde_derive v1.0.151
[INFO] [stderr]    Compiling serde v1.0.151
[INFO] [stderr]     Checking once_cell v1.16.0
[INFO] [stderr]    Compiling futures-util v0.3.25
[INFO] [stderr]    Compiling lock_api v0.4.9
[INFO] [stderr]     Checking futures-task v0.3.25
[INFO] [stderr]     Checking slab v0.4.7
[INFO] [stderr]     Checking smallvec v1.10.0
[INFO] [stderr]    Compiling parking_lot_core v0.9.5
[INFO] [stderr]     Checking typenum v1.16.0
[INFO] [stderr]    Compiling either v1.8.0
[INFO] [stderr]    Compiling anyhow v1.0.68
[INFO] [stderr]    Compiling tokio v1.23.0
[INFO] [stderr]    Compiling regex-syntax v0.6.28
[INFO] [stderr]    Compiling heck v0.4.0
[INFO] [stderr]     Checking tracing-core v0.1.30
[INFO] [stderr]    Compiling itertools v0.10.5
[INFO] [stderr]    Compiling indexmap v1.9.2
[INFO] [stderr]    Compiling bytes v1.3.0
[INFO] [stderr]    Compiling hashbrown v0.12.3
[INFO] [stderr]    Compiling prettyplease v0.1.22
[INFO] [stderr]     Checking arrayref v0.3.6
[INFO] [stderr]     Checking data-encoding v2.3.3
[INFO] [stderr]    Compiling log v0.4.17
[INFO] [stderr]     Checking miniz_oxide v0.6.2
[INFO] [stdout] error[E0422]: cannot find struct, variant or union type `LineColumn` in crate `proc_macro`
[INFO] [stdout]    --> /opt/rustwide/cargo-home/registry/src/index.crates.io-6f17d22bba15001f/proc-macro2-1.0.49/src/wrapper.rs:479:33
[INFO] [stdout]     |
[INFO] [stdout] 479 |                 let proc_macro::LineColumn { line, column } = s.start();
[INFO] [stdout]     |                                 ^^^^^^^^^^ not found in `proc_macro`
[INFO] [stdout]     |
[INFO] [stdout] help: consider importing one of these items
[INFO] [stdout]     |
[INFO] [stdout] 1   + use crate::LineColumn;
[INFO] [stdout]     |
[INFO] [stdout] 1   + use crate::fallback::LineColumn;
[INFO] [stdout]     |
[INFO] [stdout] help: if you import `LineColumn`, refer to it directly
[INFO] [stdout]     |
[INFO] [stdout] 479 -                 let proc_macro::LineColumn { line, column } = s.start();
[INFO] [stdout] 479 +                 let LineColumn { line, column } = s.start();
[INFO] [stdout]     |
[INFO] [stdout] 
[INFO] [stdout] 
[INFO] [stdout] error[E0422]: cannot find struct, variant or union type `LineColumn` in crate `proc_macro`
[INFO] [stdout]    --> /opt/rustwide/cargo-home/registry/src/index.crates.io-6f17d22bba15001f/proc-macro2-1.0.49/src/wrapper.rs:496:33
[INFO] [stdout]     |
[INFO] [stdout] 496 |                 let proc_macro::LineColumn { line, column } = s.end();
[INFO] [stdout]     |                                 ^^^^^^^^^^ not found in `proc_macro`
[INFO] [stdout]     |
[INFO] [stdout] help: consider importing one of these items
[INFO] [stdout]     |
[INFO] [stdout] 1   + use crate::LineColumn;
[INFO] [stdout]     |
[INFO] [stdout] 1   + use crate::fallback::LineColumn;
[INFO] [stdout]     |
[INFO] [stdout] help: if you import `LineColumn`, refer to it directly
[INFO] [stdout]     |
[INFO] [stdout] 496 -                 let proc_macro::LineColumn { line, column } = s.end();
[INFO] [stdout] 496 +                 let LineColumn { line, column } = s.end();
[INFO] [stdout]     |
[INFO] [stdout] 
[INFO] [stdout] 
[INFO] [stdout] error[E0635]: unknown feature `proc_macro_span_shrink`
[INFO] [stdout]   --> /opt/rustwide/cargo-home/registry/src/index.crates.io-6f17d22bba15001f/proc-macro2-1.0.49/src/lib.rs:92:30
[INFO] [stdout]    |
[INFO] [stdout] 92 |     feature(proc_macro_span, proc_macro_span_shrink)
[INFO] [stdout]    |                              ^^^^^^^^^^^^^^^^^^^^^^
[INFO] [stdout] 
[INFO] [stdout] 
[INFO] [stderr]    Compiling remove_dir_all v0.5.3
[INFO] [stderr]    Compiling fixedbitset v0.4.2
[INFO] [stderr]    Compiling fastrand v1.8.0
[INFO] [stdout] error: aborting due to 3 previous errors
[INFO] [stdout] 
[INFO] [stdout] 
[INFO] [stdout] Some errors have detailed explanations: E0422, E0635.
[INFO] [stdout] 
[INFO] [stdout] For more information about an error, try `rustc --explain E0422`.
[INFO] [stdout] 
[INFO] [stderr] error: could not compile `proc-macro2` (lib) due to 4 previous errors
[INFO] [stderr] warning: build failed, waiting for other jobs to finish...
[INFO] running `Command { std: "docker" "inspect" "e274f46584f390e0b515f32acae6072dcd6ff1bf9b4b5b211bdedeb12de01d9a", kill_on_drop: false }`
[INFO] running `Command { std: "docker" "rm" "-f" "e274f46584f390e0b515f32acae6072dcd6ff1bf9b4b5b211bdedeb12de01d9a", kill_on_drop: false }`
[INFO] [stdout] e274f46584f390e0b515f32acae6072dcd6ff1bf9b4b5b211bdedeb12de01d9a
