[INFO] fetching crate iroh-bytes 0.11.0...
[INFO] checking iroh-bytes-0.11.0 against nightly-2024-02-05 for check-cfg
[INFO] extracting crate iroh-bytes 0.11.0 into /workspace/builds/worker-2-tc1/source
[INFO] validating manifest of crates.io crate iroh-bytes 0.11.0 on toolchain nightly-2024-02-05
[INFO] running `Command { std: CARGO_HOME="/workspace/cargo-home" RUSTUP_HOME="/workspace/rustup-home" "/workspace/cargo-home/bin/cargo" "+nightly-2024-02-05" "metadata" "--manifest-path" "Cargo.toml" "--no-deps", kill_on_drop: false }`
[INFO] started tweaking crates.io crate iroh-bytes 0.11.0
[INFO] finished tweaking crates.io crate iroh-bytes 0.11.0
[INFO] tweaked toml for crates.io crate iroh-bytes 0.11.0 written to /workspace/builds/worker-2-tc1/source/Cargo.toml
[INFO] running `Command { std: CARGO_HOME="/workspace/cargo-home" RUSTUP_HOME="/workspace/rustup-home" "/workspace/cargo-home/bin/cargo" "+nightly-2024-02-05" "generate-lockfile" "--manifest-path" "Cargo.toml", kill_on_drop: false }`
[INFO] [stderr]     Updating crates.io index
[INFO] running `Command { std: CARGO_HOME="/workspace/cargo-home" RUSTUP_HOME="/workspace/rustup-home" "/workspace/cargo-home/bin/cargo" "+nightly-2024-02-05" "fetch" "--manifest-path" "Cargo.toml", kill_on_drop: false }`
[INFO] [stderr]  Downloading crates ...
[INFO] [stderr]   Downloaded genawaiter v0.99.1
[INFO] [stderr]   Downloaded genawaiter-macro v0.99.1
[INFO] [stderr]   Downloaded inplace-vec-builder v0.1.1
[INFO] [stderr]   Downloaded postcard-derive v0.1.1
[INFO] [stderr]   Downloaded genawaiter-proc-macro v0.99.1
[INFO] [stderr]   Downloaded serde-error v0.1.2
[INFO] [stderr]   Downloaded self_cell v1.0.3
[INFO] [stderr]   Downloaded range-collections v0.4.5
[INFO] [stderr]   Downloaded iroh-io v0.3.0
[INFO] [stderr]   Downloaded binary-merge v0.1.2
[INFO] [stderr]   Downloaded derive_more v1.0.0-beta.6
[INFO] [stderr]   Downloaded bao-tree v0.9.1
[INFO] [stderr]   Downloaded derive_more-impl v1.0.0-beta.6
[INFO] [stderr]   Downloaded iroh-blake3 v1.4.4
[INFO] [stderr]   Downloaded positioned-io v0.3.3
[INFO] [stderr]   Downloaded reflink-copy v0.1.14
[INFO] [stderr]   Downloaded iroh-base v0.11.0
[INFO] running `Command { std: "docker" "create" "-v" "/var/lib/crater-agent-workspace/builds/worker-2-tc1/target:/opt/rustwide/target:rw,Z" "-v" "/var/lib/crater-agent-workspace/builds/worker-2-tc1/source:/opt/rustwide/workdir:ro,Z" "-v" "/var/lib/crater-agent-workspace/cargo-home:/opt/rustwide/cargo-home:ro,Z" "-v" "/var/lib/crater-agent-workspace/rustup-home:/opt/rustwide/rustup-home:ro,Z" "-e" "SOURCE_DIR=/opt/rustwide/workdir" "-e" "CARGO_TARGET_DIR=/opt/rustwide/target" "-e" "CARGO_HOME=/opt/rustwide/cargo-home" "-e" "RUSTUP_HOME=/opt/rustwide/rustup-home" "-w" "/opt/rustwide/workdir" "-m" "1610612736" "--user" "0:0" "--network" "none" "ghcr.io/rust-lang/crates-build-env/linux@sha256:2788e3201cd34a07e3172128adcd8b3090168a8e3bcc40d7c032b9dda1df7d1c" "/opt/rustwide/cargo-home/bin/cargo" "+nightly-2024-02-05" "metadata" "--no-deps" "--format-version=1", kill_on_drop: false }`
[INFO] [stdout] c839c66325efc482640b94198d15f54280feb6fbe7eac1a0bd3390817a9ad956
[INFO] running `Command { std: "docker" "start" "-a" "c839c66325efc482640b94198d15f54280feb6fbe7eac1a0bd3390817a9ad956", kill_on_drop: false }`
[INFO] running `Command { std: "docker" "inspect" "c839c66325efc482640b94198d15f54280feb6fbe7eac1a0bd3390817a9ad956", kill_on_drop: false }`
[INFO] running `Command { std: "docker" "rm" "-f" "c839c66325efc482640b94198d15f54280feb6fbe7eac1a0bd3390817a9ad956", kill_on_drop: false }`
[INFO] [stdout] c839c66325efc482640b94198d15f54280feb6fbe7eac1a0bd3390817a9ad956
[INFO] running `Command { std: "docker" "create" "-v" "/var/lib/crater-agent-workspace/builds/worker-2-tc1/target:/opt/rustwide/target:rw,Z" "-v" "/var/lib/crater-agent-workspace/builds/worker-2-tc1/source:/opt/rustwide/workdir:ro,Z" "-v" "/var/lib/crater-agent-workspace/cargo-home:/opt/rustwide/cargo-home:ro,Z" "-v" "/var/lib/crater-agent-workspace/rustup-home:/opt/rustwide/rustup-home:ro,Z" "-e" "SOURCE_DIR=/opt/rustwide/workdir" "-e" "CARGO_TARGET_DIR=/opt/rustwide/target" "-e" "CARGO_INCREMENTAL=0" "-e" "RUST_BACKTRACE=full" "-e" "RUSTFLAGS=--cap-lints=forbid" "-e" "RUSTDOCFLAGS=--cap-lints=forbid" "-e" "CARGO_HOME=/opt/rustwide/cargo-home" "-e" "RUSTUP_HOME=/opt/rustwide/rustup-home" "-w" "/opt/rustwide/workdir" "-m" "1610612736" "--user" "0:0" "--network" "none" "ghcr.io/rust-lang/crates-build-env/linux@sha256:2788e3201cd34a07e3172128adcd8b3090168a8e3bcc40d7c032b9dda1df7d1c" "/opt/rustwide/cargo-home/bin/cargo" "+nightly-2024-02-05" "check" "--frozen" "--all" "--all-targets" "--message-format=json", kill_on_drop: false }`
[INFO] [stdout] 95f71bc4463c0105249c8aa87120db3f8fddfe582c74dcdf8c786bdd25313dca
[INFO] running `Command { std: "docker" "start" "-a" "95f71bc4463c0105249c8aa87120db3f8fddfe582c74dcdf8c786bdd25313dca", kill_on_drop: false }`
[INFO] [stderr]    Compiling serde v1.0.196
[INFO] [stderr]    Compiling syn v1.0.109
[INFO] [stderr]     Checking futures-core v0.3.30
[INFO] [stderr]     Checking futures-sink v0.3.30
[INFO] [stderr]     Checking untrusted v0.9.0
[INFO] [stderr]    Compiling unicode-xid v0.2.4
[INFO] [stderr]    Compiling rustix v0.38.31
[INFO] [stderr]    Compiling proc-macro-error-attr v0.4.12
[INFO] [stderr]    Compiling syn v2.0.48
[INFO] [stderr]     Checking getrandom v0.2.12
[INFO] [stderr]     Checking bitflags v2.4.2
[INFO] [stderr]    Compiling ref-cast v1.0.22
[INFO] [stderr]    Compiling ring v0.17.7
[INFO] [stderr]     Checking spin v0.9.8
[INFO] [stderr]     Checking linux-raw-sys v0.4.13
[INFO] [stderr]    Compiling iroh-blake3 v1.4.4
[INFO] [stderr]    Compiling ring v0.16.20
[INFO] [stderr]    Compiling backtrace v0.3.69
[INFO] [stderr]     Checking futures-channel v0.3.30
[INFO] [stderr]    Compiling num-traits v0.2.17
[INFO] [stderr]     Checking rand_core v0.6.4
[INFO] [stderr]    Compiling proc-macro-error v0.4.12
[INFO] [stderr]    Compiling rustls v0.21.10
[INFO] [stderr]    Compiling proc-macro-hack v0.5.20+deprecated
[INFO] [stderr]     Checking rand_chacha v0.3.1
[INFO] [stderr]     Checking base64 v0.21.7
[INFO] [stderr]     Checking gimli v0.28.1
[INFO] [stderr]    Compiling data-encoding v2.5.0
[INFO] [stderr]     Checking miniz_oxide v0.7.2
[INFO] [stderr]    Compiling const_format_proc_macros v0.2.32
[INFO] [stderr]     Checking object v0.32.2
[INFO] [stderr]     Checking rand v0.8.5
[INFO] [stderr]     Checking binary-merge v0.1.2
[INFO] [stderr]    Compiling anyhow v1.0.79
[INFO] [stderr]     Checking rustls-pemfile v1.0.4
[INFO] [stderr]     Checking rustc-demangle v0.1.23
[INFO] [stderr]     Checking rustls-native-certs v0.6.3
[INFO] [stderr]     Checking positioned-io v0.3.3
[INFO] [stderr]     Checking cobs v0.2.3
[INFO] [stderr]     Checking rustc-hash v1.1.0
[INFO] [stderr]     Checking fastrand v2.0.1
[INFO] [stderr]     Checking base-x v0.2.11
[INFO] [stderr]     Checking embedded-io v0.4.0
[INFO] [stderr]     Checking self_cell v1.0.3
[INFO] [stderr]     Checking nanorand v0.7.0
[INFO] [stderr]     Checking wait-timeout v0.2.0
[INFO] [stderr]     Checking iana-time-zone v0.1.60
[INFO] [stderr]     Checking bit-vec v0.6.3
[INFO] [stderr]     Checking hex v0.4.3
[INFO] [stderr]     Checking genawaiter-macro v0.99.1
[INFO] [stderr]     Checking rand_xorshift v0.3.0
[INFO] [stderr]     Checking flume v0.11.0
[INFO] [stderr]     Checking unarray v0.1.4
[INFO] [stderr]     Checking bit-set v0.5.3
[INFO] [stderr]     Checking chrono v0.4.33
[INFO] [stderr]     Checking const_format v0.2.32
[INFO] [stderr]     Checking tempfile v3.10.0
[INFO] [stderr]     Checking reflink-copy v0.1.14
[INFO] [stderr]     Checking rusty-fork v0.3.0
[INFO] [stderr]     Checking proptest v1.4.0
[INFO] [stderr]     Checking addr2line v0.21.0
[INFO] [stderr]    Compiling syn-mid v0.5.4
[INFO] [stderr]    Compiling data-encoding-macro-internal v0.1.12
[INFO] [stderr]    Compiling postcard-derive v0.1.1
[INFO] [stderr]     Checking rustls-webpki v0.101.7
[INFO] [stderr]     Checking sct v0.7.1
[INFO] [stderr]     Checking data-encoding-macro v0.1.14
[INFO] [stderr]     Checking multibase v0.9.1
[INFO] [stderr]    Compiling serde_derive v1.0.196
[INFO] [stderr]    Compiling futures-macro v0.3.30
[INFO] [stderr]    Compiling tokio-macros v2.2.0
[INFO] [stderr]    Compiling pin-project-internal v1.1.4
[INFO] [stderr]    Compiling tracing-attributes v0.1.27
[INFO] [stderr]    Compiling ref-cast-impl v1.0.22
[INFO] [stderr]    Compiling thiserror-impl v1.0.56
[INFO] [stderr]    Compiling derive_more-impl v1.0.0-beta.6
[INFO] [stderr]    Compiling genawaiter-proc-macro v0.99.1
[INFO] [stderr]     Checking genawaiter v0.99.1
[INFO] [stderr]     Checking futures-util v0.3.30
[INFO] [stderr]     Checking pin-project v1.1.4
[INFO] [stderr]     Checking thiserror v1.0.56
[INFO] [stderr]     Checking tracing v0.1.40
[INFO] [stderr]     Checking tracing-futures v0.2.5
[INFO] [stderr]     Checking derive_more v1.0.0-beta.6
[INFO] [stderr]     Checking futures-executor v0.3.30
[INFO] [stderr]     Checking futures v0.3.30
[INFO] [stderr]     Checking bytes v1.5.0
[INFO] [stderr]     Checking smallvec v1.13.1
[INFO] [stderr]     Checking serde-error v0.1.2
[INFO] [stderr]     Checking postcard v1.0.8
[INFO] [stderr]     Checking serde_json v1.0.113
[INFO] [stderr]     Checking serde_test v1.0.176
[INFO] [stderr]     Checking inplace-vec-builder v0.1.1
[INFO] [stderr]     Checking range-collections v0.4.5
[INFO] [stderr]     Checking tokio v1.36.0
[INFO] [stderr]     Checking quinn-proto v0.10.6
[INFO] [stderr]     Checking quinn-udp v0.4.1
[INFO] [stderr]     Checking http v0.2.11
[INFO] [stderr]     Checking http-body v0.4.6
[INFO] [stderr]     Checking iroh-io v0.3.0
[INFO] [stderr]     Checking quinn v0.10.2
[INFO] [stderr]     Checking tokio-util v0.7.10
[INFO] [stderr]     Checking bao-tree v0.9.1
[INFO] [stderr]     Checking iroh-base v0.11.0
[INFO] [stderr]     Checking iroh-bytes v0.11.0 (/opt/rustwide/workdir)
[INFO] [stdout] error[E0433]: failed to resolve: use of undeclared crate or module `iroh_test`
[INFO] [stdout]    --> src/protocol/range_spec.rs:359:9
[INFO] [stdout]     |
[INFO] [stdout] 359 |     use iroh_test::{assert_eq_hex, hexdump::parse_hexdump};
[INFO] [stdout]     |         ^^^^^^^^^ use of undeclared crate or module `iroh_test`
[INFO] [stdout]     |
[INFO] [stdout] help: there is a crate or module with a similar name
[INFO] [stdout]     |
[INFO] [stdout] 359 |     use iroh_base::{assert_eq_hex, hexdump::parse_hexdump};
[INFO] [stdout]     |         ~~~~~~~~~
[INFO] [stdout] 
[INFO] [stdout] 
[INFO] [stdout] error[E0432]: unresolved import `iroh_test`
[INFO] [stdout]    --> src/protocol/range_spec.rs:359:9
[INFO] [stdout]     |
[INFO] [stdout] 359 |     use iroh_test::{assert_eq_hex, hexdump::parse_hexdump};
[INFO] [stdout]     |         ^^^^^^^^^ use of undeclared crate or module `iroh_test`
[INFO] [stdout]     |
[INFO] [stdout] help: there is a crate or module with a similar name
[INFO] [stdout]     |
[INFO] [stdout] 359 |     use iroh_base::{assert_eq_hex, hexdump::parse_hexdump};
[INFO] [stdout]     |         ~~~~~~~~~
[INFO] [stdout] 
[INFO] [stdout] 
[INFO] [stdout] error[E0433]: failed to resolve: use of undeclared crate or module `iroh_test`
[INFO] [stdout]    --> src/protocol.rs:585:9
[INFO] [stdout]     |
[INFO] [stdout] 585 |     use iroh_test::{assert_eq_hex, hexdump::parse_hexdump};
[INFO] [stdout]     |         ^^^^^^^^^ use of undeclared crate or module `iroh_test`
[INFO] [stdout]     |
[INFO] [stdout] help: there is a crate or module with a similar name
[INFO] [stdout]     |
[INFO] [stdout] 585 |     use iroh_base::{assert_eq_hex, hexdump::parse_hexdump};
[INFO] [stdout]     |         ~~~~~~~~~
[INFO] [stdout] 
[INFO] [stdout] 
[INFO] [stdout] error[E0432]: unresolved import `iroh_test`
[INFO] [stdout]    --> src/protocol.rs:585:9
[INFO] [stdout]     |
[INFO] [stdout] 585 |     use iroh_test::{assert_eq_hex, hexdump::parse_hexdump};
[INFO] [stdout]     |         ^^^^^^^^^ use of undeclared crate or module `iroh_test`
[INFO] [stdout]     |
[INFO] [stdout] help: there is a crate or module with a similar name
[INFO] [stdout]     |
[INFO] [stdout] 585 |     use iroh_base::{assert_eq_hex, hexdump::parse_hexdump};
[INFO] [stdout]     |         ~~~~~~~~~
[INFO] [stdout] 
[INFO] [stdout] 
[INFO] [stdout] error: aborting due to 4 previous errors
[INFO] [stdout] 
[INFO] [stdout] 
[INFO] [stdout] Some errors have detailed explanations: E0432, E0433.
[INFO] [stdout] 
[INFO] [stdout] For more information about an error, try `rustc --explain E0432`.
[INFO] [stdout] 
[INFO] [stderr] error: could not compile `iroh-bytes` (lib test) due to 5 previous errors
[INFO] [stderr] warning: build failed, waiting for other jobs to finish...
[INFO] running `Command { std: "docker" "inspect" "95f71bc4463c0105249c8aa87120db3f8fddfe582c74dcdf8c786bdd25313dca", kill_on_drop: false }`
[INFO] running `Command { std: "docker" "rm" "-f" "95f71bc4463c0105249c8aa87120db3f8fddfe582c74dcdf8c786bdd25313dca", kill_on_drop: false }`
[INFO] [stdout] 95f71bc4463c0105249c8aa87120db3f8fddfe582c74dcdf8c786bdd25313dca
