[INFO] fetching crate iroh-blake3 1.4.3...
[INFO] checking iroh-blake3-1.4.3 against nightly-2024-02-05 for check-cfg
[INFO] extracting crate iroh-blake3 1.4.3 into /workspace/builds/worker-6-tc1/source
[INFO] validating manifest of crates.io crate iroh-blake3 1.4.3 on toolchain nightly-2024-02-05
[INFO] running `Command { std: CARGO_HOME="/workspace/cargo-home" RUSTUP_HOME="/workspace/rustup-home" "/workspace/cargo-home/bin/cargo" "+nightly-2024-02-05" "metadata" "--manifest-path" "Cargo.toml" "--no-deps", kill_on_drop: false }`
[INFO] started tweaking crates.io crate iroh-blake3 1.4.3
[INFO] finished tweaking crates.io crate iroh-blake3 1.4.3
[INFO] tweaked toml for crates.io crate iroh-blake3 1.4.3 written to /workspace/builds/worker-6-tc1/source/Cargo.toml
[INFO] running `Command { std: CARGO_HOME="/workspace/cargo-home" RUSTUP_HOME="/workspace/rustup-home" "/workspace/cargo-home/bin/cargo" "+nightly-2024-02-05" "generate-lockfile" "--manifest-path" "Cargo.toml", kill_on_drop: false }`
[INFO] [stderr]     Updating crates.io index
[INFO] running `Command { std: CARGO_HOME="/workspace/cargo-home" RUSTUP_HOME="/workspace/rustup-home" "/workspace/cargo-home/bin/cargo" "+nightly-2024-02-05" "fetch" "--manifest-path" "Cargo.toml", kill_on_drop: false }`
[INFO] [stderr]  Downloading crates ...
[INFO] [stderr]   Downloaded page_size v0.5.0
[INFO] running `Command { std: "docker" "create" "-v" "/var/lib/crater-agent-workspace/builds/worker-6-tc1/target:/opt/rustwide/target:rw,Z" "-v" "/var/lib/crater-agent-workspace/builds/worker-6-tc1/source:/opt/rustwide/workdir:ro,Z" "-v" "/var/lib/crater-agent-workspace/cargo-home:/opt/rustwide/cargo-home:ro,Z" "-v" "/var/lib/crater-agent-workspace/rustup-home:/opt/rustwide/rustup-home:ro,Z" "-e" "SOURCE_DIR=/opt/rustwide/workdir" "-e" "CARGO_TARGET_DIR=/opt/rustwide/target" "-e" "CARGO_HOME=/opt/rustwide/cargo-home" "-e" "RUSTUP_HOME=/opt/rustwide/rustup-home" "-w" "/opt/rustwide/workdir" "-m" "1610612736" "--user" "0:0" "--network" "none" "ghcr.io/rust-lang/crates-build-env/linux@sha256:2788e3201cd34a07e3172128adcd8b3090168a8e3bcc40d7c032b9dda1df7d1c" "/opt/rustwide/cargo-home/bin/cargo" "+nightly-2024-02-05" "metadata" "--no-deps" "--format-version=1", kill_on_drop: false }`
[INFO] [stdout] 3c16280c3633f49a994c47b80beaf1245f2b24b4b1940c37b0790367ac5b7cf0
[INFO] running `Command { std: "docker" "start" "-a" "3c16280c3633f49a994c47b80beaf1245f2b24b4b1940c37b0790367ac5b7cf0", kill_on_drop: false }`
[INFO] running `Command { std: "docker" "inspect" "3c16280c3633f49a994c47b80beaf1245f2b24b4b1940c37b0790367ac5b7cf0", kill_on_drop: false }`
[INFO] running `Command { std: "docker" "rm" "-f" "3c16280c3633f49a994c47b80beaf1245f2b24b4b1940c37b0790367ac5b7cf0", kill_on_drop: false }`
[INFO] [stdout] 3c16280c3633f49a994c47b80beaf1245f2b24b4b1940c37b0790367ac5b7cf0
[INFO] running `Command { std: "docker" "create" "-v" "/var/lib/crater-agent-workspace/builds/worker-6-tc1/target:/opt/rustwide/target:rw,Z" "-v" "/var/lib/crater-agent-workspace/builds/worker-6-tc1/source:/opt/rustwide/workdir:ro,Z" "-v" "/var/lib/crater-agent-workspace/cargo-home:/opt/rustwide/cargo-home:ro,Z" "-v" "/var/lib/crater-agent-workspace/rustup-home:/opt/rustwide/rustup-home:ro,Z" "-e" "SOURCE_DIR=/opt/rustwide/workdir" "-e" "CARGO_TARGET_DIR=/opt/rustwide/target" "-e" "CARGO_INCREMENTAL=0" "-e" "RUST_BACKTRACE=full" "-e" "RUSTFLAGS=--cap-lints=forbid" "-e" "RUSTDOCFLAGS=--cap-lints=forbid" "-e" "CARGO_HOME=/opt/rustwide/cargo-home" "-e" "RUSTUP_HOME=/opt/rustwide/rustup-home" "-w" "/opt/rustwide/workdir" "-m" "1610612736" "--user" "0:0" "--network" "none" "ghcr.io/rust-lang/crates-build-env/linux@sha256:2788e3201cd34a07e3172128adcd8b3090168a8e3bcc40d7c032b9dda1df7d1c" "/opt/rustwide/cargo-home/bin/cargo" "+nightly-2024-02-05" "check" "--frozen" "--all" "--all-targets" "--message-format=json", kill_on_drop: false }`
[INFO] [stdout] 3eb764ac8136455ceb0a5f9d052aa7bb5f7cd222c84625c0f8397af71b17228a
[INFO] running `Command { std: "docker" "start" "-a" "3eb764ac8136455ceb0a5f9d052aa7bb5f7cd222c84625c0f8397af71b17228a", kill_on_drop: false }`
[INFO] [stderr]     Checking subtle v2.5.0
[INFO] [stderr]     Checking arrayvec v0.7.4
[INFO] [stderr]     Checking constant_time_eq v0.3.0
[INFO] [stderr]     Checking getrandom v0.2.12
[INFO] [stderr]     Checking page_size v0.5.0
[INFO] [stderr]    Compiling iroh-blake3 v1.4.3 (/opt/rustwide/workdir)
[INFO] [stderr]     Checking crypto-common v0.1.6
[INFO] [stderr]     Checking digest v0.10.7
[INFO] [stderr]     Checking rand_core v0.6.4
[INFO] [stderr]     Checking hmac v0.12.1
[INFO] [stderr]     Checking rand_chacha v0.3.1
[INFO] [stderr]     Checking rand v0.8.5
[INFO] [stdout] error[E0433]: failed to resolve: use of undeclared crate or module `blake3`
[INFO] [stdout]  --> benches/bench.rs:7:5
[INFO] [stdout]   |
[INFO] [stdout] 7 | use blake3::guts::{BLOCK_LEN, CHUNK_LEN};
[INFO] [stdout]   |     ^^^^^^ use of undeclared crate or module `blake3`
[INFO] [stdout] 
[INFO] [stdout] 
[INFO] [stdout] error[E0433]: failed to resolve: use of undeclared crate or module `blake3`
[INFO] [stdout]  --> benches/bench.rs:8:5
[INFO] [stdout]   |
[INFO] [stdout] 8 | use blake3::platform::{Platform, MAX_SIMD_DEGREE};
[INFO] [stdout]   |     ^^^^^^ use of undeclared crate or module `blake3`
[INFO] [stdout] 
[INFO] [stdout] 
[INFO] [stdout] error[E0432]: unresolved import `blake3`
[INFO] [stdout]  --> benches/bench.rs:9:5
[INFO] [stdout]   |
[INFO] [stdout] 9 | use blake3::OUT_LEN;
[INFO] [stdout]   |     ^^^^^^ use of undeclared crate or module `blake3`
[INFO] [stdout] 
[INFO] [stdout] 
[INFO] [stdout] error[E0433]: failed to resolve: use of undeclared crate or module `blake3`
[INFO] [stdout]    --> benches/bench.rs:105:13
[INFO] [stdout]     |
[INFO] [stdout] 105 |             blake3::IncrementCounter::Yes,
[INFO] [stdout]     |             ^^^^^^ use of undeclared crate or module `blake3`
[INFO] [stdout] 
[INFO] [stdout] 
[INFO] [stdout] error[E0433]: failed to resolve: use of undeclared crate or module `blake3`
[INFO] [stdout]    --> benches/bench.rs:172:13
[INFO] [stdout]     |
[INFO] [stdout] 172 |             blake3::IncrementCounter::No,
[INFO] [stdout]     |             ^^^^^^ use of undeclared crate or module `blake3`
[INFO] [stdout] 
[INFO] [stdout] 
[INFO] [stdout] error[E0433]: failed to resolve: use of undeclared crate or module `blake3`
[INFO] [stdout]    --> benches/bench.rs:288:15
[INFO] [stdout]     |
[INFO] [stdout] 288 |     b.iter(|| blake3::Hasher::new().update(input.get()).finalize());
[INFO] [stdout]     |               ^^^^^^ use of undeclared crate or module `blake3`
[INFO] [stdout]     |
[INFO] [stdout] help: consider importing one of these items
[INFO] [stdout]     |
[INFO] [stdout] 5   + use core::hash::Hasher;
[INFO] [stdout]     |
[INFO] [stdout] 5   + use iroh_blake3::Hasher;
[INFO] [stdout]     |
[INFO] [stdout] 5   + use std::hash::Hasher;
[INFO] [stdout]     |
[INFO] [stdout] help: if you import `Hasher`, refer to it directly
[INFO] [stdout]     |
[INFO] [stdout] 288 -     b.iter(|| blake3::Hasher::new().update(input.get()).finalize());
[INFO] [stdout] 288 +     b.iter(|| Hasher::new().update(input.get()).finalize());
[INFO] [stdout]     |
[INFO] [stdout] 
[INFO] [stdout] 
[INFO] [stdout] error[E0433]: failed to resolve: use of undeclared crate or module `reference_impl`
[INFO] [stdout]    --> benches/bench.rs:354:26
[INFO] [stdout]     |
[INFO] [stdout] 354 |         let mut hasher = reference_impl::Hasher::new();
[INFO] [stdout]     |                          ^^^^^^^^^^^^^^ use of undeclared crate or module `reference_impl`
[INFO] [stdout]     |
[INFO] [stdout] help: consider importing one of these items
[INFO] [stdout]     |
[INFO] [stdout] 5   + use core::hash::Hasher;
[INFO] [stdout]     |
[INFO] [stdout] 5   + use iroh_blake3::Hasher;
[INFO] [stdout]     |
[INFO] [stdout] 5   + use std::hash::Hasher;
[INFO] [stdout]     |
[INFO] [stdout] help: if you import `Hasher`, refer to it directly
[INFO] [stdout]     |
[INFO] [stdout] 354 -         let mut hasher = reference_impl::Hasher::new();
[INFO] [stdout] 354 +         let mut hasher = Hasher::new();
[INFO] [stdout]     |
[INFO] [stdout] 
[INFO] [stdout] 
[INFO] [stdout] error[E0433]: failed to resolve: use of undeclared crate or module `blake3`
[INFO] [stdout]    --> benches/bench.rs:511:26
[INFO] [stdout]     |
[INFO] [stdout] 511 |         let mut hasher = blake3::Hasher::new();
[INFO] [stdout]     |                          ^^^^^^ use of undeclared crate or module `blake3`
[INFO] [stdout]     |
[INFO] [stdout] help: consider importing one of these items
[INFO] [stdout]     |
[INFO] [stdout] 5   + use core::hash::Hasher;
[INFO] [stdout]     |
[INFO] [stdout] 5   + use iroh_blake3::Hasher;
[INFO] [stdout]     |
[INFO] [stdout] 5   + use std::hash::Hasher;
[INFO] [stdout]     |
[INFO] [stdout] help: if you import `Hasher`, refer to it directly
[INFO] [stdout]     |
[INFO] [stdout] 511 -         let mut hasher = blake3::Hasher::new();
[INFO] [stdout] 511 +         let mut hasher = Hasher::new();
[INFO] [stdout]     |
[INFO] [stdout] 
[INFO] [stdout] 
[INFO] [stdout] error[E0433]: failed to resolve: use of undeclared crate or module `reference_impl`
[INFO] [stdout]    --> src/test.rs:288:40
[INFO] [stdout]     |
[INFO] [stdout] 288 |             let mut reference_hasher = reference_impl::Hasher::new();
[INFO] [stdout]     |                                        ^^^^^^^^^^^^^^ use of undeclared crate or module `reference_impl`
[INFO] [stdout]     |
[INFO] [stdout] help: consider importing one of these items
[INFO] [stdout]     |
[INFO] [stdout] 1   + use core::hash::Hasher;
[INFO] [stdout]     |
[INFO] [stdout] 1   + use crate::Hasher;
[INFO] [stdout]     |
[INFO] [stdout] 1   + use std::hash::Hasher;
[INFO] [stdout]     |
[INFO] [stdout] help: if you import `Hasher`, refer to it directly
[INFO] [stdout]     |
[INFO] [stdout] 288 -             let mut reference_hasher = reference_impl::Hasher::new();
[INFO] [stdout] 288 +             let mut reference_hasher = Hasher::new();
[INFO] [stdout]     |
[INFO] [stdout] 
[INFO] [stdout] 
[INFO] [stdout] error[E0433]: failed to resolve: use of undeclared crate or module `reference_impl`
[INFO] [stdout]    --> src/test.rs:317:40
[INFO] [stdout]     |
[INFO] [stdout] 317 |             let mut reference_hasher = reference_impl::Hasher::new_keyed(&TEST_KEY);
[INFO] [stdout]     |                                        ^^^^^^^^^^^^^^ use of undeclared crate or module `reference_impl`
[INFO] [stdout]     |
[INFO] [stdout] help: consider importing one of these items
[INFO] [stdout]     |
[INFO] [stdout] 1   + use core::hash::Hasher;
[INFO] [stdout]     |
[INFO] [stdout] 1   + use crate::Hasher;
[INFO] [stdout]     |
[INFO] [stdout] 1   + use std::hash::Hasher;
[INFO] [stdout]     |
[INFO] [stdout] help: if you import `Hasher`, refer to it directly
[INFO] [stdout]     |
[INFO] [stdout] 317 -             let mut reference_hasher = reference_impl::Hasher::new_keyed(&TEST_KEY);
[INFO] [stdout] 317 +             let mut reference_hasher = Hasher::new_keyed(&TEST_KEY);
[INFO] [stdout]     |
[INFO] [stdout] 
[INFO] [stdout] 
[INFO] [stdout] error[E0433]: failed to resolve: use of undeclared crate or module `reference_impl`
[INFO] [stdout]    --> src/test.rs:347:40
[INFO] [stdout]     |
[INFO] [stdout] 347 |             let mut reference_hasher = reference_impl::Hasher::new_derive_key(context);
[INFO] [stdout]     |                                        ^^^^^^^^^^^^^^ use of undeclared crate or module `reference_impl`
[INFO] [stdout]     |
[INFO] [stdout] help: consider importing one of these items
[INFO] [stdout]     |
[INFO] [stdout] 1   + use core::hash::Hasher;
[INFO] [stdout]     |
[INFO] [stdout] 1   + use crate::Hasher;
[INFO] [stdout]     |
[INFO] [stdout] 1   + use std::hash::Hasher;
[INFO] [stdout]     |
[INFO] [stdout] help: if you import `Hasher`, refer to it directly
[INFO] [stdout]     |
[INFO] [stdout] 347 -             let mut reference_hasher = reference_impl::Hasher::new_derive_key(context);
[INFO] [stdout] 347 +             let mut reference_hasher = Hasher::new_derive_key(context);
[INFO] [stdout]     |
[INFO] [stdout] 
[INFO] [stdout] 
[INFO] [stdout] error[E0433]: failed to resolve: use of undeclared crate or module `reference_impl`
[INFO] [stdout]    --> src/test.rs:377:22
[INFO] [stdout]     |
[INFO] [stdout] 377 |     let mut hasher = reference_impl::Hasher::new();
[INFO] [stdout]     |                      ^^^^^^^^^^^^^^ use of undeclared crate or module `reference_impl`
[INFO] [stdout]     |
[INFO] [stdout] help: consider importing one of these items
[INFO] [stdout]     |
[INFO] [stdout] 1   + use core::hash::Hasher;
[INFO] [stdout]     |
[INFO] [stdout] 1   + use crate::Hasher;
[INFO] [stdout]     |
[INFO] [stdout] 1   + use std::hash::Hasher;
[INFO] [stdout]     |
[INFO] [stdout] help: if you import `Hasher`, refer to it directly
[INFO] [stdout]     |
[INFO] [stdout] 377 -     let mut hasher = reference_impl::Hasher::new();
[INFO] [stdout] 377 +     let mut hasher = Hasher::new();
[INFO] [stdout]     |
[INFO] [stdout] 
[INFO] [stdout] 
[INFO] [stdout] error[E0747]: unresolved item provided when a constant was expected
[INFO] [stdout]   --> benches/bench.rs:95:54
[INFO] [stdout]    |
[INFO] [stdout] 95 |         let input_arrays: ArrayVec<&[u8; CHUNK_LEN], MAX_SIMD_DEGREE> = inputs
[INFO] [stdout]    |                                                      ^^^^^^^^^^^^^^^
[INFO] [stdout]    |
[INFO] [stdout] help: if this generic argument was intended as a const parameter, surround it with braces
[INFO] [stdout]    |
[INFO] [stdout] 95 |         let input_arrays: ArrayVec<&[u8; CHUNK_LEN], { MAX_SIMD_DEGREE }> = inputs
[INFO] [stdout]    |                                                      +                 +
[INFO] [stdout] 
[INFO] [stdout] 
[INFO] [stdout] error[E0747]: unresolved item provided when a constant was expected
[INFO] [stdout]    --> benches/bench.rs:162:54
[INFO] [stdout]     |
[INFO] [stdout] 162 |         let input_arrays: ArrayVec<&[u8; BLOCK_LEN], MAX_SIMD_DEGREE> = inputs
[INFO] [stdout]     |                                                      ^^^^^^^^^^^^^^^
[INFO] [stdout]     |
[INFO] [stdout] help: if this generic argument was intended as a const parameter, surround it with braces
[INFO] [stdout]     |
[INFO] [stdout] 162 |         let input_arrays: ArrayVec<&[u8; BLOCK_LEN], { MAX_SIMD_DEGREE }> = inputs
[INFO] [stdout]     |                                                      +                 +
[INFO] [stdout] 
[INFO] [stdout] 
[INFO] [stdout] error[E0433]: failed to resolve: use of undeclared crate or module `blake3`
[INFO] [stdout]    --> benches/bench.rs:223:15
[INFO] [stdout]     |
[INFO] [stdout] 223 |     b.iter(|| blake3::hash(input.get()));
[INFO] [stdout]     |               ^^^^^^ use of undeclared crate or module `blake3`
[INFO] [stdout] 
[INFO] [stdout] 
[INFO] [stdout] error: aborting due to 11 previous errors
[INFO] [stdout] 
[INFO] [stdout] 
[INFO] [stdout] Some errors have detailed explanations: E0432, E0433, E0747.
[INFO] [stdout] 
[INFO] [stdout] For more information about an error, try `rustc --explain E0432`.
[INFO] [stdout] 
[INFO] [stderr] error: could not compile `iroh-blake3` (bench "bench") due to 12 previous errors
[INFO] [stderr] warning: build failed, waiting for other jobs to finish...
[INFO] [stdout] error[E0433]: failed to resolve: use of undeclared crate or module `reference_impl`
[INFO] [stdout]    --> src/test.rs:224:43
[INFO] [stdout]     |
[INFO] [stdout] 224 |     assert_eq!(1880, core::mem::size_of::<reference_impl::Hasher>());
[INFO] [stdout]     |                                           ^^^^^^^^^^^^^^ use of undeclared crate or module `reference_impl`
[INFO] [stdout] 
[INFO] [stdout] 
[INFO] [stdout] error: aborting due to 5 previous errors
[INFO] [stdout] 
[INFO] [stdout] 
[INFO] [stdout] For more information about this error, try `rustc --explain E0433`.
[INFO] [stdout] 
[INFO] [stderr] error: could not compile `iroh-blake3` (lib test) due to 6 previous errors
[INFO] running `Command { std: "docker" "inspect" "3eb764ac8136455ceb0a5f9d052aa7bb5f7cd222c84625c0f8397af71b17228a", kill_on_drop: false }`
[INFO] running `Command { std: "docker" "rm" "-f" "3eb764ac8136455ceb0a5f9d052aa7bb5f7cd222c84625c0f8397af71b17228a", kill_on_drop: false }`
[INFO] [stdout] 3eb764ac8136455ceb0a5f9d052aa7bb5f7cd222c84625c0f8397af71b17228a
[INFO] checking iroh-blake3-1.4.3 against nightly-2024-02-05+rustflags=-Dunexpected_cfgs+cargoflags=-Zcheck-cfg for check-cfg
[INFO] extracting crate iroh-blake3 1.4.3 into /workspace/builds/worker-6-tc2/source
[INFO] validating manifest of crates.io crate iroh-blake3 1.4.3 on toolchain nightly-2024-02-05
[INFO] running `Command { std: CARGO_HOME="/workspace/cargo-home" RUSTUP_HOME="/workspace/rustup-home" "/workspace/cargo-home/bin/cargo" "+nightly-2024-02-05" "metadata" "--manifest-path" "Cargo.toml" "--no-deps", kill_on_drop: false }`
[INFO] started tweaking crates.io crate iroh-blake3 1.4.3
[INFO] finished tweaking crates.io crate iroh-blake3 1.4.3
[INFO] tweaked toml for crates.io crate iroh-blake3 1.4.3 written to /workspace/builds/worker-6-tc2/source/Cargo.toml
[INFO] running `Command { std: CARGO_HOME="/workspace/cargo-home" RUSTUP_HOME="/workspace/rustup-home" "/workspace/cargo-home/bin/cargo" "+nightly-2024-02-05" "generate-lockfile" "--manifest-path" "Cargo.toml", kill_on_drop: false }`
[INFO] [stderr]     Updating crates.io index
[INFO] running `Command { std: CARGO_HOME="/workspace/cargo-home" RUSTUP_HOME="/workspace/rustup-home" "/workspace/cargo-home/bin/cargo" "+nightly-2024-02-05" "fetch" "--manifest-path" "Cargo.toml", kill_on_drop: false }`
[INFO] running `Command { std: "docker" "create" "-v" "/var/lib/crater-agent-workspace/builds/worker-6-tc2/target:/opt/rustwide/target:rw,Z" "-v" "/var/lib/crater-agent-workspace/builds/worker-6-tc2/source:/opt/rustwide/workdir:ro,Z" "-v" "/var/lib/crater-agent-workspace/cargo-home:/opt/rustwide/cargo-home:ro,Z" "-v" "/var/lib/crater-agent-workspace/rustup-home:/opt/rustwide/rustup-home:ro,Z" "-e" "SOURCE_DIR=/opt/rustwide/workdir" "-e" "CARGO_TARGET_DIR=/opt/rustwide/target" "-e" "CARGO_HOME=/opt/rustwide/cargo-home" "-e" "RUSTUP_HOME=/opt/rustwide/rustup-home" "-w" "/opt/rustwide/workdir" "-m" "1610612736" "--user" "0:0" "--network" "none" "ghcr.io/rust-lang/crates-build-env/linux@sha256:2788e3201cd34a07e3172128adcd8b3090168a8e3bcc40d7c032b9dda1df7d1c" "/opt/rustwide/cargo-home/bin/cargo" "+nightly-2024-02-05" "metadata" "--no-deps" "--format-version=1", kill_on_drop: false }`
[INFO] [stdout] f05b30a9577b0cd965dc8531e739203040fc744145814ae3446a95fc617cd600
[INFO] running `Command { std: "docker" "start" "-a" "f05b30a9577b0cd965dc8531e739203040fc744145814ae3446a95fc617cd600", kill_on_drop: false }`
[INFO] running `Command { std: "docker" "inspect" "f05b30a9577b0cd965dc8531e739203040fc744145814ae3446a95fc617cd600", kill_on_drop: false }`
[INFO] running `Command { std: "docker" "rm" "-f" "f05b30a9577b0cd965dc8531e739203040fc744145814ae3446a95fc617cd600", kill_on_drop: false }`
[INFO] [stdout] f05b30a9577b0cd965dc8531e739203040fc744145814ae3446a95fc617cd600
[INFO] running `Command { std: "docker" "create" "-v" "/var/lib/crater-agent-workspace/builds/worker-6-tc2/target:/opt/rustwide/target:rw,Z" "-v" "/var/lib/crater-agent-workspace/builds/worker-6-tc2/source:/opt/rustwide/workdir:ro,Z" "-v" "/var/lib/crater-agent-workspace/cargo-home:/opt/rustwide/cargo-home:ro,Z" "-v" "/var/lib/crater-agent-workspace/rustup-home:/opt/rustwide/rustup-home:ro,Z" "-e" "SOURCE_DIR=/opt/rustwide/workdir" "-e" "CARGO_TARGET_DIR=/opt/rustwide/target" "-e" "CARGO_INCREMENTAL=0" "-e" "RUST_BACKTRACE=full" "-e" "RUSTFLAGS=--cap-lints=forbid -Dunexpected_cfgs" "-e" "RUSTDOCFLAGS=--cap-lints=forbid" "-e" "CARGO_HOME=/opt/rustwide/cargo-home" "-e" "RUSTUP_HOME=/opt/rustwide/rustup-home" "-w" "/opt/rustwide/workdir" "-m" "1610612736" "--user" "0:0" "--network" "none" "ghcr.io/rust-lang/crates-build-env/linux@sha256:2788e3201cd34a07e3172128adcd8b3090168a8e3bcc40d7c032b9dda1df7d1c" "/opt/rustwide/cargo-home/bin/cargo" "+nightly-2024-02-05" "check" "--frozen" "--all" "--all-targets" "--message-format=json" "-Zcheck-cfg", kill_on_drop: false }`
[INFO] [stdout] 634fe8b32efe110e99c139744396fb32cc0e76a0f4812b8ea76d3e7ce7d90d7d
[INFO] running `Command { std: "docker" "start" "-a" "634fe8b32efe110e99c139744396fb32cc0e76a0f4812b8ea76d3e7ce7d90d7d", kill_on_drop: false }`
[INFO] [stderr]     Checking subtle v2.5.0
[INFO] [stderr]     Checking arrayvec v0.7.4
[INFO] [stderr]     Checking constant_time_eq v0.3.0
[INFO] [stderr]     Checking getrandom v0.2.12
[INFO] [stderr]     Checking page_size v0.5.0
[INFO] [stderr]    Compiling iroh-blake3 v1.4.3 (/opt/rustwide/workdir)
[INFO] [stderr]     Checking crypto-common v0.1.6
[INFO] [stderr]     Checking rand_core v0.6.4
[INFO] [stderr]     Checking digest v0.10.7
[INFO] [stderr]     Checking rand_chacha v0.3.1
[INFO] [stderr]     Checking hmac v0.12.1
[INFO] [stderr]     Checking rand v0.8.5
[INFO] [stdout] error: unexpected `cfg` condition name: `blake3_avx2_rust`
[INFO] [stdout]   --> src/lib.rs:89:7
[INFO] [stdout]    |
[INFO] [stdout] 89 | #[cfg(blake3_avx2_rust)]
[INFO] [stdout]    |       ^^^^^^^^^^^^^^^^
[INFO] [stdout]    |
[INFO] [stdout]    = help: expected names are: `debug_assertions`, `doc`, `doctest`, `feature`, `miri`, `overflow_checks`, `panic`, `proc_macro`, `relocation_model`, `sanitize`, `sanitizer_cfi_generalize_pointers`, `sanitizer_cfi_normalize_integers`, `target_abi`, `target_arch`, `target_endian`, `target_env`, `target_family`, `target_feature`, `target_has_atomic`, `target_has_atomic_equal_alignment`, `target_has_atomic_load_store`, `target_os`, `target_pointer_width`, `target_thread_local`, `target_vendor`, `test`, `unix`, `windows`
[INFO] [stdout]    = help: consider using a Cargo feature instead or adding `println!("cargo:rustc-check-cfg=cfg(blake3_avx2_rust)");` to the top of a `build.rs`
[INFO] [stdout]    = note: see <https://doc.rust-lang.org/nightly/cargo/reference/unstable.html#check-cfg> for more information about checking conditional configuration
[INFO] [stdout]    = note: requested on the command line with `-D unexpected-cfgs`
[INFO] [stdout] 
[INFO] [stdout] 
[INFO] [stdout] error: unexpected `cfg` condition name: `blake3_avx2_ffi`
[INFO] [stdout]   --> src/lib.rs:92:7
[INFO] [stdout]    |
[INFO] [stdout] 92 | #[cfg(blake3_avx2_ffi)]
[INFO] [stdout]    |       ^^^^^^^^^^^^^^^
[INFO] [stdout]    |
[INFO] [stdout]    = help: consider using a Cargo feature instead or adding `println!("cargo:rustc-check-cfg=cfg(blake3_avx2_ffi)");` to the top of a `build.rs`
[INFO] [stdout]    = note: see <https://doc.rust-lang.org/nightly/cargo/reference/unstable.html#check-cfg> for more information about checking conditional configuration
[INFO] [stdout] 
[INFO] [stdout] 
[INFO] [stdout] error: unexpected `cfg` condition name: `blake3_avx512_ffi`
[INFO] [stdout]   --> src/lib.rs:95:7
[INFO] [stdout]    |
[INFO] [stdout] 95 | #[cfg(blake3_avx512_ffi)]
[INFO] [stdout]    |       ^^^^^^^^^^^^^^^^^
[INFO] [stdout]    |
[INFO] [stdout]    = help: consider using a Cargo feature instead or adding `println!("cargo:rustc-check-cfg=cfg(blake3_avx512_ffi)");` to the top of a `build.rs`
[INFO] [stdout]    = note: see <https://doc.rust-lang.org/nightly/cargo/reference/unstable.html#check-cfg> for more information about checking conditional configuration
[INFO] [stdout] 
[INFO] [stdout] 
[INFO] [stdout] error: unexpected `cfg` condition name: `blake3_neon`
[INFO] [stdout]   --> src/lib.rs:98:7
[INFO] [stdout]    |
[INFO] [stdout] 98 | #[cfg(blake3_neon)]
[INFO] [stdout]    |       ^^^^^^^^^^^
[INFO] [stdout]    |
[INFO] [stdout]    = help: consider using a Cargo feature instead or adding `println!("cargo:rustc-check-cfg=cfg(blake3_neon)");` to the top of a `build.rs`
[INFO] [stdout]    = note: see <https://doc.rust-lang.org/nightly/cargo/reference/unstable.html#check-cfg> for more information about checking conditional configuration
[INFO] [stdout] 
[INFO] [stdout] 
[INFO] [stdout] error: unexpected `cfg` condition name: `blake3_sse2_rust`
[INFO] [stdout]    --> src/lib.rs:102:7
[INFO] [stdout]     |
[INFO] [stdout] 102 | #[cfg(blake3_sse2_rust)]
[INFO] [stdout]     |       ^^^^^^^^^^^^^^^^
[INFO] [stdout]     |
[INFO] [stdout]     = help: consider using a Cargo feature instead or adding `println!("cargo:rustc-check-cfg=cfg(blake3_sse2_rust)");` to the top of a `build.rs`
[INFO] [stdout]     = note: see <https://doc.rust-lang.org/nightly/cargo/reference/unstable.html#check-cfg> for more information about checking conditional configuration
[INFO] [stdout] 
[INFO] [stdout] 
[INFO] [stdout] error: unexpected `cfg` condition name: `blake3_sse2_ffi`
[INFO] [stdout]    --> src/lib.rs:105:7
[INFO] [stdout]     |
[INFO] [stdout] 105 | #[cfg(blake3_sse2_ffi)]
[INFO] [stdout]     |       ^^^^^^^^^^^^^^^
[INFO] [stdout]     |
[INFO] [stdout]     = help: consider using a Cargo feature instead or adding `println!("cargo:rustc-check-cfg=cfg(blake3_sse2_ffi)");` to the top of a `build.rs`
[INFO] [stdout]     = note: see <https://doc.rust-lang.org/nightly/cargo/reference/unstable.html#check-cfg> for more information about checking conditional configuration
[INFO] [stdout] 
[INFO] [stdout] 
[INFO] [stdout] error: unexpected `cfg` condition name: `blake3_sse41_rust`
[INFO] [stdout]    --> src/lib.rs:108:7
[INFO] [stdout]     |
[INFO] [stdout] 108 | #[cfg(blake3_sse41_rust)]
[INFO] [stdout]     |       ^^^^^^^^^^^^^^^^^
[INFO] [stdout]     |
[INFO] [stdout]     = help: consider using a Cargo feature instead or adding `println!("cargo:rustc-check-cfg=cfg(blake3_sse41_rust)");` to the top of a `build.rs`
[INFO] [stdout]     = note: see <https://doc.rust-lang.org/nightly/cargo/reference/unstable.html#check-cfg> for more information about checking conditional configuration
[INFO] [stdout] 
[INFO] [stdout] 
[INFO] [stdout] error: unexpected `cfg` condition name: `blake3_sse41_ffi`
[INFO] [stdout]    --> src/lib.rs:111:7
[INFO] [stdout]     |
[INFO] [stdout] 111 | #[cfg(blake3_sse41_ffi)]
[INFO] [stdout]     |       ^^^^^^^^^^^^^^^^
[INFO] [stdout]     |
[INFO] [stdout]     = help: consider using a Cargo feature instead or adding `println!("cargo:rustc-check-cfg=cfg(blake3_sse41_ffi)");` to the top of a `build.rs`
[INFO] [stdout]     = note: see <https://doc.rust-lang.org/nightly/cargo/reference/unstable.html#check-cfg> for more information about checking conditional configuration
[INFO] [stdout] 
[INFO] [stdout] 
[INFO] [stdout] error: unexpected `cfg` condition name: `blake3_avx512_ffi`
[INFO] [stdout]    --> src/platform.rs:327:7
[INFO] [stdout]     |
[INFO] [stdout] 327 | #[cfg(blake3_avx512_ffi)]
[INFO] [stdout]     |       ^^^^^^^^^^^^^^^^^
[INFO] [stdout]     |
[INFO] [stdout]     = help: consider using a Cargo feature instead or adding `println!("cargo:rustc-check-cfg=cfg(blake3_avx512_ffi)");` to the top of a `build.rs`
[INFO] [stdout]     = note: see <https://doc.rust-lang.org/nightly/cargo/reference/unstable.html#check-cfg> for more information about checking conditional configuration
[INFO] [stdout] 
[INFO] [stdout] 
[INFO] [stdout] error: unexpected `cfg` condition name: `blake3_avx512_ffi`
[INFO] [stdout]  --> src/platform.rs:7:22
[INFO] [stdout]   |
[INFO] [stdout] 7 |             if #[cfg(blake3_avx512_ffi)] {
[INFO] [stdout]   |                      ^^^^^^^^^^^^^^^^^
[INFO] [stdout]   |
[INFO] [stdout]   = help: consider using a Cargo feature instead or adding `println!("cargo:rustc-check-cfg=cfg(blake3_avx512_ffi)");` to the top of a `build.rs`
[INFO] [stdout]   = note: see <https://doc.rust-lang.org/nightly/cargo/reference/unstable.html#check-cfg> for more information about checking conditional configuration
[INFO] [stdout] 
[INFO] [stdout] 
[INFO] [stdout] error: unexpected `cfg` condition name: `blake3_neon`
[INFO] [stdout]   --> src/platform.rs:13:21
[INFO] [stdout]    |
[INFO] [stdout] 13 |     } else if #[cfg(blake3_neon)] {
[INFO] [stdout]    |                     ^^^^^^^^^^^
[INFO] [stdout]    |
[INFO] [stdout]    = help: consider using a Cargo feature instead or adding `println!("cargo:rustc-check-cfg=cfg(blake3_neon)");` to the top of a `build.rs`
[INFO] [stdout]    = note: see <https://doc.rust-lang.org/nightly/cargo/reference/unstable.html#check-cfg> for more information about checking conditional configuration
[INFO] [stdout] 
[INFO] [stdout] 
[INFO] [stdout] error: unexpected `cfg` condition name: `blake3_avx512_ffi`
[INFO] [stdout]   --> src/platform.rs:27:22
[INFO] [stdout]    |
[INFO] [stdout] 27 |             if #[cfg(blake3_avx512_ffi)] {
[INFO] [stdout]    |                      ^^^^^^^^^^^^^^^^^
[INFO] [stdout]    |
[INFO] [stdout]    = help: consider using a Cargo feature instead or adding `println!("cargo:rustc-check-cfg=cfg(blake3_avx512_ffi)");` to the top of a `build.rs`
[INFO] [stdout]    = note: see <https://doc.rust-lang.org/nightly/cargo/reference/unstable.html#check-cfg> for more information about checking conditional configuration
[INFO] [stdout] 
[INFO] [stdout] 
[INFO] [stdout] error: unexpected `cfg` condition name: `blake3_neon`
[INFO] [stdout]   --> src/platform.rs:33:21
[INFO] [stdout]    |
[INFO] [stdout] 33 |     } else if #[cfg(blake3_neon)] {
[INFO] [stdout]    |                     ^^^^^^^^^^^
[INFO] [stdout]    |
[INFO] [stdout]    = help: consider using a Cargo feature instead or adding `println!("cargo:rustc-check-cfg=cfg(blake3_neon)");` to the top of a `build.rs`
[INFO] [stdout]    = note: see <https://doc.rust-lang.org/nightly/cargo/reference/unstable.html#check-cfg> for more information about checking conditional configuration
[INFO] [stdout] 
[INFO] [stdout] 
[INFO] [stdout] error: unexpected `cfg` condition name: `blake3_avx512_ffi`
[INFO] [stdout]   --> src/platform.rs:49:11
[INFO] [stdout]    |
[INFO] [stdout] 49 |     #[cfg(blake3_avx512_ffi)]
[INFO] [stdout]    |           ^^^^^^^^^^^^^^^^^
[INFO] [stdout]    |
[INFO] [stdout]    = help: consider using a Cargo feature instead or adding `println!("cargo:rustc-check-cfg=cfg(blake3_avx512_ffi)");` to the top of a `build.rs`
[INFO] [stdout]    = note: see <https://doc.rust-lang.org/nightly/cargo/reference/unstable.html#check-cfg> for more information about checking conditional configuration
[INFO] [stdout] 
[INFO] [stdout] 
[INFO] [stdout] error: unexpected `cfg` condition name: `blake3_neon`
[INFO] [stdout]   --> src/platform.rs:52:11
[INFO] [stdout]    |
[INFO] [stdout] 52 |     #[cfg(blake3_neon)]
[INFO] [stdout]    |           ^^^^^^^^^^^
[INFO] [stdout]    |
[INFO] [stdout]    = help: consider using a Cargo feature instead or adding `println!("cargo:rustc-check-cfg=cfg(blake3_neon)");` to the top of a `build.rs`
[INFO] [stdout]    = note: see <https://doc.rust-lang.org/nightly/cargo/reference/unstable.html#check-cfg> for more information about checking conditional configuration
[INFO] [stdout] 
[INFO] [stdout] 
[INFO] [stdout] error: unexpected `cfg` condition name: `blake3_avx512_ffi`
[INFO] [stdout]    --> src/platform.rs:308:11
[INFO] [stdout]     |
[INFO] [stdout] 308 |     #[cfg(blake3_avx512_ffi)]
[INFO] [stdout]     |           ^^^^^^^^^^^^^^^^^
[INFO] [stdout]     |
[INFO] [stdout]     = help: consider using a Cargo feature instead or adding `println!("cargo:rustc-check-cfg=cfg(blake3_avx512_ffi)");` to the top of a `build.rs`
[INFO] [stdout]     = note: see <https://doc.rust-lang.org/nightly/cargo/reference/unstable.html#check-cfg> for more information about checking conditional configuration
[INFO] [stdout] 
[INFO] [stdout] 
[INFO] [stdout] error: unexpected `cfg` condition name: `blake3_neon`
[INFO] [stdout]    --> src/platform.rs:318:11
[INFO] [stdout]     |
[INFO] [stdout] 318 |     #[cfg(blake3_neon)]
[INFO] [stdout]     |           ^^^^^^^^^^^
[INFO] [stdout]     |
[INFO] [stdout]     = help: consider using a Cargo feature instead or adding `println!("cargo:rustc-check-cfg=cfg(blake3_neon)");` to the top of a `build.rs`
[INFO] [stdout]     = note: see <https://doc.rust-lang.org/nightly/cargo/reference/unstable.html#check-cfg> for more information about checking conditional configuration
[INFO] [stdout] 
[INFO] [stdout] 
[INFO] [stdout] error: unexpected `cfg` condition name: `blake3_neon`
[INFO] [stdout]   --> src/platform.rs:79:15
[INFO] [stdout]    |
[INFO] [stdout] 79 |         #[cfg(blake3_neon)]
[INFO] [stdout]    |               ^^^^^^^^^^^
[INFO] [stdout]    |
[INFO] [stdout]    = help: consider using a Cargo feature instead or adding `println!("cargo:rustc-check-cfg=cfg(blake3_neon)");` to the top of a `build.rs`
[INFO] [stdout]    = note: see <https://doc.rust-lang.org/nightly/cargo/reference/unstable.html#check-cfg> for more information about checking conditional configuration
[INFO] [stdout] 
[INFO] [stdout] 
[INFO] [stdout] error: unexpected `cfg` condition name: `blake3_avx512_ffi`
[INFO] [stdout]   --> src/platform.rs:61:19
[INFO] [stdout]    |
[INFO] [stdout] 61 |             #[cfg(blake3_avx512_ffi)]
[INFO] [stdout]    |                   ^^^^^^^^^^^^^^^^^
[INFO] [stdout]    |
[INFO] [stdout]    = help: consider using a Cargo feature instead or adding `println!("cargo:rustc-check-cfg=cfg(blake3_avx512_ffi)");` to the top of a `build.rs`
[INFO] [stdout]    = note: see <https://doc.rust-lang.org/nightly/cargo/reference/unstable.html#check-cfg> for more information about checking conditional configuration
[INFO] [stdout] 
[INFO] [stdout] 
[INFO] [stdout] error: unexpected `cfg` condition name: `blake3_avx512_ffi`
[INFO] [stdout]   --> src/platform.rs:95:19
[INFO] [stdout]    |
[INFO] [stdout] 95 |             #[cfg(blake3_avx512_ffi)]
[INFO] [stdout]    |                   ^^^^^^^^^^^^^^^^^
[INFO] [stdout]    |
[INFO] [stdout]    = help: consider using a Cargo feature instead or adding `println!("cargo:rustc-check-cfg=cfg(blake3_avx512_ffi)");` to the top of a `build.rs`
[INFO] [stdout]    = note: see <https://doc.rust-lang.org/nightly/cargo/reference/unstable.html#check-cfg> for more information about checking conditional configuration
[INFO] [stdout] 
[INFO] [stdout] 
[INFO] [stdout] error: unexpected `cfg` condition name: `blake3_neon`
[INFO] [stdout]   --> src/platform.rs:98:19
[INFO] [stdout]    |
[INFO] [stdout] 98 |             #[cfg(blake3_neon)]
[INFO] [stdout]    |                   ^^^^^^^^^^^
[INFO] [stdout]    |
[INFO] [stdout]    = help: consider using a Cargo feature instead or adding `println!("cargo:rustc-check-cfg=cfg(blake3_neon)");` to the top of a `build.rs`
[INFO] [stdout]    = note: see <https://doc.rust-lang.org/nightly/cargo/reference/unstable.html#check-cfg> for more information about checking conditional configuration
[INFO] [stdout] 
[INFO] [stdout] 
[INFO] [stdout] error: unexpected `cfg` condition name: `blake3_avx512_ffi`
[INFO] [stdout]    --> src/platform.rs:126:19
[INFO] [stdout]     |
[INFO] [stdout] 126 |             #[cfg(blake3_avx512_ffi)]
[INFO] [stdout]     |                   ^^^^^^^^^^^^^^^^^
[INFO] [stdout]     |
[INFO] [stdout]     = help: consider using a Cargo feature instead or adding `println!("cargo:rustc-check-cfg=cfg(blake3_avx512_ffi)");` to the top of a `build.rs`
[INFO] [stdout]     = note: see <https://doc.rust-lang.org/nightly/cargo/reference/unstable.html#check-cfg> for more information about checking conditional configuration
[INFO] [stdout] 
[INFO] [stdout] 
[INFO] [stdout] error: unexpected `cfg` condition name: `blake3_neon`
[INFO] [stdout]    --> src/platform.rs:132:19
[INFO] [stdout]     |
[INFO] [stdout] 132 |             #[cfg(blake3_neon)]
[INFO] [stdout]     |                   ^^^^^^^^^^^
[INFO] [stdout]     |
[INFO] [stdout]     = help: consider using a Cargo feature instead or adding `println!("cargo:rustc-check-cfg=cfg(blake3_neon)");` to the top of a `build.rs`
[INFO] [stdout]     = note: see <https://doc.rust-lang.org/nightly/cargo/reference/unstable.html#check-cfg> for more information about checking conditional configuration
[INFO] [stdout] 
[INFO] [stdout] 
[INFO] [stdout] error: unexpected `cfg` condition name: `blake3_avx512_ffi`
[INFO] [stdout]    --> src/platform.rs:158:19
[INFO] [stdout]     |
[INFO] [stdout] 158 |             #[cfg(blake3_avx512_ffi)]
[INFO] [stdout]     |                   ^^^^^^^^^^^^^^^^^
[INFO] [stdout]     |
[INFO] [stdout]     = help: consider using a Cargo feature instead or adding `println!("cargo:rustc-check-cfg=cfg(blake3_avx512_ffi)");` to the top of a `build.rs`
[INFO] [stdout]     = note: see <https://doc.rust-lang.org/nightly/cargo/reference/unstable.html#check-cfg> for more information about checking conditional configuration
[INFO] [stdout] 
[INFO] [stdout] 
[INFO] [stdout] error: unexpected `cfg` condition name: `blake3_neon`
[INFO] [stdout]    --> src/platform.rs:164:19
[INFO] [stdout]     |
[INFO] [stdout] 164 |             #[cfg(blake3_neon)]
[INFO] [stdout]     |                   ^^^^^^^^^^^
[INFO] [stdout]     |
[INFO] [stdout]     = help: consider using a Cargo feature instead or adding `println!("cargo:rustc-check-cfg=cfg(blake3_neon)");` to the top of a `build.rs`
[INFO] [stdout]     = note: see <https://doc.rust-lang.org/nightly/cargo/reference/unstable.html#check-cfg> for more information about checking conditional configuration
[INFO] [stdout] 
[INFO] [stdout] 
[INFO] [stdout] error: unexpected `cfg` condition name: `blake3_avx512_ffi`
[INFO] [stdout]    --> src/platform.rs:244:19
[INFO] [stdout]     |
[INFO] [stdout] 244 |             #[cfg(blake3_avx512_ffi)]
[INFO] [stdout]     |                   ^^^^^^^^^^^^^^^^^
[INFO] [stdout]     |
[INFO] [stdout]     = help: consider using a Cargo feature instead or adding `println!("cargo:rustc-check-cfg=cfg(blake3_avx512_ffi)");` to the top of a `build.rs`
[INFO] [stdout]     = note: see <https://doc.rust-lang.org/nightly/cargo/reference/unstable.html#check-cfg> for more information about checking conditional configuration
[INFO] [stdout] 
[INFO] [stdout] 
[INFO] [stdout] error: unexpected `cfg` condition name: `blake3_neon`
[INFO] [stdout]    --> src/platform.rs:259:19
[INFO] [stdout]     |
[INFO] [stdout] 259 |             #[cfg(blake3_neon)]
[INFO] [stdout]     |                   ^^^^^^^^^^^
[INFO] [stdout]     |
[INFO] [stdout]     = help: consider using a Cargo feature instead or adding `println!("cargo:rustc-check-cfg=cfg(blake3_neon)");` to the top of a `build.rs`
[INFO] [stdout]     = note: see <https://doc.rust-lang.org/nightly/cargo/reference/unstable.html#check-cfg> for more information about checking conditional configuration
[INFO] [stdout] 
[INFO] [stdout] 
[INFO] [stdout] error: aborting due to 27 previous errors
[INFO] [stdout] 
[INFO] [stdout] 
[INFO] [stderr] error: could not compile `iroh-blake3` (lib) due to 28 previous errors
[INFO] [stderr] warning: build failed, waiting for other jobs to finish...
[INFO] running `Command { std: "docker" "inspect" "634fe8b32efe110e99c139744396fb32cc0e76a0f4812b8ea76d3e7ce7d90d7d", kill_on_drop: false }`
[INFO] running `Command { std: "docker" "rm" "-f" "634fe8b32efe110e99c139744396fb32cc0e76a0f4812b8ea76d3e7ce7d90d7d", kill_on_drop: false }`
[INFO] [stdout] 634fe8b32efe110e99c139744396fb32cc0e76a0f4812b8ea76d3e7ce7d90d7d
