[INFO] fetching crate ipmb 0.7.3...
[INFO] checking ipmb-0.7.3 against nightly-2024-02-05 for check-cfg
[INFO] extracting crate ipmb 0.7.3 into /workspace/builds/worker-5-tc1/source
[INFO] validating manifest of crates.io crate ipmb 0.7.3 on toolchain nightly-2024-02-05
[INFO] running `Command { std: CARGO_HOME="/workspace/cargo-home" RUSTUP_HOME="/workspace/rustup-home" "/workspace/cargo-home/bin/cargo" "+nightly-2024-02-05" "metadata" "--manifest-path" "Cargo.toml" "--no-deps", kill_on_drop: false }`
[INFO] started tweaking crates.io crate ipmb 0.7.3
[INFO] finished tweaking crates.io crate ipmb 0.7.3
[INFO] tweaked toml for crates.io crate ipmb 0.7.3 written to /workspace/builds/worker-5-tc1/source/Cargo.toml
[INFO] crate crates.io crate ipmb 0.7.3 already has a lockfile, it will not be regenerated
[INFO] running `Command { std: CARGO_HOME="/workspace/cargo-home" RUSTUP_HOME="/workspace/rustup-home" "/workspace/cargo-home/bin/cargo" "+nightly-2024-02-05" "fetch" "--manifest-path" "Cargo.toml", kill_on_drop: false }`
[INFO] [stderr]     Updating crates.io index
[INFO] [stderr]  Downloading crates ...
[INFO] [stderr]   Downloaded leak v0.1.2
[INFO] [stderr]   Downloaded serde_bytes v0.11.7
[INFO] [stderr]   Downloaded serde_derive v1.0.139
[INFO] [stderr]   Downloaded io-surface v0.15.1
[INFO] [stderr]   Downloaded leaky-cow v0.1.1
[INFO] [stderr]   Downloaded cgl v0.3.2
[INFO] [stderr]   Downloaded bincode v2.0.0-rc.3
[INFO] [stderr]   Downloaded uuid-macro-internal v1.1.2
[INFO] [stderr]   Downloaded virtue v0.0.13
[INFO] [stderr]   Downloaded serde v1.0.139
[INFO] [stderr]   Downloaded io-lifetimes v1.0.6
[INFO] [stderr]   Downloaded bincode_derive v2.0.0-rc.3
[INFO] [stderr]   Downloaded ipmb-derive v0.5.1
[INFO] running `Command { std: "docker" "create" "-v" "/var/lib/crater-agent-workspace/builds/worker-5-tc1/target:/opt/rustwide/target:rw,Z" "-v" "/var/lib/crater-agent-workspace/builds/worker-5-tc1/source:/opt/rustwide/workdir:ro,Z" "-v" "/var/lib/crater-agent-workspace/cargo-home:/opt/rustwide/cargo-home:ro,Z" "-v" "/var/lib/crater-agent-workspace/rustup-home:/opt/rustwide/rustup-home:ro,Z" "-e" "SOURCE_DIR=/opt/rustwide/workdir" "-e" "CARGO_TARGET_DIR=/opt/rustwide/target" "-e" "CARGO_HOME=/opt/rustwide/cargo-home" "-e" "RUSTUP_HOME=/opt/rustwide/rustup-home" "-w" "/opt/rustwide/workdir" "-m" "1610612736" "--user" "0:0" "--network" "none" "ghcr.io/rust-lang/crates-build-env/linux@sha256:2788e3201cd34a07e3172128adcd8b3090168a8e3bcc40d7c032b9dda1df7d1c" "/opt/rustwide/cargo-home/bin/cargo" "+nightly-2024-02-05" "metadata" "--no-deps" "--format-version=1", kill_on_drop: false }`
[INFO] [stdout] 5a9ff192856b32c8dab1ea49987847fdf4a06c333a1b88655d4118aee234eef5
[INFO] running `Command { std: "docker" "start" "-a" "5a9ff192856b32c8dab1ea49987847fdf4a06c333a1b88655d4118aee234eef5", kill_on_drop: false }`
[INFO] running `Command { std: "docker" "inspect" "5a9ff192856b32c8dab1ea49987847fdf4a06c333a1b88655d4118aee234eef5", kill_on_drop: false }`
[INFO] running `Command { std: "docker" "rm" "-f" "5a9ff192856b32c8dab1ea49987847fdf4a06c333a1b88655d4118aee234eef5", kill_on_drop: false }`
[INFO] [stdout] 5a9ff192856b32c8dab1ea49987847fdf4a06c333a1b88655d4118aee234eef5
[INFO] running `Command { std: "docker" "create" "-v" "/var/lib/crater-agent-workspace/builds/worker-5-tc1/target:/opt/rustwide/target:rw,Z" "-v" "/var/lib/crater-agent-workspace/builds/worker-5-tc1/source:/opt/rustwide/workdir:ro,Z" "-v" "/var/lib/crater-agent-workspace/cargo-home:/opt/rustwide/cargo-home:ro,Z" "-v" "/var/lib/crater-agent-workspace/rustup-home:/opt/rustwide/rustup-home:ro,Z" "-e" "SOURCE_DIR=/opt/rustwide/workdir" "-e" "CARGO_TARGET_DIR=/opt/rustwide/target" "-e" "CARGO_INCREMENTAL=0" "-e" "RUST_BACKTRACE=full" "-e" "RUSTFLAGS=--cap-lints=forbid" "-e" "RUSTDOCFLAGS=--cap-lints=forbid" "-e" "CARGO_HOME=/opt/rustwide/cargo-home" "-e" "RUSTUP_HOME=/opt/rustwide/rustup-home" "-w" "/opt/rustwide/workdir" "-m" "1610612736" "--user" "0:0" "--network" "none" "ghcr.io/rust-lang/crates-build-env/linux@sha256:2788e3201cd34a07e3172128adcd8b3090168a8e3bcc40d7c032b9dda1df7d1c" "/opt/rustwide/cargo-home/bin/cargo" "+nightly-2024-02-05" "check" "--frozen" "--all" "--all-targets" "--message-format=json", kill_on_drop: false }`
[INFO] [stdout] 3b1ed871b067c93a12c1ec68b7e774e989119ba238a5ab57a08b557cce54e8c0
[INFO] running `Command { std: "docker" "start" "-a" "3b1ed871b067c93a12c1ec68b7e774e989119ba238a5ab57a08b557cce54e8c0", kill_on_drop: false }`
[INFO] [stderr]    Compiling proc-macro2 v1.0.40
[INFO] [stderr]    Compiling quote v1.0.20
[INFO] [stderr]    Compiling unicode-ident v1.0.1
[INFO] [stderr]    Compiling syn v1.0.98
[INFO] [stderr]    Compiling libc v0.2.140
[INFO] [stderr]    Compiling serde_derive v1.0.139
[INFO] [stderr]    Compiling serde v1.0.139
[INFO] [stderr]    Compiling io-lifetimes v1.0.6
[INFO] [stderr]    Compiling memchr v2.5.0
[INFO] [stderr]    Compiling log v0.4.17
[INFO] [stderr]     Checking ppv-lite86 v0.2.16
[INFO] [stderr]    Compiling rustix v0.36.9
[INFO] [stderr]    Compiling uuid v0.8.2
[INFO] [stderr]    Compiling arrayvec v0.4.12
[INFO] [stdout] error[E0422]: cannot find struct, variant or union type `LineColumn` in crate `proc_macro`
[INFO] [stdout]    --> /opt/rustwide/cargo-home/registry/src/index.crates.io-6f17d22bba15001f/proc-macro2-1.0.40/src/wrapper.rs:485:33
[INFO] [stdout]     |
[INFO] [stdout] 485 |                 let proc_macro::LineColumn { line, column } = s.start();
[INFO] [stdout]     |                                 ^^^^^^^^^^ not found in `proc_macro`
[INFO] [stdout]     |
[INFO] [stdout] help: consider importing one of these items
[INFO] [stdout]     |
[INFO] [stdout] 1   + use crate::LineColumn;
[INFO] [stdout]     |
[INFO] [stdout] 1   + use crate::fallback::LineColumn;
[INFO] [stdout]     |
[INFO] [stdout] help: if you import `LineColumn`, refer to it directly
[INFO] [stdout]     |
[INFO] [stdout] 485 -                 let proc_macro::LineColumn { line, column } = s.start();
[INFO] [stdout] 485 +                 let LineColumn { line, column } = s.start();
[INFO] [stdout]     |
[INFO] [stdout] 
[INFO] [stdout] 
[INFO] [stdout] error[E0422]: cannot find struct, variant or union type `LineColumn` in crate `proc_macro`
[INFO] [stdout]    --> /opt/rustwide/cargo-home/registry/src/index.crates.io-6f17d22bba15001f/proc-macro2-1.0.40/src/wrapper.rs:502:33
[INFO] [stdout]     |
[INFO] [stdout] 502 |                 let proc_macro::LineColumn { line, column } = s.end();
[INFO] [stdout]     |                                 ^^^^^^^^^^ not found in `proc_macro`
[INFO] [stdout]     |
[INFO] [stdout] help: consider importing one of these items
[INFO] [stdout]     |
[INFO] [stdout] 1   + use crate::LineColumn;
[INFO] [stdout]     |
[INFO] [stdout] 1   + use crate::fallback::LineColumn;
[INFO] [stdout]     |
[INFO] [stdout] help: if you import `LineColumn`, refer to it directly
[INFO] [stdout]     |
[INFO] [stdout] 502 -                 let proc_macro::LineColumn { line, column } = s.end();
[INFO] [stdout] 502 +                 let LineColumn { line, column } = s.end();
[INFO] [stdout]     |
[INFO] [stdout] 
[INFO] [stdout] 
[INFO] [stdout] error: aborting due to 2 previous errors
[INFO] [stdout] 
[INFO] [stdout] 
[INFO] [stdout] For more information about this error, try `rustc --explain E0422`.
[INFO] [stdout] 
[INFO] [stderr] error: could not compile `proc-macro2` (lib) due to 3 previous errors
[INFO] [stderr] warning: build failed, waiting for other jobs to finish...
[INFO] running `Command { std: "docker" "inspect" "3b1ed871b067c93a12c1ec68b7e774e989119ba238a5ab57a08b557cce54e8c0", kill_on_drop: false }`
[INFO] running `Command { std: "docker" "rm" "-f" "3b1ed871b067c93a12c1ec68b7e774e989119ba238a5ab57a08b557cce54e8c0", kill_on_drop: false }`
[INFO] [stdout] 3b1ed871b067c93a12c1ec68b7e774e989119ba238a5ab57a08b557cce54e8c0
[INFO] checking ipmb-0.7.3 against nightly-2024-02-05+rustflags=-Dunexpected_cfgs+cargoflags=-Zcheck-cfg for check-cfg
[INFO] extracting crate ipmb 0.7.3 into /workspace/builds/worker-5-tc2/source
[INFO] validating manifest of crates.io crate ipmb 0.7.3 on toolchain nightly-2024-02-05
[INFO] running `Command { std: CARGO_HOME="/workspace/cargo-home" RUSTUP_HOME="/workspace/rustup-home" "/workspace/cargo-home/bin/cargo" "+nightly-2024-02-05" "metadata" "--manifest-path" "Cargo.toml" "--no-deps", kill_on_drop: false }`
[INFO] started tweaking crates.io crate ipmb 0.7.3
[INFO] finished tweaking crates.io crate ipmb 0.7.3
[INFO] tweaked toml for crates.io crate ipmb 0.7.3 written to /workspace/builds/worker-5-tc2/source/Cargo.toml
[INFO] crate crates.io crate ipmb 0.7.3 already has a lockfile, it will not be regenerated
[INFO] running `Command { std: CARGO_HOME="/workspace/cargo-home" RUSTUP_HOME="/workspace/rustup-home" "/workspace/cargo-home/bin/cargo" "+nightly-2024-02-05" "fetch" "--manifest-path" "Cargo.toml", kill_on_drop: false }`
[INFO] running `Command { std: "docker" "create" "-v" "/var/lib/crater-agent-workspace/builds/worker-5-tc2/target:/opt/rustwide/target:rw,Z" "-v" "/var/lib/crater-agent-workspace/builds/worker-5-tc2/source:/opt/rustwide/workdir:ro,Z" "-v" "/var/lib/crater-agent-workspace/cargo-home:/opt/rustwide/cargo-home:ro,Z" "-v" "/var/lib/crater-agent-workspace/rustup-home:/opt/rustwide/rustup-home:ro,Z" "-e" "SOURCE_DIR=/opt/rustwide/workdir" "-e" "CARGO_TARGET_DIR=/opt/rustwide/target" "-e" "CARGO_HOME=/opt/rustwide/cargo-home" "-e" "RUSTUP_HOME=/opt/rustwide/rustup-home" "-w" "/opt/rustwide/workdir" "-m" "1610612736" "--user" "0:0" "--network" "none" "ghcr.io/rust-lang/crates-build-env/linux@sha256:2788e3201cd34a07e3172128adcd8b3090168a8e3bcc40d7c032b9dda1df7d1c" "/opt/rustwide/cargo-home/bin/cargo" "+nightly-2024-02-05" "metadata" "--no-deps" "--format-version=1", kill_on_drop: false }`
[INFO] [stdout] 55e72c4d09686ddd43604c43c29ad137b6e174dbf99d3e4c5e252c2dbf4951d8
[INFO] running `Command { std: "docker" "start" "-a" "55e72c4d09686ddd43604c43c29ad137b6e174dbf99d3e4c5e252c2dbf4951d8", kill_on_drop: false }`
[INFO] running `Command { std: "docker" "inspect" "55e72c4d09686ddd43604c43c29ad137b6e174dbf99d3e4c5e252c2dbf4951d8", kill_on_drop: false }`
[INFO] running `Command { std: "docker" "rm" "-f" "55e72c4d09686ddd43604c43c29ad137b6e174dbf99d3e4c5e252c2dbf4951d8", kill_on_drop: false }`
[INFO] [stdout] 55e72c4d09686ddd43604c43c29ad137b6e174dbf99d3e4c5e252c2dbf4951d8
[INFO] running `Command { std: "docker" "create" "-v" "/var/lib/crater-agent-workspace/builds/worker-5-tc2/target:/opt/rustwide/target:rw,Z" "-v" "/var/lib/crater-agent-workspace/builds/worker-5-tc2/source:/opt/rustwide/workdir:ro,Z" "-v" "/var/lib/crater-agent-workspace/cargo-home:/opt/rustwide/cargo-home:ro,Z" "-v" "/var/lib/crater-agent-workspace/rustup-home:/opt/rustwide/rustup-home:ro,Z" "-e" "SOURCE_DIR=/opt/rustwide/workdir" "-e" "CARGO_TARGET_DIR=/opt/rustwide/target" "-e" "CARGO_INCREMENTAL=0" "-e" "RUST_BACKTRACE=full" "-e" "RUSTFLAGS=--cap-lints=forbid -Dunexpected_cfgs" "-e" "RUSTDOCFLAGS=--cap-lints=forbid" "-e" "CARGO_HOME=/opt/rustwide/cargo-home" "-e" "RUSTUP_HOME=/opt/rustwide/rustup-home" "-w" "/opt/rustwide/workdir" "-m" "1610612736" "--user" "0:0" "--network" "none" "ghcr.io/rust-lang/crates-build-env/linux@sha256:2788e3201cd34a07e3172128adcd8b3090168a8e3bcc40d7c032b9dda1df7d1c" "/opt/rustwide/cargo-home/bin/cargo" "+nightly-2024-02-05" "check" "--frozen" "--all" "--all-targets" "--message-format=json" "-Zcheck-cfg", kill_on_drop: false }`
[INFO] [stdout] 0ec806743787a785ad2e18b7323478d5e14479b4d644a218358f6467bf1178fb
[INFO] running `Command { std: "docker" "start" "-a" "0ec806743787a785ad2e18b7323478d5e14479b4d644a218358f6467bf1178fb", kill_on_drop: false }`
[INFO] [stderr]    Compiling proc-macro2 v1.0.40
[INFO] [stderr]    Compiling unicode-ident v1.0.1
[INFO] [stderr]    Compiling quote v1.0.20
[INFO] [stderr]    Compiling syn v1.0.98
[INFO] [stderr]    Compiling libc v0.2.140
[INFO] [stderr]    Compiling serde_derive v1.0.139
[INFO] [stderr]    Compiling serde v1.0.139
[INFO] [stderr]    Compiling memchr v2.5.0
[INFO] [stderr]    Compiling io-lifetimes v1.0.6
[INFO] [stderr]     Checking ppv-lite86 v0.2.16
[INFO] [stderr]    Compiling log v0.4.17
[INFO] [stderr]    Compiling rustix v0.36.9
[INFO] [stderr]     Checking linux-raw-sys v0.1.4
[INFO] [stdout] error[E0422]: cannot find struct, variant or union type `LineColumn` in crate `proc_macro`
[INFO] [stdout]    --> /opt/rustwide/cargo-home/registry/src/index.crates.io-6f17d22bba15001f/proc-macro2-1.0.40/src/wrapper.rs:485:33
[INFO] [stdout]     |
[INFO] [stdout] 485 |                 let proc_macro::LineColumn { line, column } = s.start();
[INFO] [stdout]     |                                 ^^^^^^^^^^ not found in `proc_macro`
[INFO] [stdout]     |
[INFO] [stdout] help: consider importing one of these items
[INFO] [stdout]     |
[INFO] [stdout] 1   + use crate::LineColumn;
[INFO] [stdout]     |
[INFO] [stdout] 1   + use crate::fallback::LineColumn;
[INFO] [stdout]     |
[INFO] [stdout] help: if you import `LineColumn`, refer to it directly
[INFO] [stdout]     |
[INFO] [stdout] 485 -                 let proc_macro::LineColumn { line, column } = s.start();
[INFO] [stdout] 485 +                 let LineColumn { line, column } = s.start();
[INFO] [stdout]     |
[INFO] [stdout] 
[INFO] [stdout] 
[INFO] [stdout] error[E0422]: cannot find struct, variant or union type `LineColumn` in crate `proc_macro`
[INFO] [stdout]    --> /opt/rustwide/cargo-home/registry/src/index.crates.io-6f17d22bba15001f/proc-macro2-1.0.40/src/wrapper.rs:502:33
[INFO] [stdout]     |
[INFO] [stdout] 502 |                 let proc_macro::LineColumn { line, column } = s.end();
[INFO] [stdout]     |                                 ^^^^^^^^^^ not found in `proc_macro`
[INFO] [stdout]     |
[INFO] [stdout] help: consider importing one of these items
[INFO] [stdout]     |
[INFO] [stdout] 1   + use crate::LineColumn;
[INFO] [stdout]     |
[INFO] [stdout] 1   + use crate::fallback::LineColumn;
[INFO] [stdout]     |
[INFO] [stdout] help: if you import `LineColumn`, refer to it directly
[INFO] [stdout]     |
[INFO] [stdout] 502 -                 let proc_macro::LineColumn { line, column } = s.end();
[INFO] [stdout] 502 +                 let LineColumn { line, column } = s.end();
[INFO] [stdout]     |
[INFO] [stdout] 
[INFO] [stdout] 
[INFO] [stderr]    Compiling arrayvec v0.4.12
[INFO] [stderr]    Compiling virtue v0.0.13
[INFO] [stderr]    Compiling uuid v0.8.2
[INFO] [stdout] error: aborting due to 2 previous errors
[INFO] [stdout] 
[INFO] [stdout] 
[INFO] [stdout] For more information about this error, try `rustc --explain E0422`.
[INFO] [stdout] 
[INFO] [stderr] error: could not compile `proc-macro2` (lib) due to 3 previous errors
[INFO] [stderr] warning: build failed, waiting for other jobs to finish...
[INFO] running `Command { std: "docker" "inspect" "0ec806743787a785ad2e18b7323478d5e14479b4d644a218358f6467bf1178fb", kill_on_drop: false }`
[INFO] running `Command { std: "docker" "rm" "-f" "0ec806743787a785ad2e18b7323478d5e14479b4d644a218358f6467bf1178fb", kill_on_drop: false }`
[INFO] [stdout] 0ec806743787a785ad2e18b7323478d5e14479b4d644a218358f6467bf1178fb
