[INFO] fetching crate intercom-utils 0.2.0...
[INFO] checking intercom-utils-0.2.0 against nightly-2024-02-05 for check-cfg
[INFO] extracting crate intercom-utils 0.2.0 into /workspace/builds/worker-2-tc1/source
[INFO] validating manifest of crates.io crate intercom-utils 0.2.0 on toolchain nightly-2024-02-05
[INFO] running `Command { std: CARGO_HOME="/workspace/cargo-home" RUSTUP_HOME="/workspace/rustup-home" "/workspace/cargo-home/bin/cargo" "+nightly-2024-02-05" "metadata" "--manifest-path" "Cargo.toml" "--no-deps", kill_on_drop: false }`
[INFO] started tweaking crates.io crate intercom-utils 0.2.0
[INFO] finished tweaking crates.io crate intercom-utils 0.2.0
[INFO] tweaked toml for crates.io crate intercom-utils 0.2.0 written to /workspace/builds/worker-2-tc1/source/Cargo.toml
[INFO] running `Command { std: CARGO_HOME="/workspace/cargo-home" RUSTUP_HOME="/workspace/rustup-home" "/workspace/cargo-home/bin/cargo" "+nightly-2024-02-05" "generate-lockfile" "--manifest-path" "Cargo.toml", kill_on_drop: false }`
[INFO] [stderr]     Updating crates.io index
[INFO] running `Command { std: CARGO_HOME="/workspace/cargo-home" RUSTUP_HOME="/workspace/rustup-home" "/workspace/cargo-home/bin/cargo" "+nightly-2024-02-05" "fetch" "--manifest-path" "Cargo.toml", kill_on_drop: false }`
[INFO] [stderr]  Downloading crates ...
[INFO] [stderr]   Downloaded if_chain v0.1.3
[INFO] [stderr]   Downloaded intercom-common v0.2.0
[INFO] [stderr]   Downloaded sha1 v0.3.0
[INFO] running `Command { std: "docker" "create" "-v" "/var/lib/crater-agent-workspace/builds/worker-2-tc1/target:/opt/rustwide/target:rw,Z" "-v" "/var/lib/crater-agent-workspace/builds/worker-2-tc1/source:/opt/rustwide/workdir:ro,Z" "-v" "/var/lib/crater-agent-workspace/cargo-home:/opt/rustwide/cargo-home:ro,Z" "-v" "/var/lib/crater-agent-workspace/rustup-home:/opt/rustwide/rustup-home:ro,Z" "-e" "SOURCE_DIR=/opt/rustwide/workdir" "-e" "CARGO_TARGET_DIR=/opt/rustwide/target" "-e" "CARGO_HOME=/opt/rustwide/cargo-home" "-e" "RUSTUP_HOME=/opt/rustwide/rustup-home" "-w" "/opt/rustwide/workdir" "-m" "1610612736" "--user" "0:0" "--network" "none" "ghcr.io/rust-lang/crates-build-env/linux@sha256:2788e3201cd34a07e3172128adcd8b3090168a8e3bcc40d7c032b9dda1df7d1c" "/opt/rustwide/cargo-home/bin/cargo" "+nightly-2024-02-05" "metadata" "--no-deps" "--format-version=1", kill_on_drop: false }`
[INFO] [stdout] 6db7e0d3f3217fe36e82821b9fe4b249ac3c640302d857794341908735ebdabc
[INFO] running `Command { std: "docker" "start" "-a" "6db7e0d3f3217fe36e82821b9fe4b249ac3c640302d857794341908735ebdabc", kill_on_drop: false }`
[INFO] running `Command { std: "docker" "inspect" "6db7e0d3f3217fe36e82821b9fe4b249ac3c640302d857794341908735ebdabc", kill_on_drop: false }`
[INFO] running `Command { std: "docker" "rm" "-f" "6db7e0d3f3217fe36e82821b9fe4b249ac3c640302d857794341908735ebdabc", kill_on_drop: false }`
[INFO] [stdout] 6db7e0d3f3217fe36e82821b9fe4b249ac3c640302d857794341908735ebdabc
[INFO] running `Command { std: "docker" "create" "-v" "/var/lib/crater-agent-workspace/builds/worker-2-tc1/target:/opt/rustwide/target:rw,Z" "-v" "/var/lib/crater-agent-workspace/builds/worker-2-tc1/source:/opt/rustwide/workdir:ro,Z" "-v" "/var/lib/crater-agent-workspace/cargo-home:/opt/rustwide/cargo-home:ro,Z" "-v" "/var/lib/crater-agent-workspace/rustup-home:/opt/rustwide/rustup-home:ro,Z" "-e" "SOURCE_DIR=/opt/rustwide/workdir" "-e" "CARGO_TARGET_DIR=/opt/rustwide/target" "-e" "CARGO_INCREMENTAL=0" "-e" "RUST_BACKTRACE=full" "-e" "RUSTFLAGS=--cap-lints=forbid" "-e" "RUSTDOCFLAGS=--cap-lints=forbid" "-e" "CARGO_HOME=/opt/rustwide/cargo-home" "-e" "RUSTUP_HOME=/opt/rustwide/rustup-home" "-w" "/opt/rustwide/workdir" "-m" "1610612736" "--user" "0:0" "--network" "none" "ghcr.io/rust-lang/crates-build-env/linux@sha256:2788e3201cd34a07e3172128adcd8b3090168a8e3bcc40d7c032b9dda1df7d1c" "/opt/rustwide/cargo-home/bin/cargo" "+nightly-2024-02-05" "check" "--frozen" "--all" "--all-targets" "--message-format=json", kill_on_drop: false }`
[INFO] [stdout] ead04da5238ea72bc14fca58fa906de5e9d22a2a2a11dd75277116658f5ce7b4
[INFO] running `Command { std: "docker" "start" "-a" "ead04da5238ea72bc14fca58fa906de5e9d22a2a2a11dd75277116658f5ce7b4", kill_on_drop: false }`
[INFO] [stderr]     Checking unicode-xid v0.0.4
[INFO] [stderr]     Checking quote v0.3.15
[INFO] [stderr]     Checking sha1 v0.3.0
[INFO] [stderr]     Checking atty v0.2.14
[INFO] [stderr]     Checking glob v0.2.11
[INFO] [stderr]     Checking if_chain v0.1.3
[INFO] [stderr]     Checking toml v0.4.10
[INFO] [stderr]     Checking clap v2.34.0
[INFO] [stderr]     Checking synom v0.11.3
[INFO] [stderr]     Checking syn v0.11.11
[INFO] [stderr]     Checking intercom-common v0.2.0
[INFO] [stderr]     Checking intercom-utils v0.2.0 (/opt/rustwide/workdir)
[INFO] [stdout] error[E0635]: unknown feature `try_trait`
[INFO] [stdout]  --> src/main.rs:1:12
[INFO] [stdout]   |
[INFO] [stdout] 1 | #![feature(try_trait)]
[INFO] [stdout]   |            ^^^^^^^^^
[INFO] [stdout] 
[INFO] [stdout] 
[INFO] [stdout] error[E0635]: unknown feature `try_trait`
[INFO] [stdout]  --> src/main.rs:1:12
[INFO] [stdout]   |
[INFO] [stdout] 1 | #![feature(try_trait)]
[INFO] [stdout]   |            ^^^^^^^^^
[INFO] [stdout] 
[INFO] [stdout] 
[INFO] [stdout] warning: use of deprecated method `std::error::Error::description`: use the Display impl or to_string()
[INFO] [stdout]   --> src/main.rs:49:35
[INFO] [stdout]    |
[INFO] [stdout] 49 |         AppError( String::from( e.description() ) )
[INFO] [stdout]    |                                   ^^^^^^^^^^^
[INFO] [stdout]    |
[INFO] [stdout]    = note: `#[warn(deprecated)]` on by default
[INFO] [stdout] 
[INFO] [stdout] 
[INFO] [stdout] warning: use of deprecated method `std::error::Error::description`: use the Display impl or to_string()
[INFO] [stdout]   --> src/main.rs:49:35
[INFO] [stdout]    |
[INFO] [stdout] 49 |         AppError( String::from( e.description() ) )
[INFO] [stdout]    |                                   ^^^^^^^^^^^
[INFO] [stdout]    |
[INFO] [stdout]    = note: `#[warn(deprecated)]` on by default
[INFO] [stdout] 
[INFO] [stdout] 
[INFO] [stdout] warning: use of deprecated method `std::error::Error::description`: use the Display impl or to_string()
[INFO] [stdout]   --> src/main.rs:55:35
[INFO] [stdout]    |
[INFO] [stdout] 55 |         AppError( String::from( e.description() ) )
[INFO] [stdout]    |                                   ^^^^^^^^^^^
[INFO] [stdout] 
[INFO] [stdout] 
[INFO] [stdout] warning: use of deprecated method `std::error::Error::description`: use the Display impl or to_string()
[INFO] [stdout]   --> src/main.rs:55:35
[INFO] [stdout]    |
[INFO] [stdout] 55 |         AppError( String::from( e.description() ) )
[INFO] [stdout]    |                                   ^^^^^^^^^^^
[INFO] [stdout] 
[INFO] [stdout] 
[INFO] [stdout] warning: use of deprecated method `std::error::Error::description`: use the Display impl or to_string()
[INFO] [stdout]   --> src/main.rs:61:35
[INFO] [stdout]    |
[INFO] [stdout] 61 |         AppError( String::from( e.description() ) )
[INFO] [stdout]    |                                   ^^^^^^^^^^^
[INFO] [stdout] 
[INFO] [stdout] 
[INFO] [stdout] warning: use of deprecated method `std::error::Error::description`: use the Display impl or to_string()
[INFO] [stdout]   --> src/main.rs:61:35
[INFO] [stdout]    |
[INFO] [stdout] 61 |         AppError( String::from( e.description() ) )
[INFO] [stdout]    |                                   ^^^^^^^^^^^
[INFO] [stdout] 
[INFO] [stdout] 
[INFO] [stdout] error: aborting due to 1 previous error; 3 warnings emitted
[INFO] [stdout] 
[INFO] [stdout] 
[INFO] [stdout] For more information about this error, try `rustc --explain E0635`.
[INFO] [stdout] 
[INFO] [stdout] error: aborting due to 1 previous error; 3 warnings emitted
[INFO] [stdout] 
[INFO] [stdout] 
[INFO] [stdout] For more information about this error, try `rustc --explain E0635`.
[INFO] [stdout] 
[INFO] [stderr] error: could not compile `intercom-utils` (bin "intercom-utils") due to 2 previous errors; 3 warnings emitted
[INFO] [stderr] warning: build failed, waiting for other jobs to finish...
[INFO] [stderr] error: could not compile `intercom-utils` (bin "intercom-utils" test) due to 2 previous errors; 3 warnings emitted
[INFO] running `Command { std: "docker" "inspect" "ead04da5238ea72bc14fca58fa906de5e9d22a2a2a11dd75277116658f5ce7b4", kill_on_drop: false }`
[INFO] running `Command { std: "docker" "rm" "-f" "ead04da5238ea72bc14fca58fa906de5e9d22a2a2a11dd75277116658f5ce7b4", kill_on_drop: false }`
[INFO] [stdout] ead04da5238ea72bc14fca58fa906de5e9d22a2a2a11dd75277116658f5ce7b4
[INFO] checking intercom-utils-0.2.0 against nightly-2024-02-05+rustflags=-Dunexpected_cfgs+cargoflags=-Zcheck-cfg for check-cfg
[INFO] extracting crate intercom-utils 0.2.0 into /workspace/builds/worker-2-tc2/source
[INFO] validating manifest of crates.io crate intercom-utils 0.2.0 on toolchain nightly-2024-02-05
[INFO] running `Command { std: CARGO_HOME="/workspace/cargo-home" RUSTUP_HOME="/workspace/rustup-home" "/workspace/cargo-home/bin/cargo" "+nightly-2024-02-05" "metadata" "--manifest-path" "Cargo.toml" "--no-deps", kill_on_drop: false }`
[INFO] started tweaking crates.io crate intercom-utils 0.2.0
[INFO] finished tweaking crates.io crate intercom-utils 0.2.0
[INFO] tweaked toml for crates.io crate intercom-utils 0.2.0 written to /workspace/builds/worker-2-tc2/source/Cargo.toml
[INFO] running `Command { std: CARGO_HOME="/workspace/cargo-home" RUSTUP_HOME="/workspace/rustup-home" "/workspace/cargo-home/bin/cargo" "+nightly-2024-02-05" "generate-lockfile" "--manifest-path" "Cargo.toml", kill_on_drop: false }`
[INFO] [stderr]     Updating crates.io index
[INFO] running `Command { std: CARGO_HOME="/workspace/cargo-home" RUSTUP_HOME="/workspace/rustup-home" "/workspace/cargo-home/bin/cargo" "+nightly-2024-02-05" "fetch" "--manifest-path" "Cargo.toml", kill_on_drop: false }`
[INFO] running `Command { std: "docker" "create" "-v" "/var/lib/crater-agent-workspace/builds/worker-2-tc2/target:/opt/rustwide/target:rw,Z" "-v" "/var/lib/crater-agent-workspace/builds/worker-2-tc2/source:/opt/rustwide/workdir:ro,Z" "-v" "/var/lib/crater-agent-workspace/cargo-home:/opt/rustwide/cargo-home:ro,Z" "-v" "/var/lib/crater-agent-workspace/rustup-home:/opt/rustwide/rustup-home:ro,Z" "-e" "SOURCE_DIR=/opt/rustwide/workdir" "-e" "CARGO_TARGET_DIR=/opt/rustwide/target" "-e" "CARGO_HOME=/opt/rustwide/cargo-home" "-e" "RUSTUP_HOME=/opt/rustwide/rustup-home" "-w" "/opt/rustwide/workdir" "-m" "1610612736" "--user" "0:0" "--network" "none" "ghcr.io/rust-lang/crates-build-env/linux@sha256:2788e3201cd34a07e3172128adcd8b3090168a8e3bcc40d7c032b9dda1df7d1c" "/opt/rustwide/cargo-home/bin/cargo" "+nightly-2024-02-05" "metadata" "--no-deps" "--format-version=1", kill_on_drop: false }`
[INFO] [stdout] 299fe9d90f208355c0ba8c2ffba1508d2f9c6c533b4c9b6f4ce2c0177120f4f7
[INFO] running `Command { std: "docker" "start" "-a" "299fe9d90f208355c0ba8c2ffba1508d2f9c6c533b4c9b6f4ce2c0177120f4f7", kill_on_drop: false }`
[INFO] running `Command { std: "docker" "inspect" "299fe9d90f208355c0ba8c2ffba1508d2f9c6c533b4c9b6f4ce2c0177120f4f7", kill_on_drop: false }`
[INFO] running `Command { std: "docker" "rm" "-f" "299fe9d90f208355c0ba8c2ffba1508d2f9c6c533b4c9b6f4ce2c0177120f4f7", kill_on_drop: false }`
[INFO] [stdout] 299fe9d90f208355c0ba8c2ffba1508d2f9c6c533b4c9b6f4ce2c0177120f4f7
[INFO] running `Command { std: "docker" "create" "-v" "/var/lib/crater-agent-workspace/builds/worker-2-tc2/target:/opt/rustwide/target:rw,Z" "-v" "/var/lib/crater-agent-workspace/builds/worker-2-tc2/source:/opt/rustwide/workdir:ro,Z" "-v" "/var/lib/crater-agent-workspace/cargo-home:/opt/rustwide/cargo-home:ro,Z" "-v" "/var/lib/crater-agent-workspace/rustup-home:/opt/rustwide/rustup-home:ro,Z" "-e" "SOURCE_DIR=/opt/rustwide/workdir" "-e" "CARGO_TARGET_DIR=/opt/rustwide/target" "-e" "CARGO_INCREMENTAL=0" "-e" "RUST_BACKTRACE=full" "-e" "RUSTFLAGS=--cap-lints=forbid -Dunexpected_cfgs" "-e" "RUSTDOCFLAGS=--cap-lints=forbid" "-e" "CARGO_HOME=/opt/rustwide/cargo-home" "-e" "RUSTUP_HOME=/opt/rustwide/rustup-home" "-w" "/opt/rustwide/workdir" "-m" "1610612736" "--user" "0:0" "--network" "none" "ghcr.io/rust-lang/crates-build-env/linux@sha256:2788e3201cd34a07e3172128adcd8b3090168a8e3bcc40d7c032b9dda1df7d1c" "/opt/rustwide/cargo-home/bin/cargo" "+nightly-2024-02-05" "check" "--frozen" "--all" "--all-targets" "--message-format=json" "-Zcheck-cfg", kill_on_drop: false }`
[INFO] [stdout] bfcc73ea21b260ef20388dc8cfc3eaa6729cb67c47163da21c5926b9daa64694
[INFO] running `Command { std: "docker" "start" "-a" "bfcc73ea21b260ef20388dc8cfc3eaa6729cb67c47163da21c5926b9daa64694", kill_on_drop: false }`
[INFO] [stderr]     Checking unicode-xid v0.0.4
[INFO] [stderr]     Checking quote v0.3.15
[INFO] [stderr]     Checking sha1 v0.3.0
[INFO] [stderr]     Checking glob v0.2.11
[INFO] [stderr]     Checking atty v0.2.14
[INFO] [stderr]     Checking if_chain v0.1.3
[INFO] [stderr]     Checking toml v0.4.10
[INFO] [stderr]     Checking clap v2.34.0
[INFO] [stderr]     Checking synom v0.11.3
[INFO] [stderr]     Checking syn v0.11.11
[INFO] [stderr]     Checking intercom-common v0.2.0
[INFO] [stderr]     Checking intercom-utils v0.2.0 (/opt/rustwide/workdir)
[INFO] [stdout] error[E0635]: unknown feature `try_trait`
[INFO] [stdout]  --> src/main.rs:1:12
[INFO] [stdout]   |
[INFO] [stdout] 1 | #![feature(try_trait)]
[INFO] [stdout]   |            ^^^^^^^^^
[INFO] [stdout] 
[INFO] [stdout] 
[INFO] [stdout] error[E0635]: unknown feature `try_trait`
[INFO] [stdout]  --> src/main.rs:1:12
[INFO] [stdout]   |
[INFO] [stdout] 1 | #![feature(try_trait)]
[INFO] [stdout]   |            ^^^^^^^^^
[INFO] [stdout] 
[INFO] [stdout] 
[INFO] [stdout] warning: use of deprecated method `std::error::Error::description`: use the Display impl or to_string()
[INFO] [stdout]   --> src/main.rs:49:35
[INFO] [stdout]    |
[INFO] [stdout] 49 |         AppError( String::from( e.description() ) )
[INFO] [stdout]    |                                   ^^^^^^^^^^^
[INFO] [stdout]    |
[INFO] [stdout]    = note: `#[warn(deprecated)]` on by default
[INFO] [stdout] 
[INFO] [stdout] 
[INFO] [stdout] warning: use of deprecated method `std::error::Error::description`: use the Display impl or to_string()
[INFO] [stdout]   --> src/main.rs:55:35
[INFO] [stdout]    |
[INFO] [stdout] 55 |         AppError( String::from( e.description() ) )
[INFO] [stdout]    |                                   ^^^^^^^^^^^
[INFO] [stdout] 
[INFO] [stdout] 
[INFO] [stdout] warning: use of deprecated method `std::error::Error::description`: use the Display impl or to_string()
[INFO] [stdout]   --> src/main.rs:61:35
[INFO] [stdout]    |
[INFO] [stdout] 61 |         AppError( String::from( e.description() ) )
[INFO] [stdout]    |                                   ^^^^^^^^^^^
[INFO] [stdout] 
[INFO] [stdout] 
[INFO] [stdout] error: aborting due to 1 previous error; 3 warnings emitted
[INFO] [stdout] 
[INFO] [stdout] 
[INFO] [stdout] For more information about this error, try `rustc --explain E0635`.
[INFO] [stdout] 
[INFO] [stdout] warning: use of deprecated method `std::error::Error::description`: use the Display impl or to_string()
[INFO] [stdout]   --> src/main.rs:49:35
[INFO] [stdout]    |
[INFO] [stdout] 49 |         AppError( String::from( e.description() ) )
[INFO] [stdout]    |                                   ^^^^^^^^^^^
[INFO] [stdout]    |
[INFO] [stdout]    = note: `#[warn(deprecated)]` on by default
[INFO] [stdout] 
[INFO] [stdout] 
[INFO] [stdout] warning: use of deprecated method `std::error::Error::description`: use the Display impl or to_string()
[INFO] [stdout]   --> src/main.rs:55:35
[INFO] [stdout]    |
[INFO] [stdout] 55 |         AppError( String::from( e.description() ) )
[INFO] [stdout]    |                                   ^^^^^^^^^^^
[INFO] [stdout] 
[INFO] [stdout] 
[INFO] [stdout] warning: use of deprecated method `std::error::Error::description`: use the Display impl or to_string()
[INFO] [stdout]   --> src/main.rs:61:35
[INFO] [stdout]    |
[INFO] [stdout] 61 |         AppError( String::from( e.description() ) )
[INFO] [stdout]    |                                   ^^^^^^^^^^^
[INFO] [stdout] 
[INFO] [stdout] 
[INFO] [stdout] error: aborting due to 1 previous error; 3 warnings emitted
[INFO] [stdout] 
[INFO] [stdout] 
[INFO] [stdout] For more information about this error, try `rustc --explain E0635`.
[INFO] [stdout] 
[INFO] [stderr] error: could not compile `intercom-utils` (bin "intercom-utils") due to 2 previous errors; 3 warnings emitted
[INFO] [stderr] warning: build failed, waiting for other jobs to finish...
[INFO] [stderr] error: could not compile `intercom-utils` (bin "intercom-utils" test) due to 2 previous errors; 3 warnings emitted
[INFO] running `Command { std: "docker" "inspect" "bfcc73ea21b260ef20388dc8cfc3eaa6729cb67c47163da21c5926b9daa64694", kill_on_drop: false }`
[INFO] running `Command { std: "docker" "rm" "-f" "bfcc73ea21b260ef20388dc8cfc3eaa6729cb67c47163da21c5926b9daa64694", kill_on_drop: false }`
[INFO] [stdout] bfcc73ea21b260ef20388dc8cfc3eaa6729cb67c47163da21c5926b9daa64694
