[INFO] fetching crate interactive-dag 0.0.1...
[INFO] checking interactive-dag-0.0.1 against nightly-2024-02-05 for check-cfg
[INFO] extracting crate interactive-dag 0.0.1 into /workspace/builds/worker-3-tc1/source
[INFO] validating manifest of crates.io crate interactive-dag 0.0.1 on toolchain nightly-2024-02-05
[INFO] running `Command { std: CARGO_HOME="/workspace/cargo-home" RUSTUP_HOME="/workspace/rustup-home" "/workspace/cargo-home/bin/cargo" "+nightly-2024-02-05" "metadata" "--manifest-path" "Cargo.toml" "--no-deps", kill_on_drop: false }`
[INFO] started tweaking crates.io crate interactive-dag 0.0.1
[INFO] finished tweaking crates.io crate interactive-dag 0.0.1
[INFO] tweaked toml for crates.io crate interactive-dag 0.0.1 written to /workspace/builds/worker-3-tc1/source/Cargo.toml
[INFO] running `Command { std: CARGO_HOME="/workspace/cargo-home" RUSTUP_HOME="/workspace/rustup-home" "/workspace/cargo-home/bin/cargo" "+nightly-2024-02-05" "generate-lockfile" "--manifest-path" "Cargo.toml", kill_on_drop: false }`
[INFO] [stderr]     Updating crates.io index
[INFO] running `Command { std: CARGO_HOME="/workspace/cargo-home" RUSTUP_HOME="/workspace/rustup-home" "/workspace/cargo-home/bin/cargo" "+nightly-2024-02-05" "fetch" "--manifest-path" "Cargo.toml", kill_on_drop: false }`
[INFO] [stderr]  Downloading crates ...
[INFO] [stderr]   Downloaded generational-arena v0.2.9
[INFO] running `Command { std: "docker" "create" "-v" "/var/lib/crater-agent-workspace/builds/worker-3-tc1/target:/opt/rustwide/target:rw,Z" "-v" "/var/lib/crater-agent-workspace/builds/worker-3-tc1/source:/opt/rustwide/workdir:ro,Z" "-v" "/var/lib/crater-agent-workspace/cargo-home:/opt/rustwide/cargo-home:ro,Z" "-v" "/var/lib/crater-agent-workspace/rustup-home:/opt/rustwide/rustup-home:ro,Z" "-e" "SOURCE_DIR=/opt/rustwide/workdir" "-e" "CARGO_TARGET_DIR=/opt/rustwide/target" "-e" "CARGO_HOME=/opt/rustwide/cargo-home" "-e" "RUSTUP_HOME=/opt/rustwide/rustup-home" "-w" "/opt/rustwide/workdir" "-m" "1610612736" "--user" "0:0" "--network" "none" "ghcr.io/rust-lang/crates-build-env/linux@sha256:2788e3201cd34a07e3172128adcd8b3090168a8e3bcc40d7c032b9dda1df7d1c" "/opt/rustwide/cargo-home/bin/cargo" "+nightly-2024-02-05" "metadata" "--no-deps" "--format-version=1", kill_on_drop: false }`
[INFO] [stdout] 313188e741566fafe52843adba6c1305e54ba5a7d5df010773251a2b0b66c3c5
[INFO] running `Command { std: "docker" "start" "-a" "313188e741566fafe52843adba6c1305e54ba5a7d5df010773251a2b0b66c3c5", kill_on_drop: false }`
[INFO] running `Command { std: "docker" "inspect" "313188e741566fafe52843adba6c1305e54ba5a7d5df010773251a2b0b66c3c5", kill_on_drop: false }`
[INFO] running `Command { std: "docker" "rm" "-f" "313188e741566fafe52843adba6c1305e54ba5a7d5df010773251a2b0b66c3c5", kill_on_drop: false }`
[INFO] [stdout] 313188e741566fafe52843adba6c1305e54ba5a7d5df010773251a2b0b66c3c5
[INFO] running `Command { std: "docker" "create" "-v" "/var/lib/crater-agent-workspace/builds/worker-3-tc1/target:/opt/rustwide/target:rw,Z" "-v" "/var/lib/crater-agent-workspace/builds/worker-3-tc1/source:/opt/rustwide/workdir:ro,Z" "-v" "/var/lib/crater-agent-workspace/cargo-home:/opt/rustwide/cargo-home:ro,Z" "-v" "/var/lib/crater-agent-workspace/rustup-home:/opt/rustwide/rustup-home:ro,Z" "-e" "SOURCE_DIR=/opt/rustwide/workdir" "-e" "CARGO_TARGET_DIR=/opt/rustwide/target" "-e" "CARGO_INCREMENTAL=0" "-e" "RUST_BACKTRACE=full" "-e" "RUSTFLAGS=--cap-lints=forbid" "-e" "RUSTDOCFLAGS=--cap-lints=forbid" "-e" "CARGO_HOME=/opt/rustwide/cargo-home" "-e" "RUSTUP_HOME=/opt/rustwide/rustup-home" "-w" "/opt/rustwide/workdir" "-m" "1610612736" "--user" "0:0" "--network" "none" "ghcr.io/rust-lang/crates-build-env/linux@sha256:2788e3201cd34a07e3172128adcd8b3090168a8e3bcc40d7c032b9dda1df7d1c" "/opt/rustwide/cargo-home/bin/cargo" "+nightly-2024-02-05" "check" "--frozen" "--all" "--all-targets" "--message-format=json", kill_on_drop: false }`
[INFO] [stdout] b3f0e5123eeecfeef6bd875784478b5743bcbba19779eccfb34b7c27f04ac943
[INFO] running `Command { std: "docker" "start" "-a" "b3f0e5123eeecfeef6bd875784478b5743bcbba19779eccfb34b7c27f04ac943", kill_on_drop: false }`
[INFO] [stderr]    Compiling proc-macro2 v1.0.78
[INFO] [stderr]    Compiling serde v1.0.196
[INFO] [stderr]     Checking ciborium-io v0.2.2
[INFO] [stderr]     Checking half v2.3.1
[INFO] [stderr]     Checking criterion-plot v0.5.0
[INFO] [stderr]     Checking generational-arena v0.2.9
[INFO] [stderr]     Checking anes v0.1.6
[INFO] [stderr]     Checking clap v3.2.25
[INFO] [stderr]     Checking interactive-dag v0.0.1 (/opt/rustwide/workdir)
[INFO] [stderr]     Checking ciborium-ll v0.2.2
[INFO] [stderr]    Compiling quote v1.0.35
[INFO] [stderr]    Compiling syn v2.0.48
[INFO] [stderr]    Compiling serde_derive v1.0.196
[INFO] [stderr]     Checking serde_json v1.0.113
[INFO] [stderr]     Checking ciborium v0.2.2
[INFO] [stderr]     Checking tinytemplate v1.2.1
[INFO] [stderr]     Checking criterion v0.4.0
[INFO] [stdout] error[E0432]: unresolved import `interactive_dag::naive`
[INFO] [stdout]  --> benches/benchmark.rs:3:22
[INFO] [stdout]   |
[INFO] [stdout] 3 | use interactive_dag::naive::Node;
[INFO] [stdout]   |                      ^^^^^ could not find `naive` in `interactive_dag`
[INFO] [stdout] 
[INFO] [stdout] 
[INFO] [stdout] error[E0432]: unresolved import `arbitrary`
[INFO] [stdout]  --> benches/benchmark.rs:1:5
[INFO] [stdout]   |
[INFO] [stdout] 1 | use arbitrary::{Arbitrary, Unstructured};
[INFO] [stdout]   |     ^^^^^^^^^ use of undeclared crate or module `arbitrary`
[INFO] [stdout] 
[INFO] [stdout] 
[INFO] [stdout] warning: unused import: `black_box`
[INFO] [stdout]  --> benches/benchmark.rs:2:17
[INFO] [stdout]   |
[INFO] [stdout] 2 | use criterion::{black_box, criterion_group, criterion_main, Criterion};
[INFO] [stdout]   |                 ^^^^^^^^^
[INFO] [stdout]   |
[INFO] [stdout]   = note: `#[warn(unused_imports)]` on by default
[INFO] [stdout] 
[INFO] [stdout] 
[INFO] [stdout] error: aborting due to 2 previous errors; 1 warning emitted
[INFO] [stdout] 
[INFO] [stdout] 
[INFO] [stdout] For more information about this error, try `rustc --explain E0432`.
[INFO] [stdout] 
[INFO] [stderr] error: could not compile `interactive-dag` (bench "benchmark") due to 3 previous errors; 1 warning emitted
[INFO] [stderr] warning: build failed, waiting for other jobs to finish...
[INFO] running `Command { std: "docker" "inspect" "b3f0e5123eeecfeef6bd875784478b5743bcbba19779eccfb34b7c27f04ac943", kill_on_drop: false }`
[INFO] running `Command { std: "docker" "rm" "-f" "b3f0e5123eeecfeef6bd875784478b5743bcbba19779eccfb34b7c27f04ac943", kill_on_drop: false }`
[INFO] [stdout] b3f0e5123eeecfeef6bd875784478b5743bcbba19779eccfb34b7c27f04ac943
[INFO] checking interactive-dag-0.0.1 against nightly-2024-02-05+rustflags=-Dunexpected_cfgs+cargoflags=-Zcheck-cfg for check-cfg
[INFO] extracting crate interactive-dag 0.0.1 into /workspace/builds/worker-3-tc2/source
[INFO] validating manifest of crates.io crate interactive-dag 0.0.1 on toolchain nightly-2024-02-05
[INFO] running `Command { std: CARGO_HOME="/workspace/cargo-home" RUSTUP_HOME="/workspace/rustup-home" "/workspace/cargo-home/bin/cargo" "+nightly-2024-02-05" "metadata" "--manifest-path" "Cargo.toml" "--no-deps", kill_on_drop: false }`
[INFO] started tweaking crates.io crate interactive-dag 0.0.1
[INFO] finished tweaking crates.io crate interactive-dag 0.0.1
[INFO] tweaked toml for crates.io crate interactive-dag 0.0.1 written to /workspace/builds/worker-3-tc2/source/Cargo.toml
[INFO] running `Command { std: CARGO_HOME="/workspace/cargo-home" RUSTUP_HOME="/workspace/rustup-home" "/workspace/cargo-home/bin/cargo" "+nightly-2024-02-05" "generate-lockfile" "--manifest-path" "Cargo.toml", kill_on_drop: false }`
[INFO] [stderr]     Updating crates.io index
[INFO] running `Command { std: CARGO_HOME="/workspace/cargo-home" RUSTUP_HOME="/workspace/rustup-home" "/workspace/cargo-home/bin/cargo" "+nightly-2024-02-05" "fetch" "--manifest-path" "Cargo.toml", kill_on_drop: false }`
[INFO] running `Command { std: "docker" "create" "-v" "/var/lib/crater-agent-workspace/builds/worker-3-tc2/target:/opt/rustwide/target:rw,Z" "-v" "/var/lib/crater-agent-workspace/builds/worker-3-tc2/source:/opt/rustwide/workdir:ro,Z" "-v" "/var/lib/crater-agent-workspace/cargo-home:/opt/rustwide/cargo-home:ro,Z" "-v" "/var/lib/crater-agent-workspace/rustup-home:/opt/rustwide/rustup-home:ro,Z" "-e" "SOURCE_DIR=/opt/rustwide/workdir" "-e" "CARGO_TARGET_DIR=/opt/rustwide/target" "-e" "CARGO_HOME=/opt/rustwide/cargo-home" "-e" "RUSTUP_HOME=/opt/rustwide/rustup-home" "-w" "/opt/rustwide/workdir" "-m" "1610612736" "--user" "0:0" "--network" "none" "ghcr.io/rust-lang/crates-build-env/linux@sha256:2788e3201cd34a07e3172128adcd8b3090168a8e3bcc40d7c032b9dda1df7d1c" "/opt/rustwide/cargo-home/bin/cargo" "+nightly-2024-02-05" "metadata" "--no-deps" "--format-version=1", kill_on_drop: false }`
[INFO] [stdout] 522fb0815eede4b4a175a2086aa98fa356a6f0a8cc3bc20f89760401a2bfe76f
[INFO] running `Command { std: "docker" "start" "-a" "522fb0815eede4b4a175a2086aa98fa356a6f0a8cc3bc20f89760401a2bfe76f", kill_on_drop: false }`
[INFO] running `Command { std: "docker" "inspect" "522fb0815eede4b4a175a2086aa98fa356a6f0a8cc3bc20f89760401a2bfe76f", kill_on_drop: false }`
[INFO] running `Command { std: "docker" "rm" "-f" "522fb0815eede4b4a175a2086aa98fa356a6f0a8cc3bc20f89760401a2bfe76f", kill_on_drop: false }`
[INFO] [stdout] 522fb0815eede4b4a175a2086aa98fa356a6f0a8cc3bc20f89760401a2bfe76f
[INFO] running `Command { std: "docker" "create" "-v" "/var/lib/crater-agent-workspace/builds/worker-3-tc2/target:/opt/rustwide/target:rw,Z" "-v" "/var/lib/crater-agent-workspace/builds/worker-3-tc2/source:/opt/rustwide/workdir:ro,Z" "-v" "/var/lib/crater-agent-workspace/cargo-home:/opt/rustwide/cargo-home:ro,Z" "-v" "/var/lib/crater-agent-workspace/rustup-home:/opt/rustwide/rustup-home:ro,Z" "-e" "SOURCE_DIR=/opt/rustwide/workdir" "-e" "CARGO_TARGET_DIR=/opt/rustwide/target" "-e" "CARGO_INCREMENTAL=0" "-e" "RUST_BACKTRACE=full" "-e" "RUSTFLAGS=--cap-lints=forbid -Dunexpected_cfgs" "-e" "RUSTDOCFLAGS=--cap-lints=forbid" "-e" "CARGO_HOME=/opt/rustwide/cargo-home" "-e" "RUSTUP_HOME=/opt/rustwide/rustup-home" "-w" "/opt/rustwide/workdir" "-m" "1610612736" "--user" "0:0" "--network" "none" "ghcr.io/rust-lang/crates-build-env/linux@sha256:2788e3201cd34a07e3172128adcd8b3090168a8e3bcc40d7c032b9dda1df7d1c" "/opt/rustwide/cargo-home/bin/cargo" "+nightly-2024-02-05" "check" "--frozen" "--all" "--all-targets" "--message-format=json" "-Zcheck-cfg", kill_on_drop: false }`
[INFO] [stdout] 31e783c7569f2096fa340c47424eb701917861f6c5c3cc49b51556b5284bd0b7
[INFO] running `Command { std: "docker" "start" "-a" "31e783c7569f2096fa340c47424eb701917861f6c5c3cc49b51556b5284bd0b7", kill_on_drop: false }`
[INFO] [stderr]    Compiling proc-macro2 v1.0.78
[INFO] [stderr]    Compiling serde v1.0.196
[INFO] [stderr]     Checking ciborium-io v0.2.2
[INFO] [stderr]     Checking half v2.3.1
[INFO] [stderr]     Checking criterion-plot v0.5.0
[INFO] [stderr]     Checking generational-arena v0.2.9
[INFO] [stderr]     Checking anes v0.1.6
[INFO] [stderr]     Checking clap v3.2.25
[INFO] [stderr]     Checking interactive-dag v0.0.1 (/opt/rustwide/workdir)
[INFO] [stderr]     Checking ciborium-ll v0.2.2
[INFO] [stderr]    Compiling quote v1.0.35
[INFO] [stderr]    Compiling syn v2.0.48
[INFO] [stderr]    Compiling serde_derive v1.0.196
[INFO] [stderr]     Checking serde_json v1.0.113
[INFO] [stderr]     Checking ciborium v0.2.2
[INFO] [stderr]     Checking tinytemplate v1.2.1
[INFO] [stderr]     Checking criterion v0.4.0
[INFO] [stdout] error[E0432]: unresolved import `interactive_dag::naive`
[INFO] [stdout]  --> benches/benchmark.rs:3:22
[INFO] [stdout]   |
[INFO] [stdout] 3 | use interactive_dag::naive::Node;
[INFO] [stdout]   |                      ^^^^^ could not find `naive` in `interactive_dag`
[INFO] [stdout] 
[INFO] [stdout] 
[INFO] [stdout] error[E0432]: unresolved import `arbitrary`
[INFO] [stdout]  --> benches/benchmark.rs:1:5
[INFO] [stdout]   |
[INFO] [stdout] 1 | use arbitrary::{Arbitrary, Unstructured};
[INFO] [stdout]   |     ^^^^^^^^^ use of undeclared crate or module `arbitrary`
[INFO] [stdout] 
[INFO] [stdout] 
[INFO] [stdout] warning: unused import: `black_box`
[INFO] [stdout]  --> benches/benchmark.rs:2:17
[INFO] [stdout]   |
[INFO] [stdout] 2 | use criterion::{black_box, criterion_group, criterion_main, Criterion};
[INFO] [stdout]   |                 ^^^^^^^^^
[INFO] [stdout]   |
[INFO] [stdout]   = note: `#[warn(unused_imports)]` on by default
[INFO] [stdout] 
[INFO] [stdout] 
[INFO] [stdout] error: aborting due to 2 previous errors; 1 warning emitted
[INFO] [stdout] 
[INFO] [stdout] 
[INFO] [stdout] For more information about this error, try `rustc --explain E0432`.
[INFO] [stdout] 
[INFO] [stderr] error: could not compile `interactive-dag` (bench "benchmark") due to 3 previous errors; 1 warning emitted
[INFO] [stderr] warning: build failed, waiting for other jobs to finish...
[INFO] running `Command { std: "docker" "inspect" "31e783c7569f2096fa340c47424eb701917861f6c5c3cc49b51556b5284bd0b7", kill_on_drop: false }`
[INFO] running `Command { std: "docker" "rm" "-f" "31e783c7569f2096fa340c47424eb701917861f6c5c3cc49b51556b5284bd0b7", kill_on_drop: false }`
[INFO] [stdout] 31e783c7569f2096fa340c47424eb701917861f6c5c3cc49b51556b5284bd0b7
