[INFO] fetching crate installed 0.1.0...
[INFO] checking installed-0.1.0 against nightly-2024-02-05 for check-cfg
[INFO] extracting crate installed 0.1.0 into /workspace/builds/worker-4-tc1/source
[INFO] validating manifest of crates.io crate installed 0.1.0 on toolchain nightly-2024-02-05
[INFO] running `Command { std: CARGO_HOME="/workspace/cargo-home" RUSTUP_HOME="/workspace/rustup-home" "/workspace/cargo-home/bin/cargo" "+nightly-2024-02-05" "metadata" "--manifest-path" "Cargo.toml" "--no-deps", kill_on_drop: false }`
[INFO] started tweaking crates.io crate installed 0.1.0
[INFO] finished tweaking crates.io crate installed 0.1.0
[INFO] tweaked toml for crates.io crate installed 0.1.0 written to /workspace/builds/worker-4-tc1/source/Cargo.toml
[INFO] crate crates.io crate installed 0.1.0 already has a lockfile, it will not be regenerated
[INFO] running `Command { std: CARGO_HOME="/workspace/cargo-home" RUSTUP_HOME="/workspace/rustup-home" "/workspace/cargo-home/bin/cargo" "+nightly-2024-02-05" "fetch" "--manifest-path" "Cargo.toml", kill_on_drop: false }`
[INFO] [stderr]  Downloading crates ...
[INFO] [stderr]   Downloaded time-macros v0.2.7
[INFO] [stderr]   Downloaded plist v1.4.1
[INFO] [stderr]   Downloaded winreg v0.11.0
[INFO] [stderr]   Downloaded time v0.3.19
[INFO] running `Command { std: "docker" "create" "-v" "/var/lib/crater-agent-workspace/builds/worker-4-tc1/target:/opt/rustwide/target:rw,Z" "-v" "/var/lib/crater-agent-workspace/builds/worker-4-tc1/source:/opt/rustwide/workdir:ro,Z" "-v" "/var/lib/crater-agent-workspace/cargo-home:/opt/rustwide/cargo-home:ro,Z" "-v" "/var/lib/crater-agent-workspace/rustup-home:/opt/rustwide/rustup-home:ro,Z" "-e" "SOURCE_DIR=/opt/rustwide/workdir" "-e" "CARGO_TARGET_DIR=/opt/rustwide/target" "-e" "CARGO_HOME=/opt/rustwide/cargo-home" "-e" "RUSTUP_HOME=/opt/rustwide/rustup-home" "-w" "/opt/rustwide/workdir" "-m" "1610612736" "--user" "0:0" "--network" "none" "ghcr.io/rust-lang/crates-build-env/linux@sha256:2788e3201cd34a07e3172128adcd8b3090168a8e3bcc40d7c032b9dda1df7d1c" "/opt/rustwide/cargo-home/bin/cargo" "+nightly-2024-02-05" "metadata" "--no-deps" "--format-version=1", kill_on_drop: false }`
[INFO] [stdout] 0716fb60b60ad32756b5f7d2a45dabc93d3b3cd449e1c27c7b90c73f78a3ebcc
[INFO] running `Command { std: "docker" "start" "-a" "0716fb60b60ad32756b5f7d2a45dabc93d3b3cd449e1c27c7b90c73f78a3ebcc", kill_on_drop: false }`
[INFO] running `Command { std: "docker" "inspect" "0716fb60b60ad32756b5f7d2a45dabc93d3b3cd449e1c27c7b90c73f78a3ebcc", kill_on_drop: false }`
[INFO] running `Command { std: "docker" "rm" "-f" "0716fb60b60ad32756b5f7d2a45dabc93d3b3cd449e1c27c7b90c73f78a3ebcc", kill_on_drop: false }`
[INFO] [stdout] 0716fb60b60ad32756b5f7d2a45dabc93d3b3cd449e1c27c7b90c73f78a3ebcc
[INFO] running `Command { std: "docker" "create" "-v" "/var/lib/crater-agent-workspace/builds/worker-4-tc1/target:/opt/rustwide/target:rw,Z" "-v" "/var/lib/crater-agent-workspace/builds/worker-4-tc1/source:/opt/rustwide/workdir:ro,Z" "-v" "/var/lib/crater-agent-workspace/cargo-home:/opt/rustwide/cargo-home:ro,Z" "-v" "/var/lib/crater-agent-workspace/rustup-home:/opt/rustwide/rustup-home:ro,Z" "-e" "SOURCE_DIR=/opt/rustwide/workdir" "-e" "CARGO_TARGET_DIR=/opt/rustwide/target" "-e" "CARGO_INCREMENTAL=0" "-e" "RUST_BACKTRACE=full" "-e" "RUSTFLAGS=--cap-lints=forbid" "-e" "RUSTDOCFLAGS=--cap-lints=forbid" "-e" "CARGO_HOME=/opt/rustwide/cargo-home" "-e" "RUSTUP_HOME=/opt/rustwide/rustup-home" "-w" "/opt/rustwide/workdir" "-m" "1610612736" "--user" "0:0" "--network" "none" "ghcr.io/rust-lang/crates-build-env/linux@sha256:2788e3201cd34a07e3172128adcd8b3090168a8e3bcc40d7c032b9dda1df7d1c" "/opt/rustwide/cargo-home/bin/cargo" "+nightly-2024-02-05" "check" "--frozen" "--all" "--all-targets" "--message-format=json", kill_on_drop: false }`
[INFO] [stdout] 883fb3daee222d59692f6b7832e17276a10cd4a56b136a8222c80b023cbfd766
[INFO] running `Command { std: "docker" "start" "-a" "883fb3daee222d59692f6b7832e17276a10cd4a56b136a8222c80b023cbfd766", kill_on_drop: false }`
[INFO] [stderr]     Checking installed v0.1.0 (/opt/rustwide/workdir)
[INFO] [stdout] error[E0432]: unresolved import `platform_app`
[INFO] [stdout]  --> src/platform/mod.rs:9:9
[INFO] [stdout]   |
[INFO] [stdout] 9 | pub use platform_app::App;
[INFO] [stdout]   |         ^^^^^^^^^^^^ use of undeclared crate or module `platform_app`
[INFO] [stdout] 
[INFO] [stdout] 
[INFO] [stdout] error[E0432]: unresolved import `platform_app`
[INFO] [stdout]  --> src/platform/mod.rs:9:9
[INFO] [stdout]   |
[INFO] [stdout] 9 | pub use platform_app::App;
[INFO] [stdout]   |         ^^^^^^^^^^^^ use of undeclared crate or module `platform_app`
[INFO] [stdout] 
[INFO] [stdout] 
[INFO] [stdout] error: aborting due to 1 previous error
[INFO] [stdout] 
[INFO] [stdout] 
[INFO] [stdout] For more information about this error, try `rustc --explain E0432`.
[INFO] [stdout] 
[INFO] [stdout] error: aborting due to 1 previous error
[INFO] [stdout] 
[INFO] [stdout] 
[INFO] [stdout] For more information about this error, try `rustc --explain E0432`.
[INFO] [stdout] 
[INFO] [stderr] error: could not compile `installed` (lib) due to 2 previous errors
[INFO] [stderr] warning: build failed, waiting for other jobs to finish...
[INFO] [stderr] error: could not compile `installed` (lib test) due to 2 previous errors
[INFO] running `Command { std: "docker" "inspect" "883fb3daee222d59692f6b7832e17276a10cd4a56b136a8222c80b023cbfd766", kill_on_drop: false }`
[INFO] running `Command { std: "docker" "rm" "-f" "883fb3daee222d59692f6b7832e17276a10cd4a56b136a8222c80b023cbfd766", kill_on_drop: false }`
[INFO] [stdout] 883fb3daee222d59692f6b7832e17276a10cd4a56b136a8222c80b023cbfd766
[INFO] checking installed-0.1.0 against nightly-2024-02-05+rustflags=-Dunexpected_cfgs+cargoflags=-Zcheck-cfg for check-cfg
[INFO] extracting crate installed 0.1.0 into /workspace/builds/worker-4-tc2/source
[INFO] validating manifest of crates.io crate installed 0.1.0 on toolchain nightly-2024-02-05
[INFO] running `Command { std: CARGO_HOME="/workspace/cargo-home" RUSTUP_HOME="/workspace/rustup-home" "/workspace/cargo-home/bin/cargo" "+nightly-2024-02-05" "metadata" "--manifest-path" "Cargo.toml" "--no-deps", kill_on_drop: false }`
[INFO] started tweaking crates.io crate installed 0.1.0
[INFO] finished tweaking crates.io crate installed 0.1.0
[INFO] tweaked toml for crates.io crate installed 0.1.0 written to /workspace/builds/worker-4-tc2/source/Cargo.toml
[INFO] crate crates.io crate installed 0.1.0 already has a lockfile, it will not be regenerated
[INFO] running `Command { std: CARGO_HOME="/workspace/cargo-home" RUSTUP_HOME="/workspace/rustup-home" "/workspace/cargo-home/bin/cargo" "+nightly-2024-02-05" "fetch" "--manifest-path" "Cargo.toml", kill_on_drop: false }`
[INFO] running `Command { std: "docker" "create" "-v" "/var/lib/crater-agent-workspace/builds/worker-4-tc2/target:/opt/rustwide/target:rw,Z" "-v" "/var/lib/crater-agent-workspace/builds/worker-4-tc2/source:/opt/rustwide/workdir:ro,Z" "-v" "/var/lib/crater-agent-workspace/cargo-home:/opt/rustwide/cargo-home:ro,Z" "-v" "/var/lib/crater-agent-workspace/rustup-home:/opt/rustwide/rustup-home:ro,Z" "-e" "SOURCE_DIR=/opt/rustwide/workdir" "-e" "CARGO_TARGET_DIR=/opt/rustwide/target" "-e" "CARGO_HOME=/opt/rustwide/cargo-home" "-e" "RUSTUP_HOME=/opt/rustwide/rustup-home" "-w" "/opt/rustwide/workdir" "-m" "1610612736" "--user" "0:0" "--network" "none" "ghcr.io/rust-lang/crates-build-env/linux@sha256:2788e3201cd34a07e3172128adcd8b3090168a8e3bcc40d7c032b9dda1df7d1c" "/opt/rustwide/cargo-home/bin/cargo" "+nightly-2024-02-05" "metadata" "--no-deps" "--format-version=1", kill_on_drop: false }`
[INFO] [stdout] f2e6e9f4d6900cfbe3b67840e28c9abead7ebad12bb53d96a24de97f563fc329
[INFO] running `Command { std: "docker" "start" "-a" "f2e6e9f4d6900cfbe3b67840e28c9abead7ebad12bb53d96a24de97f563fc329", kill_on_drop: false }`
[INFO] running `Command { std: "docker" "inspect" "f2e6e9f4d6900cfbe3b67840e28c9abead7ebad12bb53d96a24de97f563fc329", kill_on_drop: false }`
[INFO] running `Command { std: "docker" "rm" "-f" "f2e6e9f4d6900cfbe3b67840e28c9abead7ebad12bb53d96a24de97f563fc329", kill_on_drop: false }`
[INFO] [stdout] f2e6e9f4d6900cfbe3b67840e28c9abead7ebad12bb53d96a24de97f563fc329
[INFO] running `Command { std: "docker" "create" "-v" "/var/lib/crater-agent-workspace/builds/worker-4-tc2/target:/opt/rustwide/target:rw,Z" "-v" "/var/lib/crater-agent-workspace/builds/worker-4-tc2/source:/opt/rustwide/workdir:ro,Z" "-v" "/var/lib/crater-agent-workspace/cargo-home:/opt/rustwide/cargo-home:ro,Z" "-v" "/var/lib/crater-agent-workspace/rustup-home:/opt/rustwide/rustup-home:ro,Z" "-e" "SOURCE_DIR=/opt/rustwide/workdir" "-e" "CARGO_TARGET_DIR=/opt/rustwide/target" "-e" "CARGO_INCREMENTAL=0" "-e" "RUST_BACKTRACE=full" "-e" "RUSTFLAGS=--cap-lints=forbid -Dunexpected_cfgs" "-e" "RUSTDOCFLAGS=--cap-lints=forbid" "-e" "CARGO_HOME=/opt/rustwide/cargo-home" "-e" "RUSTUP_HOME=/opt/rustwide/rustup-home" "-w" "/opt/rustwide/workdir" "-m" "1610612736" "--user" "0:0" "--network" "none" "ghcr.io/rust-lang/crates-build-env/linux@sha256:2788e3201cd34a07e3172128adcd8b3090168a8e3bcc40d7c032b9dda1df7d1c" "/opt/rustwide/cargo-home/bin/cargo" "+nightly-2024-02-05" "check" "--frozen" "--all" "--all-targets" "--message-format=json" "-Zcheck-cfg", kill_on_drop: false }`
[INFO] [stdout] 79faa8ad6c1b30dee6fc0d441df4fc62e95ba045ed0ed9d4afb2f19d609f9881
[INFO] running `Command { std: "docker" "start" "-a" "79faa8ad6c1b30dee6fc0d441df4fc62e95ba045ed0ed9d4afb2f19d609f9881", kill_on_drop: false }`
[INFO] [stderr]     Checking installed v0.1.0 (/opt/rustwide/workdir)
[INFO] [stdout] error[E0432]: unresolved import `platform_app`
[INFO] [stdout]  --> src/platform/mod.rs:9:9
[INFO] [stdout]   |
[INFO] [stdout] 9 | pub use platform_app::App;
[INFO] [stdout]   |         ^^^^^^^^^^^^ use of undeclared crate or module `platform_app`
[INFO] [stdout] 
[INFO] [stdout] 
[INFO] [stdout] error[E0432]: unresolved import `platform_app`
[INFO] [stdout]  --> src/platform/mod.rs:9:9
[INFO] [stdout]   |
[INFO] [stdout] 9 | pub use platform_app::App;
[INFO] [stdout]   |         ^^^^^^^^^^^^ use of undeclared crate or module `platform_app`
[INFO] [stdout] 
[INFO] [stdout] 
[INFO] [stdout] error: aborting due to 1 previous error
[INFO] [stdout] 
[INFO] [stdout] 
[INFO] [stdout] For more information about this error, try `rustc --explain E0432`.
[INFO] [stdout] 
[INFO] [stdout] error: aborting due to 1 previous error
[INFO] [stdout] 
[INFO] [stdout] 
[INFO] [stdout] For more information about this error, try `rustc --explain E0432`.
[INFO] [stdout] 
[INFO] [stderr] error: could not compile `installed` (lib) due to 2 previous errors
[INFO] [stderr] warning: build failed, waiting for other jobs to finish...
[INFO] [stderr] error: could not compile `installed` (lib test) due to 2 previous errors
[INFO] running `Command { std: "docker" "inspect" "79faa8ad6c1b30dee6fc0d441df4fc62e95ba045ed0ed9d4afb2f19d609f9881", kill_on_drop: false }`
[INFO] running `Command { std: "docker" "rm" "-f" "79faa8ad6c1b30dee6fc0d441df4fc62e95ba045ed0ed9d4afb2f19d609f9881", kill_on_drop: false }`
[INFO] [stdout] 79faa8ad6c1b30dee6fc0d441df4fc62e95ba045ed0ed9d4afb2f19d609f9881
