[INFO] fetching crate inline-vbs-macros 0.4.0...
[INFO] checking inline-vbs-macros-0.4.0 against nightly-2024-02-05 for check-cfg
[INFO] extracting crate inline-vbs-macros 0.4.0 into /workspace/builds/worker-4-tc1/source
[INFO] validating manifest of crates.io crate inline-vbs-macros 0.4.0 on toolchain nightly-2024-02-05
[INFO] running `Command { std: CARGO_HOME="/workspace/cargo-home" RUSTUP_HOME="/workspace/rustup-home" "/workspace/cargo-home/bin/cargo" "+nightly-2024-02-05" "metadata" "--manifest-path" "Cargo.toml" "--no-deps", kill_on_drop: false }`
[INFO] started tweaking crates.io crate inline-vbs-macros 0.4.0
[INFO] finished tweaking crates.io crate inline-vbs-macros 0.4.0
[INFO] tweaked toml for crates.io crate inline-vbs-macros 0.4.0 written to /workspace/builds/worker-4-tc1/source/Cargo.toml
[INFO] running `Command { std: CARGO_HOME="/workspace/cargo-home" RUSTUP_HOME="/workspace/rustup-home" "/workspace/cargo-home/bin/cargo" "+nightly-2024-02-05" "generate-lockfile" "--manifest-path" "Cargo.toml", kill_on_drop: false }`
[INFO] [stderr]     Updating crates.io index
[INFO] running `Command { std: CARGO_HOME="/workspace/cargo-home" RUSTUP_HOME="/workspace/rustup-home" "/workspace/cargo-home/bin/cargo" "+nightly-2024-02-05" "fetch" "--manifest-path" "Cargo.toml", kill_on_drop: false }`
[INFO] running `Command { std: "docker" "create" "-v" "/var/lib/crater-agent-workspace/builds/worker-4-tc1/target:/opt/rustwide/target:rw,Z" "-v" "/var/lib/crater-agent-workspace/builds/worker-4-tc1/source:/opt/rustwide/workdir:ro,Z" "-v" "/var/lib/crater-agent-workspace/cargo-home:/opt/rustwide/cargo-home:ro,Z" "-v" "/var/lib/crater-agent-workspace/rustup-home:/opt/rustwide/rustup-home:ro,Z" "-e" "SOURCE_DIR=/opt/rustwide/workdir" "-e" "CARGO_TARGET_DIR=/opt/rustwide/target" "-e" "CARGO_HOME=/opt/rustwide/cargo-home" "-e" "RUSTUP_HOME=/opt/rustwide/rustup-home" "-w" "/opt/rustwide/workdir" "-m" "1610612736" "--user" "0:0" "--network" "none" "ghcr.io/rust-lang/crates-build-env/linux@sha256:2788e3201cd34a07e3172128adcd8b3090168a8e3bcc40d7c032b9dda1df7d1c" "/opt/rustwide/cargo-home/bin/cargo" "+nightly-2024-02-05" "metadata" "--no-deps" "--format-version=1", kill_on_drop: false }`
[INFO] [stdout] 0da9035ce3bb59a8493c86da9a5cdfff39c46885f5d2af989a5c841dea6cc186
[INFO] running `Command { std: "docker" "start" "-a" "0da9035ce3bb59a8493c86da9a5cdfff39c46885f5d2af989a5c841dea6cc186", kill_on_drop: false }`
[INFO] running `Command { std: "docker" "inspect" "0da9035ce3bb59a8493c86da9a5cdfff39c46885f5d2af989a5c841dea6cc186", kill_on_drop: false }`
[INFO] running `Command { std: "docker" "rm" "-f" "0da9035ce3bb59a8493c86da9a5cdfff39c46885f5d2af989a5c841dea6cc186", kill_on_drop: false }`
[INFO] [stdout] 0da9035ce3bb59a8493c86da9a5cdfff39c46885f5d2af989a5c841dea6cc186
[INFO] running `Command { std: "docker" "create" "-v" "/var/lib/crater-agent-workspace/builds/worker-4-tc1/target:/opt/rustwide/target:rw,Z" "-v" "/var/lib/crater-agent-workspace/builds/worker-4-tc1/source:/opt/rustwide/workdir:ro,Z" "-v" "/var/lib/crater-agent-workspace/cargo-home:/opt/rustwide/cargo-home:ro,Z" "-v" "/var/lib/crater-agent-workspace/rustup-home:/opt/rustwide/rustup-home:ro,Z" "-e" "SOURCE_DIR=/opt/rustwide/workdir" "-e" "CARGO_TARGET_DIR=/opt/rustwide/target" "-e" "CARGO_INCREMENTAL=0" "-e" "RUST_BACKTRACE=full" "-e" "RUSTFLAGS=--cap-lints=forbid" "-e" "RUSTDOCFLAGS=--cap-lints=forbid" "-e" "CARGO_HOME=/opt/rustwide/cargo-home" "-e" "RUSTUP_HOME=/opt/rustwide/rustup-home" "-w" "/opt/rustwide/workdir" "-m" "1610612736" "--user" "0:0" "--network" "none" "ghcr.io/rust-lang/crates-build-env/linux@sha256:2788e3201cd34a07e3172128adcd8b3090168a8e3bcc40d7c032b9dda1df7d1c" "/opt/rustwide/cargo-home/bin/cargo" "+nightly-2024-02-05" "check" "--frozen" "--all" "--all-targets" "--message-format=json", kill_on_drop: false }`
[INFO] [stdout] ede43d6bb52b90753a7ff943f62674f5e5b573bb2445dfab2a55c668694a7115
[INFO] running `Command { std: "docker" "start" "-a" "ede43d6bb52b90753a7ff943f62674f5e5b573bb2445dfab2a55c668694a7115", kill_on_drop: false }`
[INFO] [stderr]     Checking proc-macro2 v1.0.78
[INFO] [stderr]     Checking litrs v0.4.1
[INFO] [stderr]     Checking quote v1.0.35
[INFO] [stderr]     Checking inline-vbs-macros v0.4.0 (/opt/rustwide/workdir)
[INFO] [stdout] error[E0432]: unresolved import `proc_macro::LineColumn`
[INFO] [stdout]   --> src/lib.rs:32:5
[INFO] [stdout]    |
[INFO] [stdout] 32 | use proc_macro::LineColumn;
[INFO] [stdout]    |     ^^^^^^^^^^^^^^^^^^^^^^ no `LineColumn` in the root
[INFO] [stdout] 
[INFO] [stdout] 
[INFO] [stdout] error[E0432]: unresolved import `proc_macro::LineColumn`
[INFO] [stdout]   --> src/lib.rs:32:5
[INFO] [stdout]    |
[INFO] [stdout] 32 | use proc_macro::LineColumn;
[INFO] [stdout]    |     ^^^^^^^^^^^^^^^^^^^^^^ no `LineColumn` in the root
[INFO] [stdout] 
[INFO] [stdout] 
[INFO] [stdout] error[E0615]: attempted to take value of method `column` on type `proc_macro::Span`
[INFO] [stdout]    --> src/lib.rs:197:29
[INFO] [stdout]     |
[INFO] [stdout] 197 |                     end_loc.column = end_loc.column.saturating_sub(end.len());
[INFO] [stdout]     |                             ^^^^^^ method, not a field
[INFO] [stdout]     |
[INFO] [stdout]     = help: methods are immutable and cannot be assigned to
[INFO] [stdout] 
[INFO] [stdout] 
[INFO] [stdout] error[E0615]: attempted to take value of method `column` on type `proc_macro::Span`
[INFO] [stdout]    --> src/lib.rs:197:46
[INFO] [stdout]     |
[INFO] [stdout] 197 |                     end_loc.column = end_loc.column.saturating_sub(end.len());
[INFO] [stdout]     |                                              ^^^^^^ method, not a field
[INFO] [stdout]     |
[INFO] [stdout] help: use parentheses to call the method
[INFO] [stdout]     |
[INFO] [stdout] 197 |                     end_loc.column = end_loc.column().saturating_sub(end.len());
[INFO] [stdout]     |                                                    ++
[INFO] [stdout] 
[INFO] [stdout] 
[INFO] [stdout] error[E0615]: attempted to take value of method `column` on type `proc_macro::Span`
[INFO] [stdout]    --> src/lib.rs:197:29
[INFO] [stdout]     |
[INFO] [stdout] 197 |                     end_loc.column = end_loc.column.saturating_sub(end.len());
[INFO] [stdout]     |                             ^^^^^^ method, not a field
[INFO] [stdout]     |
[INFO] [stdout]     = help: methods are immutable and cannot be assigned to
[INFO] [stdout] 
[INFO] [stdout] 
[INFO] [stdout] error[E0615]: attempted to take value of method `column` on type `proc_macro::Span`
[INFO] [stdout]    --> src/lib.rs:197:46
[INFO] [stdout]     |
[INFO] [stdout] 197 |                     end_loc.column = end_loc.column.saturating_sub(end.len());
[INFO] [stdout]     |                                              ^^^^^^ method, not a field
[INFO] [stdout]     |
[INFO] [stdout] help: use parentheses to call the method
[INFO] [stdout]     |
[INFO] [stdout] 197 |                     end_loc.column = end_loc.column().saturating_sub(end.len());
[INFO] [stdout]     |                                                    ++
[INFO] [stdout] 
[INFO] [stdout] 
[INFO] [stdout] error: aborting due to 3 previous errors
[INFO] [stdout] 
[INFO] [stdout] 
[INFO] [stdout] Some errors have detailed explanations: E0432, E0615.
[INFO] [stdout] 
[INFO] [stdout] For more information about an error, try `rustc --explain E0432`.
[INFO] [stdout] 
[INFO] [stdout] error: aborting due to 3 previous errors
[INFO] [stdout] 
[INFO] [stdout] 
[INFO] [stdout] Some errors have detailed explanations: E0432, E0615.
[INFO] [stdout] 
[INFO] [stdout] For more information about an error, try `rustc --explain E0432`.
[INFO] [stdout] 
[INFO] [stderr] error: could not compile `inline-vbs-macros` (lib) due to 4 previous errors
[INFO] [stderr] warning: build failed, waiting for other jobs to finish...
[INFO] [stderr] error: could not compile `inline-vbs-macros` (lib test) due to 4 previous errors
[INFO] running `Command { std: "docker" "inspect" "ede43d6bb52b90753a7ff943f62674f5e5b573bb2445dfab2a55c668694a7115", kill_on_drop: false }`
[INFO] running `Command { std: "docker" "rm" "-f" "ede43d6bb52b90753a7ff943f62674f5e5b573bb2445dfab2a55c668694a7115", kill_on_drop: false }`
[INFO] [stdout] ede43d6bb52b90753a7ff943f62674f5e5b573bb2445dfab2a55c668694a7115
[INFO] checking inline-vbs-macros-0.4.0 against nightly-2024-02-05+rustflags=-Dunexpected_cfgs+cargoflags=-Zcheck-cfg for check-cfg
[INFO] extracting crate inline-vbs-macros 0.4.0 into /workspace/builds/worker-4-tc2/source
[INFO] validating manifest of crates.io crate inline-vbs-macros 0.4.0 on toolchain nightly-2024-02-05
[INFO] running `Command { std: CARGO_HOME="/workspace/cargo-home" RUSTUP_HOME="/workspace/rustup-home" "/workspace/cargo-home/bin/cargo" "+nightly-2024-02-05" "metadata" "--manifest-path" "Cargo.toml" "--no-deps", kill_on_drop: false }`
[INFO] started tweaking crates.io crate inline-vbs-macros 0.4.0
[INFO] finished tweaking crates.io crate inline-vbs-macros 0.4.0
[INFO] tweaked toml for crates.io crate inline-vbs-macros 0.4.0 written to /workspace/builds/worker-4-tc2/source/Cargo.toml
[INFO] running `Command { std: CARGO_HOME="/workspace/cargo-home" RUSTUP_HOME="/workspace/rustup-home" "/workspace/cargo-home/bin/cargo" "+nightly-2024-02-05" "generate-lockfile" "--manifest-path" "Cargo.toml", kill_on_drop: false }`
[INFO] [stderr]     Updating crates.io index
[INFO] running `Command { std: CARGO_HOME="/workspace/cargo-home" RUSTUP_HOME="/workspace/rustup-home" "/workspace/cargo-home/bin/cargo" "+nightly-2024-02-05" "fetch" "--manifest-path" "Cargo.toml", kill_on_drop: false }`
[INFO] running `Command { std: "docker" "create" "-v" "/var/lib/crater-agent-workspace/builds/worker-4-tc2/target:/opt/rustwide/target:rw,Z" "-v" "/var/lib/crater-agent-workspace/builds/worker-4-tc2/source:/opt/rustwide/workdir:ro,Z" "-v" "/var/lib/crater-agent-workspace/cargo-home:/opt/rustwide/cargo-home:ro,Z" "-v" "/var/lib/crater-agent-workspace/rustup-home:/opt/rustwide/rustup-home:ro,Z" "-e" "SOURCE_DIR=/opt/rustwide/workdir" "-e" "CARGO_TARGET_DIR=/opt/rustwide/target" "-e" "CARGO_HOME=/opt/rustwide/cargo-home" "-e" "RUSTUP_HOME=/opt/rustwide/rustup-home" "-w" "/opt/rustwide/workdir" "-m" "1610612736" "--user" "0:0" "--network" "none" "ghcr.io/rust-lang/crates-build-env/linux@sha256:2788e3201cd34a07e3172128adcd8b3090168a8e3bcc40d7c032b9dda1df7d1c" "/opt/rustwide/cargo-home/bin/cargo" "+nightly-2024-02-05" "metadata" "--no-deps" "--format-version=1", kill_on_drop: false }`
[INFO] [stdout] ea04789e1b5fc15c200a3b9b59fedca6eaf4cf249e42421c7215e085cc4a5ef3
[INFO] running `Command { std: "docker" "start" "-a" "ea04789e1b5fc15c200a3b9b59fedca6eaf4cf249e42421c7215e085cc4a5ef3", kill_on_drop: false }`
[INFO] running `Command { std: "docker" "inspect" "ea04789e1b5fc15c200a3b9b59fedca6eaf4cf249e42421c7215e085cc4a5ef3", kill_on_drop: false }`
[INFO] running `Command { std: "docker" "rm" "-f" "ea04789e1b5fc15c200a3b9b59fedca6eaf4cf249e42421c7215e085cc4a5ef3", kill_on_drop: false }`
[INFO] [stdout] ea04789e1b5fc15c200a3b9b59fedca6eaf4cf249e42421c7215e085cc4a5ef3
[INFO] running `Command { std: "docker" "create" "-v" "/var/lib/crater-agent-workspace/builds/worker-4-tc2/target:/opt/rustwide/target:rw,Z" "-v" "/var/lib/crater-agent-workspace/builds/worker-4-tc2/source:/opt/rustwide/workdir:ro,Z" "-v" "/var/lib/crater-agent-workspace/cargo-home:/opt/rustwide/cargo-home:ro,Z" "-v" "/var/lib/crater-agent-workspace/rustup-home:/opt/rustwide/rustup-home:ro,Z" "-e" "SOURCE_DIR=/opt/rustwide/workdir" "-e" "CARGO_TARGET_DIR=/opt/rustwide/target" "-e" "CARGO_INCREMENTAL=0" "-e" "RUST_BACKTRACE=full" "-e" "RUSTFLAGS=--cap-lints=forbid -Dunexpected_cfgs" "-e" "RUSTDOCFLAGS=--cap-lints=forbid" "-e" "CARGO_HOME=/opt/rustwide/cargo-home" "-e" "RUSTUP_HOME=/opt/rustwide/rustup-home" "-w" "/opt/rustwide/workdir" "-m" "1610612736" "--user" "0:0" "--network" "none" "ghcr.io/rust-lang/crates-build-env/linux@sha256:2788e3201cd34a07e3172128adcd8b3090168a8e3bcc40d7c032b9dda1df7d1c" "/opt/rustwide/cargo-home/bin/cargo" "+nightly-2024-02-05" "check" "--frozen" "--all" "--all-targets" "--message-format=json" "-Zcheck-cfg", kill_on_drop: false }`
[INFO] [stdout] afa59f5a936272da21ab53a924a5c5874f673ea49f25f3f21f84d8d390ea9c2e
[INFO] running `Command { std: "docker" "start" "-a" "afa59f5a936272da21ab53a924a5c5874f673ea49f25f3f21f84d8d390ea9c2e", kill_on_drop: false }`
[INFO] [stderr]     Checking proc-macro2 v1.0.78
[INFO] [stderr]     Checking quote v1.0.35
[INFO] [stderr]     Checking litrs v0.4.1
[INFO] [stderr]     Checking inline-vbs-macros v0.4.0 (/opt/rustwide/workdir)
[INFO] [stdout] error[E0432]: unresolved import `proc_macro::LineColumn`
[INFO] [stdout]   --> src/lib.rs:32:5
[INFO] [stdout]    |
[INFO] [stdout] 32 | use proc_macro::LineColumn;
[INFO] [stdout]    |     ^^^^^^^^^^^^^^^^^^^^^^ no `LineColumn` in the root
[INFO] [stdout] 
[INFO] [stdout] 
[INFO] [stdout] error[E0432]: unresolved import `proc_macro::LineColumn`
[INFO] [stdout]   --> src/lib.rs:32:5
[INFO] [stdout]    |
[INFO] [stdout] 32 | use proc_macro::LineColumn;
[INFO] [stdout]    |     ^^^^^^^^^^^^^^^^^^^^^^ no `LineColumn` in the root
[INFO] [stdout] 
[INFO] [stdout] 
[INFO] [stdout] error[E0615]: attempted to take value of method `column` on type `proc_macro::Span`
[INFO] [stdout]    --> src/lib.rs:197:29
[INFO] [stdout]     |
[INFO] [stdout] 197 |                     end_loc.column = end_loc.column.saturating_sub(end.len());
[INFO] [stdout]     |                             ^^^^^^ method, not a field
[INFO] [stdout]     |
[INFO] [stdout]     = help: methods are immutable and cannot be assigned to
[INFO] [stdout] 
[INFO] [stdout] 
[INFO] [stdout] error[E0615]: attempted to take value of method `column` on type `proc_macro::Span`
[INFO] [stdout]    --> src/lib.rs:197:46
[INFO] [stdout]     |
[INFO] [stdout] 197 |                     end_loc.column = end_loc.column.saturating_sub(end.len());
[INFO] [stdout]     |                                              ^^^^^^ method, not a field
[INFO] [stdout]     |
[INFO] [stdout] help: use parentheses to call the method
[INFO] [stdout]     |
[INFO] [stdout] 197 |                     end_loc.column = end_loc.column().saturating_sub(end.len());
[INFO] [stdout]     |                                                    ++
[INFO] [stdout] 
[INFO] [stdout] 
[INFO] [stdout] error[E0615]: attempted to take value of method `column` on type `proc_macro::Span`
[INFO] [stdout]    --> src/lib.rs:197:29
[INFO] [stdout]     |
[INFO] [stdout] 197 |                     end_loc.column = end_loc.column.saturating_sub(end.len());
[INFO] [stdout]     |                             ^^^^^^ method, not a field
[INFO] [stdout]     |
[INFO] [stdout]     = help: methods are immutable and cannot be assigned to
[INFO] [stdout] 
[INFO] [stdout] 
[INFO] [stdout] error[E0615]: attempted to take value of method `column` on type `proc_macro::Span`
[INFO] [stdout]    --> src/lib.rs:197:46
[INFO] [stdout]     |
[INFO] [stdout] 197 |                     end_loc.column = end_loc.column.saturating_sub(end.len());
[INFO] [stdout]     |                                              ^^^^^^ method, not a field
[INFO] [stdout]     |
[INFO] [stdout] help: use parentheses to call the method
[INFO] [stdout]     |
[INFO] [stdout] 197 |                     end_loc.column = end_loc.column().saturating_sub(end.len());
[INFO] [stdout]     |                                                    ++
[INFO] [stdout] 
[INFO] [stdout] 
[INFO] [stdout] error: aborting due to 3 previous errors
[INFO] [stdout] 
[INFO] [stdout] 
[INFO] [stdout] Some errors have detailed explanations: E0432, E0615.
[INFO] [stdout] 
[INFO] [stdout] For more information about an error, try `rustc --explain E0432`.
[INFO] [stdout] 
[INFO] [stdout] error: aborting due to 3 previous errors
[INFO] [stdout] 
[INFO] [stdout] 
[INFO] [stdout] Some errors have detailed explanations: E0432, E0615.
[INFO] [stdout] 
[INFO] [stdout] For more information about an error, try `rustc --explain E0432`.
[INFO] [stdout] 
[INFO] [stderr] error: could not compile `inline-vbs-macros` (lib test) due to 4 previous errors
[INFO] [stderr] warning: build failed, waiting for other jobs to finish...
[INFO] [stderr] error: could not compile `inline-vbs-macros` (lib) due to 4 previous errors
[INFO] running `Command { std: "docker" "inspect" "afa59f5a936272da21ab53a924a5c5874f673ea49f25f3f21f84d8d390ea9c2e", kill_on_drop: false }`
[INFO] running `Command { std: "docker" "rm" "-f" "afa59f5a936272da21ab53a924a5c5874f673ea49f25f3f21f84d8d390ea9c2e", kill_on_drop: false }`
[INFO] [stdout] afa59f5a936272da21ab53a924a5c5874f673ea49f25f3f21f84d8d390ea9c2e
