[INFO] fetching crate ingics 0.1.2...
[INFO] checking ingics-0.1.2 against nightly-2024-02-05 for check-cfg
[INFO] extracting crate ingics 0.1.2 into /workspace/builds/worker-7-tc1/source
[INFO] validating manifest of crates.io crate ingics 0.1.2 on toolchain nightly-2024-02-05
[INFO] running `Command { std: CARGO_HOME="/workspace/cargo-home" RUSTUP_HOME="/workspace/rustup-home" "/workspace/cargo-home/bin/cargo" "+nightly-2024-02-05" "metadata" "--manifest-path" "Cargo.toml" "--no-deps", kill_on_drop: false }`
[INFO] started tweaking crates.io crate ingics 0.1.2
[INFO] finished tweaking crates.io crate ingics 0.1.2
[INFO] tweaked toml for crates.io crate ingics 0.1.2 written to /workspace/builds/worker-7-tc1/source/Cargo.toml
[INFO] crate crates.io crate ingics 0.1.2 already has a lockfile, it will not be regenerated
[INFO] running `Command { std: CARGO_HOME="/workspace/cargo-home" RUSTUP_HOME="/workspace/rustup-home" "/workspace/cargo-home/bin/cargo" "+nightly-2024-02-05" "fetch" "--manifest-path" "Cargo.toml", kill_on_drop: false }`
[INFO] [stderr]     Updating crates.io index
[INFO] [stderr]  Downloading crates ...
[INFO] [stderr]   Downloaded windows-targets v0.48.3
[INFO] [stderr]   Downloaded influxdb_derive v0.5.1
[INFO] [stderr]   Downloaded dbus-tokio v0.7.6
[INFO] [stderr]   Downloaded custom_debug v0.5.1
[INFO] [stderr]   Downloaded macaddr v1.0.1
[INFO] [stderr]   Downloaded dbus-crossroads v0.5.2
[INFO] [stderr]   Downloaded dbus v0.9.7
[INFO] [stderr]   Downloaded bluer v0.15.7
[INFO] [stderr]   Downloaded windows_aarch64_gnullvm v0.48.3
[INFO] [stderr]   Downloaded windows_i686_gnu v0.48.3
[INFO] [stderr]   Downloaded libdbus-sys v0.2.5
[INFO] [stderr]   Downloaded windows_x86_64_msvc v0.48.3
[INFO] [stderr]   Downloaded windows_aarch64_msvc v0.48.3
[INFO] [stderr]   Downloaded windows_x86_64_gnu v0.48.3
[INFO] [stderr]   Downloaded windows_i686_msvc v0.48.3
[INFO] [stderr]   Downloaded influxdb v0.7.0
[INFO] [stderr]   Downloaded windows_x86_64_gnullvm v0.48.3
[INFO] running `Command { std: "docker" "create" "-v" "/var/lib/crater-agent-workspace/builds/worker-7-tc1/target:/opt/rustwide/target:rw,Z" "-v" "/var/lib/crater-agent-workspace/builds/worker-7-tc1/source:/opt/rustwide/workdir:ro,Z" "-v" "/var/lib/crater-agent-workspace/cargo-home:/opt/rustwide/cargo-home:ro,Z" "-v" "/var/lib/crater-agent-workspace/rustup-home:/opt/rustwide/rustup-home:ro,Z" "-e" "SOURCE_DIR=/opt/rustwide/workdir" "-e" "CARGO_TARGET_DIR=/opt/rustwide/target" "-e" "CARGO_HOME=/opt/rustwide/cargo-home" "-e" "RUSTUP_HOME=/opt/rustwide/rustup-home" "-w" "/opt/rustwide/workdir" "-m" "1610612736" "--user" "0:0" "--network" "none" "ghcr.io/rust-lang/crates-build-env/linux@sha256:2788e3201cd34a07e3172128adcd8b3090168a8e3bcc40d7c032b9dda1df7d1c" "/opt/rustwide/cargo-home/bin/cargo" "+nightly-2024-02-05" "metadata" "--no-deps" "--format-version=1", kill_on_drop: false }`
[INFO] [stdout] fd474b401d43b2c941785d3b1ca535ecb7c7cb859eeb538ff22f76b5ecb4262f
[INFO] running `Command { std: "docker" "start" "-a" "fd474b401d43b2c941785d3b1ca535ecb7c7cb859eeb538ff22f76b5ecb4262f", kill_on_drop: false }`
[INFO] running `Command { std: "docker" "inspect" "fd474b401d43b2c941785d3b1ca535ecb7c7cb859eeb538ff22f76b5ecb4262f", kill_on_drop: false }`
[INFO] running `Command { std: "docker" "rm" "-f" "fd474b401d43b2c941785d3b1ca535ecb7c7cb859eeb538ff22f76b5ecb4262f", kill_on_drop: false }`
[INFO] [stdout] fd474b401d43b2c941785d3b1ca535ecb7c7cb859eeb538ff22f76b5ecb4262f
[INFO] running `Command { std: "docker" "create" "-v" "/var/lib/crater-agent-workspace/builds/worker-7-tc1/target:/opt/rustwide/target:rw,Z" "-v" "/var/lib/crater-agent-workspace/builds/worker-7-tc1/source:/opt/rustwide/workdir:ro,Z" "-v" "/var/lib/crater-agent-workspace/cargo-home:/opt/rustwide/cargo-home:ro,Z" "-v" "/var/lib/crater-agent-workspace/rustup-home:/opt/rustwide/rustup-home:ro,Z" "-e" "SOURCE_DIR=/opt/rustwide/workdir" "-e" "CARGO_TARGET_DIR=/opt/rustwide/target" "-e" "CARGO_INCREMENTAL=0" "-e" "RUST_BACKTRACE=full" "-e" "RUSTFLAGS=--cap-lints=forbid" "-e" "RUSTDOCFLAGS=--cap-lints=forbid" "-e" "CARGO_HOME=/opt/rustwide/cargo-home" "-e" "RUSTUP_HOME=/opt/rustwide/rustup-home" "-w" "/opt/rustwide/workdir" "-m" "1610612736" "--user" "0:0" "--network" "none" "ghcr.io/rust-lang/crates-build-env/linux@sha256:2788e3201cd34a07e3172128adcd8b3090168a8e3bcc40d7c032b9dda1df7d1c" "/opt/rustwide/cargo-home/bin/cargo" "+nightly-2024-02-05" "check" "--frozen" "--all" "--all-targets" "--message-format=json", kill_on_drop: false }`
[INFO] [stdout] 5b53572fedfb217e328abde891c2619f15c6910e64d7d94d01015b7dbc7c177f
[INFO] running `Command { std: "docker" "start" "-a" "5b53572fedfb217e328abde891c2619f15c6910e64d7d94d01015b7dbc7c177f", kill_on_drop: false }`
[INFO] [stderr]    Compiling proc-macro2 v1.0.66
[INFO] [stderr]    Compiling unicode-ident v1.0.11
[INFO] [stderr]    Compiling libc v0.2.147
[INFO] [stderr]    Compiling memchr v2.5.0
[INFO] [stderr]     Checking pin-project-lite v0.2.12
[INFO] [stderr]    Compiling serde v1.0.183
[INFO] [stderr]    Compiling futures-channel v0.3.28
[INFO] [stderr]    Compiling parking_lot_core v0.9.8
[INFO] [stderr]     Checking bytes v1.4.0
[INFO] [stderr]    Compiling lock_api v0.4.10
[INFO] [stderr]    Compiling slab v0.4.8
[INFO] [stderr]    Compiling futures-util v0.3.28
[INFO] [stderr]     Checking smallvec v1.11.0
[INFO] [stderr]    Compiling serde_derive v1.0.183
[INFO] [stderr]     Checking futures-io v0.3.28
[INFO] [stderr]     Checking tracing-core v0.1.31
[INFO] [stderr]    Compiling serde_json v1.0.105
[INFO] [stderr]    Compiling rustls v0.21.6
[INFO] [stderr]    Compiling pkg-config v0.3.27
[INFO] [stderr]    Compiling num-traits v0.2.16
[INFO] [stderr]     Checking regex-syntax v0.7.4
[INFO] [stderr]    Compiling rustix v0.38.8
[INFO] [stderr]    Compiling thiserror v1.0.47
[INFO] [stderr]     Checking tracing v0.1.37
[INFO] [stderr]     Checking base64 v0.21.2
[INFO] [stderr]     Checking http v0.2.9
[INFO] [stderr]     Checking url v2.4.0
[INFO] [stderr]     Checking encoding_rs v0.8.32
[INFO] [stderr]     Checking linux-raw-sys v0.4.5
[INFO] [stderr]     Checking bitflags v2.4.0
[INFO] [stderr]     Checking rustls-pemfile v1.0.3
[INFO] [stderr]     Checking ipnet v2.8.0
[INFO] [stderr]     Checking iana-time-zone v0.1.57
[INFO] [stderr]     Checking aho-corasick v1.0.4
[INFO] [stderr]     Checking termcolor v1.2.0
[INFO] [stderr]    Compiling libdbus-sys v0.2.5
[INFO] [stderr]    Compiling quote v1.0.33
[INFO] [stderr]     Checking macaddr v1.0.1
[INFO] [stderr]    Compiling cc v1.0.82
[INFO] [stderr]    Compiling syn v2.0.29
[INFO] [stderr]    Compiling syn v1.0.109
[INFO] [stderr]     Checking http-body v0.4.5
[INFO] [stderr]     Checking is-terminal v0.4.9
[INFO] [stderr]     Checking mio v0.8.8
[INFO] [stderr]     Checking socket2 v0.5.3
[INFO] [stderr]     Checking signal-hook-registry v1.4.1
[INFO] [stderr]     Checking num_cpus v1.16.0
[INFO] [stderr]     Checking socket2 v0.4.9
[INFO] [stderr]     Checking time v0.1.45
[INFO] [stderr]     Checking getrandom v0.2.10
[INFO] [stderr]     Checking nix v0.26.2
[INFO] [stderr]     Checking parking_lot v0.12.1
[INFO] [stderr]    Compiling ring v0.16.20
[INFO] [stderr]     Checking regex-automata v0.3.6
[INFO] [stderr]     Checking serde_urlencoded v0.7.1
[INFO] [stderr]     Checking chrono v0.4.26
[INFO] [stderr]     Checking uuid v1.4.1
[INFO] [stderr]    Compiling synstructure v0.12.6
[INFO] [stderr]    Compiling strum_macros v0.24.3
[INFO] [stderr]    Compiling custom_debug_derive v0.5.1
[INFO] [stderr]    Compiling num-derive v0.3.3
[INFO] [stderr]     Checking regex v1.9.3
[INFO] [stderr]     Checking env_logger v0.10.0
[INFO] [stderr]     Checking custom_debug v0.5.1
[INFO] [stderr]    Compiling bluer v0.15.7
[INFO] [stderr]     Checking strum v0.24.1
[INFO] [stderr]    Compiling futures-macro v0.3.28
[INFO] [stderr]    Compiling tokio-macros v2.1.0
[INFO] [stderr]    Compiling thiserror-impl v1.0.47
[INFO] [stderr]    Compiling influxdb_derive v0.5.1
[INFO] [stderr]    Compiling pin-project-internal v1.1.3
[INFO] [stderr]    Compiling displaydoc v0.2.4
[INFO] [stderr]     Checking sct v0.7.0
[INFO] [stderr]     Checking rustls-webpki v0.101.3
[INFO] [stderr]     Checking webpki v0.22.0
[INFO] [stderr]     Checking webpki-roots v0.22.6
[INFO] [stderr]     Checking tokio v1.32.0
[INFO] [stderr]     Checking pin-project v1.1.3
[INFO] [stderr]     Checking dbus v0.9.7
[INFO] [stderr]     Checking futures-executor v0.3.28
[INFO] [stderr]     Checking futures v0.3.28
[INFO] [stderr]     Checking tokio-util v0.7.8
[INFO] [stderr]     Checking tokio-rustls v0.24.1
[INFO] [stderr]     Checking tokio-stream v0.1.14
[INFO] [stderr]     Checking h2 v0.3.20
[INFO] [stderr]     Checking dbus-tokio v0.7.6
[INFO] [stderr]     Checking dbus-crossroads v0.5.2
[INFO] [stderr]     Checking hyper v0.14.27
[INFO] [stderr]     Checking hyper-rustls v0.24.1
[INFO] [stderr]     Checking reqwest v0.11.18
[INFO] [stderr]     Checking influxdb v0.7.0
[INFO] [stderr]     Checking ingics v0.1.2 (/opt/rustwide/workdir)
[INFO] [stdout] error[E0599]: no method named `into_query` found for struct `SensorReading` in the current scope
[INFO] [stdout]   --> examples/ble_influx.rs:30:65
[INFO] [stdout]    |
[INFO] [stdout] 30 |                         let write_result = influxclient.query(i.into_query("sensor")).await;
[INFO] [stdout]    |                                                                 ^^^^^^^^^^ method not found in `SensorReading`
[INFO] [stdout] 
[INFO] [stdout] 
[INFO] [stdout] error[E0599]: no method named `into_query` found for struct `SensorReading` in the current scope
[INFO] [stdout]   --> examples/ble_influx.rs:44:65
[INFO] [stdout]    |
[INFO] [stdout] 44 |                         let write_result = influxclient.query(i.into_query("sensor")).await;
[INFO] [stdout]    |                                                                 ^^^^^^^^^^ method not found in `SensorReading`
[INFO] [stdout] 
[INFO] [stdout] 
[INFO] [stdout] warning: unused import: `InfluxDbWriteable`
[INFO] [stdout]  --> examples/ble_influx.rs:5:24
[INFO] [stdout]   |
[INFO] [stdout] 5 | use influxdb::{Client, InfluxDbWriteable};
[INFO] [stdout]   |                        ^^^^^^^^^^^^^^^^^
[INFO] [stdout]   |
[INFO] [stdout]   = note: `#[warn(unused_imports)]` on by default
[INFO] [stdout] 
[INFO] [stdout] 
[INFO] [stdout] error: aborting due to 2 previous errors; 1 warning emitted
[INFO] [stdout] 
[INFO] [stdout] 
[INFO] [stdout] For more information about this error, try `rustc --explain E0599`.
[INFO] [stdout] 
[INFO] [stderr] error: could not compile `ingics` (example "ble_influx") due to 3 previous errors; 1 warning emitted
[INFO] running `Command { std: "docker" "inspect" "5b53572fedfb217e328abde891c2619f15c6910e64d7d94d01015b7dbc7c177f", kill_on_drop: false }`
[INFO] running `Command { std: "docker" "rm" "-f" "5b53572fedfb217e328abde891c2619f15c6910e64d7d94d01015b7dbc7c177f", kill_on_drop: false }`
[INFO] [stdout] 5b53572fedfb217e328abde891c2619f15c6910e64d7d94d01015b7dbc7c177f
[INFO] checking ingics-0.1.2 against nightly-2024-02-05+rustflags=-Dunexpected_cfgs+cargoflags=-Zcheck-cfg for check-cfg
[INFO] extracting crate ingics 0.1.2 into /workspace/builds/worker-7-tc2/source
[INFO] validating manifest of crates.io crate ingics 0.1.2 on toolchain nightly-2024-02-05
[INFO] running `Command { std: CARGO_HOME="/workspace/cargo-home" RUSTUP_HOME="/workspace/rustup-home" "/workspace/cargo-home/bin/cargo" "+nightly-2024-02-05" "metadata" "--manifest-path" "Cargo.toml" "--no-deps", kill_on_drop: false }`
[INFO] started tweaking crates.io crate ingics 0.1.2
[INFO] finished tweaking crates.io crate ingics 0.1.2
[INFO] tweaked toml for crates.io crate ingics 0.1.2 written to /workspace/builds/worker-7-tc2/source/Cargo.toml
[INFO] crate crates.io crate ingics 0.1.2 already has a lockfile, it will not be regenerated
[INFO] running `Command { std: CARGO_HOME="/workspace/cargo-home" RUSTUP_HOME="/workspace/rustup-home" "/workspace/cargo-home/bin/cargo" "+nightly-2024-02-05" "fetch" "--manifest-path" "Cargo.toml", kill_on_drop: false }`
[INFO] running `Command { std: "docker" "create" "-v" "/var/lib/crater-agent-workspace/builds/worker-7-tc2/target:/opt/rustwide/target:rw,Z" "-v" "/var/lib/crater-agent-workspace/builds/worker-7-tc2/source:/opt/rustwide/workdir:ro,Z" "-v" "/var/lib/crater-agent-workspace/cargo-home:/opt/rustwide/cargo-home:ro,Z" "-v" "/var/lib/crater-agent-workspace/rustup-home:/opt/rustwide/rustup-home:ro,Z" "-e" "SOURCE_DIR=/opt/rustwide/workdir" "-e" "CARGO_TARGET_DIR=/opt/rustwide/target" "-e" "CARGO_HOME=/opt/rustwide/cargo-home" "-e" "RUSTUP_HOME=/opt/rustwide/rustup-home" "-w" "/opt/rustwide/workdir" "-m" "1610612736" "--user" "0:0" "--network" "none" "ghcr.io/rust-lang/crates-build-env/linux@sha256:2788e3201cd34a07e3172128adcd8b3090168a8e3bcc40d7c032b9dda1df7d1c" "/opt/rustwide/cargo-home/bin/cargo" "+nightly-2024-02-05" "metadata" "--no-deps" "--format-version=1", kill_on_drop: false }`
[INFO] [stdout] 8e49cc18191e58739c613e4825c67fb22f4701ea88eef8b88eea11a40e28e74d
[INFO] running `Command { std: "docker" "start" "-a" "8e49cc18191e58739c613e4825c67fb22f4701ea88eef8b88eea11a40e28e74d", kill_on_drop: false }`
[INFO] running `Command { std: "docker" "inspect" "8e49cc18191e58739c613e4825c67fb22f4701ea88eef8b88eea11a40e28e74d", kill_on_drop: false }`
[INFO] running `Command { std: "docker" "rm" "-f" "8e49cc18191e58739c613e4825c67fb22f4701ea88eef8b88eea11a40e28e74d", kill_on_drop: false }`
[INFO] [stdout] 8e49cc18191e58739c613e4825c67fb22f4701ea88eef8b88eea11a40e28e74d
[INFO] running `Command { std: "docker" "create" "-v" "/var/lib/crater-agent-workspace/builds/worker-7-tc2/target:/opt/rustwide/target:rw,Z" "-v" "/var/lib/crater-agent-workspace/builds/worker-7-tc2/source:/opt/rustwide/workdir:ro,Z" "-v" "/var/lib/crater-agent-workspace/cargo-home:/opt/rustwide/cargo-home:ro,Z" "-v" "/var/lib/crater-agent-workspace/rustup-home:/opt/rustwide/rustup-home:ro,Z" "-e" "SOURCE_DIR=/opt/rustwide/workdir" "-e" "CARGO_TARGET_DIR=/opt/rustwide/target" "-e" "CARGO_INCREMENTAL=0" "-e" "RUST_BACKTRACE=full" "-e" "RUSTFLAGS=--cap-lints=forbid -Dunexpected_cfgs" "-e" "RUSTDOCFLAGS=--cap-lints=forbid" "-e" "CARGO_HOME=/opt/rustwide/cargo-home" "-e" "RUSTUP_HOME=/opt/rustwide/rustup-home" "-w" "/opt/rustwide/workdir" "-m" "1610612736" "--user" "0:0" "--network" "none" "ghcr.io/rust-lang/crates-build-env/linux@sha256:2788e3201cd34a07e3172128adcd8b3090168a8e3bcc40d7c032b9dda1df7d1c" "/opt/rustwide/cargo-home/bin/cargo" "+nightly-2024-02-05" "check" "--frozen" "--all" "--all-targets" "--message-format=json" "-Zcheck-cfg", kill_on_drop: false }`
[INFO] [stdout] 67497ba14d67f2f262440bb036fc47aacfbb5db2734b7fd464379056726b72f4
[INFO] running `Command { std: "docker" "start" "-a" "67497ba14d67f2f262440bb036fc47aacfbb5db2734b7fd464379056726b72f4", kill_on_drop: false }`
[INFO] [stderr]    Compiling proc-macro2 v1.0.66
[INFO] [stderr]    Compiling unicode-ident v1.0.11
[INFO] [stderr]    Compiling libc v0.2.147
[INFO] [stderr]    Compiling memchr v2.5.0
[INFO] [stderr]     Checking pin-project-lite v0.2.12
[INFO] [stderr]    Compiling parking_lot_core v0.9.8
[INFO] [stderr]    Compiling futures-channel v0.3.28
[INFO] [stderr]    Compiling serde v1.0.183
[INFO] [stderr]     Checking bytes v1.4.0
[INFO] [stderr]    Compiling slab v0.4.8
[INFO] [stderr]    Compiling lock_api v0.4.10
[INFO] [stderr]    Compiling serde_derive v1.0.183
[INFO] [stderr]     Checking smallvec v1.11.0
[INFO] [stderr]    Compiling futures-util v0.3.28
[INFO] [stderr]     Checking futures-io v0.3.28
[INFO] [stderr]     Checking tracing-core v0.1.31
[INFO] [stderr]    Compiling serde_json v1.0.105
[INFO] [stderr]    Compiling rustls v0.21.6
[INFO] [stderr]    Compiling pkg-config v0.3.27
[INFO] [stderr]    Compiling num-traits v0.2.16
[INFO] [stderr]     Checking regex-syntax v0.7.4
[INFO] [stderr]    Compiling thiserror v1.0.47
[INFO] [stderr]     Checking base64 v0.21.2
[INFO] [stderr]     Checking http v0.2.9
[INFO] [stderr]    Compiling rustix v0.38.8
[INFO] [stderr]     Checking url v2.4.0
[INFO] [stderr]     Checking encoding_rs v0.8.32
[INFO] [stderr]     Checking tracing v0.1.37
[INFO] [stderr]     Checking iana-time-zone v0.1.57
[INFO] [stderr]     Checking linux-raw-sys v0.4.5
[INFO] [stderr]     Checking rustls-pemfile v1.0.3
[INFO] [stderr]     Checking bitflags v2.4.0
[INFO] [stderr]     Checking aho-corasick v1.0.4
[INFO] [stderr]     Checking ipnet v2.8.0
[INFO] [stderr]    Compiling libdbus-sys v0.2.5
[INFO] [stderr]    Compiling quote v1.0.33
[INFO] [stderr]     Checking macaddr v1.0.1
[INFO] [stderr]     Checking termcolor v1.2.0
[INFO] [stderr]    Compiling syn v2.0.29
[INFO] [stderr]    Compiling syn v1.0.109
[INFO] [stderr]    Compiling cc v1.0.82
[INFO] [stderr]     Checking http-body v0.4.5
[INFO] [stderr]     Checking signal-hook-registry v1.4.1
[INFO] [stderr]     Checking socket2 v0.5.3
[INFO] [stderr]     Checking num_cpus v1.16.0
[INFO] [stderr]     Checking mio v0.8.8
[INFO] [stderr]     Checking socket2 v0.4.9
[INFO] [stderr]     Checking time v0.1.45
[INFO] [stderr]     Checking getrandom v0.2.10
[INFO] [stderr]     Checking nix v0.26.2
[INFO] [stderr]     Checking is-terminal v0.4.9
[INFO] [stderr]    Compiling ring v0.16.20
[INFO] [stderr]     Checking parking_lot v0.12.1
[INFO] [stderr]     Checking regex-automata v0.3.6
[INFO] [stderr]    Compiling synstructure v0.12.6
[INFO] [stderr]     Checking serde_urlencoded v0.7.1
[INFO] [stderr]     Checking chrono v0.4.26
[INFO] [stderr]     Checking uuid v1.4.1
[INFO] [stderr]    Compiling custom_debug_derive v0.5.1
[INFO] [stderr]    Compiling strum_macros v0.24.3
[INFO] [stderr]    Compiling num-derive v0.3.3
[INFO] [stderr]     Checking regex v1.9.3
[INFO] [stderr]     Checking env_logger v0.10.0
[INFO] [stderr]     Checking custom_debug v0.5.1
[INFO] [stderr]     Checking rustls-webpki v0.101.3
[INFO] [stderr]     Checking sct v0.7.0
[INFO] [stderr]     Checking webpki v0.22.0
[INFO] [stderr]    Compiling bluer v0.15.7
[INFO] [stderr]    Compiling futures-macro v0.3.28
[INFO] [stderr]    Compiling tokio-macros v2.1.0
[INFO] [stderr]    Compiling thiserror-impl v1.0.47
[INFO] [stderr]    Compiling pin-project-internal v1.1.3
[INFO] [stderr]    Compiling influxdb_derive v0.5.1
[INFO] [stderr]    Compiling displaydoc v0.2.4
[INFO] [stderr]     Checking strum v0.24.1
[INFO] [stderr]     Checking webpki-roots v0.22.6
[INFO] [stderr]     Checking tokio v1.32.0
[INFO] [stderr]     Checking pin-project v1.1.3
[INFO] [stderr]     Checking dbus v0.9.7
[INFO] [stderr]     Checking futures-executor v0.3.28
[INFO] [stderr]     Checking futures v0.3.28
[INFO] [stderr]     Checking tokio-util v0.7.8
[INFO] [stderr]     Checking tokio-rustls v0.24.1
[INFO] [stderr]     Checking tokio-stream v0.1.14
[INFO] [stderr]     Checking h2 v0.3.20
[INFO] [stderr]     Checking dbus-tokio v0.7.6
[INFO] [stderr]     Checking dbus-crossroads v0.5.2
[INFO] [stderr]     Checking hyper v0.14.27
[INFO] [stderr]     Checking hyper-rustls v0.24.1
[INFO] [stderr]     Checking reqwest v0.11.18
[INFO] [stderr]     Checking influxdb v0.7.0
[INFO] [stderr]     Checking ingics v0.1.2 (/opt/rustwide/workdir)
[INFO] [stdout] error[E0599]: no method named `into_query` found for struct `SensorReading` in the current scope
[INFO] [stdout]   --> examples/ble_influx.rs:30:65
[INFO] [stdout]    |
[INFO] [stdout] 30 |                         let write_result = influxclient.query(i.into_query("sensor")).await;
[INFO] [stdout]    |                                                                 ^^^^^^^^^^ method not found in `SensorReading`
[INFO] [stdout] 
[INFO] [stdout] 
[INFO] [stdout] error[E0599]: no method named `into_query` found for struct `SensorReading` in the current scope
[INFO] [stdout]   --> examples/ble_influx.rs:44:65
[INFO] [stdout]    |
[INFO] [stdout] 44 |                         let write_result = influxclient.query(i.into_query("sensor")).await;
[INFO] [stdout]    |                                                                 ^^^^^^^^^^ method not found in `SensorReading`
[INFO] [stdout] 
[INFO] [stdout] 
[INFO] [stdout] warning: unused import: `InfluxDbWriteable`
[INFO] [stdout]  --> examples/ble_influx.rs:5:24
[INFO] [stdout]   |
[INFO] [stdout] 5 | use influxdb::{Client, InfluxDbWriteable};
[INFO] [stdout]   |                        ^^^^^^^^^^^^^^^^^
[INFO] [stdout]   |
[INFO] [stdout]   = note: `#[warn(unused_imports)]` on by default
[INFO] [stdout] 
[INFO] [stdout] 
[INFO] [stdout] error: aborting due to 2 previous errors; 1 warning emitted
[INFO] [stdout] 
[INFO] [stdout] 
[INFO] [stdout] For more information about this error, try `rustc --explain E0599`.
[INFO] [stdout] 
[INFO] [stderr] error: could not compile `ingics` (example "ble_influx") due to 3 previous errors; 1 warning emitted
[INFO] running `Command { std: "docker" "inspect" "67497ba14d67f2f262440bb036fc47aacfbb5db2734b7fd464379056726b72f4", kill_on_drop: false }`
[INFO] running `Command { std: "docker" "rm" "-f" "67497ba14d67f2f262440bb036fc47aacfbb5db2734b7fd464379056726b72f4", kill_on_drop: false }`
[INFO] [stdout] 67497ba14d67f2f262440bb036fc47aacfbb5db2734b7fd464379056726b72f4
