[INFO] fetching crate influxdb2-structmap-derive 0.1.5...
[INFO] checking influxdb2-structmap-derive-0.1.5 against nightly-2024-02-05 for check-cfg
[INFO] extracting crate influxdb2-structmap-derive 0.1.5 into /workspace/builds/worker-6-tc1/source
[INFO] validating manifest of crates.io crate influxdb2-structmap-derive 0.1.5 on toolchain nightly-2024-02-05
[INFO] running `Command { std: CARGO_HOME="/workspace/cargo-home" RUSTUP_HOME="/workspace/rustup-home" "/workspace/cargo-home/bin/cargo" "+nightly-2024-02-05" "metadata" "--manifest-path" "Cargo.toml" "--no-deps", kill_on_drop: false }`
[INFO] started tweaking crates.io crate influxdb2-structmap-derive 0.1.5
[INFO] finished tweaking crates.io crate influxdb2-structmap-derive 0.1.5
[INFO] tweaked toml for crates.io crate influxdb2-structmap-derive 0.1.5 written to /workspace/builds/worker-6-tc1/source/Cargo.toml
[INFO] running `Command { std: CARGO_HOME="/workspace/cargo-home" RUSTUP_HOME="/workspace/rustup-home" "/workspace/cargo-home/bin/cargo" "+nightly-2024-02-05" "generate-lockfile" "--manifest-path" "Cargo.toml", kill_on_drop: false }`
[INFO] [stderr]     Updating crates.io index
[INFO] running `Command { std: CARGO_HOME="/workspace/cargo-home" RUSTUP_HOME="/workspace/rustup-home" "/workspace/cargo-home/bin/cargo" "+nightly-2024-02-05" "fetch" "--manifest-path" "Cargo.toml", kill_on_drop: false }`
[INFO] running `Command { std: "docker" "create" "-v" "/var/lib/crater-agent-workspace/builds/worker-6-tc1/target:/opt/rustwide/target:rw,Z" "-v" "/var/lib/crater-agent-workspace/builds/worker-6-tc1/source:/opt/rustwide/workdir:ro,Z" "-v" "/var/lib/crater-agent-workspace/cargo-home:/opt/rustwide/cargo-home:ro,Z" "-v" "/var/lib/crater-agent-workspace/rustup-home:/opt/rustwide/rustup-home:ro,Z" "-e" "SOURCE_DIR=/opt/rustwide/workdir" "-e" "CARGO_TARGET_DIR=/opt/rustwide/target" "-e" "CARGO_HOME=/opt/rustwide/cargo-home" "-e" "RUSTUP_HOME=/opt/rustwide/rustup-home" "-w" "/opt/rustwide/workdir" "-m" "1610612736" "--user" "0:0" "--network" "none" "ghcr.io/rust-lang/crates-build-env/linux@sha256:2788e3201cd34a07e3172128adcd8b3090168a8e3bcc40d7c032b9dda1df7d1c" "/opt/rustwide/cargo-home/bin/cargo" "+nightly-2024-02-05" "metadata" "--no-deps" "--format-version=1", kill_on_drop: false }`
[INFO] [stdout] 079764a60c7aaa0700b64ee822fdd6d2a602d75e597a548f4687a2b1a579048b
[INFO] running `Command { std: "docker" "start" "-a" "079764a60c7aaa0700b64ee822fdd6d2a602d75e597a548f4687a2b1a579048b", kill_on_drop: false }`
[INFO] running `Command { std: "docker" "inspect" "079764a60c7aaa0700b64ee822fdd6d2a602d75e597a548f4687a2b1a579048b", kill_on_drop: false }`
[INFO] running `Command { std: "docker" "rm" "-f" "079764a60c7aaa0700b64ee822fdd6d2a602d75e597a548f4687a2b1a579048b", kill_on_drop: false }`
[INFO] [stdout] 079764a60c7aaa0700b64ee822fdd6d2a602d75e597a548f4687a2b1a579048b
[INFO] running `Command { std: "docker" "create" "-v" "/var/lib/crater-agent-workspace/builds/worker-6-tc1/target:/opt/rustwide/target:rw,Z" "-v" "/var/lib/crater-agent-workspace/builds/worker-6-tc1/source:/opt/rustwide/workdir:ro,Z" "-v" "/var/lib/crater-agent-workspace/cargo-home:/opt/rustwide/cargo-home:ro,Z" "-v" "/var/lib/crater-agent-workspace/rustup-home:/opt/rustwide/rustup-home:ro,Z" "-e" "SOURCE_DIR=/opt/rustwide/workdir" "-e" "CARGO_TARGET_DIR=/opt/rustwide/target" "-e" "CARGO_INCREMENTAL=0" "-e" "RUST_BACKTRACE=full" "-e" "RUSTFLAGS=--cap-lints=forbid" "-e" "RUSTDOCFLAGS=--cap-lints=forbid" "-e" "CARGO_HOME=/opt/rustwide/cargo-home" "-e" "RUSTUP_HOME=/opt/rustwide/rustup-home" "-w" "/opt/rustwide/workdir" "-m" "1610612736" "--user" "0:0" "--network" "none" "ghcr.io/rust-lang/crates-build-env/linux@sha256:2788e3201cd34a07e3172128adcd8b3090168a8e3bcc40d7c032b9dda1df7d1c" "/opt/rustwide/cargo-home/bin/cargo" "+nightly-2024-02-05" "check" "--frozen" "--all" "--all-targets" "--message-format=json", kill_on_drop: false }`
[INFO] [stdout] fd9c6621a7f163f03689ccc2ab1ac83765550d8a725fa5f9b5a42e6425bb588c
[INFO] running `Command { std: "docker" "start" "-a" "fd9c6621a7f163f03689ccc2ab1ac83765550d8a725fa5f9b5a42e6425bb588c", kill_on_drop: false }`
[INFO] [stderr]    Compiling proc-macro2 v1.0.78
[INFO] [stderr]    Compiling syn v1.0.109
[INFO] [stderr]    Compiling num-traits v0.2.17
[INFO] [stderr]     Checking either v1.9.0
[INFO] [stderr]     Checking itertools v0.10.5
[INFO] [stderr]     Checking quote v1.0.35
[INFO] [stderr]    Compiling syn v2.0.48
[INFO] [stderr]     Checking chrono v0.4.33
[INFO] [stderr]     Checking influxdb2-structmap-derive v0.1.5 (/opt/rustwide/workdir)
[INFO] [stderr]    Compiling serde_derive v1.0.196
[INFO] [stderr]     Checking trybuild v1.0.89
[INFO] [stdout] error[E0433]: failed to resolve: use of undeclared crate or module `influxdb2_structmap`
[INFO] [stdout]  --> tests/struct.rs:3:10
[INFO] [stdout]   |
[INFO] [stdout] 3 | #[derive(influxdb2_structmap_derive::FromMap)]
[INFO] [stdout]   |          ^^^^^^^^^^^^^^^^^^^^^^^^^^^^^^^^^^^ use of undeclared crate or module `influxdb2_structmap`
[INFO] [stdout]   |
[INFO] [stdout]   = note: this error originates in the derive macro `influxdb2_structmap_derive::FromMap` (in Nightly builds, run with -Z macro-backtrace for more info)
[INFO] [stdout] 
[INFO] [stdout] 
[INFO] [stdout] error[E0432]: unresolved import `influxdb2_structmap`
[INFO] [stdout]  --> tests/struct.rs:1:5
[INFO] [stdout]   |
[INFO] [stdout] 1 | use influxdb2_structmap::FromMap;
[INFO] [stdout]   |     ^^^^^^^^^^^^^^^^^^^ use of undeclared crate or module `influxdb2_structmap`
[INFO] [stdout] 
[INFO] [stdout] 
[INFO] [stdout] error[E0432]: unresolved import `influxdb2_structmap`
[INFO] [stdout]  --> tests/struct.rs:3:10
[INFO] [stdout]   |
[INFO] [stdout] 3 | #[derive(influxdb2_structmap_derive::FromMap)]
[INFO] [stdout]   |          ^^^^^^^^^^^^^^^^^^^^^^^^^^^^^^^^^^^ use of undeclared crate or module `influxdb2_structmap`
[INFO] [stdout]   |
[INFO] [stdout]   = note: this error originates in the derive macro `influxdb2_structmap_derive::FromMap` (in Nightly builds, run with -Z macro-backtrace for more info)
[INFO] [stdout] 
[INFO] [stdout] 
[INFO] [stdout] error: aborting due to 3 previous errors
[INFO] [stdout] 
[INFO] [stdout] 
[INFO] [stdout] Some errors have detailed explanations: E0432, E0433.
[INFO] [stdout] 
[INFO] [stdout] For more information about an error, try `rustc --explain E0432`.
[INFO] [stdout] 
[INFO] [stderr] error: could not compile `influxdb2-structmap-derive` (test "struct") due to 4 previous errors
[INFO] [stderr] warning: build failed, waiting for other jobs to finish...
[INFO] running `Command { std: "docker" "inspect" "fd9c6621a7f163f03689ccc2ab1ac83765550d8a725fa5f9b5a42e6425bb588c", kill_on_drop: false }`
[INFO] running `Command { std: "docker" "rm" "-f" "fd9c6621a7f163f03689ccc2ab1ac83765550d8a725fa5f9b5a42e6425bb588c", kill_on_drop: false }`
[INFO] [stdout] fd9c6621a7f163f03689ccc2ab1ac83765550d8a725fa5f9b5a42e6425bb588c
