[INFO] fetching crate indigo-proc-macros 0.1.1...
[INFO] checking indigo-proc-macros-0.1.1 against nightly-2024-02-05 for check-cfg
[INFO] extracting crate indigo-proc-macros 0.1.1 into /workspace/builds/worker-1-tc1/source
[INFO] validating manifest of crates.io crate indigo-proc-macros 0.1.1 on toolchain nightly-2024-02-05
[INFO] running `Command { std: CARGO_HOME="/workspace/cargo-home" RUSTUP_HOME="/workspace/rustup-home" "/workspace/cargo-home/bin/cargo" "+nightly-2024-02-05" "metadata" "--manifest-path" "Cargo.toml" "--no-deps", kill_on_drop: false }`
[INFO] started tweaking crates.io crate indigo-proc-macros 0.1.1
[INFO] finished tweaking crates.io crate indigo-proc-macros 0.1.1
[INFO] tweaked toml for crates.io crate indigo-proc-macros 0.1.1 written to /workspace/builds/worker-1-tc1/source/Cargo.toml
[INFO] running `Command { std: CARGO_HOME="/workspace/cargo-home" RUSTUP_HOME="/workspace/rustup-home" "/workspace/cargo-home/bin/cargo" "+nightly-2024-02-05" "generate-lockfile" "--manifest-path" "Cargo.toml", kill_on_drop: false }`
[INFO] [stderr]     Updating crates.io index
[INFO] running `Command { std: CARGO_HOME="/workspace/cargo-home" RUSTUP_HOME="/workspace/rustup-home" "/workspace/cargo-home/bin/cargo" "+nightly-2024-02-05" "fetch" "--manifest-path" "Cargo.toml", kill_on_drop: false }`
[INFO] [stderr]  Downloading crates ...
[INFO] [stderr]   Downloaded syn-mid v0.5.4
[INFO] [stderr]   Downloaded proc-macro-error-attr v0.4.12
[INFO] [stderr]   Downloaded proc-macro-error v0.4.12
[INFO] running `Command { std: "docker" "create" "-v" "/var/lib/crater-agent-workspace/builds/worker-1-tc1/target:/opt/rustwide/target:rw,Z" "-v" "/var/lib/crater-agent-workspace/builds/worker-1-tc1/source:/opt/rustwide/workdir:ro,Z" "-v" "/var/lib/crater-agent-workspace/cargo-home:/opt/rustwide/cargo-home:ro,Z" "-v" "/var/lib/crater-agent-workspace/rustup-home:/opt/rustwide/rustup-home:ro,Z" "-e" "SOURCE_DIR=/opt/rustwide/workdir" "-e" "CARGO_TARGET_DIR=/opt/rustwide/target" "-e" "CARGO_HOME=/opt/rustwide/cargo-home" "-e" "RUSTUP_HOME=/opt/rustwide/rustup-home" "-w" "/opt/rustwide/workdir" "-m" "1610612736" "--user" "0:0" "--network" "none" "ghcr.io/rust-lang/crates-build-env/linux@sha256:2788e3201cd34a07e3172128adcd8b3090168a8e3bcc40d7c032b9dda1df7d1c" "/opt/rustwide/cargo-home/bin/cargo" "+nightly-2024-02-05" "metadata" "--no-deps" "--format-version=1", kill_on_drop: false }`
[INFO] [stdout] c9663440c75b671bf831e0f6042f4cbc193bdc6f43d9ec549924abd4ddc1e54c
[INFO] running `Command { std: "docker" "start" "-a" "c9663440c75b671bf831e0f6042f4cbc193bdc6f43d9ec549924abd4ddc1e54c", kill_on_drop: false }`
[INFO] running `Command { std: "docker" "inspect" "c9663440c75b671bf831e0f6042f4cbc193bdc6f43d9ec549924abd4ddc1e54c", kill_on_drop: false }`
[INFO] running `Command { std: "docker" "rm" "-f" "c9663440c75b671bf831e0f6042f4cbc193bdc6f43d9ec549924abd4ddc1e54c", kill_on_drop: false }`
[INFO] [stdout] c9663440c75b671bf831e0f6042f4cbc193bdc6f43d9ec549924abd4ddc1e54c
[INFO] running `Command { std: "docker" "create" "-v" "/var/lib/crater-agent-workspace/builds/worker-1-tc1/target:/opt/rustwide/target:rw,Z" "-v" "/var/lib/crater-agent-workspace/builds/worker-1-tc1/source:/opt/rustwide/workdir:ro,Z" "-v" "/var/lib/crater-agent-workspace/cargo-home:/opt/rustwide/cargo-home:ro,Z" "-v" "/var/lib/crater-agent-workspace/rustup-home:/opt/rustwide/rustup-home:ro,Z" "-e" "SOURCE_DIR=/opt/rustwide/workdir" "-e" "CARGO_TARGET_DIR=/opt/rustwide/target" "-e" "CARGO_INCREMENTAL=0" "-e" "RUST_BACKTRACE=full" "-e" "RUSTFLAGS=--cap-lints=forbid" "-e" "RUSTDOCFLAGS=--cap-lints=forbid" "-e" "CARGO_HOME=/opt/rustwide/cargo-home" "-e" "RUSTUP_HOME=/opt/rustwide/rustup-home" "-w" "/opt/rustwide/workdir" "-m" "1610612736" "--user" "0:0" "--network" "none" "ghcr.io/rust-lang/crates-build-env/linux@sha256:2788e3201cd34a07e3172128adcd8b3090168a8e3bcc40d7c032b9dda1df7d1c" "/opt/rustwide/cargo-home/bin/cargo" "+nightly-2024-02-05" "check" "--frozen" "--all" "--all-targets" "--message-format=json", kill_on_drop: false }`
[INFO] [stdout] 213c588542eba9a4e1bd600bd69bafedcb615319403225235dc72b3fe73845a3
[INFO] running `Command { std: "docker" "start" "-a" "213c588542eba9a4e1bd600bd69bafedcb615319403225235dc72b3fe73845a3", kill_on_drop: false }`
[INFO] [stderr]    Compiling syn v1.0.109
[INFO] [stderr]    Compiling proc-macro-error-attr v0.4.12
[INFO] [stderr]    Compiling proc-macro-error v0.4.12
[INFO] [stderr]    Compiling anyhow v1.0.79
[INFO] [stderr]     Checking Inflector v0.11.4
[INFO] [stderr]    Compiling syn-mid v0.5.4
[INFO] [stderr]    Compiling derive_more v0.99.17
[INFO] [stderr]     Checking indigo-proc-macros v0.1.1 (/opt/rustwide/workdir)
[INFO] [stdout] error[E0603]: module `group` is private
[INFO] [stdout]    --> src/from_idn/attr.rs:41:20
[INFO] [stdout]     |
[INFO] [stdout] 41  |   let input = syn::group::parse_parens(input)?.content;
[INFO] [stdout]     |                    ^^^^^  ------------ function `parse_parens` is not publicly re-exported
[INFO] [stdout]     |                    |
[INFO] [stdout]     |                    private module
[INFO] [stdout]     |
[INFO] [stdout] note: the module `group` is defined here
[INFO] [stdout]    --> /opt/rustwide/cargo-home/registry/src/index.crates.io-6f17d22bba15001f/syn-1.0.109/src/lib.rs:308:1
[INFO] [stdout]     |
[INFO] [stdout] 308 | mod group;
[INFO] [stdout]     | ^^^^^^^^^
[INFO] [stdout] 
[INFO] [stdout] 
[INFO] [stdout] warning: unused imports: `bail`, `format_err as err`
[INFO] [stdout]  --> src/prelude.rs:7:18
[INFO] [stdout]   |
[INFO] [stdout] 7 | pub use anyhow::{bail, format_err as err, Result};
[INFO] [stdout]   |                  ^^^^  ^^^^^^^^^^^^^^^^^
[INFO] [stdout]   |
[INFO] [stdout]   = note: `#[warn(unused_imports)]` on by default
[INFO] [stdout] 
[INFO] [stdout] 
[INFO] [stdout] warning: unused import: `InflectorNumbers as _`
[INFO] [stdout]  --> src/prelude.rs:9:37
[INFO] [stdout]   |
[INFO] [stdout] 9 | pub use inflector::{Inflector as _, InflectorNumbers as _};
[INFO] [stdout]   |                                     ^^^^^^^^^^^^^^^^^^^^^
[INFO] [stdout] 
[INFO] [stdout] 
[INFO] [stdout] error[E0603]: module `group` is private
[INFO] [stdout]    --> src/from_idn/attr.rs:41:20
[INFO] [stdout]     |
[INFO] [stdout] 41  |   let input = syn::group::parse_parens(input)?.content;
[INFO] [stdout]     |                    ^^^^^  ------------ function `parse_parens` is not publicly re-exported
[INFO] [stdout]     |                    |
[INFO] [stdout]     |                    private module
[INFO] [stdout]     |
[INFO] [stdout] note: the module `group` is defined here
[INFO] [stdout]    --> /opt/rustwide/cargo-home/registry/src/index.crates.io-6f17d22bba15001f/syn-1.0.109/src/lib.rs:308:1
[INFO] [stdout]     |
[INFO] [stdout] 308 | mod group;
[INFO] [stdout]     | ^^^^^^^^^
[INFO] [stdout] 
[INFO] [stdout] 
[INFO] [stdout] warning: unused imports: `bail`, `format_err as err`
[INFO] [stdout]  --> src/prelude.rs:7:18
[INFO] [stdout]   |
[INFO] [stdout] 7 | pub use anyhow::{bail, format_err as err, Result};
[INFO] [stdout]   |                  ^^^^  ^^^^^^^^^^^^^^^^^
[INFO] [stdout]   |
[INFO] [stdout]   = note: `#[warn(unused_imports)]` on by default
[INFO] [stdout] 
[INFO] [stdout] 
[INFO] [stdout] warning: unused import: `InflectorNumbers as _`
[INFO] [stdout]  --> src/prelude.rs:9:37
[INFO] [stdout]   |
[INFO] [stdout] 9 | pub use inflector::{Inflector as _, InflectorNumbers as _};
[INFO] [stdout]   |                                     ^^^^^^^^^^^^^^^^^^^^^
[INFO] [stdout] 
[INFO] [stdout] 
[INFO] [stdout] error: aborting due to 1 previous error; 2 warnings emitted
[INFO] [stdout] 
[INFO] [stdout] 
[INFO] [stdout] For more information about this error, try `rustc --explain E0603`.
[INFO] [stdout] 
[INFO] [stdout] error: aborting due to 1 previous error; 2 warnings emitted
[INFO] [stdout] 
[INFO] [stdout] 
[INFO] [stdout] For more information about this error, try `rustc --explain E0603`.
[INFO] [stdout] 
[INFO] [stderr] error: could not compile `indigo-proc-macros` (lib) due to 2 previous errors; 2 warnings emitted
[INFO] [stderr] warning: build failed, waiting for other jobs to finish...
[INFO] [stderr] error: could not compile `indigo-proc-macros` (lib test) due to 2 previous errors; 2 warnings emitted
[INFO] running `Command { std: "docker" "inspect" "213c588542eba9a4e1bd600bd69bafedcb615319403225235dc72b3fe73845a3", kill_on_drop: false }`
[INFO] running `Command { std: "docker" "rm" "-f" "213c588542eba9a4e1bd600bd69bafedcb615319403225235dc72b3fe73845a3", kill_on_drop: false }`
[INFO] [stdout] 213c588542eba9a4e1bd600bd69bafedcb615319403225235dc72b3fe73845a3
[INFO] checking indigo-proc-macros-0.1.1 against nightly-2024-02-05+rustflags=-Dunexpected_cfgs+cargoflags=-Zcheck-cfg for check-cfg
[INFO] extracting crate indigo-proc-macros 0.1.1 into /workspace/builds/worker-1-tc2/source
[INFO] validating manifest of crates.io crate indigo-proc-macros 0.1.1 on toolchain nightly-2024-02-05
[INFO] running `Command { std: CARGO_HOME="/workspace/cargo-home" RUSTUP_HOME="/workspace/rustup-home" "/workspace/cargo-home/bin/cargo" "+nightly-2024-02-05" "metadata" "--manifest-path" "Cargo.toml" "--no-deps", kill_on_drop: false }`
[INFO] started tweaking crates.io crate indigo-proc-macros 0.1.1
[INFO] finished tweaking crates.io crate indigo-proc-macros 0.1.1
[INFO] tweaked toml for crates.io crate indigo-proc-macros 0.1.1 written to /workspace/builds/worker-1-tc2/source/Cargo.toml
[INFO] running `Command { std: CARGO_HOME="/workspace/cargo-home" RUSTUP_HOME="/workspace/rustup-home" "/workspace/cargo-home/bin/cargo" "+nightly-2024-02-05" "generate-lockfile" "--manifest-path" "Cargo.toml", kill_on_drop: false }`
[INFO] [stderr]     Updating crates.io index
[INFO] running `Command { std: CARGO_HOME="/workspace/cargo-home" RUSTUP_HOME="/workspace/rustup-home" "/workspace/cargo-home/bin/cargo" "+nightly-2024-02-05" "fetch" "--manifest-path" "Cargo.toml", kill_on_drop: false }`
[INFO] running `Command { std: "docker" "create" "-v" "/var/lib/crater-agent-workspace/builds/worker-1-tc2/target:/opt/rustwide/target:rw,Z" "-v" "/var/lib/crater-agent-workspace/builds/worker-1-tc2/source:/opt/rustwide/workdir:ro,Z" "-v" "/var/lib/crater-agent-workspace/cargo-home:/opt/rustwide/cargo-home:ro,Z" "-v" "/var/lib/crater-agent-workspace/rustup-home:/opt/rustwide/rustup-home:ro,Z" "-e" "SOURCE_DIR=/opt/rustwide/workdir" "-e" "CARGO_TARGET_DIR=/opt/rustwide/target" "-e" "CARGO_HOME=/opt/rustwide/cargo-home" "-e" "RUSTUP_HOME=/opt/rustwide/rustup-home" "-w" "/opt/rustwide/workdir" "-m" "1610612736" "--user" "0:0" "--network" "none" "ghcr.io/rust-lang/crates-build-env/linux@sha256:2788e3201cd34a07e3172128adcd8b3090168a8e3bcc40d7c032b9dda1df7d1c" "/opt/rustwide/cargo-home/bin/cargo" "+nightly-2024-02-05" "metadata" "--no-deps" "--format-version=1", kill_on_drop: false }`
[INFO] [stdout] 74632f2d926942fe67e6acf0fefdee0de6de36b6ce2b0418dfc3ecf59fa58328
[INFO] running `Command { std: "docker" "start" "-a" "74632f2d926942fe67e6acf0fefdee0de6de36b6ce2b0418dfc3ecf59fa58328", kill_on_drop: false }`
[INFO] running `Command { std: "docker" "inspect" "74632f2d926942fe67e6acf0fefdee0de6de36b6ce2b0418dfc3ecf59fa58328", kill_on_drop: false }`
[INFO] running `Command { std: "docker" "rm" "-f" "74632f2d926942fe67e6acf0fefdee0de6de36b6ce2b0418dfc3ecf59fa58328", kill_on_drop: false }`
[INFO] [stdout] 74632f2d926942fe67e6acf0fefdee0de6de36b6ce2b0418dfc3ecf59fa58328
[INFO] running `Command { std: "docker" "create" "-v" "/var/lib/crater-agent-workspace/builds/worker-1-tc2/target:/opt/rustwide/target:rw,Z" "-v" "/var/lib/crater-agent-workspace/builds/worker-1-tc2/source:/opt/rustwide/workdir:ro,Z" "-v" "/var/lib/crater-agent-workspace/cargo-home:/opt/rustwide/cargo-home:ro,Z" "-v" "/var/lib/crater-agent-workspace/rustup-home:/opt/rustwide/rustup-home:ro,Z" "-e" "SOURCE_DIR=/opt/rustwide/workdir" "-e" "CARGO_TARGET_DIR=/opt/rustwide/target" "-e" "CARGO_INCREMENTAL=0" "-e" "RUST_BACKTRACE=full" "-e" "RUSTFLAGS=--cap-lints=forbid -Dunexpected_cfgs" "-e" "RUSTDOCFLAGS=--cap-lints=forbid" "-e" "CARGO_HOME=/opt/rustwide/cargo-home" "-e" "RUSTUP_HOME=/opt/rustwide/rustup-home" "-w" "/opt/rustwide/workdir" "-m" "1610612736" "--user" "0:0" "--network" "none" "ghcr.io/rust-lang/crates-build-env/linux@sha256:2788e3201cd34a07e3172128adcd8b3090168a8e3bcc40d7c032b9dda1df7d1c" "/opt/rustwide/cargo-home/bin/cargo" "+nightly-2024-02-05" "check" "--frozen" "--all" "--all-targets" "--message-format=json" "-Zcheck-cfg", kill_on_drop: false }`
[INFO] [stdout] 7d85129219e11446f66125cc2342cc0a45dcdc6fe209392dbe42be6f819b4bcc
[INFO] running `Command { std: "docker" "start" "-a" "7d85129219e11446f66125cc2342cc0a45dcdc6fe209392dbe42be6f819b4bcc", kill_on_drop: false }`
[INFO] [stderr]    Compiling syn v1.0.109
[INFO] [stderr]    Compiling proc-macro-error-attr v0.4.12
[INFO] [stderr]    Compiling proc-macro-error v0.4.12
[INFO] [stderr]    Compiling anyhow v1.0.79
[INFO] [stderr]     Checking Inflector v0.11.4
[INFO] [stderr]    Compiling syn-mid v0.5.4
[INFO] [stderr]    Compiling derive_more v0.99.17
[INFO] [stderr]     Checking indigo-proc-macros v0.1.1 (/opt/rustwide/workdir)
[INFO] [stdout] error[E0603]: module `group` is private
[INFO] [stdout]    --> src/from_idn/attr.rs:41:20
[INFO] [stdout]     |
[INFO] [stdout] 41  |   let input = syn::group::parse_parens(input)?.content;
[INFO] [stdout]     |                    ^^^^^  ------------ function `parse_parens` is not publicly re-exported
[INFO] [stdout]     |                    |
[INFO] [stdout]     |                    private module
[INFO] [stdout]     |
[INFO] [stdout] note: the module `group` is defined here
[INFO] [stdout]    --> /opt/rustwide/cargo-home/registry/src/index.crates.io-6f17d22bba15001f/syn-1.0.109/src/lib.rs:308:1
[INFO] [stdout]     |
[INFO] [stdout] 308 | mod group;
[INFO] [stdout]     | ^^^^^^^^^
[INFO] [stdout] 
[INFO] [stdout] 
[INFO] [stdout] error[E0603]: module `group` is private
[INFO] [stdout]    --> src/from_idn/attr.rs:41:20
[INFO] [stdout]     |
[INFO] [stdout] 41  |   let input = syn::group::parse_parens(input)?.content;
[INFO] [stdout]     |                    ^^^^^  ------------ function `parse_parens` is not publicly re-exported
[INFO] [stdout]     |                    |
[INFO] [stdout]     |                    private module
[INFO] [stdout]     |
[INFO] [stdout] note: the module `group` is defined here
[INFO] [stdout]    --> /opt/rustwide/cargo-home/registry/src/index.crates.io-6f17d22bba15001f/syn-1.0.109/src/lib.rs:308:1
[INFO] [stdout]     |
[INFO] [stdout] 308 | mod group;
[INFO] [stdout]     | ^^^^^^^^^
[INFO] [stdout] 
[INFO] [stdout] 
[INFO] [stdout] warning: unused imports: `bail`, `format_err as err`
[INFO] [stdout]  --> src/prelude.rs:7:18
[INFO] [stdout]   |
[INFO] [stdout] 7 | pub use anyhow::{bail, format_err as err, Result};
[INFO] [stdout]   |                  ^^^^  ^^^^^^^^^^^^^^^^^
[INFO] [stdout]   |
[INFO] [stdout]   = note: `#[warn(unused_imports)]` on by default
[INFO] [stdout] 
[INFO] [stdout] 
[INFO] [stdout] warning: unused import: `InflectorNumbers as _`
[INFO] [stdout]  --> src/prelude.rs:9:37
[INFO] [stdout]   |
[INFO] [stdout] 9 | pub use inflector::{Inflector as _, InflectorNumbers as _};
[INFO] [stdout]   |                                     ^^^^^^^^^^^^^^^^^^^^^
[INFO] [stdout] 
[INFO] [stdout] 
[INFO] [stdout] warning: unused imports: `bail`, `format_err as err`
[INFO] [stdout]  --> src/prelude.rs:7:18
[INFO] [stdout]   |
[INFO] [stdout] 7 | pub use anyhow::{bail, format_err as err, Result};
[INFO] [stdout]   |                  ^^^^  ^^^^^^^^^^^^^^^^^
[INFO] [stdout]   |
[INFO] [stdout]   = note: `#[warn(unused_imports)]` on by default
[INFO] [stdout] 
[INFO] [stdout] 
[INFO] [stdout] warning: unused import: `InflectorNumbers as _`
[INFO] [stdout]  --> src/prelude.rs:9:37
[INFO] [stdout]   |
[INFO] [stdout] 9 | pub use inflector::{Inflector as _, InflectorNumbers as _};
[INFO] [stdout]   |                                     ^^^^^^^^^^^^^^^^^^^^^
[INFO] [stdout] 
[INFO] [stdout] 
[INFO] [stdout] error: aborting due to 1 previous error; 2 warnings emitted
[INFO] [stdout] 
[INFO] [stdout] 
[INFO] [stdout] For more information about this error, try `rustc --explain E0603`.
[INFO] [stdout] 
[INFO] [stdout] error: aborting due to 1 previous error; 2 warnings emitted
[INFO] [stdout] 
[INFO] [stdout] 
[INFO] [stdout] For more information about this error, try `rustc --explain E0603`.
[INFO] [stdout] 
[INFO] [stderr] error: could not compile `indigo-proc-macros` (lib test) due to 2 previous errors; 2 warnings emitted
[INFO] [stderr] warning: build failed, waiting for other jobs to finish...
[INFO] [stderr] error: could not compile `indigo-proc-macros` (lib) due to 2 previous errors; 2 warnings emitted
[INFO] running `Command { std: "docker" "inspect" "7d85129219e11446f66125cc2342cc0a45dcdc6fe209392dbe42be6f819b4bcc", kill_on_drop: false }`
[INFO] running `Command { std: "docker" "rm" "-f" "7d85129219e11446f66125cc2342cc0a45dcdc6fe209392dbe42be6f819b4bcc", kill_on_drop: false }`
[INFO] [stdout] 7d85129219e11446f66125cc2342cc0a45dcdc6fe209392dbe42be6f819b4bcc
