[INFO] fetching crate include_uri 0.1.1...
[INFO] checking include_uri-0.1.1 against nightly-2024-02-05 for check-cfg
[INFO] extracting crate include_uri 0.1.1 into /workspace/builds/worker-7-tc1/source
[INFO] validating manifest of crates.io crate include_uri 0.1.1 on toolchain nightly-2024-02-05
[INFO] running `Command { std: CARGO_HOME="/workspace/cargo-home" RUSTUP_HOME="/workspace/rustup-home" "/workspace/cargo-home/bin/cargo" "+nightly-2024-02-05" "metadata" "--manifest-path" "Cargo.toml" "--no-deps", kill_on_drop: false }`
[INFO] started tweaking crates.io crate include_uri 0.1.1
[INFO] finished tweaking crates.io crate include_uri 0.1.1
[INFO] tweaked toml for crates.io crate include_uri 0.1.1 written to /workspace/builds/worker-7-tc1/source/Cargo.toml
[INFO] running `Command { std: CARGO_HOME="/workspace/cargo-home" RUSTUP_HOME="/workspace/rustup-home" "/workspace/cargo-home/bin/cargo" "+nightly-2024-02-05" "generate-lockfile" "--manifest-path" "Cargo.toml", kill_on_drop: false }`
[INFO] [stderr]     Updating crates.io index
[INFO] running `Command { std: CARGO_HOME="/workspace/cargo-home" RUSTUP_HOME="/workspace/rustup-home" "/workspace/cargo-home/bin/cargo" "+nightly-2024-02-05" "fetch" "--manifest-path" "Cargo.toml", kill_on_drop: false }`
[INFO] [stderr]     Blocking waiting for file lock on package cache
[INFO] running `Command { std: "docker" "create" "-v" "/var/lib/crater-agent-workspace/builds/worker-7-tc1/target:/opt/rustwide/target:rw,Z" "-v" "/var/lib/crater-agent-workspace/builds/worker-7-tc1/source:/opt/rustwide/workdir:ro,Z" "-v" "/var/lib/crater-agent-workspace/cargo-home:/opt/rustwide/cargo-home:ro,Z" "-v" "/var/lib/crater-agent-workspace/rustup-home:/opt/rustwide/rustup-home:ro,Z" "-e" "SOURCE_DIR=/opt/rustwide/workdir" "-e" "CARGO_TARGET_DIR=/opt/rustwide/target" "-e" "CARGO_HOME=/opt/rustwide/cargo-home" "-e" "RUSTUP_HOME=/opt/rustwide/rustup-home" "-w" "/opt/rustwide/workdir" "-m" "1610612736" "--user" "0:0" "--network" "none" "ghcr.io/rust-lang/crates-build-env/linux@sha256:2788e3201cd34a07e3172128adcd8b3090168a8e3bcc40d7c032b9dda1df7d1c" "/opt/rustwide/cargo-home/bin/cargo" "+nightly-2024-02-05" "metadata" "--no-deps" "--format-version=1", kill_on_drop: false }`
[INFO] [stdout] 0e9924fdee9b7b271c6a0a7d1c00fcab9111e56e46cd83d20ce09e0311201766
[INFO] running `Command { std: "docker" "start" "-a" "0e9924fdee9b7b271c6a0a7d1c00fcab9111e56e46cd83d20ce09e0311201766", kill_on_drop: false }`
[INFO] running `Command { std: "docker" "inspect" "0e9924fdee9b7b271c6a0a7d1c00fcab9111e56e46cd83d20ce09e0311201766", kill_on_drop: false }`
[INFO] running `Command { std: "docker" "rm" "-f" "0e9924fdee9b7b271c6a0a7d1c00fcab9111e56e46cd83d20ce09e0311201766", kill_on_drop: false }`
[INFO] [stdout] 0e9924fdee9b7b271c6a0a7d1c00fcab9111e56e46cd83d20ce09e0311201766
[INFO] running `Command { std: "docker" "create" "-v" "/var/lib/crater-agent-workspace/builds/worker-7-tc1/target:/opt/rustwide/target:rw,Z" "-v" "/var/lib/crater-agent-workspace/builds/worker-7-tc1/source:/opt/rustwide/workdir:ro,Z" "-v" "/var/lib/crater-agent-workspace/cargo-home:/opt/rustwide/cargo-home:ro,Z" "-v" "/var/lib/crater-agent-workspace/rustup-home:/opt/rustwide/rustup-home:ro,Z" "-e" "SOURCE_DIR=/opt/rustwide/workdir" "-e" "CARGO_TARGET_DIR=/opt/rustwide/target" "-e" "CARGO_INCREMENTAL=0" "-e" "RUST_BACKTRACE=full" "-e" "RUSTFLAGS=--cap-lints=forbid" "-e" "RUSTDOCFLAGS=--cap-lints=forbid" "-e" "CARGO_HOME=/opt/rustwide/cargo-home" "-e" "RUSTUP_HOME=/opt/rustwide/rustup-home" "-w" "/opt/rustwide/workdir" "-m" "1610612736" "--user" "0:0" "--network" "none" "ghcr.io/rust-lang/crates-build-env/linux@sha256:2788e3201cd34a07e3172128adcd8b3090168a8e3bcc40d7c032b9dda1df7d1c" "/opt/rustwide/cargo-home/bin/cargo" "+nightly-2024-02-05" "check" "--frozen" "--all" "--all-targets" "--message-format=json", kill_on_drop: false }`
[INFO] [stdout] 9ac78a2aad07ded61c0b6347e7f11a1c6160c60bf6c02f8175bda64c0db6f7af
[INFO] running `Command { std: "docker" "start" "-a" "9ac78a2aad07ded61c0b6347e7f11a1c6160c60bf6c02f8175bda64c0db6f7af", kill_on_drop: false }`
[INFO] [stderr]     Checking tokio v1.36.0
[INFO] [stderr]    Compiling bytes v1.5.0
[INFO] [stderr]    Compiling proc-macro2 v1.0.78
[INFO] [stderr]    Compiling rustls v0.21.10
[INFO] [stderr]    Compiling getrandom v0.2.12
[INFO] [stderr]    Compiling num_cpus v1.16.0
[INFO] [stderr]    Compiling mio v0.8.10
[INFO] [stderr]    Compiling socket2 v0.5.5
[INFO] [stderr]    Compiling spin v0.9.8
[INFO] [stderr]    Compiling untrusted v0.9.0
[INFO] [stderr]    Compiling tracing v0.1.40
[INFO] [stderr]    Compiling ring v0.17.7
[INFO] [stderr]    Compiling futures-io v0.3.30
[INFO] [stderr]    Compiling indexmap v2.2.2
[INFO] [stderr]    Compiling futures-util v0.3.30
[INFO] [stderr]     Checking unicode-ident v1.0.12
[INFO] [stderr]    Compiling http v0.2.11
[INFO] [stderr]    Compiling try-lock v0.2.5
[INFO] [stderr]     Checking serde_urlencoded v0.7.1
[INFO] [stderr]    Compiling want v0.3.1
[INFO] [stderr]    Compiling futures-channel v0.3.30
[INFO] [stderr]    Compiling httparse v1.8.0
[INFO] [stderr]    Compiling rustls-webpki v0.101.7
[INFO] [stderr]    Compiling sct v0.7.1
[INFO] [stderr]    Compiling http-body v0.4.6
[INFO] [stderr]    Compiling tower-service v0.3.2
[INFO] [stderr]    Compiling httpdate v1.0.3
[INFO] [stderr]     Checking quote v1.0.35
[INFO] [stderr]    Compiling serde v1.0.196
[INFO] [stderr]    Compiling base64 v0.21.7
[INFO] [stderr]     Checking syn v2.0.48
[INFO] [stderr]    Compiling rustls-pemfile v1.0.4
[INFO] [stderr]    Compiling url v2.5.0
[INFO] [stderr]     Checking tokio-util v0.7.10
[INFO] [stderr]     Checking tokio-rustls v0.24.1
[INFO] [stderr]    Compiling encoding_rs v0.8.33
[INFO] [stderr]    Compiling sync_wrapper v0.1.2
[INFO] [stderr]    Compiling mime v0.3.17
[INFO] [stderr]     Checking h2 v0.3.24
[INFO] [stderr]    Compiling ipnet v2.9.0
[INFO] [stderr]    Compiling webpki-roots v0.25.4
[INFO] [stderr]     Checking hyper v0.14.28
[INFO] [stderr]     Checking hyper-rustls v0.24.2
[INFO] [stderr]     Checking reqwest v0.11.24
[INFO] [stderr]     Checking include_uri v0.1.1 (/opt/rustwide/workdir)
[INFO] [stdout] error: error sending request for url (https://www.rust-lang.org/): error trying to connect: dns error: failed to lookup address information: Temporary failure in name resolution
[INFO] [stdout]  --> tests/it_works.rs:1:22
[INFO] [stdout]   |
[INFO] [stdout] 1 | const BYTES: &[u8] = include_uri::include_bytes_from_url!("https://www.rust-lang.org");
[INFO] [stdout]   |                      ^^^^^^^^^^^^^^^^^^^^^^^^^^^^^^^^^^^^^^^^^^^^^^^^^^^^^^^^^^^^^^^^^
[INFO] [stdout]   |
[INFO] [stdout]   = note: this error originates in the macro `include_uri::include_bytes_from_url` (in Nightly builds, run with -Z macro-backtrace for more info)
[INFO] [stdout] 
[INFO] [stdout] 
[INFO] [stdout] error: error sending request for url (https://www.rust-lang.org/): error trying to connect: dns error: failed to lookup address information: Temporary failure in name resolution
[INFO] [stdout]  --> tests/it_works.rs:2:22
[INFO] [stdout]   |
[INFO] [stdout] 2 | const STRING: &str = include_uri::include_str_from_url!("https://www.rust-lang.org");
[INFO] [stdout]   |                      ^^^^^^^^^^^^^^^^^^^^^^^^^^^^^^^^^^^^^^^^^^^^^^^^^^^^^^^^^^^^^^^
[INFO] [stdout]   |
[INFO] [stdout]   = note: this error originates in the macro `include_uri::include_str_from_url` (in Nightly builds, run with -Z macro-backtrace for more info)
[INFO] [stdout] 
[INFO] [stdout] 
[INFO] [stdout] error: aborting due to 2 previous errors
[INFO] [stdout] 
[INFO] [stdout] 
[INFO] [stderr] error: could not compile `include_uri` (test "it_works") due to 3 previous errors
[INFO] running `Command { std: "docker" "inspect" "9ac78a2aad07ded61c0b6347e7f11a1c6160c60bf6c02f8175bda64c0db6f7af", kill_on_drop: false }`
[INFO] running `Command { std: "docker" "rm" "-f" "9ac78a2aad07ded61c0b6347e7f11a1c6160c60bf6c02f8175bda64c0db6f7af", kill_on_drop: false }`
[INFO] [stdout] 9ac78a2aad07ded61c0b6347e7f11a1c6160c60bf6c02f8175bda64c0db6f7af
