[INFO] fetching crate imdb-rename 0.1.5...
[INFO] checking imdb-rename-0.1.5 against nightly-2024-02-05 for check-cfg
[INFO] extracting crate imdb-rename 0.1.5 into /workspace/builds/worker-0-tc1/source
[INFO] validating manifest of crates.io crate imdb-rename 0.1.5 on toolchain nightly-2024-02-05
[INFO] running `Command { std: CARGO_HOME="/workspace/cargo-home" RUSTUP_HOME="/workspace/rustup-home" "/workspace/cargo-home/bin/cargo" "+nightly-2024-02-05" "metadata" "--manifest-path" "Cargo.toml" "--no-deps", kill_on_drop: false }`
[INFO] started tweaking crates.io crate imdb-rename 0.1.5
[INFO] finished tweaking crates.io crate imdb-rename 0.1.5
[INFO] tweaked toml for crates.io crate imdb-rename 0.1.5 written to /workspace/builds/worker-0-tc1/source/Cargo.toml
[INFO] crate crates.io crate imdb-rename 0.1.5 already has a lockfile, it will not be regenerated
[INFO] running `Command { std: CARGO_HOME="/workspace/cargo-home" RUSTUP_HOME="/workspace/rustup-home" "/workspace/cargo-home/bin/cargo" "+nightly-2024-02-05" "fetch" "--manifest-path" "Cargo.toml", kill_on_drop: false }`
[INFO] [stderr]     Updating crates.io index
[INFO] [stderr]  Downloading crates ...
[INFO] [stderr]   Downloaded ucd-util v0.1.3
[INFO] [stderr]   Downloaded tokio-threadpool v0.1.14
[INFO] [stderr]   Downloaded same-file v1.0.4
[INFO] [stderr]   Downloaded tokio-trace-core v0.2.0
[INFO] [stderr]   Downloaded crossbeam-epoch v0.7.1
[INFO] [stderr]   Downloaded imdb-index v0.1.3
[INFO] [stderr]   Downloaded atty v0.2.11
[INFO] [stderr]   Downloaded memchr v2.2.0
[INFO] [stderr]   Downloaded tokio-current-thread v0.1.6
[INFO] [stderr]   Downloaded build_const v0.2.1
[INFO] [stderr]   Downloaded security-framework-sys v0.3.1
[INFO] [stderr]   Downloaded publicsuffix v1.5.2
[INFO] [stderr]   Downloaded openssl-sys v0.9.47
[INFO] [stderr]   Downloaded security-framework v0.3.1
[INFO] [stderr]   Downloaded encoding_rs v0.8.17
[INFO] [stderr]   Downloaded csv v1.0.7
[INFO] [stderr]   Downloaded syn v0.15.38
[INFO] [stderr]   Downloaded serde_derive v1.0.93
[INFO] [stderr]   Downloaded serde v1.0.93
[INFO] [stderr]   Downloaded tokio-sync v0.1.6
[INFO] [stderr]   Downloaded regex-syntax v0.6.7
[INFO] [stderr]   Downloaded indexmap v1.0.2
[INFO] [stderr]   Downloaded http v0.1.17
[INFO] [stderr]   Downloaded tokio v0.1.21
[INFO] [stderr]   Downloaded futures v0.1.27
[INFO] [stderr]   Downloaded hyper v0.12.31
[INFO] [stderr]   Downloaded openssl v0.10.23
[INFO] [stderr]   Downloaded bstr v0.2.0
[INFO] [stderr]   Downloaded cc v1.0.37
[INFO] [stderr]   Downloaded reqwest v0.9.18
[INFO] [stderr]   Downloaded miniz_oxide_c_api v0.2.1
[INFO] [stderr]   Downloaded backtrace v0.3.31
[INFO] [stderr]   Downloaded flate2 v1.0.9
[INFO] [stderr]   Downloaded backtrace-sys v0.1.28
[INFO] [stderr]   Downloaded schannel v0.1.15
[INFO] [stderr]   Downloaded error-chain v0.12.1
[INFO] [stderr]   Downloaded csv-core v0.1.5
[INFO] [stderr]   Downloaded native-tls v0.2.3
[INFO] [stderr]   Downloaded aho-corasick v0.7.3
[INFO] [stderr]   Downloaded utf8-ranges v1.0.3
[INFO] [stderr]   Downloaded tokio-tcp v0.1.3
[INFO] [stderr]   Downloaded unicode-width v0.1.5
[INFO] [stderr]   Downloaded tokio-reactor v0.1.9
[INFO] [stderr]   Downloaded crossbeam-utils v0.6.5
[INFO] [stderr]   Downloaded walkdir v2.2.8
[INFO] [stderr]   Downloaded tokio-timer v0.2.11
[INFO] [stderr]   Downloaded h2 v0.1.24
[INFO] [stderr]   Downloaded miniz_oxide v0.2.1
[INFO] [stderr]   Downloaded mime_guess v2.0.0-alpha.6
[INFO] [stderr]   Downloaded tokio-io v0.1.12
[INFO] [stderr]   Downloaded memmap v0.6.2
[INFO] [stderr]   Downloaded tokio-executor v0.1.7
[INFO] [stderr]   Downloaded arrayvec v0.4.10
[INFO] [stderr]   Downloaded regex v1.1.7
[INFO] [stderr]   Downloaded tempfile v3.0.8
[INFO] [stderr]   Downloaded httparse v1.3.3
[INFO] [stderr]   Downloaded mime v0.3.13
[INFO] [stderr]   Downloaded unicase v2.4.0
[INFO] [stderr]   Downloaded adler32 v1.0.3
[INFO] [stderr]   Downloaded tabwriter v1.1.0
[INFO] [stderr]   Downloaded string v0.2.0
[INFO] [stderr]   Downloaded pkg-config v0.3.14
[INFO] [stderr]   Downloaded vcpkg v0.2.6
[INFO] [stderr]   Downloaded fst v0.3.3
[INFO] running `Command { std: "docker" "create" "-v" "/var/lib/crater-agent-workspace/builds/worker-0-tc1/target:/opt/rustwide/target:rw,Z" "-v" "/var/lib/crater-agent-workspace/builds/worker-0-tc1/source:/opt/rustwide/workdir:ro,Z" "-v" "/var/lib/crater-agent-workspace/cargo-home:/opt/rustwide/cargo-home:ro,Z" "-v" "/var/lib/crater-agent-workspace/rustup-home:/opt/rustwide/rustup-home:ro,Z" "-e" "SOURCE_DIR=/opt/rustwide/workdir" "-e" "CARGO_TARGET_DIR=/opt/rustwide/target" "-e" "CARGO_HOME=/opt/rustwide/cargo-home" "-e" "RUSTUP_HOME=/opt/rustwide/rustup-home" "-w" "/opt/rustwide/workdir" "-m" "1610612736" "--user" "0:0" "--network" "none" "ghcr.io/rust-lang/crates-build-env/linux@sha256:2788e3201cd34a07e3172128adcd8b3090168a8e3bcc40d7c032b9dda1df7d1c" "/opt/rustwide/cargo-home/bin/cargo" "+nightly-2024-02-05" "metadata" "--no-deps" "--format-version=1", kill_on_drop: false }`
[INFO] [stdout] 4464bc66d2034bf13560372da870c460ecc28b905eceb7473cec928d4339868e
[INFO] running `Command { std: "docker" "start" "-a" "4464bc66d2034bf13560372da870c460ecc28b905eceb7473cec928d4339868e", kill_on_drop: false }`
[INFO] running `Command { std: "docker" "inspect" "4464bc66d2034bf13560372da870c460ecc28b905eceb7473cec928d4339868e", kill_on_drop: false }`
[INFO] running `Command { std: "docker" "rm" "-f" "4464bc66d2034bf13560372da870c460ecc28b905eceb7473cec928d4339868e", kill_on_drop: false }`
[INFO] [stdout] 4464bc66d2034bf13560372da870c460ecc28b905eceb7473cec928d4339868e
[INFO] running `Command { std: "docker" "create" "-v" "/var/lib/crater-agent-workspace/builds/worker-0-tc1/target:/opt/rustwide/target:rw,Z" "-v" "/var/lib/crater-agent-workspace/builds/worker-0-tc1/source:/opt/rustwide/workdir:ro,Z" "-v" "/var/lib/crater-agent-workspace/cargo-home:/opt/rustwide/cargo-home:ro,Z" "-v" "/var/lib/crater-agent-workspace/rustup-home:/opt/rustwide/rustup-home:ro,Z" "-e" "SOURCE_DIR=/opt/rustwide/workdir" "-e" "CARGO_TARGET_DIR=/opt/rustwide/target" "-e" "CARGO_INCREMENTAL=0" "-e" "RUST_BACKTRACE=full" "-e" "RUSTFLAGS=--cap-lints=forbid" "-e" "RUSTDOCFLAGS=--cap-lints=forbid" "-e" "CARGO_HOME=/opt/rustwide/cargo-home" "-e" "RUSTUP_HOME=/opt/rustwide/rustup-home" "-w" "/opt/rustwide/workdir" "-m" "1610612736" "--user" "0:0" "--network" "none" "ghcr.io/rust-lang/crates-build-env/linux@sha256:2788e3201cd34a07e3172128adcd8b3090168a8e3bcc40d7c032b9dda1df7d1c" "/opt/rustwide/cargo-home/bin/cargo" "+nightly-2024-02-05" "check" "--frozen" "--all" "--all-targets" "--message-format=json", kill_on_drop: false }`
[INFO] [stdout] b0312fa105ff04d427d0d9ab31c6ec484395aa97352692d62a281b012589cbed
[INFO] running `Command { std: "docker" "start" "-a" "b0312fa105ff04d427d0d9ab31c6ec484395aa97352692d62a281b012589cbed", kill_on_drop: false }`
[INFO] [stderr]    Compiling libc v0.2.58
[INFO] [stderr]    Compiling autocfg v0.1.4
[INFO] [stderr]     Checking cfg-if v0.1.9
[INFO] [stderr]    Compiling cc v1.0.37
[INFO] [stderr]     Checking lazy_static v1.3.0
[INFO] [stderr]    Compiling version_check v0.1.5
[INFO] [stderr]     Checking rand_core v0.4.0
[INFO] [stderr]    Compiling byteorder v1.3.2
[INFO] [stderr]     Checking futures v0.1.27
[INFO] [stderr]     Checking smallvec v0.6.10
[INFO] [stderr]     Checking rand_core v0.3.1
[INFO] [stderr]    Compiling proc-macro2 v0.4.30
[INFO] [stderr]    Compiling rand_chacha v0.1.1
[INFO] [stderr]    Compiling rand_pcg v0.1.2
[INFO] [stderr]    Compiling rand v0.6.5
[INFO] [stderr]     Checking log v0.4.6
[INFO] [stderr]    Compiling unicode-xid v0.1.0
[INFO] [stderr]    Compiling semver-parser v0.7.0
[INFO] [stderr]     Checking crossbeam-utils v0.6.5
[INFO] [stderr]    Compiling syn v0.15.38
[INFO] [stderr]     Checking either v1.5.2
[INFO] [stderr]     Checking iovec v0.1.2
[INFO] [stderr]    Compiling semver v0.9.0
[INFO] [stderr]    Compiling unicase v1.4.2
[INFO] [stderr]     Checking bytes v0.4.12
[INFO] [stderr]     Checking rand_os v0.1.3
[INFO] [stderr]    Compiling rustc_version v0.2.3
[INFO] [stderr]    Compiling quote v0.6.12
[INFO] [stderr]     Checking rand_hc v0.1.0
[INFO] [stderr]     Checking rand_xorshift v0.1.1
[INFO] [stderr]     Checking rand_isaac v0.1.1
[INFO] [stderr]     Checking rand_jitter v0.1.4
[INFO] [stderr]     Checking scopeguard v0.3.3
[INFO] [stderr]     Checking fnv v1.0.6
[INFO] [stderr]    Compiling memchr v2.2.0
[INFO] [stderr]     Checking itoa v0.4.4
[INFO] [stderr]    Compiling parking_lot_core v0.4.0
[INFO] [stderr]    Compiling backtrace-sys v0.1.28
[INFO] [stderr]     Checking tokio-executor v0.1.7
[INFO] [stderr]    Compiling pkg-config v0.3.14
[INFO] [stderr]    Compiling arrayvec v0.4.10
[INFO] [stderr]     Checking stable_deref_trait v1.1.1
[INFO] [stderr]     Checking owning_ref v0.4.0
[INFO] [stderr]     Checking num_cpus v1.10.1
[INFO] [stderr]    Compiling backtrace v0.3.31
[INFO] [stderr]    Compiling openssl-sys v0.9.47
[INFO] [stderr]    Compiling serde v1.0.93
[INFO] [stderr]     Checking nodrop v0.1.13
[INFO] [stderr]     Checking lock_api v0.1.5
[INFO] [stderr]     Checking tokio-io v0.1.12
[INFO] [stderr]     Checking net2 v0.2.33
[INFO] [stderr] The following warnings were emitted during compilation:
[INFO] [stderr] 
[INFO] [stderr] warning: openssl-sys@0.9.47: build/expando.c:4:24: error: pasting "RUST_VERSION_OPENSSL_" and "(" does not give a valid preprocessing token
[INFO] [stderr] warning: openssl-sys@0.9.47:     4 | #define VERSION2(n, v) RUST_VERSION_##n##_##v
[INFO] [stderr] warning: openssl-sys@0.9.47:       |                        ^~~~~~~~~~~~~
[INFO] [stderr] warning: openssl-sys@0.9.47: build/expando.c:5:23: note: in expansion of macro 'VERSION2'
[INFO] [stderr] warning: openssl-sys@0.9.47:     5 | #define VERSION(n, v) VERSION2(n, v)
[INFO] [stderr] warning: openssl-sys@0.9.47:       |                       ^~~~~~~~
[INFO] [stderr] warning: openssl-sys@0.9.47: build/expando.c:10:1: note: in expansion of macro 'VERSION'
[INFO] [stderr] warning: openssl-sys@0.9.47:    10 | VERSION(OPENSSL, OPENSSL_VERSION_NUMBER)
[INFO] [stderr] warning: openssl-sys@0.9.47:       | ^~~~~~~
[INFO] [stderr] 
[INFO] [stderr] error: failed to run custom build command for `openssl-sys v0.9.47`
[INFO] [stderr] note: To improve backtraces for build dependencies, set the CARGO_PROFILE_DEV_BUILD_OVERRIDE_DEBUG=true environment variable to enable debug information generation.
[INFO] [stderr] 
[INFO] [stderr] Caused by:
[INFO] [stderr]   process didn't exit successfully: `/opt/rustwide/target/debug/build/openssl-sys-2021814e14c7463b/build-script-main` (exit status: 101)
[INFO] [stderr]   --- stdout
[INFO] [stderr]   cargo:rustc-cfg=const_fn
[INFO] [stderr]   cargo:rerun-if-env-changed=X86_64_UNKNOWN_LINUX_GNU_OPENSSL_LIB_DIR
[INFO] [stderr]   X86_64_UNKNOWN_LINUX_GNU_OPENSSL_LIB_DIR unset
[INFO] [stderr]   cargo:rerun-if-env-changed=OPENSSL_LIB_DIR
[INFO] [stderr]   OPENSSL_LIB_DIR unset
[INFO] [stderr]   cargo:rerun-if-env-changed=X86_64_UNKNOWN_LINUX_GNU_OPENSSL_INCLUDE_DIR
[INFO] [stderr]   X86_64_UNKNOWN_LINUX_GNU_OPENSSL_INCLUDE_DIR unset
[INFO] [stderr]   cargo:rerun-if-env-changed=OPENSSL_INCLUDE_DIR
[INFO] [stderr]   OPENSSL_INCLUDE_DIR unset
[INFO] [stderr]   cargo:rerun-if-env-changed=X86_64_UNKNOWN_LINUX_GNU_OPENSSL_DIR
[INFO] [stderr]   X86_64_UNKNOWN_LINUX_GNU_OPENSSL_DIR unset
[INFO] [stderr]   cargo:rerun-if-env-changed=OPENSSL_DIR
[INFO] [stderr]   OPENSSL_DIR unset
[INFO] [stderr]   cargo:rustc-link-lib=ssl
[INFO] [stderr]   cargo:rustc-link-lib=crypto
[INFO] [stderr]   OPT_LEVEL = Some("0")
[INFO] [stderr]   TARGET = Some("x86_64-unknown-linux-gnu")
[INFO] [stderr]   HOST = Some("x86_64-unknown-linux-gnu")
[INFO] [stderr]   CC_x86_64-unknown-linux-gnu = None
[INFO] [stderr]   CC_x86_64_unknown_linux_gnu = None
[INFO] [stderr]   HOST_CC = None
[INFO] [stderr]   CC = None
[INFO] [stderr]   CFLAGS_x86_64-unknown-linux-gnu = None
[INFO] [stderr]   CFLAGS_x86_64_unknown_linux_gnu = None
[INFO] [stderr]   HOST_CFLAGS = None
[INFO] [stderr]   CFLAGS = None
[INFO] [stderr]   CRATE_CC_NO_DEFAULTS = None
[INFO] [stderr]   DEBUG = Some("true")
[INFO] [stderr]   CARGO_CFG_TARGET_FEATURE = Some("fxsr,sse,sse2")
[INFO] [stderr]   running: "cc" "-O0" "-ffunction-sections" "-fdata-sections" "-fPIC" "-g" "-fno-omit-frame-pointer" "-m64" "-Wall" "-Wextra" "-E" "build/expando.c"
[INFO] [stderr]   cargo:warning=build/expando.c:4:24: error: pasting "RUST_VERSION_OPENSSL_" and "(" does not give a valid preprocessing token
[INFO] [stderr]   cargo:warning=    4 | #define VERSION2(n, v) RUST_VERSION_##n##_##v
[INFO] [stderr]   cargo:warning=      |                        ^~~~~~~~~~~~~
[INFO] [stderr]   cargo:warning=build/expando.c:5:23: note: in expansion of macro 'VERSION2'
[INFO] [stderr]   cargo:warning=    5 | #define VERSION(n, v) VERSION2(n, v)
[INFO] [stderr]   cargo:warning=      |                       ^~~~~~~~
[INFO] [stderr]   cargo:warning=build/expando.c:10:1: note: in expansion of macro 'VERSION'
[INFO] [stderr]   cargo:warning=   10 | VERSION(OPENSSL, OPENSSL_VERSION_NUMBER)
[INFO] [stderr]   cargo:warning=      | ^~~~~~~
[INFO] [stderr]   exit status: 1
[INFO] [stderr] 
[INFO] [stderr]   --- stderr
[INFO] [stderr]   thread 'main' panicked at /opt/rustwide/cargo-home/registry/src/index.crates.io-6f17d22bba15001f/openssl-sys-0.9.47/build/main.rs:126:13:
[INFO] [stderr] 
[INFO] [stderr]   Header expansion error:
[INFO] [stderr]   Error { kind: ToolExecError, message: "Command \"cc\" \"-O0\" \"-ffunction-sections\" \"-fdata-sections\" \"-fPIC\" \"-g\" \"-fno-omit-frame-pointer\" \"-m64\" \"-Wall\" \"-Wextra\" \"-E\" \"build/expando.c\" with args \"cc\" did not execute successfully (status code exit status: 1)." }
[INFO] [stderr] 
[INFO] [stderr]   Failed to find OpenSSL development headers.
[INFO] [stderr] 
[INFO] [stderr]   You can try fixing this setting the `OPENSSL_DIR` environment variable
[INFO] [stderr]   pointing to your OpenSSL installation or installing OpenSSL headers package
[INFO] [stderr]   specific to your distribution:
[INFO] [stderr] 
[INFO] [stderr]       # On Ubuntu
[INFO] [stderr]       sudo apt-get install libssl-dev
[INFO] [stderr]       # On Arch Linux
[INFO] [stderr]       sudo pacman -S openssl
[INFO] [stderr]       # On Fedora
[INFO] [stderr]       sudo dnf install openssl-devel
[INFO] [stderr] 
[INFO] [stderr]   See rust-openssl README for more information:
[INFO] [stderr] 
[INFO] [stderr]       https://github.com/sfackler/rust-openssl#linux
[INFO] [stderr] 
[INFO] [stderr]   stack backtrace:
[INFO] [stderr]      0:     0x5622b5ad8bc6 - std::backtrace_rs::backtrace::libunwind::trace::heebc7766b165eb2a
[INFO] [stderr]                                  at /rustc/268dbbbc4b3fd71c5f360a4d0728295252430b5b/library/std/src/../../backtrace/src/backtrace/libunwind.rs:104:5
[INFO] [stderr]      1:     0x5622b5ad8bc6 - std::backtrace_rs::backtrace::trace_unsynchronized::ha677020d8fc0296d
[INFO] [stderr]                                  at /rustc/268dbbbc4b3fd71c5f360a4d0728295252430b5b/library/std/src/../../backtrace/src/backtrace/mod.rs:66:5
[INFO] [stderr]      2:     0x5622b5ad8bc6 - std::sys_common::backtrace::_print_fmt::hcaff2fd86a1aeaa3
[INFO] [stderr]                                  at /rustc/268dbbbc4b3fd71c5f360a4d0728295252430b5b/library/std/src/sys_common/backtrace.rs:68:5
[INFO] [stderr]      3:     0x5622b5ad8bc6 - <std::sys_common::backtrace::_print::DisplayBacktrace as core::fmt::Display>::fmt::hc2446d8aa0059188
[INFO] [stderr]                                  at /rustc/268dbbbc4b3fd71c5f360a4d0728295252430b5b/library/std/src/sys_common/backtrace.rs:44:22
[INFO] [stderr]      4:     0x5622b5afdec0 - core::fmt::rt::Argument::fmt::h2fbb6454da37999b
[INFO] [stderr]                                  at /rustc/268dbbbc4b3fd71c5f360a4d0728295252430b5b/library/core/src/fmt/rt.rs:142:9
[INFO] [stderr]      5:     0x5622b5afdec0 - core::fmt::write::had96bdeda7d49d3a
[INFO] [stderr]                                  at /rustc/268dbbbc4b3fd71c5f360a4d0728295252430b5b/library/core/src/fmt/mod.rs:1120:17
[INFO] [stderr]      6:     0x5622b5ad638f - std::io::Write::write_fmt::h30b1f36eea05b391
[INFO] [stderr]                                  at /rustc/268dbbbc4b3fd71c5f360a4d0728295252430b5b/library/std/src/io/mod.rs:1849:15
[INFO] [stderr]      7:     0x5622b5ad89a4 - std::sys_common::backtrace::_print::hc333bb91ae972137
[INFO] [stderr]                                  at /rustc/268dbbbc4b3fd71c5f360a4d0728295252430b5b/library/std/src/sys_common/backtrace.rs:47:5
[INFO] [stderr]      8:     0x5622b5ad89a4 - std::sys_common::backtrace::print::h18fd3c71a95a3169
[INFO] [stderr]                                  at /rustc/268dbbbc4b3fd71c5f360a4d0728295252430b5b/library/std/src/sys_common/backtrace.rs:34:9
[INFO] [stderr]      9:     0x5622b5ada287 - std::panicking::default_hook::{{closure}}::ha3473f9bcb4e9a37
[INFO] [stderr]     10:     0x5622b5ad9fe9 - std::panicking::default_hook::h23d9d43185db6584
[INFO] [stderr]                                  at /rustc/268dbbbc4b3fd71c5f360a4d0728295252430b5b/library/std/src/panicking.rs:292:9
[INFO] [stderr]     11:     0x5622b5ada718 - std::panicking::rust_panic_with_hook::h94aceaa7df3a6edd
[INFO] [stderr]                                  at /rustc/268dbbbc4b3fd71c5f360a4d0728295252430b5b/library/std/src/panicking.rs:781:13
[INFO] [stderr]     12:     0x5622b5ada5f2 - std::panicking::begin_panic_handler::{{closure}}::h9905d45d1d82fc42
[INFO] [stderr]                                  at /rustc/268dbbbc4b3fd71c5f360a4d0728295252430b5b/library/std/src/panicking.rs:659:13
[INFO] [stderr]     13:     0x5622b5ad90c6 - std::sys_common::backtrace::__rust_end_short_backtrace::hb02085545dc143b9
[INFO] [stderr]                                  at /rustc/268dbbbc4b3fd71c5f360a4d0728295252430b5b/library/std/src/sys_common/backtrace.rs:171:18
[INFO] [stderr]     14:     0x5622b5ada344 - rust_begin_unwind
[INFO] [stderr]                                  at /rustc/268dbbbc4b3fd71c5f360a4d0728295252430b5b/library/std/src/panicking.rs:647:5
[INFO] [stderr]     15:     0x5622b5a4e685 - core::panicking::panic_fmt::h6dca3983f8a9f4d0
[INFO] [stderr]                                  at /rustc/268dbbbc4b3fd71c5f360a4d0728295252430b5b/library/core/src/panicking.rs:72:14
[INFO] [stderr]     16:     0x5622b5a56724 - build_script_main::validate_headers::haec52d4a4979a238
[INFO] [stderr]     17:     0x5622b5a533ae - build_script_main::find::try_pkg_config::hec6afa3468943512
[INFO] [stderr]     18:     0x5622b5a520c8 - build_script_main::find::find_openssl_dir::h2deb73b595f6208b
[INFO] [stderr]     19:     0x5622b5a51ed2 - build_script_main::find::get_openssl::{{closure}}::h64341aec2c9b45bd
[INFO] [stderr]     20:     0x5622b5a5944f - core::option::Option<T>::unwrap_or_else::h232978860507f8b7
[INFO] [stderr]     21:     0x5622b5a51ccd - build_script_main::find::get_openssl::hf27127838b8da24f
[INFO] [stderr]     22:     0x5622b5a54299 - build_script_main::main::h3e5ca6030fd1dfdc
[INFO] [stderr]     23:     0x5622b5a58433 - core::ops::function::FnOnce::call_once::h2b063f07040d1366
[INFO] [stderr]     24:     0x5622b5a57d16 - std::sys_common::backtrace::__rust_begin_short_backtrace::h57c78e432387cd6c
[INFO] [stderr]     25:     0x5622b5a4f409 - std::rt::lang_start::{{closure}}::h6b35d43e61e0d9e7
[INFO] [stderr]     26:     0x5622b5ad24b1 - core::ops::function::impls::<impl core::ops::function::FnOnce<A> for &F>::call_once::h298d8ff12ebcec8c
[INFO] [stderr]                                  at /rustc/268dbbbc4b3fd71c5f360a4d0728295252430b5b/library/core/src/ops/function.rs:284:13
[INFO] [stderr]     27:     0x5622b5ad24b1 - std::panicking::try::do_call::hbd0ffb05da5bd343
[INFO] [stderr]                                  at /rustc/268dbbbc4b3fd71c5f360a4d0728295252430b5b/library/std/src/panicking.rs:554:40
[INFO] [stderr]     28:     0x5622b5ad24b1 - std::panicking::try::h11c9a152defd5d2a
[INFO] [stderr]                                  at /rustc/268dbbbc4b3fd71c5f360a4d0728295252430b5b/library/std/src/panicking.rs:518:19
[INFO] [stderr]     29:     0x5622b5ad24b1 - std::panic::catch_unwind::h0d6db2fa902b4d64
[INFO] [stderr]                                  at /rustc/268dbbbc4b3fd71c5f360a4d0728295252430b5b/library/std/src/panic.rs:142:14
[INFO] [stderr]     30:     0x5622b5ad24b1 - std::rt::lang_start_internal::{{closure}}::hdcc09b4aad7ef821
[INFO] [stderr]                                  at /rustc/268dbbbc4b3fd71c5f360a4d0728295252430b5b/library/std/src/rt.rs:148:48
[INFO] [stderr]     31:     0x5622b5ad24b1 - std::panicking::try::do_call::h3ffd2f162d60900f
[INFO] [stderr]                                  at /rustc/268dbbbc4b3fd71c5f360a4d0728295252430b5b/library/std/src/panicking.rs:554:40
[INFO] [stderr]     32:     0x5622b5ad24b1 - std::panicking::try::heeba82b9c3e190fb
[INFO] [stderr]                                  at /rustc/268dbbbc4b3fd71c5f360a4d0728295252430b5b/library/std/src/panicking.rs:518:19
[INFO] [stderr]     33:     0x5622b5ad24b1 - std::panic::catch_unwind::hdaab8f1c188f387f
[INFO] [stderr]                                  at /rustc/268dbbbc4b3fd71c5f360a4d0728295252430b5b/library/std/src/panic.rs:142:14
[INFO] [stderr]     34:     0x5622b5ad24b1 - std::rt::lang_start_internal::h9989e088c48b7903
[INFO] [stderr]                                  at /rustc/268dbbbc4b3fd71c5f360a4d0728295252430b5b/library/std/src/rt.rs:148:20
[INFO] [stderr]     35:     0x5622b5a4f3e7 - std::rt::lang_start::ha61f93dc4c86d617
[INFO] [stderr]     36:     0x5622b5a57615 - main
[INFO] [stderr]     37:     0x7fb0d94c1d90 - <unknown>
[INFO] [stderr]     38:     0x7fb0d94c1e40 - __libc_start_main
[INFO] [stderr]     39:     0x5622b5a4eea5 - _start
[INFO] [stderr]     40:                0x0 - <unknown>
[INFO] [stderr] warning: build failed, waiting for other jobs to finish...
[INFO] running `Command { std: "docker" "inspect" "b0312fa105ff04d427d0d9ab31c6ec484395aa97352692d62a281b012589cbed", kill_on_drop: false }`
[INFO] running `Command { std: "docker" "rm" "-f" "b0312fa105ff04d427d0d9ab31c6ec484395aa97352692d62a281b012589cbed", kill_on_drop: false }`
[INFO] [stdout] b0312fa105ff04d427d0d9ab31c6ec484395aa97352692d62a281b012589cbed
[INFO] checking imdb-rename-0.1.5 against nightly-2024-02-05+rustflags=-Dunexpected_cfgs+cargoflags=-Zcheck-cfg for check-cfg
[INFO] extracting crate imdb-rename 0.1.5 into /workspace/builds/worker-0-tc2/source
[INFO] validating manifest of crates.io crate imdb-rename 0.1.5 on toolchain nightly-2024-02-05
[INFO] running `Command { std: CARGO_HOME="/workspace/cargo-home" RUSTUP_HOME="/workspace/rustup-home" "/workspace/cargo-home/bin/cargo" "+nightly-2024-02-05" "metadata" "--manifest-path" "Cargo.toml" "--no-deps", kill_on_drop: false }`
[INFO] started tweaking crates.io crate imdb-rename 0.1.5
[INFO] finished tweaking crates.io crate imdb-rename 0.1.5
[INFO] tweaked toml for crates.io crate imdb-rename 0.1.5 written to /workspace/builds/worker-0-tc2/source/Cargo.toml
[INFO] crate crates.io crate imdb-rename 0.1.5 already has a lockfile, it will not be regenerated
[INFO] running `Command { std: CARGO_HOME="/workspace/cargo-home" RUSTUP_HOME="/workspace/rustup-home" "/workspace/cargo-home/bin/cargo" "+nightly-2024-02-05" "fetch" "--manifest-path" "Cargo.toml", kill_on_drop: false }`
[INFO] running `Command { std: "docker" "create" "-v" "/var/lib/crater-agent-workspace/builds/worker-0-tc2/target:/opt/rustwide/target:rw,Z" "-v" "/var/lib/crater-agent-workspace/builds/worker-0-tc2/source:/opt/rustwide/workdir:ro,Z" "-v" "/var/lib/crater-agent-workspace/cargo-home:/opt/rustwide/cargo-home:ro,Z" "-v" "/var/lib/crater-agent-workspace/rustup-home:/opt/rustwide/rustup-home:ro,Z" "-e" "SOURCE_DIR=/opt/rustwide/workdir" "-e" "CARGO_TARGET_DIR=/opt/rustwide/target" "-e" "CARGO_HOME=/opt/rustwide/cargo-home" "-e" "RUSTUP_HOME=/opt/rustwide/rustup-home" "-w" "/opt/rustwide/workdir" "-m" "1610612736" "--user" "0:0" "--network" "none" "ghcr.io/rust-lang/crates-build-env/linux@sha256:2788e3201cd34a07e3172128adcd8b3090168a8e3bcc40d7c032b9dda1df7d1c" "/opt/rustwide/cargo-home/bin/cargo" "+nightly-2024-02-05" "metadata" "--no-deps" "--format-version=1", kill_on_drop: false }`
[INFO] [stdout] ad3b89812ff7cc4fa745fd3bbe9c8f24d2600b4a47574b75c3bc13299153caf9
[INFO] running `Command { std: "docker" "start" "-a" "ad3b89812ff7cc4fa745fd3bbe9c8f24d2600b4a47574b75c3bc13299153caf9", kill_on_drop: false }`
[INFO] running `Command { std: "docker" "inspect" "ad3b89812ff7cc4fa745fd3bbe9c8f24d2600b4a47574b75c3bc13299153caf9", kill_on_drop: false }`
[INFO] running `Command { std: "docker" "rm" "-f" "ad3b89812ff7cc4fa745fd3bbe9c8f24d2600b4a47574b75c3bc13299153caf9", kill_on_drop: false }`
[INFO] [stdout] ad3b89812ff7cc4fa745fd3bbe9c8f24d2600b4a47574b75c3bc13299153caf9
[INFO] running `Command { std: "docker" "create" "-v" "/var/lib/crater-agent-workspace/builds/worker-0-tc2/target:/opt/rustwide/target:rw,Z" "-v" "/var/lib/crater-agent-workspace/builds/worker-0-tc2/source:/opt/rustwide/workdir:ro,Z" "-v" "/var/lib/crater-agent-workspace/cargo-home:/opt/rustwide/cargo-home:ro,Z" "-v" "/var/lib/crater-agent-workspace/rustup-home:/opt/rustwide/rustup-home:ro,Z" "-e" "SOURCE_DIR=/opt/rustwide/workdir" "-e" "CARGO_TARGET_DIR=/opt/rustwide/target" "-e" "CARGO_INCREMENTAL=0" "-e" "RUST_BACKTRACE=full" "-e" "RUSTFLAGS=--cap-lints=forbid -Dunexpected_cfgs" "-e" "RUSTDOCFLAGS=--cap-lints=forbid" "-e" "CARGO_HOME=/opt/rustwide/cargo-home" "-e" "RUSTUP_HOME=/opt/rustwide/rustup-home" "-w" "/opt/rustwide/workdir" "-m" "1610612736" "--user" "0:0" "--network" "none" "ghcr.io/rust-lang/crates-build-env/linux@sha256:2788e3201cd34a07e3172128adcd8b3090168a8e3bcc40d7c032b9dda1df7d1c" "/opt/rustwide/cargo-home/bin/cargo" "+nightly-2024-02-05" "check" "--frozen" "--all" "--all-targets" "--message-format=json" "-Zcheck-cfg", kill_on_drop: false }`
[INFO] [stdout] 0107fa0f70e9aa0c82e90126a33076192a77ab618fa342772870c765776bc467
[INFO] running `Command { std: "docker" "start" "-a" "0107fa0f70e9aa0c82e90126a33076192a77ab618fa342772870c765776bc467", kill_on_drop: false }`
[INFO] [stderr]    Compiling libc v0.2.58
[INFO] [stderr]    Compiling autocfg v0.1.4
[INFO] [stderr]     Checking cfg-if v0.1.9
[INFO] [stderr]    Compiling cc v1.0.37
[INFO] [stderr]     Checking lazy_static v1.3.0
[INFO] [stderr]    Compiling version_check v0.1.5
[INFO] [stderr]     Checking rand_core v0.4.0
[INFO] [stderr]    Compiling byteorder v1.3.2
[INFO] [stderr]     Checking futures v0.1.27
[INFO] [stderr]     Checking smallvec v0.6.10
[INFO] [stderr]     Checking rand_core v0.3.1
[INFO] [stderr]    Compiling proc-macro2 v0.4.30
[INFO] [stderr]    Compiling rand_pcg v0.1.2
[INFO] [stderr]    Compiling rand_chacha v0.1.1
[INFO] [stderr]    Compiling rand v0.6.5
[INFO] [stderr]     Checking log v0.4.6
[INFO] [stderr]    Compiling unicode-xid v0.1.0
[INFO] [stderr]    Compiling semver-parser v0.7.0
[INFO] [stderr]     Checking crossbeam-utils v0.6.5
[INFO] [stderr]    Compiling syn v0.15.38
[INFO] [stderr]     Checking either v1.5.2
[INFO] [stderr]     Checking iovec v0.1.2
[INFO] [stderr]    Compiling semver v0.9.0
[INFO] [stderr]     Checking bytes v0.4.12
[INFO] [stderr]    Compiling unicase v1.4.2
[INFO] [stderr]     Checking rand_os v0.1.3
[INFO] [stderr]    Compiling rustc_version v0.2.3
[INFO] [stderr]    Compiling quote v0.6.12
[INFO] [stderr]     Checking rand_hc v0.1.0
[INFO] [stderr]     Checking rand_isaac v0.1.1
[INFO] [stderr]     Checking rand_xorshift v0.1.1
[INFO] [stderr]     Checking rand_jitter v0.1.4
[INFO] [stderr]    Compiling memchr v2.2.0
[INFO] [stderr]     Checking scopeguard v0.3.3
[INFO] [stderr]     Checking fnv v1.0.6
[INFO] [stderr]     Checking itoa v0.4.4
[INFO] [stderr]    Compiling parking_lot_core v0.4.0
[INFO] [stderr]     Checking tokio-executor v0.1.7
[INFO] [stderr]    Compiling backtrace-sys v0.1.28
[INFO] [stderr]     Checking stable_deref_trait v1.1.1
[INFO] [stderr]    Compiling arrayvec v0.4.10
[INFO] [stderr]    Compiling pkg-config v0.3.14
[INFO] [stderr]     Checking owning_ref v0.4.0
[INFO] [stderr]     Checking num_cpus v1.10.1
[INFO] [stderr]    Compiling backtrace v0.3.31
[INFO] [stderr]    Compiling serde v1.0.93
[INFO] [stderr]     Checking nodrop v0.1.13
[INFO] [stderr]    Compiling openssl-sys v0.9.47
[INFO] [stderr]     Checking lock_api v0.1.5
[INFO] [stderr]     Checking tokio-io v0.1.12
[INFO] [stderr]     Checking net2 v0.2.33
[INFO] [stderr]     Checking unicode-normalization v0.1.8
[INFO] [stderr]     Checking memoffset v0.2.1
[INFO] [stderr]    Compiling ryu v0.2.8
[INFO] [stderr]     Checking rustc-demangle v0.1.15
[INFO] [stderr]    Compiling siphasher v0.2.3
[INFO] [stderr]    Compiling bitflags v1.1.0
[INFO] [stderr]    Compiling phf_shared v0.7.24
[INFO] [stderr]     Checking crossbeam-epoch v0.7.1
[INFO] [stderr] The following warnings were emitted during compilation:
[INFO] [stderr] 
[INFO] [stderr] warning: openssl-sys@0.9.47: build/expando.c:4:24: error: pasting "RUST_VERSION_OPENSSL_" and "(" does not give a valid preprocessing token
[INFO] [stderr] warning: openssl-sys@0.9.47:     4 | #define VERSION2(n, v) RUST_VERSION_##n##_##v
[INFO] [stderr] warning: openssl-sys@0.9.47:       |                        ^~~~~~~~~~~~~
[INFO] [stderr] warning: openssl-sys@0.9.47: build/expando.c:5:23: note: in expansion of macro 'VERSION2'
[INFO] [stderr] warning: openssl-sys@0.9.47:     5 | #define VERSION(n, v) VERSION2(n, v)
[INFO] [stderr] warning: openssl-sys@0.9.47:       |                       ^~~~~~~~
[INFO] [stderr] warning: openssl-sys@0.9.47: build/expando.c:10:1: note: in expansion of macro 'VERSION'
[INFO] [stderr] warning: openssl-sys@0.9.47:    10 | VERSION(OPENSSL, OPENSSL_VERSION_NUMBER)
[INFO] [stderr] warning: openssl-sys@0.9.47:       | ^~~~~~~
[INFO] [stderr] 
[INFO] [stderr] error: failed to run custom build command for `openssl-sys v0.9.47`
[INFO] [stderr] note: To improve backtraces for build dependencies, set the CARGO_PROFILE_DEV_BUILD_OVERRIDE_DEBUG=true environment variable to enable debug information generation.
[INFO] [stderr] 
[INFO] [stderr] Caused by:
[INFO] [stderr]   process didn't exit successfully: `/opt/rustwide/target/debug/build/openssl-sys-2021814e14c7463b/build-script-main` (exit status: 101)
[INFO] [stderr]   --- stdout
[INFO] [stderr]   cargo:rustc-cfg=const_fn
[INFO] [stderr]   cargo:rerun-if-env-changed=X86_64_UNKNOWN_LINUX_GNU_OPENSSL_LIB_DIR
[INFO] [stderr]   X86_64_UNKNOWN_LINUX_GNU_OPENSSL_LIB_DIR unset
[INFO] [stderr]   cargo:rerun-if-env-changed=OPENSSL_LIB_DIR
[INFO] [stderr]   OPENSSL_LIB_DIR unset
[INFO] [stderr]   cargo:rerun-if-env-changed=X86_64_UNKNOWN_LINUX_GNU_OPENSSL_INCLUDE_DIR
[INFO] [stderr]   X86_64_UNKNOWN_LINUX_GNU_OPENSSL_INCLUDE_DIR unset
[INFO] [stderr]   cargo:rerun-if-env-changed=OPENSSL_INCLUDE_DIR
[INFO] [stderr]   OPENSSL_INCLUDE_DIR unset
[INFO] [stderr]   cargo:rerun-if-env-changed=X86_64_UNKNOWN_LINUX_GNU_OPENSSL_DIR
[INFO] [stderr]   X86_64_UNKNOWN_LINUX_GNU_OPENSSL_DIR unset
[INFO] [stderr]   cargo:rerun-if-env-changed=OPENSSL_DIR
[INFO] [stderr]   OPENSSL_DIR unset
[INFO] [stderr]   cargo:rustc-link-lib=ssl
[INFO] [stderr]   cargo:rustc-link-lib=crypto
[INFO] [stderr]   OPT_LEVEL = Some("0")
[INFO] [stderr]   TARGET = Some("x86_64-unknown-linux-gnu")
[INFO] [stderr]   HOST = Some("x86_64-unknown-linux-gnu")
[INFO] [stderr]   CC_x86_64-unknown-linux-gnu = None
[INFO] [stderr]   CC_x86_64_unknown_linux_gnu = None
[INFO] [stderr]   HOST_CC = None
[INFO] [stderr]   CC = None
[INFO] [stderr]   CFLAGS_x86_64-unknown-linux-gnu = None
[INFO] [stderr]   CFLAGS_x86_64_unknown_linux_gnu = None
[INFO] [stderr]   HOST_CFLAGS = None
[INFO] [stderr]   CFLAGS = None
[INFO] [stderr]   CRATE_CC_NO_DEFAULTS = None
[INFO] [stderr]   DEBUG = Some("true")
[INFO] [stderr]   CARGO_CFG_TARGET_FEATURE = Some("fxsr,sse,sse2")
[INFO] [stderr]   running: "cc" "-O0" "-ffunction-sections" "-fdata-sections" "-fPIC" "-g" "-fno-omit-frame-pointer" "-m64" "-Wall" "-Wextra" "-E" "build/expando.c"
[INFO] [stderr]   cargo:warning=build/expando.c:4:24: error: pasting "RUST_VERSION_OPENSSL_" and "(" does not give a valid preprocessing token
[INFO] [stderr]   cargo:warning=    4 | #define VERSION2(n, v) RUST_VERSION_##n##_##v
[INFO] [stderr]   cargo:warning=      |                        ^~~~~~~~~~~~~
[INFO] [stderr]   cargo:warning=build/expando.c:5:23: note: in expansion of macro 'VERSION2'
[INFO] [stderr]   cargo:warning=    5 | #define VERSION(n, v) VERSION2(n, v)
[INFO] [stderr]   cargo:warning=      |                       ^~~~~~~~
[INFO] [stderr]   cargo:warning=build/expando.c:10:1: note: in expansion of macro 'VERSION'
[INFO] [stderr]   cargo:warning=   10 | VERSION(OPENSSL, OPENSSL_VERSION_NUMBER)
[INFO] [stderr]   cargo:warning=      | ^~~~~~~
[INFO] [stderr]   exit status: 1
[INFO] [stderr] 
[INFO] [stderr]   --- stderr
[INFO] [stderr]   thread 'main' panicked at /opt/rustwide/cargo-home/registry/src/index.crates.io-6f17d22bba15001f/openssl-sys-0.9.47/build/main.rs:126:13:
[INFO] [stderr] 
[INFO] [stderr]   Header expansion error:
[INFO] [stderr]   Error { kind: ToolExecError, message: "Command \"cc\" \"-O0\" \"-ffunction-sections\" \"-fdata-sections\" \"-fPIC\" \"-g\" \"-fno-omit-frame-pointer\" \"-m64\" \"-Wall\" \"-Wextra\" \"-E\" \"build/expando.c\" with args \"cc\" did not execute successfully (status code exit status: 1)." }
[INFO] [stderr] 
[INFO] [stderr]   Failed to find OpenSSL development headers.
[INFO] [stderr] 
[INFO] [stderr]   You can try fixing this setting the `OPENSSL_DIR` environment variable
[INFO] [stderr]   pointing to your OpenSSL installation or installing OpenSSL headers package
[INFO] [stderr]   specific to your distribution:
[INFO] [stderr] 
[INFO] [stderr]       # On Ubuntu
[INFO] [stderr]       sudo apt-get install libssl-dev
[INFO] [stderr]       # On Arch Linux
[INFO] [stderr]       sudo pacman -S openssl
[INFO] [stderr]       # On Fedora
[INFO] [stderr]       sudo dnf install openssl-devel
[INFO] [stderr] 
[INFO] [stderr]   See rust-openssl README for more information:
[INFO] [stderr] 
[INFO] [stderr]       https://github.com/sfackler/rust-openssl#linux
[INFO] [stderr] 
[INFO] [stderr]   stack backtrace:
[INFO] [stderr]      0:     0x5633b9189bc6 - std::backtrace_rs::backtrace::libunwind::trace::heebc7766b165eb2a
[INFO] [stderr]                                  at /rustc/268dbbbc4b3fd71c5f360a4d0728295252430b5b/library/std/src/../../backtrace/src/backtrace/libunwind.rs:104:5
[INFO] [stderr]      1:     0x5633b9189bc6 - std::backtrace_rs::backtrace::trace_unsynchronized::ha677020d8fc0296d
[INFO] [stderr]                                  at /rustc/268dbbbc4b3fd71c5f360a4d0728295252430b5b/library/std/src/../../backtrace/src/backtrace/mod.rs:66:5
[INFO] [stderr]      2:     0x5633b9189bc6 - std::sys_common::backtrace::_print_fmt::hcaff2fd86a1aeaa3
[INFO] [stderr]                                  at /rustc/268dbbbc4b3fd71c5f360a4d0728295252430b5b/library/std/src/sys_common/backtrace.rs:68:5
[INFO] [stderr]      3:     0x5633b9189bc6 - <std::sys_common::backtrace::_print::DisplayBacktrace as core::fmt::Display>::fmt::hc2446d8aa0059188
[INFO] [stderr]                                  at /rustc/268dbbbc4b3fd71c5f360a4d0728295252430b5b/library/std/src/sys_common/backtrace.rs:44:22
[INFO] [stderr]      4:     0x5633b91aeec0 - core::fmt::rt::Argument::fmt::h2fbb6454da37999b
[INFO] [stderr]                                  at /rustc/268dbbbc4b3fd71c5f360a4d0728295252430b5b/library/core/src/fmt/rt.rs:142:9
[INFO] [stderr]      5:     0x5633b91aeec0 - core::fmt::write::had96bdeda7d49d3a
[INFO] [stderr]                                  at /rustc/268dbbbc4b3fd71c5f360a4d0728295252430b5b/library/core/src/fmt/mod.rs:1120:17
[INFO] [stderr]      6:     0x5633b918738f - std::io::Write::write_fmt::h30b1f36eea05b391
[INFO] [stderr]                                  at /rustc/268dbbbc4b3fd71c5f360a4d0728295252430b5b/library/std/src/io/mod.rs:1849:15
[INFO] [stderr]      7:     0x5633b91899a4 - std::sys_common::backtrace::_print::hc333bb91ae972137
[INFO] [stderr]                                  at /rustc/268dbbbc4b3fd71c5f360a4d0728295252430b5b/library/std/src/sys_common/backtrace.rs:47:5
[INFO] [stderr]      8:     0x5633b91899a4 - std::sys_common::backtrace::print::h18fd3c71a95a3169
[INFO] [stderr]                                  at /rustc/268dbbbc4b3fd71c5f360a4d0728295252430b5b/library/std/src/sys_common/backtrace.rs:34:9
[INFO] [stderr]      9:     0x5633b918b287 - std::panicking::default_hook::{{closure}}::ha3473f9bcb4e9a37
[INFO] [stderr]     10:     0x5633b918afe9 - std::panicking::default_hook::h23d9d43185db6584
[INFO] [stderr]                                  at /rustc/268dbbbc4b3fd71c5f360a4d0728295252430b5b/library/std/src/panicking.rs:292:9
[INFO] [stderr]     11:     0x5633b918b718 - std::panicking::rust_panic_with_hook::h94aceaa7df3a6edd
[INFO] [stderr]                                  at /rustc/268dbbbc4b3fd71c5f360a4d0728295252430b5b/library/std/src/panicking.rs:781:13
[INFO] [stderr]     12:     0x5633b918b5f2 - std::panicking::begin_panic_handler::{{closure}}::h9905d45d1d82fc42
[INFO] [stderr]                                  at /rustc/268dbbbc4b3fd71c5f360a4d0728295252430b5b/library/std/src/panicking.rs:659:13
[INFO] [stderr]     13:     0x5633b918a0c6 - std::sys_common::backtrace::__rust_end_short_backtrace::hb02085545dc143b9
[INFO] [stderr]                                  at /rustc/268dbbbc4b3fd71c5f360a4d0728295252430b5b/library/std/src/sys_common/backtrace.rs:171:18
[INFO] [stderr]     14:     0x5633b918b344 - rust_begin_unwind
[INFO] [stderr]                                  at /rustc/268dbbbc4b3fd71c5f360a4d0728295252430b5b/library/std/src/panicking.rs:647:5
[INFO] [stderr]     15:     0x5633b90ff685 - core::panicking::panic_fmt::h6dca3983f8a9f4d0
[INFO] [stderr]                                  at /rustc/268dbbbc4b3fd71c5f360a4d0728295252430b5b/library/core/src/panicking.rs:72:14
[INFO] [stderr]     16:     0x5633b9107724 - build_script_main::validate_headers::haec52d4a4979a238
[INFO] [stderr]     17:     0x5633b91043ae - build_script_main::find::try_pkg_config::hec6afa3468943512
[INFO] [stderr]     18:     0x5633b91030c8 - build_script_main::find::find_openssl_dir::h2deb73b595f6208b
[INFO] [stderr]     19:     0x5633b9102ed2 - build_script_main::find::get_openssl::{{closure}}::h64341aec2c9b45bd
[INFO] [stderr]     20:     0x5633b910a44f - core::option::Option<T>::unwrap_or_else::h232978860507f8b7
[INFO] [stderr]     21:     0x5633b9102ccd - build_script_main::find::get_openssl::hf27127838b8da24f
[INFO] [stderr]     22:     0x5633b9105299 - build_script_main::main::h3e5ca6030fd1dfdc
[INFO] [stderr]     23:     0x5633b9109433 - core::ops::function::FnOnce::call_once::h2b063f07040d1366
[INFO] [stderr]     24:     0x5633b9108d16 - std::sys_common::backtrace::__rust_begin_short_backtrace::h57c78e432387cd6c
[INFO] [stderr]     25:     0x5633b9100409 - std::rt::lang_start::{{closure}}::h6b35d43e61e0d9e7
[INFO] [stderr]     26:     0x5633b91834b1 - core::ops::function::impls::<impl core::ops::function::FnOnce<A> for &F>::call_once::h298d8ff12ebcec8c
[INFO] [stderr]                                  at /rustc/268dbbbc4b3fd71c5f360a4d0728295252430b5b/library/core/src/ops/function.rs:284:13
[INFO] [stderr]     27:     0x5633b91834b1 - std::panicking::try::do_call::hbd0ffb05da5bd343
[INFO] [stderr]                                  at /rustc/268dbbbc4b3fd71c5f360a4d0728295252430b5b/library/std/src/panicking.rs:554:40
[INFO] [stderr]     28:     0x5633b91834b1 - std::panicking::try::h11c9a152defd5d2a
[INFO] [stderr]                                  at /rustc/268dbbbc4b3fd71c5f360a4d0728295252430b5b/library/std/src/panicking.rs:518:19
[INFO] [stderr]     29:     0x5633b91834b1 - std::panic::catch_unwind::h0d6db2fa902b4d64
[INFO] [stderr]                                  at /rustc/268dbbbc4b3fd71c5f360a4d0728295252430b5b/library/std/src/panic.rs:142:14
[INFO] [stderr]     30:     0x5633b91834b1 - std::rt::lang_start_internal::{{closure}}::hdcc09b4aad7ef821
[INFO] [stderr]                                  at /rustc/268dbbbc4b3fd71c5f360a4d0728295252430b5b/library/std/src/rt.rs:148:48
[INFO] [stderr]     31:     0x5633b91834b1 - std::panicking::try::do_call::h3ffd2f162d60900f
[INFO] [stderr]                                  at /rustc/268dbbbc4b3fd71c5f360a4d0728295252430b5b/library/std/src/panicking.rs:554:40
[INFO] [stderr]     32:     0x5633b91834b1 - std::panicking::try::heeba82b9c3e190fb
[INFO] [stderr]                                  at /rustc/268dbbbc4b3fd71c5f360a4d0728295252430b5b/library/std/src/panicking.rs:518:19
[INFO] [stderr]     33:     0x5633b91834b1 - std::panic::catch_unwind::hdaab8f1c188f387f
[INFO] [stderr]                                  at /rustc/268dbbbc4b3fd71c5f360a4d0728295252430b5b/library/std/src/panic.rs:142:14
[INFO] [stderr]     34:     0x5633b91834b1 - std::rt::lang_start_internal::h9989e088c48b7903
[INFO] [stderr]                                  at /rustc/268dbbbc4b3fd71c5f360a4d0728295252430b5b/library/std/src/rt.rs:148:20
[INFO] [stderr]     35:     0x5633b91003e7 - std::rt::lang_start::ha61f93dc4c86d617
[INFO] [stderr]     36:     0x5633b9108615 - main
[INFO] [stderr]     37:     0x7f354ea01d90 - <unknown>
[INFO] [stderr]     38:     0x7f354ea01e40 - __libc_start_main
[INFO] [stderr]     39:     0x5633b90ffea5 - _start
[INFO] [stderr]     40:                0x0 - <unknown>
[INFO] [stderr] warning: build failed, waiting for other jobs to finish...
[INFO] running `Command { std: "docker" "inspect" "0107fa0f70e9aa0c82e90126a33076192a77ab618fa342772870c765776bc467", kill_on_drop: false }`
[INFO] running `Command { std: "docker" "rm" "-f" "0107fa0f70e9aa0c82e90126a33076192a77ab618fa342772870c765776bc467", kill_on_drop: false }`
[INFO] [stdout] 0107fa0f70e9aa0c82e90126a33076192a77ab618fa342772870c765776bc467
