[INFO] fetching crate image4 0.7.0...
[INFO] checking image4-0.7.0 against nightly-2024-02-05 for check-cfg
[INFO] extracting crate image4 0.7.0 into /workspace/builds/worker-0-tc1/source
[INFO] validating manifest of crates.io crate image4 0.7.0 on toolchain nightly-2024-02-05
[INFO] running `Command { std: CARGO_HOME="/workspace/cargo-home" RUSTUP_HOME="/workspace/rustup-home" "/workspace/cargo-home/bin/cargo" "+nightly-2024-02-05" "metadata" "--manifest-path" "Cargo.toml" "--no-deps", kill_on_drop: false }`
[INFO] started tweaking crates.io crate image4 0.7.0
[INFO] finished tweaking crates.io crate image4 0.7.0
[INFO] tweaked toml for crates.io crate image4 0.7.0 written to /workspace/builds/worker-0-tc1/source/Cargo.toml
[INFO] running `Command { std: CARGO_HOME="/workspace/cargo-home" RUSTUP_HOME="/workspace/rustup-home" "/workspace/cargo-home/bin/cargo" "+nightly-2024-02-05" "generate-lockfile" "--manifest-path" "Cargo.toml", kill_on_drop: false }`
[INFO] [stderr]     Updating crates.io index
[INFO] running `Command { std: CARGO_HOME="/workspace/cargo-home" RUSTUP_HOME="/workspace/rustup-home" "/workspace/cargo-home/bin/cargo" "+nightly-2024-02-05" "fetch" "--manifest-path" "Cargo.toml", kill_on_drop: false }`
[INFO] [stderr]  Downloading crates ...
[INFO] [stderr]   Downloaded x509-cert v0.2.5
[INFO] [stderr]   Downloaded flagset v0.4.4
[INFO] running `Command { std: "docker" "create" "-v" "/var/lib/crater-agent-workspace/builds/worker-0-tc1/target:/opt/rustwide/target:rw,Z" "-v" "/var/lib/crater-agent-workspace/builds/worker-0-tc1/source:/opt/rustwide/workdir:ro,Z" "-v" "/var/lib/crater-agent-workspace/cargo-home:/opt/rustwide/cargo-home:ro,Z" "-v" "/var/lib/crater-agent-workspace/rustup-home:/opt/rustwide/rustup-home:ro,Z" "-e" "SOURCE_DIR=/opt/rustwide/workdir" "-e" "CARGO_TARGET_DIR=/opt/rustwide/target" "-e" "CARGO_HOME=/opt/rustwide/cargo-home" "-e" "RUSTUP_HOME=/opt/rustwide/rustup-home" "-w" "/opt/rustwide/workdir" "-m" "1610612736" "--user" "0:0" "--network" "none" "ghcr.io/rust-lang/crates-build-env/linux@sha256:2788e3201cd34a07e3172128adcd8b3090168a8e3bcc40d7c032b9dda1df7d1c" "/opt/rustwide/cargo-home/bin/cargo" "+nightly-2024-02-05" "metadata" "--no-deps" "--format-version=1", kill_on_drop: false }`
[INFO] [stdout] 46fb23fa18f75c515922f6f672de7efea7f2ae32561cfcc9bdc77d20adeedd4e
[INFO] running `Command { std: "docker" "start" "-a" "46fb23fa18f75c515922f6f672de7efea7f2ae32561cfcc9bdc77d20adeedd4e", kill_on_drop: false }`
[INFO] running `Command { std: "docker" "inspect" "46fb23fa18f75c515922f6f672de7efea7f2ae32561cfcc9bdc77d20adeedd4e", kill_on_drop: false }`
[INFO] running `Command { std: "docker" "rm" "-f" "46fb23fa18f75c515922f6f672de7efea7f2ae32561cfcc9bdc77d20adeedd4e", kill_on_drop: false }`
[INFO] [stdout] 46fb23fa18f75c515922f6f672de7efea7f2ae32561cfcc9bdc77d20adeedd4e
[INFO] running `Command { std: "docker" "create" "-v" "/var/lib/crater-agent-workspace/builds/worker-0-tc1/target:/opt/rustwide/target:rw,Z" "-v" "/var/lib/crater-agent-workspace/builds/worker-0-tc1/source:/opt/rustwide/workdir:ro,Z" "-v" "/var/lib/crater-agent-workspace/cargo-home:/opt/rustwide/cargo-home:ro,Z" "-v" "/var/lib/crater-agent-workspace/rustup-home:/opt/rustwide/rustup-home:ro,Z" "-e" "SOURCE_DIR=/opt/rustwide/workdir" "-e" "CARGO_TARGET_DIR=/opt/rustwide/target" "-e" "CARGO_INCREMENTAL=0" "-e" "RUST_BACKTRACE=full" "-e" "RUSTFLAGS=--cap-lints=forbid" "-e" "RUSTDOCFLAGS=--cap-lints=forbid" "-e" "CARGO_HOME=/opt/rustwide/cargo-home" "-e" "RUSTUP_HOME=/opt/rustwide/rustup-home" "-w" "/opt/rustwide/workdir" "-m" "1610612736" "--user" "0:0" "--network" "none" "ghcr.io/rust-lang/crates-build-env/linux@sha256:2788e3201cd34a07e3172128adcd8b3090168a8e3bcc40d7c032b9dda1df7d1c" "/opt/rustwide/cargo-home/bin/cargo" "+nightly-2024-02-05" "check" "--frozen" "--all" "--all-targets" "--message-format=json", kill_on_drop: false }`
[INFO] [stdout] 335357453fa52b2c0ded0b7e6704cd1d70f7a6124a44643aba296d543aa0ac18
[INFO] running `Command { std: "docker" "start" "-a" "335357453fa52b2c0ded0b7e6704cd1d70f7a6124a44643aba296d543aa0ac18", kill_on_drop: false }`
[INFO] [stderr]     Checking const-oid v0.9.6
[INFO] [stderr]     Checking base64ct v1.6.0
[INFO] [stderr]    Compiling num-traits v0.2.17
[INFO] [stderr]    Compiling num-integer v0.1.45
[INFO] [stderr]    Compiling num-iter v0.1.43
[INFO] [stderr]     Checking ppv-lite86 v0.2.17
[INFO] [stderr]     Checking spin v0.5.2
[INFO] [stderr]    Compiling num-bigint-dig v0.8.4
[INFO] [stderr]    Compiling serde v1.0.196
[INFO] [stderr]     Checking smallvec v1.13.1
[INFO] [stderr]    Compiling syn v2.0.48
[INFO] [stderr]     Checking getrandom v0.2.12
[INFO] [stderr]     Checking hex v0.4.3
[INFO] [stderr]     Checking hex-literal v0.4.1
[INFO] [stderr]     Checking lazy_static v1.4.0
[INFO] [stderr]     Checking digest v0.10.7
[INFO] [stderr]     Checking rand_core v0.6.4
[INFO] [stderr]     Checking pem-rfc7468 v0.7.0
[INFO] [stderr]     Checking sha2 v0.10.8
[INFO] [stderr]     Checking signature v2.2.0
[INFO] [stderr]     Checking rand_chacha v0.3.1
[INFO] [stderr]     Checking rand v0.8.5
[INFO] [stderr]    Compiling der_derive v0.7.2
[INFO] [stderr]     Checking serde_json v1.0.113
[INFO] [stderr]     Checking der v0.7.8
[INFO] [stderr]     Checking spki v0.7.3
[INFO] [stderr]     Checking image4 v0.7.0 (/opt/rustwide/workdir)
[INFO] [stderr]     Checking pkcs8 v0.10.2
[INFO] [stderr]     Checking pkcs1 v0.7.5
[INFO] [stderr]     Checking rsa v0.9.6
[INFO] [stdout] error[E0432]: unresolved import `signature`
[INFO] [stdout]   --> tests/manifest.rs:12:5
[INFO] [stdout]    |
[INFO] [stdout] 12 | use signature::Verifier;
[INFO] [stdout]    |     ^^^^^^^^^ help: a similar path exists: `rsa::signature`
[INFO] [stdout] 
[INFO] [stdout] 
[INFO] [stdout] error[E0599]: no method named `decode_body` found for reference `&CertChainRef<'_>` in the current scope
[INFO] [stdout]   --> tests/manifest.rs:49:27
[INFO] [stdout]    |
[INFO] [stdout] 49 |     manifest.cert_chain().decode_body()?;
[INFO] [stdout]    |     --------              ^^^^^^^^^^^ method not found in `&CertChainRef<'_>`
[INFO] [stdout]    |     |
[INFO] [stdout]    |     method `decode_body` is available on `&ManifestRef<'_>`
[INFO] [stdout] 
[INFO] [stdout] 
[INFO] [stdout] error[E0599]: no method named `sign` found for struct `UnsignedManifestRef` in the current scope
[INFO] [stdout]   --> tests/manifest.rs:86:45
[INFO] [stdout]    |
[INFO] [stdout] 86 |     let signed_manifest = unsigned_manifest.sign(&signing_key, cert_chain)?;
[INFO] [stdout]    |                                             ^^^^ method not found in `UnsignedManifestRef<'_>`
[INFO] [stdout] 
[INFO] [stdout] 
[INFO] [stdout] error[E0599]: no method named `verify` found for struct `VerifyingKey` in the current scope
[INFO] [stdout]   --> tests/manifest.rs:90:19
[INFO] [stdout]    |
[INFO] [stdout] 90 |     verifying_key.verify(signed_manifest.body().as_bytes(), &signature)?;
[INFO] [stdout]    |                   ^^^^^^ method not found in `VerifyingKey<CoreWrapper<CtVariableCoreWrapper<Sha512VarCore, UInt<UInt<UInt<..., ...>, ...>, ...>, ...>>>`
[INFO] [stdout]    |
[INFO] [stdout]   ::: /opt/rustwide/cargo-home/registry/src/index.crates.io-6f17d22bba15001f/signature-2.2.0/src/verifier.rs:14:8
[INFO] [stdout]    |
[INFO] [stdout] 14 |     fn verify(&self, msg: &[u8], signature: &S) -> Result<(), Error>;
[INFO] [stdout]    |        ------ the method is available for `rsa::pkcs1v15::VerifyingKey<CoreWrapper<CtVariableCoreWrapper<Sha512VarCore, UInt<UInt<UInt<UInt<UInt<UInt<UTerm, B1>, B1>, B0>, B0>, B0>, B0>, OidSha384>>>` here
[INFO] [stdout]    |
[INFO] [stdout]    = note: the full type name has been written to '/opt/rustwide/target/debug/deps/manifest-122881c30b161d17.long-type-6409379600100322318.txt'
[INFO] [stdout]    = help: items from traits can only be used if the trait is in scope
[INFO] [stdout] help: the following trait is implemented but not in scope; perhaps add a `use` for it:
[INFO] [stdout]    |
[INFO] [stdout] 1  + use rsa::signature::Verifier;
[INFO] [stdout]    |
[INFO] [stdout] 
[INFO] [stdout] 
[INFO] [stdout] error[E0599]: no method named `decode_body` found for struct `CertRef` in the current scope
[INFO] [stdout]    --> tests/manifest.rs:106:10
[INFO] [stdout]     |
[INFO] [stdout] 101 |       let cert = manifest
[INFO] [stdout]     |  ________________-
[INFO] [stdout] 102 | |         .cert_chain()
[INFO] [stdout] 103 | |         .iter()
[INFO] [stdout] 104 | |         .next()
[INFO] [stdout] 105 | |         .unwrap()?
[INFO] [stdout] 106 | |         .decode_body()?;
[INFO] [stdout]     | |         -^^^^^^^^^^^ method not found in `CertRef<'_>`
[INFO] [stdout]     | |_________|
[INFO] [stdout]     | 
[INFO] [stdout] 
[INFO] [stdout] 
[INFO] [stdout] error[E0599]: no method named `verify` found for struct `VerifyingKey` in the current scope
[INFO] [stdout]    --> tests/manifest.rs:112:19
[INFO] [stdout]     |
[INFO] [stdout] 112 |     verifying_key.verify(manifest.body().as_bytes(), &signature)?;
[INFO] [stdout]     |                   ^^^^^^ method not found in `VerifyingKey<CoreWrapper<CtVariableCoreWrapper<Sha512VarCore, UInt<UInt<UInt<..., ...>, ...>, ...>, ...>>>`
[INFO] [stdout]     |
[INFO] [stdout]    ::: /opt/rustwide/cargo-home/registry/src/index.crates.io-6f17d22bba15001f/signature-2.2.0/src/verifier.rs:14:8
[INFO] [stdout]     |
[INFO] [stdout] 14  |     fn verify(&self, msg: &[u8], signature: &S) -> Result<(), Error>;
[INFO] [stdout]     |        ------ the method is available for `rsa::pkcs1v15::VerifyingKey<CoreWrapper<CtVariableCoreWrapper<Sha512VarCore, UInt<UInt<UInt<UInt<UInt<UInt<UTerm, B1>, B1>, B0>, B0>, B0>, B0>, OidSha384>>>` here
[INFO] [stdout]     |
[INFO] [stdout]     = note: the full type name has been written to '/opt/rustwide/target/debug/deps/manifest-122881c30b161d17.long-type-6409379600100322318.txt'
[INFO] [stdout]     = help: items from traits can only be used if the trait is in scope
[INFO] [stdout] help: the following trait is implemented but not in scope; perhaps add a `use` for it:
[INFO] [stdout]     |
[INFO] [stdout] 1   + use rsa::signature::Verifier;
[INFO] [stdout]     |
[INFO] [stdout] 
[INFO] [stdout] 
[INFO] [stdout] warning: unused import: `referenced::OwnedToRef`
[INFO] [stdout]  --> tests/manifest.rs:1:11
[INFO] [stdout]   |
[INFO] [stdout] 1 | use der::{referenced::OwnedToRef, Decode, Encode};
[INFO] [stdout]   |           ^^^^^^^^^^^^^^^^^^^^^^
[INFO] [stdout]   |
[INFO] [stdout]   = note: `#[warn(unused_imports)]` on by default
[INFO] [stdout] 
[INFO] [stdout] 
[INFO] [stdout] error: aborting due to 6 previous errors; 1 warning emitted
[INFO] [stdout] 
[INFO] [stdout] 
[INFO] [stdout] Some errors have detailed explanations: E0432, E0599.
[INFO] [stdout] 
[INFO] [stdout] For more information about an error, try `rustc --explain E0432`.
[INFO] [stdout] 
[INFO] [stderr] error: could not compile `image4` (test "manifest") due to 7 previous errors; 1 warning emitted
[INFO] [stderr] warning: build failed, waiting for other jobs to finish...
[INFO] running `Command { std: "docker" "inspect" "335357453fa52b2c0ded0b7e6704cd1d70f7a6124a44643aba296d543aa0ac18", kill_on_drop: false }`
[INFO] running `Command { std: "docker" "rm" "-f" "335357453fa52b2c0ded0b7e6704cd1d70f7a6124a44643aba296d543aa0ac18", kill_on_drop: false }`
[INFO] [stdout] 335357453fa52b2c0ded0b7e6704cd1d70f7a6124a44643aba296d543aa0ac18
