[INFO] fetching crate icu_unicodeset_parse 0.1.2...
[INFO] checking icu_unicodeset_parse-0.1.2 against nightly-2024-02-05 for check-cfg
[INFO] extracting crate icu_unicodeset_parse 0.1.2 into /workspace/builds/worker-0-tc1/source
[INFO] validating manifest of crates.io crate icu_unicodeset_parse 0.1.2 on toolchain nightly-2024-02-05
[INFO] running `Command { std: CARGO_HOME="/workspace/cargo-home" RUSTUP_HOME="/workspace/rustup-home" "/workspace/cargo-home/bin/cargo" "+nightly-2024-02-05" "metadata" "--manifest-path" "Cargo.toml" "--no-deps", kill_on_drop: false }`
[INFO] started tweaking crates.io crate icu_unicodeset_parse 0.1.2
[INFO] finished tweaking crates.io crate icu_unicodeset_parse 0.1.2
[INFO] tweaked toml for crates.io crate icu_unicodeset_parse 0.1.2 written to /workspace/builds/worker-0-tc1/source/Cargo.toml
[INFO] running `Command { std: CARGO_HOME="/workspace/cargo-home" RUSTUP_HOME="/workspace/rustup-home" "/workspace/cargo-home/bin/cargo" "+nightly-2024-02-05" "generate-lockfile" "--manifest-path" "Cargo.toml", kill_on_drop: false }`
[INFO] [stderr]     Updating crates.io index
[INFO] running `Command { std: CARGO_HOME="/workspace/cargo-home" RUSTUP_HOME="/workspace/rustup-home" "/workspace/cargo-home/bin/cargo" "+nightly-2024-02-05" "fetch" "--manifest-path" "Cargo.toml", kill_on_drop: false }`
[INFO] [stderr]  Downloading crates ...
[INFO] [stderr]   Downloaded yoke-derive v0.7.3
[INFO] [stderr]   Downloaded icu_locid v1.4.0
[INFO] [stderr]   Downloaded icu_provider_macros v1.4.0
[INFO] [stderr]   Downloaded writeable v0.5.4
[INFO] [stderr]   Downloaded zerofrom-derive v0.1.3
[INFO] [stderr]   Downloaded tinystr v0.7.5
[INFO] [stderr]   Downloaded icu_locid_transform v1.4.0
[INFO] [stderr]   Downloaded icu_properties v1.4.0
[INFO] [stderr]   Downloaded zerovec v0.10.1
[INFO] [stderr]   Downloaded icu_properties_data v1.4.0
[INFO] [stderr]   Downloaded icu_collections v1.4.0
[INFO] [stderr]   Downloaded icu_provider v1.4.0
[INFO] [stderr]   Downloaded yoke v0.7.3
[INFO] [stderr]   Downloaded icu_locid_transform_data v1.4.0
[INFO] [stderr]   Downloaded litemap v0.7.2
[INFO] [stderr]   Downloaded zerofrom v0.1.3
[INFO] [stderr]   Downloaded zerovec-derive v0.10.1
[INFO] running `Command { std: "docker" "create" "-v" "/var/lib/crater-agent-workspace/builds/worker-0-tc1/target:/opt/rustwide/target:rw,Z" "-v" "/var/lib/crater-agent-workspace/builds/worker-0-tc1/source:/opt/rustwide/workdir:ro,Z" "-v" "/var/lib/crater-agent-workspace/cargo-home:/opt/rustwide/cargo-home:ro,Z" "-v" "/var/lib/crater-agent-workspace/rustup-home:/opt/rustwide/rustup-home:ro,Z" "-e" "SOURCE_DIR=/opt/rustwide/workdir" "-e" "CARGO_TARGET_DIR=/opt/rustwide/target" "-e" "CARGO_HOME=/opt/rustwide/cargo-home" "-e" "RUSTUP_HOME=/opt/rustwide/rustup-home" "-w" "/opt/rustwide/workdir" "-m" "1610612736" "--user" "0:0" "--network" "none" "ghcr.io/rust-lang/crates-build-env/linux@sha256:2788e3201cd34a07e3172128adcd8b3090168a8e3bcc40d7c032b9dda1df7d1c" "/opt/rustwide/cargo-home/bin/cargo" "+nightly-2024-02-05" "metadata" "--no-deps" "--format-version=1", kill_on_drop: false }`
[INFO] [stdout] 7c1d19be79ad8015c866387202c5cd8caec288313d81cfeccb0f2230250dacb2
[INFO] running `Command { std: "docker" "start" "-a" "7c1d19be79ad8015c866387202c5cd8caec288313d81cfeccb0f2230250dacb2", kill_on_drop: false }`
[INFO] running `Command { std: "docker" "inspect" "7c1d19be79ad8015c866387202c5cd8caec288313d81cfeccb0f2230250dacb2", kill_on_drop: false }`
[INFO] running `Command { std: "docker" "rm" "-f" "7c1d19be79ad8015c866387202c5cd8caec288313d81cfeccb0f2230250dacb2", kill_on_drop: false }`
[INFO] [stdout] 7c1d19be79ad8015c866387202c5cd8caec288313d81cfeccb0f2230250dacb2
[INFO] running `Command { std: "docker" "create" "-v" "/var/lib/crater-agent-workspace/builds/worker-0-tc1/target:/opt/rustwide/target:rw,Z" "-v" "/var/lib/crater-agent-workspace/builds/worker-0-tc1/source:/opt/rustwide/workdir:ro,Z" "-v" "/var/lib/crater-agent-workspace/cargo-home:/opt/rustwide/cargo-home:ro,Z" "-v" "/var/lib/crater-agent-workspace/rustup-home:/opt/rustwide/rustup-home:ro,Z" "-e" "SOURCE_DIR=/opt/rustwide/workdir" "-e" "CARGO_TARGET_DIR=/opt/rustwide/target" "-e" "CARGO_INCREMENTAL=0" "-e" "RUST_BACKTRACE=full" "-e" "RUSTFLAGS=--cap-lints=forbid" "-e" "RUSTDOCFLAGS=--cap-lints=forbid" "-e" "CARGO_HOME=/opt/rustwide/cargo-home" "-e" "RUSTUP_HOME=/opt/rustwide/rustup-home" "-w" "/opt/rustwide/workdir" "-m" "1610612736" "--user" "0:0" "--network" "none" "ghcr.io/rust-lang/crates-build-env/linux@sha256:2788e3201cd34a07e3172128adcd8b3090168a8e3bcc40d7c032b9dda1df7d1c" "/opt/rustwide/cargo-home/bin/cargo" "+nightly-2024-02-05" "check" "--frozen" "--all" "--all-targets" "--message-format=json", kill_on_drop: false }`
[INFO] [stdout] 0864d4a09265413bacb676168b939225225a9e68bf677e565d7c2c1fe0aa802a
[INFO] running `Command { std: "docker" "start" "-a" "0864d4a09265413bacb676168b939225225a9e68bf677e565d7c2c1fe0aa802a", kill_on_drop: false }`
[INFO] [stderr]    Compiling proc-macro2 v1.0.78
[INFO] [stderr]    Compiling unicode-ident v1.0.12
[INFO] [stderr]     Checking stable_deref_trait v1.2.0
[INFO] [stderr]     Checking litemap v0.7.2
[INFO] [stderr]     Checking writeable v0.5.4
[INFO] [stderr]    Compiling quote v1.0.35
[INFO] [stderr]    Compiling syn v2.0.48
[INFO] [stderr]    Compiling synstructure v0.13.1
[INFO] [stderr]    Compiling zerofrom-derive v0.1.3
[INFO] [stderr]    Compiling yoke-derive v0.7.3
[INFO] [stderr]    Compiling zerovec-derive v0.10.1
[INFO] [stderr]    Compiling displaydoc v0.2.4
[INFO] [stderr]    Compiling icu_provider_macros v1.4.0
[INFO] [stderr]     Checking zerofrom v0.1.3
[INFO] [stderr]     Checking yoke v0.7.3
[INFO] [stderr]     Checking zerovec v0.10.1
[INFO] [stderr]     Checking tinystr v0.7.5
[INFO] [stderr]     Checking icu_collections v1.4.0
[INFO] [stderr]     Checking icu_locid v1.4.0
[INFO] [stderr]     Checking icu_provider v1.4.0
[INFO] [stderr]     Checking icu_properties v1.4.0
[INFO] [stderr]     Checking icu_unicodeset_parse v0.1.2 (/opt/rustwide/workdir)
[INFO] [stdout] error[E0425]: cannot find function `parse_with_variables` in this scope
[INFO] [stdout]     --> src/parse.rs:1793:22
[INFO] [stdout]      |
[INFO] [stdout] 1793 |         let result = parse_with_variables(source, vm);
[INFO] [stdout]      |                      ^^^^^^^^^^^^^^^^^^^^ not found in this scope
[INFO] [stdout] 
[INFO] [stdout] 
[INFO] [stdout] error[E0425]: cannot find function `parse` in this scope
[INFO] [stdout]     --> src/parse.rs:1814:24
[INFO] [stdout]      |
[INFO] [stdout] 1814 |         let (set, _) = parse(r"[a-z {Hello,\ World!}]").unwrap();
[INFO] [stdout]      |                        ^^^^^ not found in this scope
[INFO] [stdout]      |
[INFO] [stdout] help: use the `.` operator to call the method `parse` on `&str`
[INFO] [stdout]      |
[INFO] [stdout] 1814 -         let (set, _) = parse(r"[a-z {Hello,\ World!}]").unwrap();
[INFO] [stdout] 1814 +         let (set, _) = r"[a-z {Hello,\ World!}]".parse().unwrap();
[INFO] [stdout]      |
[INFO] [stdout] 
[INFO] [stdout] 
[INFO] [stdout] error[E0425]: cannot find function `parse_with_variables` in this scope
[INFO] [stdout]     --> src/parse.rs:1853:26
[INFO] [stdout]      |
[INFO] [stdout] 1853 |             let parsed = parse_with_variables(source, variable_map);
[INFO] [stdout]      |                          ^^^^^^^^^^^^^^^^^^^^ not found in this scope
[INFO] [stdout] 
[INFO] [stdout] 
[INFO] [stdout] error[E0425]: cannot find function `parse` in this scope
[INFO] [stdout]     --> src/parse.rs:2037:26
[INFO] [stdout]      |
[INFO] [stdout] 2037 |             let parsed = parse(source);
[INFO] [stdout]      |                          ^^^^^ not found in this scope
[INFO] [stdout]      |
[INFO] [stdout] help: use the `.` operator to call the method `parse` on `&str`
[INFO] [stdout]      |
[INFO] [stdout] 2037 -             let parsed = parse(source);
[INFO] [stdout] 2037 +             let parsed = source.parse();
[INFO] [stdout]      |
[INFO] [stdout] 
[INFO] [stdout] 
[INFO] [stdout] error[E0425]: cannot find function `parse` in this scope
[INFO] [stdout]     --> src/parse.rs:2067:24
[INFO] [stdout]      |
[INFO] [stdout] 2067 |         let (set, _) = parse(r"[a-z {Hello,\ World!}]").unwrap();
[INFO] [stdout]      |                        ^^^^^ not found in this scope
[INFO] [stdout]      |
[INFO] [stdout] help: use the `.` operator to call the method `parse` on `&str`
[INFO] [stdout]      |
[INFO] [stdout] 2067 -         let (set, _) = parse(r"[a-z {Hello,\ World!}]").unwrap();
[INFO] [stdout] 2067 +         let (set, _) = r"[a-z {Hello,\ World!}]".parse().unwrap();
[INFO] [stdout]      |
[INFO] [stdout] 
[INFO] [stdout] 
[INFO] [stdout] error[E0425]: cannot find function `parse` in this scope
[INFO] [stdout]     --> src/parse.rs:2199:33
[INFO] [stdout]      |
[INFO] [stdout] 2199 |             let (_, consumed) = parse(source).unwrap();
[INFO] [stdout]      |                                 ^^^^^ not found in this scope
[INFO] [stdout]      |
[INFO] [stdout] help: use the `.` operator to call the method `parse` on `&str`
[INFO] [stdout]      |
[INFO] [stdout] 2199 -             let (_, consumed) = parse(source).unwrap();
[INFO] [stdout] 2199 +             let (_, consumed) = source.parse().unwrap();
[INFO] [stdout]      |
[INFO] [stdout] 
[INFO] [stdout] 
[INFO] [stdout] error[E0425]: cannot find function `parse_with_variables` in this scope
[INFO] [stdout]     --> src/parse.rs:2201:33
[INFO] [stdout]      |
[INFO] [stdout] 2201 |             let (_, consumed) = parse_with_variables(source, &vm).unwrap();
[INFO] [stdout]      |                                 ^^^^^^^^^^^^^^^^^^^^ not found in this scope
[INFO] [stdout] 
[INFO] [stdout] 
[INFO] [stdout] error: aborting due to 7 previous errors
[INFO] [stdout] 
[INFO] [stdout] 
[INFO] [stdout] For more information about this error, try `rustc --explain E0425`.
[INFO] [stdout] 
[INFO] [stderr] error: could not compile `icu_unicodeset_parse` (lib test) due to 8 previous errors
[INFO] [stderr] warning: build failed, waiting for other jobs to finish...
[INFO] running `Command { std: "docker" "inspect" "0864d4a09265413bacb676168b939225225a9e68bf677e565d7c2c1fe0aa802a", kill_on_drop: false }`
[INFO] running `Command { std: "docker" "rm" "-f" "0864d4a09265413bacb676168b939225225a9e68bf677e565d7c2c1fe0aa802a", kill_on_drop: false }`
[INFO] [stdout] 0864d4a09265413bacb676168b939225225a9e68bf677e565d7c2c1fe0aa802a
[INFO] checking icu_unicodeset_parse-0.1.2 against nightly-2024-02-05+rustflags=-Dunexpected_cfgs+cargoflags=-Zcheck-cfg for check-cfg
[INFO] extracting crate icu_unicodeset_parse 0.1.2 into /workspace/builds/worker-0-tc2/source
[INFO] validating manifest of crates.io crate icu_unicodeset_parse 0.1.2 on toolchain nightly-2024-02-05
[INFO] running `Command { std: CARGO_HOME="/workspace/cargo-home" RUSTUP_HOME="/workspace/rustup-home" "/workspace/cargo-home/bin/cargo" "+nightly-2024-02-05" "metadata" "--manifest-path" "Cargo.toml" "--no-deps", kill_on_drop: false }`
[INFO] started tweaking crates.io crate icu_unicodeset_parse 0.1.2
[INFO] finished tweaking crates.io crate icu_unicodeset_parse 0.1.2
[INFO] tweaked toml for crates.io crate icu_unicodeset_parse 0.1.2 written to /workspace/builds/worker-0-tc2/source/Cargo.toml
[INFO] running `Command { std: CARGO_HOME="/workspace/cargo-home" RUSTUP_HOME="/workspace/rustup-home" "/workspace/cargo-home/bin/cargo" "+nightly-2024-02-05" "generate-lockfile" "--manifest-path" "Cargo.toml", kill_on_drop: false }`
[INFO] [stderr]     Updating crates.io index
[INFO] running `Command { std: CARGO_HOME="/workspace/cargo-home" RUSTUP_HOME="/workspace/rustup-home" "/workspace/cargo-home/bin/cargo" "+nightly-2024-02-05" "fetch" "--manifest-path" "Cargo.toml", kill_on_drop: false }`
[INFO] running `Command { std: "docker" "create" "-v" "/var/lib/crater-agent-workspace/builds/worker-0-tc2/target:/opt/rustwide/target:rw,Z" "-v" "/var/lib/crater-agent-workspace/builds/worker-0-tc2/source:/opt/rustwide/workdir:ro,Z" "-v" "/var/lib/crater-agent-workspace/cargo-home:/opt/rustwide/cargo-home:ro,Z" "-v" "/var/lib/crater-agent-workspace/rustup-home:/opt/rustwide/rustup-home:ro,Z" "-e" "SOURCE_DIR=/opt/rustwide/workdir" "-e" "CARGO_TARGET_DIR=/opt/rustwide/target" "-e" "CARGO_HOME=/opt/rustwide/cargo-home" "-e" "RUSTUP_HOME=/opt/rustwide/rustup-home" "-w" "/opt/rustwide/workdir" "-m" "1610612736" "--user" "0:0" "--network" "none" "ghcr.io/rust-lang/crates-build-env/linux@sha256:2788e3201cd34a07e3172128adcd8b3090168a8e3bcc40d7c032b9dda1df7d1c" "/opt/rustwide/cargo-home/bin/cargo" "+nightly-2024-02-05" "metadata" "--no-deps" "--format-version=1", kill_on_drop: false }`
[INFO] [stdout] 84ff82538c046ba81d8c9719ae5e4c082950e0a70f9c4c611061332c34e234b3
[INFO] running `Command { std: "docker" "start" "-a" "84ff82538c046ba81d8c9719ae5e4c082950e0a70f9c4c611061332c34e234b3", kill_on_drop: false }`
[INFO] running `Command { std: "docker" "inspect" "84ff82538c046ba81d8c9719ae5e4c082950e0a70f9c4c611061332c34e234b3", kill_on_drop: false }`
[INFO] running `Command { std: "docker" "rm" "-f" "84ff82538c046ba81d8c9719ae5e4c082950e0a70f9c4c611061332c34e234b3", kill_on_drop: false }`
[INFO] [stdout] 84ff82538c046ba81d8c9719ae5e4c082950e0a70f9c4c611061332c34e234b3
[INFO] running `Command { std: "docker" "create" "-v" "/var/lib/crater-agent-workspace/builds/worker-0-tc2/target:/opt/rustwide/target:rw,Z" "-v" "/var/lib/crater-agent-workspace/builds/worker-0-tc2/source:/opt/rustwide/workdir:ro,Z" "-v" "/var/lib/crater-agent-workspace/cargo-home:/opt/rustwide/cargo-home:ro,Z" "-v" "/var/lib/crater-agent-workspace/rustup-home:/opt/rustwide/rustup-home:ro,Z" "-e" "SOURCE_DIR=/opt/rustwide/workdir" "-e" "CARGO_TARGET_DIR=/opt/rustwide/target" "-e" "CARGO_INCREMENTAL=0" "-e" "RUST_BACKTRACE=full" "-e" "RUSTFLAGS=--cap-lints=forbid -Dunexpected_cfgs" "-e" "RUSTDOCFLAGS=--cap-lints=forbid" "-e" "CARGO_HOME=/opt/rustwide/cargo-home" "-e" "RUSTUP_HOME=/opt/rustwide/rustup-home" "-w" "/opt/rustwide/workdir" "-m" "1610612736" "--user" "0:0" "--network" "none" "ghcr.io/rust-lang/crates-build-env/linux@sha256:2788e3201cd34a07e3172128adcd8b3090168a8e3bcc40d7c032b9dda1df7d1c" "/opt/rustwide/cargo-home/bin/cargo" "+nightly-2024-02-05" "check" "--frozen" "--all" "--all-targets" "--message-format=json" "-Zcheck-cfg", kill_on_drop: false }`
[INFO] [stdout] 99857d0dfe6c6d5361e5fca64ffe7fd06d7efa66c87c93eb2006426f60814a03
[INFO] running `Command { std: "docker" "start" "-a" "99857d0dfe6c6d5361e5fca64ffe7fd06d7efa66c87c93eb2006426f60814a03", kill_on_drop: false }`
[INFO] [stderr]    Compiling proc-macro2 v1.0.78
[INFO] [stderr]    Compiling unicode-ident v1.0.12
[INFO] [stderr]     Checking stable_deref_trait v1.2.0
[INFO] [stderr]     Checking litemap v0.7.2
[INFO] [stderr]     Checking writeable v0.5.4
[INFO] [stderr]    Compiling quote v1.0.35
[INFO] [stderr]    Compiling syn v2.0.48
[INFO] [stderr]    Compiling synstructure v0.13.1
[INFO] [stderr]    Compiling zerofrom-derive v0.1.3
[INFO] [stderr]    Compiling yoke-derive v0.7.3
[INFO] [stderr]    Compiling zerovec-derive v0.10.1
[INFO] [stderr]    Compiling displaydoc v0.2.4
[INFO] [stderr]    Compiling icu_provider_macros v1.4.0
[INFO] [stderr]     Checking zerofrom v0.1.3
[INFO] [stderr]     Checking yoke v0.7.3
[INFO] [stderr]     Checking zerovec v0.10.1
[INFO] [stderr]     Checking tinystr v0.7.5
[INFO] [stderr]     Checking icu_collections v1.4.0
[INFO] [stderr]     Checking icu_locid v1.4.0
[INFO] [stderr]     Checking icu_provider v1.4.0
[INFO] [stderr]     Checking icu_properties v1.4.0
[INFO] [stderr]     Checking icu_unicodeset_parse v0.1.2 (/opt/rustwide/workdir)
[INFO] [stdout] error[E0425]: cannot find function `parse_with_variables` in this scope
[INFO] [stdout]     --> src/parse.rs:1793:22
[INFO] [stdout]      |
[INFO] [stdout] 1793 |         let result = parse_with_variables(source, vm);
[INFO] [stdout]      |                      ^^^^^^^^^^^^^^^^^^^^ not found in this scope
[INFO] [stdout] 
[INFO] [stdout] 
[INFO] [stdout] error[E0425]: cannot find function `parse` in this scope
[INFO] [stdout]     --> src/parse.rs:1814:24
[INFO] [stdout]      |
[INFO] [stdout] 1814 |         let (set, _) = parse(r"[a-z {Hello,\ World!}]").unwrap();
[INFO] [stdout]      |                        ^^^^^ not found in this scope
[INFO] [stdout]      |
[INFO] [stdout] help: use the `.` operator to call the method `parse` on `&str`
[INFO] [stdout]      |
[INFO] [stdout] 1814 -         let (set, _) = parse(r"[a-z {Hello,\ World!}]").unwrap();
[INFO] [stdout] 1814 +         let (set, _) = r"[a-z {Hello,\ World!}]".parse().unwrap();
[INFO] [stdout]      |
[INFO] [stdout] 
[INFO] [stdout] 
[INFO] [stdout] error[E0425]: cannot find function `parse_with_variables` in this scope
[INFO] [stdout]     --> src/parse.rs:1853:26
[INFO] [stdout]      |
[INFO] [stdout] 1853 |             let parsed = parse_with_variables(source, variable_map);
[INFO] [stdout]      |                          ^^^^^^^^^^^^^^^^^^^^ not found in this scope
[INFO] [stdout] 
[INFO] [stdout] 
[INFO] [stdout] error[E0425]: cannot find function `parse` in this scope
[INFO] [stdout]     --> src/parse.rs:2037:26
[INFO] [stdout]      |
[INFO] [stdout] 2037 |             let parsed = parse(source);
[INFO] [stdout]      |                          ^^^^^ not found in this scope
[INFO] [stdout]      |
[INFO] [stdout] help: use the `.` operator to call the method `parse` on `&str`
[INFO] [stdout]      |
[INFO] [stdout] 2037 -             let parsed = parse(source);
[INFO] [stdout] 2037 +             let parsed = source.parse();
[INFO] [stdout]      |
[INFO] [stdout] 
[INFO] [stdout] 
[INFO] [stdout] error[E0425]: cannot find function `parse` in this scope
[INFO] [stdout]     --> src/parse.rs:2067:24
[INFO] [stdout]      |
[INFO] [stdout] 2067 |         let (set, _) = parse(r"[a-z {Hello,\ World!}]").unwrap();
[INFO] [stdout]      |                        ^^^^^ not found in this scope
[INFO] [stdout]      |
[INFO] [stdout] help: use the `.` operator to call the method `parse` on `&str`
[INFO] [stdout]      |
[INFO] [stdout] 2067 -         let (set, _) = parse(r"[a-z {Hello,\ World!}]").unwrap();
[INFO] [stdout] 2067 +         let (set, _) = r"[a-z {Hello,\ World!}]".parse().unwrap();
[INFO] [stdout]      |
[INFO] [stdout] 
[INFO] [stdout] 
[INFO] [stdout] error[E0425]: cannot find function `parse` in this scope
[INFO] [stdout]     --> src/parse.rs:2199:33
[INFO] [stdout]      |
[INFO] [stdout] 2199 |             let (_, consumed) = parse(source).unwrap();
[INFO] [stdout]      |                                 ^^^^^ not found in this scope
[INFO] [stdout]      |
[INFO] [stdout] help: use the `.` operator to call the method `parse` on `&str`
[INFO] [stdout]      |
[INFO] [stdout] 2199 -             let (_, consumed) = parse(source).unwrap();
[INFO] [stdout] 2199 +             let (_, consumed) = source.parse().unwrap();
[INFO] [stdout]      |
[INFO] [stdout] 
[INFO] [stdout] 
[INFO] [stdout] error[E0425]: cannot find function `parse_with_variables` in this scope
[INFO] [stdout]     --> src/parse.rs:2201:33
[INFO] [stdout]      |
[INFO] [stdout] 2201 |             let (_, consumed) = parse_with_variables(source, &vm).unwrap();
[INFO] [stdout]      |                                 ^^^^^^^^^^^^^^^^^^^^ not found in this scope
[INFO] [stdout] 
[INFO] [stdout] 
[INFO] [stdout] error: aborting due to 7 previous errors
[INFO] [stdout] 
[INFO] [stdout] 
[INFO] [stdout] For more information about this error, try `rustc --explain E0425`.
[INFO] [stdout] 
[INFO] [stderr] error: could not compile `icu_unicodeset_parse` (lib test) due to 8 previous errors
[INFO] [stderr] warning: build failed, waiting for other jobs to finish...
[INFO] running `Command { std: "docker" "inspect" "99857d0dfe6c6d5361e5fca64ffe7fd06d7efa66c87c93eb2006426f60814a03", kill_on_drop: false }`
[INFO] running `Command { std: "docker" "rm" "-f" "99857d0dfe6c6d5361e5fca64ffe7fd06d7efa66c87c93eb2006426f60814a03", kill_on_drop: false }`
[INFO] [stdout] 99857d0dfe6c6d5361e5fca64ffe7fd06d7efa66c87c93eb2006426f60814a03
