[INFO] fetching crate icu_provider 1.4.0...
[INFO] checking icu_provider-1.4.0 against nightly-2024-02-05 for check-cfg
[INFO] extracting crate icu_provider 1.4.0 into /workspace/builds/worker-4-tc1/source
[INFO] validating manifest of crates.io crate icu_provider 1.4.0 on toolchain nightly-2024-02-05
[INFO] running `Command { std: CARGO_HOME="/workspace/cargo-home" RUSTUP_HOME="/workspace/rustup-home" "/workspace/cargo-home/bin/cargo" "+nightly-2024-02-05" "metadata" "--manifest-path" "Cargo.toml" "--no-deps", kill_on_drop: false }`
[INFO] started tweaking crates.io crate icu_provider 1.4.0
[INFO] finished tweaking crates.io crate icu_provider 1.4.0
[INFO] tweaked toml for crates.io crate icu_provider 1.4.0 written to /workspace/builds/worker-4-tc1/source/Cargo.toml
[INFO] running `Command { std: CARGO_HOME="/workspace/cargo-home" RUSTUP_HOME="/workspace/rustup-home" "/workspace/cargo-home/bin/cargo" "+nightly-2024-02-05" "generate-lockfile" "--manifest-path" "Cargo.toml", kill_on_drop: false }`
[INFO] [stderr]     Updating crates.io index
[INFO] running `Command { std: CARGO_HOME="/workspace/cargo-home" RUSTUP_HOME="/workspace/rustup-home" "/workspace/cargo-home/bin/cargo" "+nightly-2024-02-05" "fetch" "--manifest-path" "Cargo.toml", kill_on_drop: false }`
[INFO] [stderr]  Downloading crates ...
[INFO] [stderr]   Downloaded databake-derive v0.1.7
[INFO] [stderr]   Downloaded databake v0.1.7
[INFO] running `Command { std: "docker" "create" "-v" "/var/lib/crater-agent-workspace/builds/worker-4-tc1/target:/opt/rustwide/target:rw,Z" "-v" "/var/lib/crater-agent-workspace/builds/worker-4-tc1/source:/opt/rustwide/workdir:ro,Z" "-v" "/var/lib/crater-agent-workspace/cargo-home:/opt/rustwide/cargo-home:ro,Z" "-v" "/var/lib/crater-agent-workspace/rustup-home:/opt/rustwide/rustup-home:ro,Z" "-e" "SOURCE_DIR=/opt/rustwide/workdir" "-e" "CARGO_TARGET_DIR=/opt/rustwide/target" "-e" "CARGO_HOME=/opt/rustwide/cargo-home" "-e" "RUSTUP_HOME=/opt/rustwide/rustup-home" "-w" "/opt/rustwide/workdir" "-m" "1610612736" "--user" "0:0" "--network" "none" "ghcr.io/rust-lang/crates-build-env/linux@sha256:2788e3201cd34a07e3172128adcd8b3090168a8e3bcc40d7c032b9dda1df7d1c" "/opt/rustwide/cargo-home/bin/cargo" "+nightly-2024-02-05" "metadata" "--no-deps" "--format-version=1", kill_on_drop: false }`
[INFO] [stdout] 83ea05a8324d8436c7f7e3c3300eafbb56d308ef28b31abf9f36a90ab494a01a
[INFO] running `Command { std: "docker" "start" "-a" "83ea05a8324d8436c7f7e3c3300eafbb56d308ef28b31abf9f36a90ab494a01a", kill_on_drop: false }`
[INFO] running `Command { std: "docker" "inspect" "83ea05a8324d8436c7f7e3c3300eafbb56d308ef28b31abf9f36a90ab494a01a", kill_on_drop: false }`
[INFO] running `Command { std: "docker" "rm" "-f" "83ea05a8324d8436c7f7e3c3300eafbb56d308ef28b31abf9f36a90ab494a01a", kill_on_drop: false }`
[INFO] [stdout] 83ea05a8324d8436c7f7e3c3300eafbb56d308ef28b31abf9f36a90ab494a01a
[INFO] running `Command { std: "docker" "create" "-v" "/var/lib/crater-agent-workspace/builds/worker-4-tc1/target:/opt/rustwide/target:rw,Z" "-v" "/var/lib/crater-agent-workspace/builds/worker-4-tc1/source:/opt/rustwide/workdir:ro,Z" "-v" "/var/lib/crater-agent-workspace/cargo-home:/opt/rustwide/cargo-home:ro,Z" "-v" "/var/lib/crater-agent-workspace/rustup-home:/opt/rustwide/rustup-home:ro,Z" "-e" "SOURCE_DIR=/opt/rustwide/workdir" "-e" "CARGO_TARGET_DIR=/opt/rustwide/target" "-e" "CARGO_INCREMENTAL=0" "-e" "RUST_BACKTRACE=full" "-e" "RUSTFLAGS=--cap-lints=forbid" "-e" "RUSTDOCFLAGS=--cap-lints=forbid" "-e" "CARGO_HOME=/opt/rustwide/cargo-home" "-e" "RUSTUP_HOME=/opt/rustwide/rustup-home" "-w" "/opt/rustwide/workdir" "-m" "1610612736" "--user" "0:0" "--network" "none" "ghcr.io/rust-lang/crates-build-env/linux@sha256:2788e3201cd34a07e3172128adcd8b3090168a8e3bcc40d7c032b9dda1df7d1c" "/opt/rustwide/cargo-home/bin/cargo" "+nightly-2024-02-05" "check" "--frozen" "--all" "--all-targets" "--message-format=json", kill_on_drop: false }`
[INFO] [stdout] b75d13698338f6e04d5bab0877b632e3089fcae3def1e8ea892610f934f6d0a7
[INFO] running `Command { std: "docker" "start" "-a" "b75d13698338f6e04d5bab0877b632e3089fcae3def1e8ea892610f934f6d0a7", kill_on_drop: false }`
[INFO] [stderr]    Compiling serde v1.0.196
[INFO] [stderr]     Checking writeable v0.5.4
[INFO] [stderr]     Checking litemap v0.7.2
[INFO] [stderr]     Checking stable_deref_trait v1.2.0
[INFO] [stderr]    Compiling syn v2.0.48
[INFO] [stderr]    Compiling synstructure v0.13.1
[INFO] [stderr]    Compiling zerofrom-derive v0.1.3
[INFO] [stderr]    Compiling displaydoc v0.2.4
[INFO] [stderr]    Compiling yoke-derive v0.7.3
[INFO] [stderr]    Compiling zerovec-derive v0.10.1
[INFO] [stderr]     Checking serde_json v1.0.113
[INFO] [stderr]     Checking tinystr v0.7.5
[INFO] [stderr]     Checking icu_locid v1.4.0
[INFO] [stderr]     Checking zerofrom v0.1.3
[INFO] [stderr]     Checking yoke v0.7.3
[INFO] [stderr]     Checking zerovec v0.10.1
[INFO] [stderr]     Checking icu_provider v1.4.0 (/opt/rustwide/workdir)
[INFO] [stdout] error[E0432]: unresolved import `serde`
[INFO] [stdout]   --> src/data_provider.rs:59:9
[INFO] [stdout]    |
[INFO] [stdout] 59 |     use serde::{Deserialize, Serialize};
[INFO] [stdout]    |         ^^^^^ use of undeclared crate or module `serde`
[INFO] [stdout] 
[INFO] [stdout] 
[INFO] [stdout] error: cannot find attribute `serde` in this scope
[INFO] [stdout]   --> src/data_provider.rs:89:11
[INFO] [stdout]    |
[INFO] [stdout] 89 |         #[serde(borrow)]
[INFO] [stdout]    |           ^^^^^
[INFO] [stdout] 
[INFO] [stdout] 
[INFO] [stdout] error[E0277]: the trait bound `HelloCombined<'_>: serde::de::Deserialize<'_>` is not satisfied
[INFO] [stdout]     --> src/data_provider.rs:159:35
[INFO] [stdout]      |
[INFO] [stdout] 159  |         let data: HelloCombined = serde_json::from_str(data).expect("Well-formed data");
[INFO] [stdout]      |                                   ^^^^^^^^^^^^^^^^^^^^^^^^^^ the trait `serde::de::Deserialize<'_>` is not implemented for `HelloCombined<'_>`
[INFO] [stdout]      |
[INFO] [stdout]      = help: the following other types implement trait `serde::de::Deserialize<'de>`:
[INFO] [stdout]                bool
[INFO] [stdout]                char
[INFO] [stdout]                isize
[INFO] [stdout]                i8
[INFO] [stdout]                i16
[INFO] [stdout]                i32
[INFO] [stdout]                i64
[INFO] [stdout]                i128
[INFO] [stdout]              and 130 others
[INFO] [stdout] note: required by a bound in `serde_json::from_str`
[INFO] [stdout]     --> /opt/rustwide/cargo-home/registry/src/index.crates.io-6f17d22bba15001f/serde_json-1.0.113/src/de.rs:2676:8
[INFO] [stdout]      |
[INFO] [stdout] 2674 | pub fn from_str<'a, T>(s: &'a str) -> Result<T>
[INFO] [stdout]      |        -------- required by a bound in this function
[INFO] [stdout] 2675 | where
[INFO] [stdout] 2676 |     T: de::Deserialize<'a>,
[INFO] [stdout]      |        ^^^^^^^^^^^^^^^^^^^ required by this bound in `from_str`
[INFO] [stdout] 
[INFO] [stdout] 
[INFO] [stdout] error: aborting due to 3 previous errors
[INFO] [stdout] 
[INFO] [stdout] 
[INFO] [stdout] Some errors have detailed explanations: E0277, E0432.
[INFO] [stdout] 
[INFO] [stdout] For more information about an error, try `rustc --explain E0277`.
[INFO] [stdout] 
[INFO] [stderr] error: could not compile `icu_provider` (lib test) due to 4 previous errors
[INFO] [stderr] warning: build failed, waiting for other jobs to finish...
[INFO] running `Command { std: "docker" "inspect" "b75d13698338f6e04d5bab0877b632e3089fcae3def1e8ea892610f934f6d0a7", kill_on_drop: false }`
[INFO] running `Command { std: "docker" "rm" "-f" "b75d13698338f6e04d5bab0877b632e3089fcae3def1e8ea892610f934f6d0a7", kill_on_drop: false }`
[INFO] [stdout] b75d13698338f6e04d5bab0877b632e3089fcae3def1e8ea892610f934f6d0a7
[INFO] checking icu_provider-1.4.0 against nightly-2024-02-05+rustflags=-Dunexpected_cfgs+cargoflags=-Zcheck-cfg for check-cfg
[INFO] extracting crate icu_provider 1.4.0 into /workspace/builds/worker-4-tc2/source
[INFO] validating manifest of crates.io crate icu_provider 1.4.0 on toolchain nightly-2024-02-05
[INFO] running `Command { std: CARGO_HOME="/workspace/cargo-home" RUSTUP_HOME="/workspace/rustup-home" "/workspace/cargo-home/bin/cargo" "+nightly-2024-02-05" "metadata" "--manifest-path" "Cargo.toml" "--no-deps", kill_on_drop: false }`
[INFO] started tweaking crates.io crate icu_provider 1.4.0
[INFO] finished tweaking crates.io crate icu_provider 1.4.0
[INFO] tweaked toml for crates.io crate icu_provider 1.4.0 written to /workspace/builds/worker-4-tc2/source/Cargo.toml
[INFO] running `Command { std: CARGO_HOME="/workspace/cargo-home" RUSTUP_HOME="/workspace/rustup-home" "/workspace/cargo-home/bin/cargo" "+nightly-2024-02-05" "generate-lockfile" "--manifest-path" "Cargo.toml", kill_on_drop: false }`
[INFO] [stderr]     Updating crates.io index
[INFO] running `Command { std: CARGO_HOME="/workspace/cargo-home" RUSTUP_HOME="/workspace/rustup-home" "/workspace/cargo-home/bin/cargo" "+nightly-2024-02-05" "fetch" "--manifest-path" "Cargo.toml", kill_on_drop: false }`
[INFO] [stderr]     Blocking waiting for file lock on package cache
[INFO] [stderr]     Blocking waiting for file lock on package cache
[INFO] running `Command { std: "docker" "create" "-v" "/var/lib/crater-agent-workspace/builds/worker-4-tc2/target:/opt/rustwide/target:rw,Z" "-v" "/var/lib/crater-agent-workspace/builds/worker-4-tc2/source:/opt/rustwide/workdir:ro,Z" "-v" "/var/lib/crater-agent-workspace/cargo-home:/opt/rustwide/cargo-home:ro,Z" "-v" "/var/lib/crater-agent-workspace/rustup-home:/opt/rustwide/rustup-home:ro,Z" "-e" "SOURCE_DIR=/opt/rustwide/workdir" "-e" "CARGO_TARGET_DIR=/opt/rustwide/target" "-e" "CARGO_HOME=/opt/rustwide/cargo-home" "-e" "RUSTUP_HOME=/opt/rustwide/rustup-home" "-w" "/opt/rustwide/workdir" "-m" "1610612736" "--user" "0:0" "--network" "none" "ghcr.io/rust-lang/crates-build-env/linux@sha256:2788e3201cd34a07e3172128adcd8b3090168a8e3bcc40d7c032b9dda1df7d1c" "/opt/rustwide/cargo-home/bin/cargo" "+nightly-2024-02-05" "metadata" "--no-deps" "--format-version=1", kill_on_drop: false }`
[INFO] [stdout] ec4529e510bee7ea959e7226bbd55420ec347f98d1323156667b9aa93d500276
[INFO] running `Command { std: "docker" "start" "-a" "ec4529e510bee7ea959e7226bbd55420ec347f98d1323156667b9aa93d500276", kill_on_drop: false }`
[INFO] running `Command { std: "docker" "inspect" "ec4529e510bee7ea959e7226bbd55420ec347f98d1323156667b9aa93d500276", kill_on_drop: false }`
[INFO] running `Command { std: "docker" "rm" "-f" "ec4529e510bee7ea959e7226bbd55420ec347f98d1323156667b9aa93d500276", kill_on_drop: false }`
[INFO] [stdout] ec4529e510bee7ea959e7226bbd55420ec347f98d1323156667b9aa93d500276
[INFO] running `Command { std: "docker" "create" "-v" "/var/lib/crater-agent-workspace/builds/worker-4-tc2/target:/opt/rustwide/target:rw,Z" "-v" "/var/lib/crater-agent-workspace/builds/worker-4-tc2/source:/opt/rustwide/workdir:ro,Z" "-v" "/var/lib/crater-agent-workspace/cargo-home:/opt/rustwide/cargo-home:ro,Z" "-v" "/var/lib/crater-agent-workspace/rustup-home:/opt/rustwide/rustup-home:ro,Z" "-e" "SOURCE_DIR=/opt/rustwide/workdir" "-e" "CARGO_TARGET_DIR=/opt/rustwide/target" "-e" "CARGO_INCREMENTAL=0" "-e" "RUST_BACKTRACE=full" "-e" "RUSTFLAGS=--cap-lints=forbid -Dunexpected_cfgs" "-e" "RUSTDOCFLAGS=--cap-lints=forbid" "-e" "CARGO_HOME=/opt/rustwide/cargo-home" "-e" "RUSTUP_HOME=/opt/rustwide/rustup-home" "-w" "/opt/rustwide/workdir" "-m" "1610612736" "--user" "0:0" "--network" "none" "ghcr.io/rust-lang/crates-build-env/linux@sha256:2788e3201cd34a07e3172128adcd8b3090168a8e3bcc40d7c032b9dda1df7d1c" "/opt/rustwide/cargo-home/bin/cargo" "+nightly-2024-02-05" "check" "--frozen" "--all" "--all-targets" "--message-format=json" "-Zcheck-cfg", kill_on_drop: false }`
[INFO] [stdout] 79db19cefcbb23960985701daf3cebe086a8611eafaf039cacf463b3e72f66b4
[INFO] running `Command { std: "docker" "start" "-a" "79db19cefcbb23960985701daf3cebe086a8611eafaf039cacf463b3e72f66b4", kill_on_drop: false }`
[INFO] [stderr]    Compiling serde v1.0.196
[INFO] [stderr]     Checking stable_deref_trait v1.2.0
[INFO] [stderr]     Checking writeable v0.5.4
[INFO] [stderr]     Checking litemap v0.7.2
[INFO] [stderr]    Compiling syn v2.0.48
[INFO] [stderr]    Compiling synstructure v0.13.1
[INFO] [stderr]    Compiling zerofrom-derive v0.1.3
[INFO] [stderr]    Compiling displaydoc v0.2.4
[INFO] [stderr]    Compiling yoke-derive v0.7.3
[INFO] [stderr]    Compiling zerovec-derive v0.10.1
[INFO] [stderr]     Checking serde_json v1.0.113
[INFO] [stderr]     Checking tinystr v0.7.5
[INFO] [stderr]     Checking icu_locid v1.4.0
[INFO] [stderr]     Checking zerofrom v0.1.3
[INFO] [stderr]     Checking zerovec v0.10.1
[INFO] [stderr]     Checking yoke v0.7.3
[INFO] [stderr]     Checking icu_provider v1.4.0 (/opt/rustwide/workdir)
[INFO] [stdout] error: unexpected `cfg` condition value: `compiled_data`
[INFO] [stdout]    --> src/constructors.rs:275:15
[INFO] [stdout]     |
[INFO] [stdout] 275 |           #[cfg(feature = "compiled_data")]
[INFO] [stdout]     |                 ^^^^^^^^^^^^^^^^^^^^^^^^^
[INFO] [stdout]     |
[INFO] [stdout]    ::: src/hello_world.rs:270:5
[INFO] [stdout]     |
[INFO] [stdout] 270 | /     icu_provider::gen_any_buffer_data_constructors!(locale: include, options: skip, error: DataError,
[INFO] [stdout] 271 | |         #[cfg(skip)]
[INFO] [stdout] 272 | |         functions: [
[INFO] [stdout] 273 | |             try_new,
[INFO] [stdout] ...   |
[INFO] [stdout] 277 | |             Self,
[INFO] [stdout] 278 | |     ]);
[INFO] [stdout]     | |______- in this macro invocation
[INFO] [stdout]     |
[INFO] [stdout]     = note: expected values for `feature` are: `datagen`, `deserialize_bincode_1`, `deserialize_json`, `deserialize_postcard_1`, `experimental`, `log_error_context`, `logging`, `macros`, `serde`, `std`, `sync`
[INFO] [stdout]     = help: consider adding `compiled_data` as a feature in `Cargo.toml`
[INFO] [stdout]     = note: see <https://doc.rust-lang.org/nightly/cargo/reference/unstable.html#check-cfg> for more information about checking conditional configuration
[INFO] [stdout]     = note: requested on the command line with `-D unexpected-cfgs`
[INFO] [stdout]     = note: this error originates in the macro `icu_provider::gen_any_buffer_data_constructors` (in Nightly builds, run with -Z macro-backtrace for more info)
[INFO] [stdout] 
[INFO] [stdout] 
[INFO] [stdout] error[E0432]: unresolved import `serde`
[INFO] [stdout]   --> src/data_provider.rs:59:9
[INFO] [stdout]    |
[INFO] [stdout] 59 |     use serde::{Deserialize, Serialize};
[INFO] [stdout]    |         ^^^^^ use of undeclared crate or module `serde`
[INFO] [stdout] 
[INFO] [stdout] 
[INFO] [stdout] error: cannot find attribute `serde` in this scope
[INFO] [stdout]   --> src/data_provider.rs:89:11
[INFO] [stdout]    |
[INFO] [stdout] 89 |         #[serde(borrow)]
[INFO] [stdout]    |           ^^^^^
[INFO] [stdout] 
[INFO] [stdout] 
[INFO] [stdout] error: unexpected `cfg` condition value: `compiled_data`
[INFO] [stdout]    --> src/constructors.rs:275:15
[INFO] [stdout]     |
[INFO] [stdout] 275 |           #[cfg(feature = "compiled_data")]
[INFO] [stdout]     |                 ^^^^^^^^^^^^^^^^^^^^^^^^^
[INFO] [stdout]     |
[INFO] [stdout]    ::: src/hello_world.rs:270:5
[INFO] [stdout]     |
[INFO] [stdout] 270 | /     icu_provider::gen_any_buffer_data_constructors!(locale: include, options: skip, error: DataError,
[INFO] [stdout] 271 | |         #[cfg(skip)]
[INFO] [stdout] 272 | |         functions: [
[INFO] [stdout] 273 | |             try_new,
[INFO] [stdout] ...   |
[INFO] [stdout] 277 | |             Self,
[INFO] [stdout] 278 | |     ]);
[INFO] [stdout]     | |______- in this macro invocation
[INFO] [stdout]     |
[INFO] [stdout]     = note: expected values for `feature` are: `datagen`, `deserialize_bincode_1`, `deserialize_json`, `deserialize_postcard_1`, `experimental`, `log_error_context`, `logging`, `macros`, `serde`, `std`, `sync`
[INFO] [stdout]     = help: consider adding `compiled_data` as a feature in `Cargo.toml`
[INFO] [stdout]     = note: see <https://doc.rust-lang.org/nightly/cargo/reference/unstable.html#check-cfg> for more information about checking conditional configuration
[INFO] [stdout]     = note: requested on the command line with `-D unexpected-cfgs`
[INFO] [stdout]     = note: this error originates in the macro `icu_provider::gen_any_buffer_data_constructors` (in Nightly builds, run with -Z macro-backtrace for more info)
[INFO] [stdout] 
[INFO] [stdout] 
[INFO] [stdout] error[E0277]: the trait bound `HelloCombined<'_>: serde::de::Deserialize<'_>` is not satisfied
[INFO] [stdout]     --> src/data_provider.rs:159:35
[INFO] [stdout]      |
[INFO] [stdout] 159  |         let data: HelloCombined = serde_json::from_str(data).expect("Well-formed data");
[INFO] [stdout]      |                                   ^^^^^^^^^^^^^^^^^^^^^^^^^^ the trait `serde::de::Deserialize<'_>` is not implemented for `HelloCombined<'_>`
[INFO] [stdout]      |
[INFO] [stdout]      = help: the following other types implement trait `serde::de::Deserialize<'de>`:
[INFO] [stdout]                bool
[INFO] [stdout]                char
[INFO] [stdout]                isize
[INFO] [stdout]                i8
[INFO] [stdout]                i16
[INFO] [stdout]                i32
[INFO] [stdout]                i64
[INFO] [stdout]                i128
[INFO] [stdout]              and 130 others
[INFO] [stdout] note: required by a bound in `serde_json::from_str`
[INFO] [stdout]     --> /opt/rustwide/cargo-home/registry/src/index.crates.io-6f17d22bba15001f/serde_json-1.0.113/src/de.rs:2676:8
[INFO] [stdout]      |
[INFO] [stdout] 2674 | pub fn from_str<'a, T>(s: &'a str) -> Result<T>
[INFO] [stdout]      |        -------- required by a bound in this function
[INFO] [stdout] 2675 | where
[INFO] [stdout] 2676 |     T: de::Deserialize<'a>,
[INFO] [stdout]      |        ^^^^^^^^^^^^^^^^^^^ required by this bound in `from_str`
[INFO] [stdout] 
[INFO] [stdout] 
[INFO] [stdout] error: aborting due to 4 previous errors
[INFO] [stdout] 
[INFO] [stdout] 
[INFO] [stdout] Some errors have detailed explanations: E0277, E0432.
[INFO] [stdout] 
[INFO] [stdout] For more information about an error, try `rustc --explain E0277`.
[INFO] [stdout] 
[INFO] [stderr] error: could not compile `icu_provider` (lib test) due to 5 previous errors
[INFO] [stderr] warning: build failed, waiting for other jobs to finish...
[INFO] [stdout] error: aborting due to 1 previous error
[INFO] [stdout] 
[INFO] [stdout] 
[INFO] [stderr] error: could not compile `icu_provider` (lib) due to 2 previous errors
[INFO] running `Command { std: "docker" "inspect" "79db19cefcbb23960985701daf3cebe086a8611eafaf039cacf463b3e72f66b4", kill_on_drop: false }`
[INFO] running `Command { std: "docker" "rm" "-f" "79db19cefcbb23960985701daf3cebe086a8611eafaf039cacf463b3e72f66b4", kill_on_drop: false }`
[INFO] [stdout] 79db19cefcbb23960985701daf3cebe086a8611eafaf039cacf463b3e72f66b4
