[INFO] fetching crate i-slint-renderer-skia 1.3.2...
[INFO] checking i-slint-renderer-skia-1.3.2 against nightly-2024-02-05 for check-cfg
[INFO] extracting crate i-slint-renderer-skia 1.3.2 into /workspace/builds/worker-0-tc1/source
[INFO] validating manifest of crates.io crate i-slint-renderer-skia 1.3.2 on toolchain nightly-2024-02-05
[INFO] running `Command { std: CARGO_HOME="/workspace/cargo-home" RUSTUP_HOME="/workspace/rustup-home" "/workspace/cargo-home/bin/cargo" "+nightly-2024-02-05" "metadata" "--manifest-path" "Cargo.toml" "--no-deps", kill_on_drop: false }`
[INFO] started tweaking crates.io crate i-slint-renderer-skia 1.3.2
[INFO] finished tweaking crates.io crate i-slint-renderer-skia 1.3.2
[INFO] tweaked toml for crates.io crate i-slint-renderer-skia 1.3.2 written to /workspace/builds/worker-0-tc1/source/Cargo.toml
[INFO] running `Command { std: CARGO_HOME="/workspace/cargo-home" RUSTUP_HOME="/workspace/rustup-home" "/workspace/cargo-home/bin/cargo" "+nightly-2024-02-05" "generate-lockfile" "--manifest-path" "Cargo.toml", kill_on_drop: false }`
[INFO] [stderr]     Updating crates.io index
[INFO] running `Command { std: CARGO_HOME="/workspace/cargo-home" RUSTUP_HOME="/workspace/rustup-home" "/workspace/cargo-home/bin/cargo" "+nightly-2024-02-05" "fetch" "--manifest-path" "Cargo.toml", kill_on_drop: false }`
[INFO] [stderr]  Downloading crates ...
[INFO] [stderr]   Downloaded cocoa v0.25.0
[INFO] [stderr]   Downloaded core-graphics v0.23.1
[INFO] [stderr]   Downloaded data-url v0.3.1
[INFO] [stderr]   Downloaded web-time v0.2.4
[INFO] [stderr]   Downloaded scoped-tls-hkt v0.1.4
[INFO] [stderr]   Downloaded ctor v0.2.6
[INFO] [stderr]   Downloaded vtable v0.1.11
[INFO] [stderr]   Downloaded as-raw-xcb-connection v1.0.1
[INFO] [stderr]   Downloaded unicode-bidi-mirroring v0.1.0
[INFO] [stderr]   Downloaded lyon_algorithms v1.0.4
[INFO] [stderr]   Downloaded imagesize v0.12.0
[INFO] [stderr]   Downloaded const-field-offset-macro v0.1.3
[INFO] [stderr]   Downloaded lyon_geom v1.0.5
[INFO] [stderr]   Downloaded drm-ffi v0.7.1
[INFO] [stderr]   Downloaded pico-args v0.5.0
[INFO] [stderr]   Downloaded lyon_path v1.0.4
[INFO] [stderr]   Downloaded memmap2 v0.8.0
[INFO] [stderr]   Downloaded roxmltree v0.19.0
[INFO] [stderr]   Downloaded objc2 v0.4.1
[INFO] [stderr]   Downloaded x11rb-protocol v0.12.0
[INFO] [stderr]   Downloaded metal v0.27.0
[INFO] [stderr]   Downloaded linux-raw-sys v0.6.4
[INFO] [stderr]   Downloaded i-slint-common v1.3.2
[INFO] [stderr]   Downloaded icrate v0.0.4
[INFO] [stderr]   Downloaded vulkano v0.34.1
[INFO] [stderr]   Downloaded tiny-skia v0.11.4
[INFO] [stderr]   Downloaded quick-xml v0.31.0
[INFO] [stderr]   Downloaded skia-safe v0.68.0
[INFO] [stderr]   Downloaded rustybuzz v0.10.0
[INFO] [stderr]   Downloaded x11rb v0.12.0
[INFO] [stderr]   Downloaded i-slint-core v1.3.2
[INFO] [stderr]   Downloaded skia-bindings v0.68.0
[INFO] [stderr]   Downloaded glow v0.13.1
[INFO] [stderr]   Downloaded glutin_wgl_sys v0.5.0
[INFO] [stderr]   Downloaded fontdb v0.15.0
[INFO] [stderr]   Downloaded unicode-vo v0.1.0
[INFO] [stderr]   Downloaded rctree v0.5.0
[INFO] [stderr]   Downloaded kurbo v0.9.5
[INFO] [stderr]   Downloaded softbuffer v0.3.4
[INFO] [stderr]   Downloaded wayland-scanner v0.31.1
[INFO] [stderr]   Downloaded glutin v0.31.2
[INFO] [stderr]   Downloaded usvg-parser v0.36.0
[INFO] [stderr]   Downloaded wayland-client v0.31.2
[INFO] [stderr]   Downloaded drm v0.11.1
[INFO] [stderr]   Downloaded resvg v0.36.0
[INFO] [stderr]   Downloaded auto_enums v0.8.5
[INFO] [stderr]   Downloaded unicode-ccc v0.1.2
[INFO] [stderr]   Downloaded i-slint-core-macros v1.3.2
[INFO] [stderr]   Downloaded derive_utils v0.14.1
[INFO] [stderr]   Downloaded const-field-offset v0.1.3
[INFO] [stderr]   Downloaded vk-parse v0.12.0
[INFO] [stderr]   Downloaded unicode-script v0.5.5
[INFO] [stderr]   Downloaded usvg v0.36.0
[INFO] [stderr]   Downloaded vtable-macro v0.1.10
[INFO] [stderr]   Downloaded wayland-backend v0.3.3
[INFO] [stderr]   Downloaded glutin_glx_sys v0.5.0
[INFO] [stderr]   Downloaded block-sys v0.2.1
[INFO] [stderr]   Downloaded block2 v0.3.0
[INFO] [stderr]   Downloaded objc-sys v0.3.2
[INFO] [stderr]   Downloaded objc2-encode v3.0.0
[INFO] [stderr]   Downloaded lyon_extra v1.0.1
[INFO] [stderr]   Downloaded simplecss v0.2.1
[INFO] [stderr]   Downloaded rgb v0.8.37
[INFO] [stderr]   Downloaded pin-weak v1.1.0
[INFO] [stderr]   Downloaded tiny-skia-path v0.11.4
[INFO] [stderr]   Downloaded glutin_egl_sys v0.6.0
[INFO] [stderr]   Downloaded usvg-text-layout v0.36.0
[INFO] [stderr]   Downloaded drm-sys v0.6.1
[INFO] [stderr]   Downloaded fontconfig-parser v0.5.6
[INFO] [stderr]   Downloaded usvg-tree v0.36.0
[INFO] [stderr]   Downloaded tiny-xlib v0.2.2
[INFO] [stderr]   Downloaded xmlwriter v0.1.0
[INFO] [stderr]   Downloaded svgtypes v0.12.0
[INFO] [stderr]   Downloaded gethostname v0.3.0
[INFO] [stderr]   Downloaded wayland-sys v0.31.1
[INFO] [stderr]   Downloaded field-offset v0.3.6
[INFO] [stderr]   Downloaded drm-fourcc v2.2.0
[INFO] running `Command { std: "docker" "create" "-v" "/var/lib/crater-agent-workspace/builds/worker-0-tc1/target:/opt/rustwide/target:rw,Z" "-v" "/var/lib/crater-agent-workspace/builds/worker-0-tc1/source:/opt/rustwide/workdir:ro,Z" "-v" "/var/lib/crater-agent-workspace/cargo-home:/opt/rustwide/cargo-home:ro,Z" "-v" "/var/lib/crater-agent-workspace/rustup-home:/opt/rustwide/rustup-home:ro,Z" "-e" "SOURCE_DIR=/opt/rustwide/workdir" "-e" "CARGO_TARGET_DIR=/opt/rustwide/target" "-e" "CARGO_HOME=/opt/rustwide/cargo-home" "-e" "RUSTUP_HOME=/opt/rustwide/rustup-home" "-w" "/opt/rustwide/workdir" "-m" "1610612736" "--user" "0:0" "--network" "none" "ghcr.io/rust-lang/crates-build-env/linux@sha256:2788e3201cd34a07e3172128adcd8b3090168a8e3bcc40d7c032b9dda1df7d1c" "/opt/rustwide/cargo-home/bin/cargo" "+nightly-2024-02-05" "metadata" "--no-deps" "--format-version=1", kill_on_drop: false }`
[INFO] [stdout] f843bc53b16959acffc662b336ac53c40568f96011724f958093fbd8290cf717
[INFO] running `Command { std: "docker" "start" "-a" "f843bc53b16959acffc662b336ac53c40568f96011724f958093fbd8290cf717", kill_on_drop: false }`
[INFO] running `Command { std: "docker" "inspect" "f843bc53b16959acffc662b336ac53c40568f96011724f958093fbd8290cf717", kill_on_drop: false }`
[INFO] running `Command { std: "docker" "rm" "-f" "f843bc53b16959acffc662b336ac53c40568f96011724f958093fbd8290cf717", kill_on_drop: false }`
[INFO] [stdout] f843bc53b16959acffc662b336ac53c40568f96011724f958093fbd8290cf717
[INFO] running `Command { std: "docker" "create" "-v" "/var/lib/crater-agent-workspace/builds/worker-0-tc1/target:/opt/rustwide/target:rw,Z" "-v" "/var/lib/crater-agent-workspace/builds/worker-0-tc1/source:/opt/rustwide/workdir:ro,Z" "-v" "/var/lib/crater-agent-workspace/cargo-home:/opt/rustwide/cargo-home:ro,Z" "-v" "/var/lib/crater-agent-workspace/rustup-home:/opt/rustwide/rustup-home:ro,Z" "-e" "SOURCE_DIR=/opt/rustwide/workdir" "-e" "CARGO_TARGET_DIR=/opt/rustwide/target" "-e" "CARGO_INCREMENTAL=0" "-e" "RUST_BACKTRACE=full" "-e" "RUSTFLAGS=--cap-lints=forbid" "-e" "RUSTDOCFLAGS=--cap-lints=forbid" "-e" "CARGO_HOME=/opt/rustwide/cargo-home" "-e" "RUSTUP_HOME=/opt/rustwide/rustup-home" "-w" "/opt/rustwide/workdir" "-m" "1610612736" "--user" "0:0" "--network" "none" "ghcr.io/rust-lang/crates-build-env/linux@sha256:2788e3201cd34a07e3172128adcd8b3090168a8e3bcc40d7c032b9dda1df7d1c" "/opt/rustwide/cargo-home/bin/cargo" "+nightly-2024-02-05" "check" "--frozen" "--all" "--all-targets" "--message-format=json", kill_on_drop: false }`
[INFO] [stdout] e0b7cd628d4d67b54ad1be90e9dde05a6ae836fe656afa4fa1aa4b91ab746855
[INFO] running `Command { std: "docker" "start" "-a" "e0b7cd628d4d67b54ad1be90e9dde05a6ae836fe656afa4fa1aa4b91ab746855", kill_on_drop: false }`
[INFO] [stderr]    Compiling log v0.4.20
[INFO] [stderr]    Compiling serde v1.0.196
[INFO] [stderr]     Checking arrayvec v0.7.4
[INFO] [stderr]     Checking bytemuck v1.14.1
[INFO] [stderr]    Compiling libm v0.2.8
[INFO] [stderr]    Compiling syn v2.0.48
[INFO] [stderr]    Compiling num-traits v0.2.17
[INFO] [stderr]    Compiling ring v0.17.7
[INFO] [stderr]    Compiling memchr v2.7.1
[INFO] [stderr]    Compiling rustix v0.38.31
[INFO] [stderr]    Compiling version_check v0.9.4
[INFO] [stderr]    Compiling bitflags v2.4.2
[INFO] [stderr]    Compiling tinyvec_macros v0.1.1
[INFO] [stderr]     Checking float-cmp v0.9.0
[INFO] [stderr]    Compiling linux-raw-sys v0.4.13
[INFO] [stderr]    Compiling httparse v1.8.0
[INFO] [stderr]    Compiling glob v0.3.1
[INFO] [stderr]     Checking strict-num v0.1.1
[INFO] [stderr]    Compiling tinyvec v1.6.0
[INFO] [stderr]    Compiling slotmap v1.0.7
[INFO] [stderr]    Compiling getrandom v0.2.12
[INFO] [stderr]    Compiling clang-sys v1.7.0
[INFO] [stderr]    Compiling spin v0.9.8
[INFO] [stderr]    Compiling untrusted v0.9.0
[INFO] [stderr]    Compiling rustls-pki-types v1.2.0
[INFO] [stderr]    Compiling cfg_aliases v0.1.1
[INFO] [stderr]     Checking arrayref v0.3.7
[INFO] [stderr]    Compiling prettyplease v0.2.16
[INFO] [stderr]     Checking tiny-skia-path v0.11.4
[INFO] [stderr]    Compiling thiserror v1.0.56
[INFO] [stderr]    Compiling serde_json v1.0.113
[INFO] [stderr]    Compiling unicode-normalization v0.1.22
[INFO] [stderr]    Compiling aho-corasick v1.1.2
[INFO] [stderr]     Checking kurbo v0.9.5
[INFO] [stderr]    Compiling ryu v1.0.16
[INFO] [stderr]    Compiling adler v1.0.2
[INFO] [stderr]    Compiling rustls v0.22.2
[INFO] [stderr]    Compiling khronos_api v3.1.0
[INFO] [stderr]    Compiling itoa v1.0.10
[INFO] [stderr]    Compiling minimal-lexical v0.2.1
[INFO] [stderr]    Compiling percent-encoding v2.3.1
[INFO] [stderr]    Compiling unicode-bidi v0.3.15
[INFO] [stderr]    Compiling heck v0.4.1
[INFO] [stderr]     Checking roxmltree v0.19.0
[INFO] [stderr]    Compiling hashbrown v0.14.3
[INFO] [stderr]     Checking ttf-parser v0.19.2
[INFO] [stderr]    Compiling equivalent v1.0.1
[INFO] [stderr]    Compiling regex-syntax v0.8.2
[INFO] [stderr]    Compiling indexmap v2.2.2
[INFO] [stderr]     Checking fontconfig-parser v0.5.6
[INFO] [stderr]    Compiling idna v0.3.0
[INFO] [stderr]     Checking svgtypes v0.12.0
[INFO] [stderr]    Compiling nom v7.1.3
[INFO] [stderr]    Compiling form_urlencoded v1.2.1
[INFO] [stderr]    Compiling miniz_oxide v0.7.2
[INFO] [stderr]     Checking memmap2 v0.8.0
[INFO] [stderr]    Compiling hoot v0.1.3
[INFO] [stderr]    Compiling rustls-webpki v0.102.2
[INFO] [stderr]    Compiling crc32fast v1.3.2
[INFO] [stderr]    Compiling memoffset v0.9.0
[INFO] [stderr]    Compiling regex-automata v0.4.5
[INFO] [stderr]    Compiling libloading v0.8.1
[INFO] [stderr]    Compiling either v1.9.0
[INFO] [stderr]    Compiling fastrand v2.0.1
[INFO] [stderr]    Compiling bindgen v0.68.1
[INFO] [stderr]    Compiling home v0.5.9
[INFO] [stderr]     Checking rctree v0.5.0
[INFO] [stderr]    Compiling subtle v2.5.0
[INFO] [stderr]    Compiling winnow v0.5.37
[INFO] [stderr]    Compiling zeroize v1.7.0
[INFO] [stderr]    Compiling portable-atomic v1.6.0
[INFO] [stderr]     Checking usvg-tree v0.36.0
[INFO] [stderr]    Compiling cexpr v0.6.0
[INFO] [stderr]    Compiling which v4.4.2
[INFO] [stderr]    Compiling serde_derive v1.0.196
[INFO] [stderr]    Compiling thiserror-impl v1.0.56
[INFO] [stderr]    Compiling flate2 v1.0.28
[INFO] [stderr]     Checking fontdb v0.15.0
[INFO] [stderr]    Compiling field-offset v0.3.6
[INFO] [stderr]    Compiling url v2.3.1
[INFO] [stderr]    Compiling regex v1.10.3
[INFO] [stderr]    Compiling xattr v1.3.1
[INFO] [stderr]     Checking euclid v0.22.9
[INFO] [stderr]    Compiling webpki-roots v0.26.1
[INFO] [stderr]    Compiling filetime v0.2.23
[INFO] [stderr]    Compiling rustversion v1.0.14
[INFO] [stderr]    Compiling lazycell v1.3.0
[INFO] [stderr]    Compiling peeking_take_while v0.1.2
[INFO] [stderr]    Compiling syn v1.0.109
[INFO] [stderr]    Compiling xml-rs v0.8.19
[INFO] [stderr]     Checking smallvec v1.13.1
[INFO] [stderr]     Checking unicode-script v0.5.5
[INFO] [stderr]    Compiling rustc-hash v1.1.0
[INFO] [stderr]     Checking unicode-ccc v0.1.2
[INFO] [stderr]    Compiling shlex v1.3.0
[INFO] [stderr]     Checking unicode-bidi-mirroring v0.1.0
[INFO] [stderr]     Checking unicode-properties v0.1.1
[INFO] [stderr]    Compiling base64 v0.21.7
[INFO] [stderr]     Checking xmlparser v0.13.6
[INFO] [stderr]    Compiling lazy_static v1.4.0
[INFO] [stderr]    Compiling once_cell v1.19.0
[INFO] [stderr]     Checking critical-section v1.1.2
[INFO] [stderr]     Checking roxmltree v0.18.1
[INFO] [stderr]     Checking rustybuzz v0.10.0
[INFO] [stderr]    Compiling gl_generator v0.14.0
[INFO] [stderr]     Checking lyon_geom v1.0.5
[INFO] [stderr]    Compiling tar v0.4.40
[INFO] [stderr]     Checking simplecss v0.2.1
[INFO] [stderr]     Checking unicode-vo v0.1.0
[INFO] [stderr]     Checking data-url v0.3.1
[INFO] [stderr]     Checking imagesize v0.12.0
[INFO] [stderr]    Compiling wayland-sys v0.31.1
[INFO] [stderr]    Compiling glutin_egl_sys v0.6.0
[INFO] [stderr]     Checking usvg-parser v0.36.0
[INFO] [stderr]     Checking lyon_path v1.0.4
[INFO] [stderr]     Checking usvg-text-layout v0.36.0
[INFO] [stderr]    Compiling const-field-offset-macro v0.1.3
[INFO] [stderr]    Compiling slab v0.4.9
[INFO] [stderr]     Checking xmlwriter v0.1.0
[INFO] [stderr]    Compiling convert_case v0.4.0
[INFO] [stderr]     Checking pico-args v0.5.0
[INFO] [stderr]    Compiling strum_macros v0.25.3
[INFO] [stderr]     Checking tiny-skia v0.11.4
[INFO] [stderr]     Checking usvg v0.36.0
[INFO] [stderr]     Checking const-field-offset v0.1.3
[INFO] [stderr]    Compiling vtable-macro v0.1.10
[INFO] [stderr]    Compiling pin-project-internal v1.1.4
[INFO] [stderr]    Compiling derive_utils v0.14.1
[INFO] [stderr]    Compiling glutin v0.31.2
[INFO] [stderr]    Compiling softbuffer v0.3.4
[INFO] [stderr]     Checking rgb v0.8.37
[INFO] [stderr]    Compiling serde_spanned v0.6.5
[INFO] [stderr]    Compiling toml_datetime v0.6.5
[INFO] [stderr]     Checking raw-window-handle v0.5.2
[INFO] [stderr]     Checking stable_deref_trait v1.2.0
[INFO] [stderr]    Compiling toml_edit v0.22.4
[INFO] [stderr]     Checking image v0.24.8
[INFO] [stderr]     Checking vtable v0.1.11
[INFO] [stderr]     Checking resvg v0.36.0
[INFO] [stderr]     Checking pin-project v1.1.4
[INFO] [stderr]    Compiling auto_enums v0.8.5
[INFO] [stderr]     Checking strum v0.25.0
[INFO] [stderr]    Compiling hootbin v0.1.1
[INFO] [stderr]    Compiling ureq v2.9.4
[INFO] [stderr]     Checking lyon_extra v1.0.1
[INFO] [stderr]     Checking lyon_algorithms v1.0.4
[INFO] [stderr]    Compiling i-slint-core-macros v1.3.2
[INFO] [stderr]     Checking integer-sqrt v0.1.5
[INFO] [stderr]    Compiling i-slint-renderer-skia v1.3.2 (/opt/rustwide/workdir)
[INFO] [stderr]    Compiling derive_more v0.99.17
[INFO] [stderr]     Checking static_assertions v1.1.0
[INFO] [stderr]     Checking pin-weak v1.1.0
[INFO] [stderr]     Checking scopeguard v1.2.0
[INFO] [stderr]     Checking unicode-segmentation v1.10.1
[INFO] [stderr]     Checking clru v0.6.1
[INFO] [stderr]    Compiling toml v0.8.10
[INFO] [stderr]     Checking scoped-tls-hkt v0.1.4
[INFO] [stderr]     Checking unicode-linebreak v0.1.5
[INFO] [stdout] error[E0392]: parameter `'a` is never used
[INFO] [stdout]    --> /opt/rustwide/cargo-home/registry/src/index.crates.io-6f17d22bba15001f/softbuffer-0.3.4/src/lib.rs:115:29
[INFO] [stdout]     |
[INFO] [stdout] 115 |           enum BufferDispatch<'a> {
[INFO] [stdout]     |                               ^^ unused parameter
[INFO] [stdout] ...
[INFO] [stdout] 175 | / make_dispatch! {
[INFO] [stdout] 176 | |     #[cfg(x11_platform)]
[INFO] [stdout] 177 | |     X11(Rc<x11::X11DisplayImpl>, x11::X11Impl, x11::BufferImpl<'a>),
[INFO] [stdout] 178 | |     #[cfg(wayland_platform)]
[INFO] [stdout] ...   |
[INFO] [stdout] 189 | |     Orbital((), orbital::OrbitalImpl, orbital::BufferImpl<'a>),
[INFO] [stdout] 190 | | }
[INFO] [stdout]     | |_- in this macro invocation
[INFO] [stdout]     |
[INFO] [stdout]     = help: consider removing `'a`, referring to it in a field, or using a marker such as `PhantomData`
[INFO] [stdout]     = note: this error originates in the macro `make_dispatch` (in Nightly builds, run with -Z macro-backtrace for more info)
[INFO] [stdout] 
[INFO] [stdout] 
[INFO] [stdout] error[E0392]: parameter `'a` is never used
[INFO] [stdout]    --> /opt/rustwide/cargo-home/registry/src/index.crates.io-6f17d22bba15001f/softbuffer-0.3.4/src/lib.rs:429:19
[INFO] [stdout]     |
[INFO] [stdout] 429 | pub struct Buffer<'a> {
[INFO] [stdout]     |                   ^^ unused parameter
[INFO] [stdout]     |
[INFO] [stdout]     = help: consider removing `'a`, referring to it in a field, or using a marker such as `PhantomData`
[INFO] [stdout] 
[INFO] [stdout] 
[INFO] [stdout] error: aborting due to 2 previous errors
[INFO] [stdout] 
[INFO] [stdout] 
[INFO] [stdout] For more information about this error, try `rustc --explain E0392`.
[INFO] [stdout] 
[INFO] [stderr] error: could not compile `softbuffer` (lib) due to 3 previous errors
[INFO] [stderr] warning: build failed, waiting for other jobs to finish...
[INFO] running `Command { std: "docker" "inspect" "e0b7cd628d4d67b54ad1be90e9dde05a6ae836fe656afa4fa1aa4b91ab746855", kill_on_drop: false }`
[INFO] running `Command { std: "docker" "rm" "-f" "e0b7cd628d4d67b54ad1be90e9dde05a6ae836fe656afa4fa1aa4b91ab746855", kill_on_drop: false }`
[INFO] [stdout] e0b7cd628d4d67b54ad1be90e9dde05a6ae836fe656afa4fa1aa4b91ab746855
[INFO] checking i-slint-renderer-skia-1.3.2 against nightly-2024-02-05+rustflags=-Dunexpected_cfgs+cargoflags=-Zcheck-cfg for check-cfg
[INFO] extracting crate i-slint-renderer-skia 1.3.2 into /workspace/builds/worker-0-tc2/source
[INFO] validating manifest of crates.io crate i-slint-renderer-skia 1.3.2 on toolchain nightly-2024-02-05
[INFO] running `Command { std: CARGO_HOME="/workspace/cargo-home" RUSTUP_HOME="/workspace/rustup-home" "/workspace/cargo-home/bin/cargo" "+nightly-2024-02-05" "metadata" "--manifest-path" "Cargo.toml" "--no-deps", kill_on_drop: false }`
[INFO] started tweaking crates.io crate i-slint-renderer-skia 1.3.2
[INFO] finished tweaking crates.io crate i-slint-renderer-skia 1.3.2
[INFO] tweaked toml for crates.io crate i-slint-renderer-skia 1.3.2 written to /workspace/builds/worker-0-tc2/source/Cargo.toml
[INFO] running `Command { std: CARGO_HOME="/workspace/cargo-home" RUSTUP_HOME="/workspace/rustup-home" "/workspace/cargo-home/bin/cargo" "+nightly-2024-02-05" "generate-lockfile" "--manifest-path" "Cargo.toml", kill_on_drop: false }`
[INFO] [stderr]     Updating crates.io index
[INFO] running `Command { std: CARGO_HOME="/workspace/cargo-home" RUSTUP_HOME="/workspace/rustup-home" "/workspace/cargo-home/bin/cargo" "+nightly-2024-02-05" "fetch" "--manifest-path" "Cargo.toml", kill_on_drop: false }`
[INFO] running `Command { std: "docker" "create" "-v" "/var/lib/crater-agent-workspace/builds/worker-0-tc2/target:/opt/rustwide/target:rw,Z" "-v" "/var/lib/crater-agent-workspace/builds/worker-0-tc2/source:/opt/rustwide/workdir:ro,Z" "-v" "/var/lib/crater-agent-workspace/cargo-home:/opt/rustwide/cargo-home:ro,Z" "-v" "/var/lib/crater-agent-workspace/rustup-home:/opt/rustwide/rustup-home:ro,Z" "-e" "SOURCE_DIR=/opt/rustwide/workdir" "-e" "CARGO_TARGET_DIR=/opt/rustwide/target" "-e" "CARGO_HOME=/opt/rustwide/cargo-home" "-e" "RUSTUP_HOME=/opt/rustwide/rustup-home" "-w" "/opt/rustwide/workdir" "-m" "1610612736" "--user" "0:0" "--network" "none" "ghcr.io/rust-lang/crates-build-env/linux@sha256:2788e3201cd34a07e3172128adcd8b3090168a8e3bcc40d7c032b9dda1df7d1c" "/opt/rustwide/cargo-home/bin/cargo" "+nightly-2024-02-05" "metadata" "--no-deps" "--format-version=1", kill_on_drop: false }`
[INFO] [stdout] 3c8981e3b0109cccad59f50421abaaf63ac0fa744439c17d321ce3ddb8675a81
[INFO] running `Command { std: "docker" "start" "-a" "3c8981e3b0109cccad59f50421abaaf63ac0fa744439c17d321ce3ddb8675a81", kill_on_drop: false }`
[INFO] running `Command { std: "docker" "inspect" "3c8981e3b0109cccad59f50421abaaf63ac0fa744439c17d321ce3ddb8675a81", kill_on_drop: false }`
[INFO] running `Command { std: "docker" "rm" "-f" "3c8981e3b0109cccad59f50421abaaf63ac0fa744439c17d321ce3ddb8675a81", kill_on_drop: false }`
[INFO] [stdout] 3c8981e3b0109cccad59f50421abaaf63ac0fa744439c17d321ce3ddb8675a81
[INFO] running `Command { std: "docker" "create" "-v" "/var/lib/crater-agent-workspace/builds/worker-0-tc2/target:/opt/rustwide/target:rw,Z" "-v" "/var/lib/crater-agent-workspace/builds/worker-0-tc2/source:/opt/rustwide/workdir:ro,Z" "-v" "/var/lib/crater-agent-workspace/cargo-home:/opt/rustwide/cargo-home:ro,Z" "-v" "/var/lib/crater-agent-workspace/rustup-home:/opt/rustwide/rustup-home:ro,Z" "-e" "SOURCE_DIR=/opt/rustwide/workdir" "-e" "CARGO_TARGET_DIR=/opt/rustwide/target" "-e" "CARGO_INCREMENTAL=0" "-e" "RUST_BACKTRACE=full" "-e" "RUSTFLAGS=--cap-lints=forbid -Dunexpected_cfgs" "-e" "RUSTDOCFLAGS=--cap-lints=forbid" "-e" "CARGO_HOME=/opt/rustwide/cargo-home" "-e" "RUSTUP_HOME=/opt/rustwide/rustup-home" "-w" "/opt/rustwide/workdir" "-m" "1610612736" "--user" "0:0" "--network" "none" "ghcr.io/rust-lang/crates-build-env/linux@sha256:2788e3201cd34a07e3172128adcd8b3090168a8e3bcc40d7c032b9dda1df7d1c" "/opt/rustwide/cargo-home/bin/cargo" "+nightly-2024-02-05" "check" "--frozen" "--all" "--all-targets" "--message-format=json" "-Zcheck-cfg", kill_on_drop: false }`
[INFO] [stdout] 4281d358d1984f6be2d9a7b8bcfd40b0efa46bd6634ad5a7ea0a0b8e120f1d97
[INFO] running `Command { std: "docker" "start" "-a" "4281d358d1984f6be2d9a7b8bcfd40b0efa46bd6634ad5a7ea0a0b8e120f1d97", kill_on_drop: false }`
[INFO] [stderr]    Compiling log v0.4.20
[INFO] [stderr]    Compiling serde v1.0.196
[INFO] [stderr]     Checking arrayvec v0.7.4
[INFO] [stderr]     Checking bytemuck v1.14.1
[INFO] [stderr]    Compiling libm v0.2.8
[INFO] [stderr]    Compiling num-traits v0.2.17
[INFO] [stderr]    Compiling syn v2.0.48
[INFO] [stderr]    Compiling ring v0.17.7
[INFO] [stderr]    Compiling rustix v0.38.31
[INFO] [stderr]    Compiling memchr v2.7.1
[INFO] [stderr]    Compiling httparse v1.8.0
[INFO] [stderr]    Compiling version_check v0.9.4
[INFO] [stderr]    Compiling linux-raw-sys v0.4.13
[INFO] [stderr]    Compiling tinyvec_macros v0.1.1
[INFO] [stderr]    Compiling glob v0.3.1
[INFO] [stderr]    Compiling bitflags v2.4.2
[INFO] [stderr]     Checking float-cmp v0.9.0
[INFO] [stderr]    Compiling slotmap v1.0.7
[INFO] [stderr]     Checking strict-num v0.1.1
[INFO] [stderr]    Compiling tinyvec v1.6.0
[INFO] [stderr]    Compiling getrandom v0.2.12
[INFO] [stderr]     Checking arrayref v0.3.7
[INFO] [stderr]    Compiling clang-sys v1.7.0
[INFO] [stderr]    Compiling prettyplease v0.2.16
[INFO] [stderr]    Compiling spin v0.9.8
[INFO] [stderr]    Compiling cfg_aliases v0.1.1
[INFO] [stderr]    Compiling untrusted v0.9.0
[INFO] [stderr]    Compiling rustls-pki-types v1.2.0
[INFO] [stderr]    Compiling serde_json v1.0.113
[INFO] [stderr]    Compiling thiserror v1.0.56
[INFO] [stderr]     Checking tiny-skia-path v0.11.4
[INFO] [stderr]    Compiling aho-corasick v1.1.2
[INFO] [stderr]     Checking kurbo v0.9.5
[INFO] [stderr]    Compiling adler v1.0.2
[INFO] [stderr]    Compiling unicode-normalization v0.1.22
[INFO] [stderr]    Compiling minimal-lexical v0.2.1
[INFO] [stderr]    Compiling heck v0.4.1
[INFO] [stderr]    Compiling khronos_api v3.1.0
[INFO] [stderr]     Checking ttf-parser v0.19.2
[INFO] [stderr]     Checking roxmltree v0.19.0
[INFO] [stderr]    Compiling ryu v1.0.16
[INFO] [stderr]    Compiling regex-syntax v0.8.2
[INFO] [stderr]    Compiling itoa v1.0.10
[INFO] [stderr]    Compiling unicode-bidi v0.3.15
[INFO] [stderr]    Compiling rustls v0.22.2
[INFO] [stderr]    Compiling hashbrown v0.14.3
[INFO] [stderr]    Compiling percent-encoding v2.3.1
[INFO] [stderr]    Compiling equivalent v1.0.1
[INFO] [stderr]    Compiling form_urlencoded v1.2.1
[INFO] [stderr]    Compiling idna v0.3.0
[INFO] [stderr]     Checking fontconfig-parser v0.5.6
[INFO] [stderr]    Compiling indexmap v2.2.2
[INFO] [stderr]     Checking svgtypes v0.12.0
[INFO] [stderr]    Compiling nom v7.1.3
[INFO] [stderr]    Compiling miniz_oxide v0.7.2
[INFO] [stderr]     Checking memmap2 v0.8.0
[INFO] [stderr]    Compiling hoot v0.1.3
[INFO] [stderr]    Compiling crc32fast v1.3.2
[INFO] [stderr]    Compiling rustls-webpki v0.102.2
[INFO] [stderr]    Compiling regex-automata v0.4.5
[INFO] [stderr]    Compiling memoffset v0.9.0
[INFO] [stderr]    Compiling libloading v0.8.1
[INFO] [stderr]    Compiling zeroize v1.7.0
[INFO] [stderr]    Compiling fastrand v2.0.1
[INFO] [stderr]    Compiling winnow v0.5.37
[INFO] [stderr]    Compiling subtle v2.5.0
[INFO] [stderr]    Compiling portable-atomic v1.6.0
[INFO] [stderr]    Compiling home v0.5.9
[INFO] [stderr]    Compiling either v1.9.0
[INFO] [stderr]     Checking rctree v0.5.0
[INFO] [stderr]    Compiling bindgen v0.68.1
[INFO] [stderr]     Checking usvg-tree v0.36.0
[INFO] [stderr]    Compiling cexpr v0.6.0
[INFO] [stderr]    Compiling which v4.4.2
[INFO] [stderr]     Checking fontdb v0.15.0
[INFO] [stderr]    Compiling flate2 v1.0.28
[INFO] [stderr]    Compiling field-offset v0.3.6
[INFO] [stderr]    Compiling serde_derive v1.0.196
[INFO] [stderr]    Compiling thiserror-impl v1.0.56
[INFO] [stderr]    Compiling url v2.3.1
[INFO] [stderr]    Compiling regex v1.10.3
[INFO] [stderr]    Compiling xattr v1.3.1
[INFO] [stderr]    Compiling webpki-roots v0.26.1
[INFO] [stderr]     Checking euclid v0.22.9
[INFO] [stderr]    Compiling filetime v0.2.23
[INFO] [stderr]    Compiling lazy_static v1.4.0
[INFO] [stderr]    Compiling base64 v0.21.7
[INFO] [stderr]     Checking xmlparser v0.13.6
[INFO] [stderr]     Checking unicode-script v0.5.5
[INFO] [stderr]    Compiling lazycell v1.3.0
[INFO] [stderr]    Compiling shlex v1.3.0
[INFO] [stderr]     Checking smallvec v1.13.1
[INFO] [stderr]    Compiling once_cell v1.19.0
[INFO] [stderr]    Compiling rustversion v1.0.14
[INFO] [stderr]    Compiling xml-rs v0.8.19
[INFO] [stderr]    Compiling syn v1.0.109
[INFO] [stderr]     Checking critical-section v1.1.2
[INFO] [stderr]    Compiling rustc-hash v1.1.0
[INFO] [stderr]     Checking unicode-bidi-mirroring v0.1.0
[INFO] [stderr]     Checking unicode-ccc v0.1.2
[INFO] [stderr]     Checking unicode-properties v0.1.1
[INFO] [stderr]    Compiling peeking_take_while v0.1.2
[INFO] [stderr]     Checking rustybuzz v0.10.0
[INFO] [stderr]     Checking roxmltree v0.18.1
[INFO] [stderr]    Compiling gl_generator v0.14.0
[INFO] [stderr]     Checking lyon_geom v1.0.5
[INFO] [stderr]    Compiling tar v0.4.40
[INFO] [stderr]     Checking simplecss v0.2.1
[INFO] [stderr]     Checking unicode-vo v0.1.0
[INFO] [stderr]     Checking data-url v0.3.1
[INFO] [stderr]     Checking imagesize v0.12.0
[INFO] [stderr]    Compiling wayland-sys v0.31.1
[INFO] [stderr]     Checking usvg-parser v0.36.0
[INFO] [stderr]    Compiling glutin_egl_sys v0.6.0
[INFO] [stderr]     Checking lyon_path v1.0.4
[INFO] [stderr]     Checking usvg-text-layout v0.36.0
[INFO] [stderr]    Compiling const-field-offset-macro v0.1.3
[INFO] [stderr]    Compiling slab v0.4.9
[INFO] [stderr]     Checking xmlwriter v0.1.0
[INFO] [stderr]    Compiling convert_case v0.4.0
[INFO] [stderr]     Checking pico-args v0.5.0
[INFO] [stderr]    Compiling strum_macros v0.25.3
[INFO] [stderr]     Checking usvg v0.36.0
[INFO] [stderr]     Checking tiny-skia v0.11.4
[INFO] [stderr]     Checking const-field-offset v0.1.3
[INFO] [stderr]    Compiling vtable-macro v0.1.10
[INFO] [stderr]    Compiling pin-project-internal v1.1.4
[INFO] [stderr]    Compiling derive_utils v0.14.1
[INFO] [stderr]    Compiling softbuffer v0.3.4
[INFO] [stderr]    Compiling glutin v0.31.2
[INFO] [stderr]     Checking rgb v0.8.37
[INFO] [stderr]     Checking stable_deref_trait v1.2.0
[INFO] [stderr]     Checking raw-window-handle v0.5.2
[INFO] [stderr]     Checking resvg v0.36.0
[INFO] [stderr]     Checking image v0.24.8
[INFO] [stderr]     Checking vtable v0.1.11
[INFO] [stderr]    Compiling auto_enums v0.8.5
[INFO] [stderr]     Checking pin-project v1.1.4
[INFO] [stderr]    Compiling toml_datetime v0.6.5
[INFO] [stderr]    Compiling serde_spanned v0.6.5
[INFO] [stderr]    Compiling toml_edit v0.22.4
[INFO] [stderr]     Checking lyon_algorithms v1.0.4
[INFO] [stderr]     Checking strum v0.25.0
[INFO] [stderr]     Checking lyon_extra v1.0.1
[INFO] [stderr]    Compiling i-slint-core-macros v1.3.2
[INFO] [stderr]     Checking integer-sqrt v0.1.5
[INFO] [stderr]    Compiling i-slint-renderer-skia v1.3.2 (/opt/rustwide/workdir)
[INFO] [stderr]     Checking clru v0.6.1
[INFO] [stderr]     Checking scoped-tls-hkt v0.1.4
[INFO] [stderr]     Checking pin-weak v1.1.0
[INFO] [stderr]     Checking unicode-segmentation v1.10.1
[INFO] [stderr]     Checking unicode-linebreak v0.1.5
[INFO] [stderr]    Compiling derive_more v0.99.17
[INFO] [stderr]    Compiling hootbin v0.1.1
[INFO] [stderr]     Checking static_assertions v1.1.0
[INFO] [stderr]     Checking scopeguard v1.2.0
[INFO] [stderr]    Compiling ureq v2.9.4
[INFO] [stderr]     Checking glow v0.13.1
[INFO] [stdout] error[E0392]: parameter `'a` is never used
[INFO] [stdout]    --> /opt/rustwide/cargo-home/registry/src/index.crates.io-6f17d22bba15001f/softbuffer-0.3.4/src/lib.rs:115:29
[INFO] [stdout]     |
[INFO] [stdout] 115 |           enum BufferDispatch<'a> {
[INFO] [stdout]     |                               ^^ unused parameter
[INFO] [stdout] ...
[INFO] [stdout] 175 | / make_dispatch! {
[INFO] [stdout] 176 | |     #[cfg(x11_platform)]
[INFO] [stdout] 177 | |     X11(Rc<x11::X11DisplayImpl>, x11::X11Impl, x11::BufferImpl<'a>),
[INFO] [stdout] 178 | |     #[cfg(wayland_platform)]
[INFO] [stdout] ...   |
[INFO] [stdout] 189 | |     Orbital((), orbital::OrbitalImpl, orbital::BufferImpl<'a>),
[INFO] [stdout] 190 | | }
[INFO] [stdout]     | |_- in this macro invocation
[INFO] [stdout]     |
[INFO] [stdout]     = help: consider removing `'a`, referring to it in a field, or using a marker such as `PhantomData`
[INFO] [stdout]     = note: this error originates in the macro `make_dispatch` (in Nightly builds, run with -Z macro-backtrace for more info)
[INFO] [stdout] 
[INFO] [stdout] 
[INFO] [stdout] error[E0392]: parameter `'a` is never used
[INFO] [stdout]    --> /opt/rustwide/cargo-home/registry/src/index.crates.io-6f17d22bba15001f/softbuffer-0.3.4/src/lib.rs:429:19
[INFO] [stdout]     |
[INFO] [stdout] 429 | pub struct Buffer<'a> {
[INFO] [stdout]     |                   ^^ unused parameter
[INFO] [stdout]     |
[INFO] [stdout]     = help: consider removing `'a`, referring to it in a field, or using a marker such as `PhantomData`
[INFO] [stdout] 
[INFO] [stdout] 
[INFO] [stdout] error: aborting due to 2 previous errors
[INFO] [stdout] 
[INFO] [stdout] 
[INFO] [stdout] For more information about this error, try `rustc --explain E0392`.
[INFO] [stdout] 
[INFO] [stderr] error: could not compile `softbuffer` (lib) due to 3 previous errors
[INFO] [stderr] warning: build failed, waiting for other jobs to finish...
[INFO] running `Command { std: "docker" "inspect" "4281d358d1984f6be2d9a7b8bcfd40b0efa46bd6634ad5a7ea0a0b8e120f1d97", kill_on_drop: false }`
[INFO] running `Command { std: "docker" "rm" "-f" "4281d358d1984f6be2d9a7b8bcfd40b0efa46bd6634ad5a7ea0a0b8e120f1d97", kill_on_drop: false }`
[INFO] [stdout] 4281d358d1984f6be2d9a7b8bcfd40b0efa46bd6634ad5a7ea0a0b8e120f1d97
