[INFO] fetching crate hypertask_engine 0.2.0...
[INFO] checking hypertask_engine-0.2.0 against nightly-2024-02-05 for check-cfg
[INFO] extracting crate hypertask_engine 0.2.0 into /workspace/builds/worker-7-tc1/source
[INFO] validating manifest of crates.io crate hypertask_engine 0.2.0 on toolchain nightly-2024-02-05
[INFO] running `Command { std: CARGO_HOME="/workspace/cargo-home" RUSTUP_HOME="/workspace/rustup-home" "/workspace/cargo-home/bin/cargo" "+nightly-2024-02-05" "metadata" "--manifest-path" "Cargo.toml" "--no-deps", kill_on_drop: false }`
[INFO] started tweaking crates.io crate hypertask_engine 0.2.0
[INFO] finished tweaking crates.io crate hypertask_engine 0.2.0
[INFO] tweaked toml for crates.io crate hypertask_engine 0.2.0 written to /workspace/builds/worker-7-tc1/source/Cargo.toml
[INFO] running `Command { std: CARGO_HOME="/workspace/cargo-home" RUSTUP_HOME="/workspace/rustup-home" "/workspace/cargo-home/bin/cargo" "+nightly-2024-02-05" "generate-lockfile" "--manifest-path" "Cargo.toml", kill_on_drop: false }`
[INFO] [stderr]     Updating crates.io index
[INFO] running `Command { std: CARGO_HOME="/workspace/cargo-home" RUSTUP_HOME="/workspace/rustup-home" "/workspace/cargo-home/bin/cargo" "+nightly-2024-02-05" "fetch" "--manifest-path" "Cargo.toml", kill_on_drop: false }`
[INFO] running `Command { std: "docker" "create" "-v" "/var/lib/crater-agent-workspace/builds/worker-7-tc1/target:/opt/rustwide/target:rw,Z" "-v" "/var/lib/crater-agent-workspace/builds/worker-7-tc1/source:/opt/rustwide/workdir:ro,Z" "-v" "/var/lib/crater-agent-workspace/cargo-home:/opt/rustwide/cargo-home:ro,Z" "-v" "/var/lib/crater-agent-workspace/rustup-home:/opt/rustwide/rustup-home:ro,Z" "-e" "SOURCE_DIR=/opt/rustwide/workdir" "-e" "CARGO_TARGET_DIR=/opt/rustwide/target" "-e" "CARGO_HOME=/opt/rustwide/cargo-home" "-e" "RUSTUP_HOME=/opt/rustwide/rustup-home" "-w" "/opt/rustwide/workdir" "-m" "1610612736" "--user" "0:0" "--network" "none" "ghcr.io/rust-lang/crates-build-env/linux@sha256:2788e3201cd34a07e3172128adcd8b3090168a8e3bcc40d7c032b9dda1df7d1c" "/opt/rustwide/cargo-home/bin/cargo" "+nightly-2024-02-05" "metadata" "--no-deps" "--format-version=1", kill_on_drop: false }`
[INFO] [stdout] bc6b31bc2b53e1acb0ce33c742571a969ab6789362de0ffa43c8e0eeb8a5811c
[INFO] running `Command { std: "docker" "start" "-a" "bc6b31bc2b53e1acb0ce33c742571a969ab6789362de0ffa43c8e0eeb8a5811c", kill_on_drop: false }`
[INFO] running `Command { std: "docker" "inspect" "bc6b31bc2b53e1acb0ce33c742571a969ab6789362de0ffa43c8e0eeb8a5811c", kill_on_drop: false }`
[INFO] running `Command { std: "docker" "rm" "-f" "bc6b31bc2b53e1acb0ce33c742571a969ab6789362de0ffa43c8e0eeb8a5811c", kill_on_drop: false }`
[INFO] [stdout] bc6b31bc2b53e1acb0ce33c742571a969ab6789362de0ffa43c8e0eeb8a5811c
[INFO] running `Command { std: "docker" "create" "-v" "/var/lib/crater-agent-workspace/builds/worker-7-tc1/target:/opt/rustwide/target:rw,Z" "-v" "/var/lib/crater-agent-workspace/builds/worker-7-tc1/source:/opt/rustwide/workdir:ro,Z" "-v" "/var/lib/crater-agent-workspace/cargo-home:/opt/rustwide/cargo-home:ro,Z" "-v" "/var/lib/crater-agent-workspace/rustup-home:/opt/rustwide/rustup-home:ro,Z" "-e" "SOURCE_DIR=/opt/rustwide/workdir" "-e" "CARGO_TARGET_DIR=/opt/rustwide/target" "-e" "CARGO_INCREMENTAL=0" "-e" "RUST_BACKTRACE=full" "-e" "RUSTFLAGS=--cap-lints=forbid" "-e" "RUSTDOCFLAGS=--cap-lints=forbid" "-e" "CARGO_HOME=/opt/rustwide/cargo-home" "-e" "RUSTUP_HOME=/opt/rustwide/rustup-home" "-w" "/opt/rustwide/workdir" "-m" "1610612736" "--user" "0:0" "--network" "none" "ghcr.io/rust-lang/crates-build-env/linux@sha256:2788e3201cd34a07e3172128adcd8b3090168a8e3bcc40d7c032b9dda1df7d1c" "/opt/rustwide/cargo-home/bin/cargo" "+nightly-2024-02-05" "check" "--frozen" "--all" "--all-targets" "--message-format=json", kill_on_drop: false }`
[INFO] [stdout] b14121a89289863f8c94325ef52ffa456e1e557b41781894bd4f2844028a08bb
[INFO] running `Command { std: "docker" "start" "-a" "b14121a89289863f8c94325ef52ffa456e1e557b41781894bd4f2844028a08bb", kill_on_drop: false }`
[INFO] [stderr]     Checking serde v1.0.196
[INFO] [stderr]     Checking chrono v0.4.33
[INFO] [stderr]     Checking hypertask_engine v0.2.0 (/opt/rustwide/workdir)
[INFO] [stdout] error[E0277]: cannot add `time::Duration` to `chrono::DateTime<chrono::Utc>`
[INFO] [stdout]    --> src/task.rs:176:45
[INFO] [stdout]     |
[INFO] [stdout] 176 |                         self.due = Some(due + dt);
[INFO] [stdout]     |                                             ^ no implementation for `chrono::DateTime<chrono::Utc> + time::Duration`
[INFO] [stdout]     |
[INFO] [stdout]     = help: the trait `std::ops::Add<time::Duration>` is not implemented for `chrono::DateTime<chrono::Utc>`
[INFO] [stdout]     = help: the following other types implement trait `std::ops::Add<Rhs>`:
[INFO] [stdout]               <chrono::DateTime<Tz> as std::ops::Add<chrono::Duration>>
[INFO] [stdout]               <chrono::DateTime<Tz> as std::ops::Add<Days>>
[INFO] [stdout]               <chrono::DateTime<Tz> as std::ops::Add<FixedOffset>>
[INFO] [stdout]               <chrono::DateTime<Tz> as std::ops::Add<Months>>
[INFO] [stdout]               <chrono::DateTime<Tz> as std::ops::Add<std::time::Duration>>
[INFO] [stdout] 
[INFO] [stdout] 
[INFO] [stdout] error[E0277]: cannot add `time::Duration` to `chrono::DateTime<chrono::Utc>`
[INFO] [stdout]    --> src/task.rs:176:45
[INFO] [stdout]     |
[INFO] [stdout] 176 |                         self.due = Some(due + dt);
[INFO] [stdout]     |                                             ^ no implementation for `chrono::DateTime<chrono::Utc> + time::Duration`
[INFO] [stdout]     |
[INFO] [stdout]     = help: the trait `std::ops::Add<time::Duration>` is not implemented for `chrono::DateTime<chrono::Utc>`
[INFO] [stdout]     = help: the following other types implement trait `std::ops::Add<Rhs>`:
[INFO] [stdout]               <chrono::DateTime<Tz> as std::ops::Add<chrono::Duration>>
[INFO] [stdout]               <chrono::DateTime<Tz> as std::ops::Add<Days>>
[INFO] [stdout]               <chrono::DateTime<Tz> as std::ops::Add<FixedOffset>>
[INFO] [stdout]               <chrono::DateTime<Tz> as std::ops::Add<Months>>
[INFO] [stdout]               <chrono::DateTime<Tz> as std::ops::Add<std::time::Duration>>
[INFO] [stdout] 
[INFO] [stdout] 
[INFO] [stdout] error[E0277]: cannot add `time::Duration` to `chrono::DateTime<chrono::Utc>`
[INFO] [stdout]    --> src/task.rs:179:47
[INFO] [stdout]     |
[INFO] [stdout] 179 |                         self.wait = Some(wait + dt);
[INFO] [stdout]     |                                               ^ no implementation for `chrono::DateTime<chrono::Utc> + time::Duration`
[INFO] [stdout]     |
[INFO] [stdout]     = help: the trait `std::ops::Add<time::Duration>` is not implemented for `chrono::DateTime<chrono::Utc>`
[INFO] [stdout]     = help: the following other types implement trait `std::ops::Add<Rhs>`:
[INFO] [stdout]               <chrono::DateTime<Tz> as std::ops::Add<chrono::Duration>>
[INFO] [stdout]               <chrono::DateTime<Tz> as std::ops::Add<Days>>
[INFO] [stdout]               <chrono::DateTime<Tz> as std::ops::Add<FixedOffset>>
[INFO] [stdout]               <chrono::DateTime<Tz> as std::ops::Add<Months>>
[INFO] [stdout]               <chrono::DateTime<Tz> as std::ops::Add<std::time::Duration>>
[INFO] [stdout] 
[INFO] [stdout] 
[INFO] [stdout] error[E0277]: cannot add `time::Duration` to `chrono::DateTime<chrono::Utc>`
[INFO] [stdout]    --> src/task.rs:179:47
[INFO] [stdout]     |
[INFO] [stdout] 179 |                         self.wait = Some(wait + dt);
[INFO] [stdout]     |                                               ^ no implementation for `chrono::DateTime<chrono::Utc> + time::Duration`
[INFO] [stdout]     |
[INFO] [stdout]     = help: the trait `std::ops::Add<time::Duration>` is not implemented for `chrono::DateTime<chrono::Utc>`
[INFO] [stdout]     = help: the following other types implement trait `std::ops::Add<Rhs>`:
[INFO] [stdout]               <chrono::DateTime<Tz> as std::ops::Add<chrono::Duration>>
[INFO] [stdout]               <chrono::DateTime<Tz> as std::ops::Add<Days>>
[INFO] [stdout]               <chrono::DateTime<Tz> as std::ops::Add<FixedOffset>>
[INFO] [stdout]               <chrono::DateTime<Tz> as std::ops::Add<Months>>
[INFO] [stdout]               <chrono::DateTime<Tz> as std::ops::Add<std::time::Duration>>
[INFO] [stdout] 
[INFO] [stdout] 
[INFO] [stdout] error[E0277]: cannot add `time::Duration` to `chrono::DateTime<chrono::Utc>`
[INFO] [stdout]    --> src/task.rs:223:25
[INFO] [stdout]     |
[INFO] [stdout] 223 |             due < (*now + Duration::days(3))
[INFO] [stdout]     |                         ^ no implementation for `chrono::DateTime<chrono::Utc> + time::Duration`
[INFO] [stdout]     |
[INFO] [stdout]     = help: the trait `std::ops::Add<time::Duration>` is not implemented for `chrono::DateTime<chrono::Utc>`
[INFO] [stdout]     = help: the following other types implement trait `std::ops::Add<Rhs>`:
[INFO] [stdout]               <chrono::DateTime<Tz> as std::ops::Add<chrono::Duration>>
[INFO] [stdout]               <chrono::DateTime<Tz> as std::ops::Add<Days>>
[INFO] [stdout]               <chrono::DateTime<Tz> as std::ops::Add<FixedOffset>>
[INFO] [stdout]               <chrono::DateTime<Tz> as std::ops::Add<Months>>
[INFO] [stdout]               <chrono::DateTime<Tz> as std::ops::Add<std::time::Duration>>
[INFO] [stdout] 
[INFO] [stdout] 
[INFO] [stdout] error[E0277]: cannot add `time::Duration` to `chrono::DateTime<chrono::Utc>`
[INFO] [stdout]    --> src/task.rs:223:25
[INFO] [stdout]     |
[INFO] [stdout] 223 |             due < (*now + Duration::days(3))
[INFO] [stdout]     |                         ^ no implementation for `chrono::DateTime<chrono::Utc> + time::Duration`
[INFO] [stdout]     |
[INFO] [stdout]     = help: the trait `std::ops::Add<time::Duration>` is not implemented for `chrono::DateTime<chrono::Utc>`
[INFO] [stdout]     = help: the following other types implement trait `std::ops::Add<Rhs>`:
[INFO] [stdout]               <chrono::DateTime<Tz> as std::ops::Add<chrono::Duration>>
[INFO] [stdout]               <chrono::DateTime<Tz> as std::ops::Add<Days>>
[INFO] [stdout]               <chrono::DateTime<Tz> as std::ops::Add<FixedOffset>>
[INFO] [stdout]               <chrono::DateTime<Tz> as std::ops::Add<Months>>
[INFO] [stdout]               <chrono::DateTime<Tz> as std::ops::Add<std::time::Duration>>
[INFO] [stdout] 
[INFO] [stdout] 
[INFO] [stdout] error: aborting due to 3 previous errors
[INFO] [stdout] 
[INFO] [stdout] 
[INFO] [stdout] For more information about this error, try `rustc --explain E0277`.
[INFO] [stdout] 
[INFO] [stdout] error: aborting due to 3 previous errors
[INFO] [stdout] 
[INFO] [stdout] 
[INFO] [stdout] For more information about this error, try `rustc --explain E0277`.
[INFO] [stdout] 
[INFO] [stderr] error: could not compile `hypertask_engine` (lib test) due to 4 previous errors
[INFO] [stderr] warning: build failed, waiting for other jobs to finish...
[INFO] [stderr] error: could not compile `hypertask_engine` (lib) due to 4 previous errors
[INFO] running `Command { std: "docker" "inspect" "b14121a89289863f8c94325ef52ffa456e1e557b41781894bd4f2844028a08bb", kill_on_drop: false }`
[INFO] running `Command { std: "docker" "rm" "-f" "b14121a89289863f8c94325ef52ffa456e1e557b41781894bd4f2844028a08bb", kill_on_drop: false }`
[INFO] [stdout] b14121a89289863f8c94325ef52ffa456e1e557b41781894bd4f2844028a08bb
[INFO] checking hypertask_engine-0.2.0 against nightly-2024-02-05+rustflags=-Dunexpected_cfgs+cargoflags=-Zcheck-cfg for check-cfg
[INFO] extracting crate hypertask_engine 0.2.0 into /workspace/builds/worker-7-tc2/source
[INFO] validating manifest of crates.io crate hypertask_engine 0.2.0 on toolchain nightly-2024-02-05
[INFO] running `Command { std: CARGO_HOME="/workspace/cargo-home" RUSTUP_HOME="/workspace/rustup-home" "/workspace/cargo-home/bin/cargo" "+nightly-2024-02-05" "metadata" "--manifest-path" "Cargo.toml" "--no-deps", kill_on_drop: false }`
[INFO] started tweaking crates.io crate hypertask_engine 0.2.0
[INFO] finished tweaking crates.io crate hypertask_engine 0.2.0
[INFO] tweaked toml for crates.io crate hypertask_engine 0.2.0 written to /workspace/builds/worker-7-tc2/source/Cargo.toml
[INFO] running `Command { std: CARGO_HOME="/workspace/cargo-home" RUSTUP_HOME="/workspace/rustup-home" "/workspace/cargo-home/bin/cargo" "+nightly-2024-02-05" "generate-lockfile" "--manifest-path" "Cargo.toml", kill_on_drop: false }`
[INFO] [stderr]     Updating crates.io index
[INFO] running `Command { std: CARGO_HOME="/workspace/cargo-home" RUSTUP_HOME="/workspace/rustup-home" "/workspace/cargo-home/bin/cargo" "+nightly-2024-02-05" "fetch" "--manifest-path" "Cargo.toml", kill_on_drop: false }`
[INFO] running `Command { std: "docker" "create" "-v" "/var/lib/crater-agent-workspace/builds/worker-7-tc2/target:/opt/rustwide/target:rw,Z" "-v" "/var/lib/crater-agent-workspace/builds/worker-7-tc2/source:/opt/rustwide/workdir:ro,Z" "-v" "/var/lib/crater-agent-workspace/cargo-home:/opt/rustwide/cargo-home:ro,Z" "-v" "/var/lib/crater-agent-workspace/rustup-home:/opt/rustwide/rustup-home:ro,Z" "-e" "SOURCE_DIR=/opt/rustwide/workdir" "-e" "CARGO_TARGET_DIR=/opt/rustwide/target" "-e" "CARGO_HOME=/opt/rustwide/cargo-home" "-e" "RUSTUP_HOME=/opt/rustwide/rustup-home" "-w" "/opt/rustwide/workdir" "-m" "1610612736" "--user" "0:0" "--network" "none" "ghcr.io/rust-lang/crates-build-env/linux@sha256:2788e3201cd34a07e3172128adcd8b3090168a8e3bcc40d7c032b9dda1df7d1c" "/opt/rustwide/cargo-home/bin/cargo" "+nightly-2024-02-05" "metadata" "--no-deps" "--format-version=1", kill_on_drop: false }`
[INFO] [stdout] 361c5789a91b43d02f9ed51152780234ec13acc9661714b7affb0bc9627ece06
[INFO] running `Command { std: "docker" "start" "-a" "361c5789a91b43d02f9ed51152780234ec13acc9661714b7affb0bc9627ece06", kill_on_drop: false }`
[INFO] running `Command { std: "docker" "inspect" "361c5789a91b43d02f9ed51152780234ec13acc9661714b7affb0bc9627ece06", kill_on_drop: false }`
[INFO] running `Command { std: "docker" "rm" "-f" "361c5789a91b43d02f9ed51152780234ec13acc9661714b7affb0bc9627ece06", kill_on_drop: false }`
[INFO] [stdout] 361c5789a91b43d02f9ed51152780234ec13acc9661714b7affb0bc9627ece06
[INFO] running `Command { std: "docker" "create" "-v" "/var/lib/crater-agent-workspace/builds/worker-7-tc2/target:/opt/rustwide/target:rw,Z" "-v" "/var/lib/crater-agent-workspace/builds/worker-7-tc2/source:/opt/rustwide/workdir:ro,Z" "-v" "/var/lib/crater-agent-workspace/cargo-home:/opt/rustwide/cargo-home:ro,Z" "-v" "/var/lib/crater-agent-workspace/rustup-home:/opt/rustwide/rustup-home:ro,Z" "-e" "SOURCE_DIR=/opt/rustwide/workdir" "-e" "CARGO_TARGET_DIR=/opt/rustwide/target" "-e" "CARGO_INCREMENTAL=0" "-e" "RUST_BACKTRACE=full" "-e" "RUSTFLAGS=--cap-lints=forbid -Dunexpected_cfgs" "-e" "RUSTDOCFLAGS=--cap-lints=forbid" "-e" "CARGO_HOME=/opt/rustwide/cargo-home" "-e" "RUSTUP_HOME=/opt/rustwide/rustup-home" "-w" "/opt/rustwide/workdir" "-m" "1610612736" "--user" "0:0" "--network" "none" "ghcr.io/rust-lang/crates-build-env/linux@sha256:2788e3201cd34a07e3172128adcd8b3090168a8e3bcc40d7c032b9dda1df7d1c" "/opt/rustwide/cargo-home/bin/cargo" "+nightly-2024-02-05" "check" "--frozen" "--all" "--all-targets" "--message-format=json" "-Zcheck-cfg", kill_on_drop: false }`
[INFO] [stdout] 12fa50ea2330489baf7bcb3d2f0ec46337d8fb21da21fac09ef1926699ff55e4
[INFO] running `Command { std: "docker" "start" "-a" "12fa50ea2330489baf7bcb3d2f0ec46337d8fb21da21fac09ef1926699ff55e4", kill_on_drop: false }`
[INFO] [stderr]     Checking serde v1.0.196
[INFO] [stderr]     Checking chrono v0.4.33
[INFO] [stderr]     Checking hypertask_engine v0.2.0 (/opt/rustwide/workdir)
[INFO] [stdout] error[E0277]: cannot add `time::Duration` to `chrono::DateTime<chrono::Utc>`
[INFO] [stdout]    --> src/task.rs:176:45
[INFO] [stdout]     |
[INFO] [stdout] 176 |                         self.due = Some(due + dt);
[INFO] [stdout]     |                                             ^ no implementation for `chrono::DateTime<chrono::Utc> + time::Duration`
[INFO] [stdout]     |
[INFO] [stdout]     = help: the trait `std::ops::Add<time::Duration>` is not implemented for `chrono::DateTime<chrono::Utc>`
[INFO] [stdout]     = help: the following other types implement trait `std::ops::Add<Rhs>`:
[INFO] [stdout]               <chrono::DateTime<Tz> as std::ops::Add<chrono::Duration>>
[INFO] [stdout]               <chrono::DateTime<Tz> as std::ops::Add<Days>>
[INFO] [stdout]               <chrono::DateTime<Tz> as std::ops::Add<FixedOffset>>
[INFO] [stdout]               <chrono::DateTime<Tz> as std::ops::Add<Months>>
[INFO] [stdout]               <chrono::DateTime<Tz> as std::ops::Add<std::time::Duration>>
[INFO] [stdout] 
[INFO] [stdout] 
[INFO] [stdout] error[E0277]: cannot add `time::Duration` to `chrono::DateTime<chrono::Utc>`
[INFO] [stdout]    --> src/task.rs:179:47
[INFO] [stdout]     |
[INFO] [stdout] 179 |                         self.wait = Some(wait + dt);
[INFO] [stdout]     |                                               ^ no implementation for `chrono::DateTime<chrono::Utc> + time::Duration`
[INFO] [stdout]     |
[INFO] [stdout]     = help: the trait `std::ops::Add<time::Duration>` is not implemented for `chrono::DateTime<chrono::Utc>`
[INFO] [stdout]     = help: the following other types implement trait `std::ops::Add<Rhs>`:
[INFO] [stdout]               <chrono::DateTime<Tz> as std::ops::Add<chrono::Duration>>
[INFO] [stdout]               <chrono::DateTime<Tz> as std::ops::Add<Days>>
[INFO] [stdout]               <chrono::DateTime<Tz> as std::ops::Add<FixedOffset>>
[INFO] [stdout]               <chrono::DateTime<Tz> as std::ops::Add<Months>>
[INFO] [stdout]               <chrono::DateTime<Tz> as std::ops::Add<std::time::Duration>>
[INFO] [stdout] 
[INFO] [stdout] 
[INFO] [stdout] error[E0277]: cannot add `time::Duration` to `chrono::DateTime<chrono::Utc>`
[INFO] [stdout]    --> src/task.rs:223:25
[INFO] [stdout]     |
[INFO] [stdout] 223 |             due < (*now + Duration::days(3))
[INFO] [stdout]     |                         ^ no implementation for `chrono::DateTime<chrono::Utc> + time::Duration`
[INFO] [stdout]     |
[INFO] [stdout]     = help: the trait `std::ops::Add<time::Duration>` is not implemented for `chrono::DateTime<chrono::Utc>`
[INFO] [stdout]     = help: the following other types implement trait `std::ops::Add<Rhs>`:
[INFO] [stdout]               <chrono::DateTime<Tz> as std::ops::Add<chrono::Duration>>
[INFO] [stdout]               <chrono::DateTime<Tz> as std::ops::Add<Days>>
[INFO] [stdout]               <chrono::DateTime<Tz> as std::ops::Add<FixedOffset>>
[INFO] [stdout]               <chrono::DateTime<Tz> as std::ops::Add<Months>>
[INFO] [stdout]               <chrono::DateTime<Tz> as std::ops::Add<std::time::Duration>>
[INFO] [stdout] 
[INFO] [stdout] 
[INFO] [stdout] error: aborting due to 3 previous errors
[INFO] [stdout] 
[INFO] [stdout] 
[INFO] [stdout] For more information about this error, try `rustc --explain E0277`.
[INFO] [stdout] 
[INFO] [stdout] error[E0277]: cannot add `time::Duration` to `chrono::DateTime<chrono::Utc>`
[INFO] [stdout]    --> src/task.rs:176:45
[INFO] [stdout]     |
[INFO] [stdout] 176 |                         self.due = Some(due + dt);
[INFO] [stdout]     |                                             ^ no implementation for `chrono::DateTime<chrono::Utc> + time::Duration`
[INFO] [stdout]     |
[INFO] [stdout]     = help: the trait `std::ops::Add<time::Duration>` is not implemented for `chrono::DateTime<chrono::Utc>`
[INFO] [stdout]     = help: the following other types implement trait `std::ops::Add<Rhs>`:
[INFO] [stdout]               <chrono::DateTime<Tz> as std::ops::Add<chrono::Duration>>
[INFO] [stdout]               <chrono::DateTime<Tz> as std::ops::Add<Days>>
[INFO] [stdout]               <chrono::DateTime<Tz> as std::ops::Add<FixedOffset>>
[INFO] [stdout]               <chrono::DateTime<Tz> as std::ops::Add<Months>>
[INFO] [stdout]               <chrono::DateTime<Tz> as std::ops::Add<std::time::Duration>>
[INFO] [stdout] 
[INFO] [stdout] 
[INFO] [stdout] error[E0277]: cannot add `time::Duration` to `chrono::DateTime<chrono::Utc>`
[INFO] [stdout]    --> src/task.rs:179:47
[INFO] [stdout]     |
[INFO] [stdout] 179 |                         self.wait = Some(wait + dt);
[INFO] [stdout]     |                                               ^ no implementation for `chrono::DateTime<chrono::Utc> + time::Duration`
[INFO] [stdout]     |
[INFO] [stdout]     = help: the trait `std::ops::Add<time::Duration>` is not implemented for `chrono::DateTime<chrono::Utc>`
[INFO] [stdout]     = help: the following other types implement trait `std::ops::Add<Rhs>`:
[INFO] [stdout]               <chrono::DateTime<Tz> as std::ops::Add<chrono::Duration>>
[INFO] [stdout]               <chrono::DateTime<Tz> as std::ops::Add<Days>>
[INFO] [stdout]               <chrono::DateTime<Tz> as std::ops::Add<FixedOffset>>
[INFO] [stdout]               <chrono::DateTime<Tz> as std::ops::Add<Months>>
[INFO] [stdout]               <chrono::DateTime<Tz> as std::ops::Add<std::time::Duration>>
[INFO] [stdout] 
[INFO] [stdout] 
[INFO] [stdout] error[E0277]: cannot add `time::Duration` to `chrono::DateTime<chrono::Utc>`
[INFO] [stdout]    --> src/task.rs:223:25
[INFO] [stdout]     |
[INFO] [stdout] 223 |             due < (*now + Duration::days(3))
[INFO] [stdout]     |                         ^ no implementation for `chrono::DateTime<chrono::Utc> + time::Duration`
[INFO] [stdout]     |
[INFO] [stdout]     = help: the trait `std::ops::Add<time::Duration>` is not implemented for `chrono::DateTime<chrono::Utc>`
[INFO] [stdout]     = help: the following other types implement trait `std::ops::Add<Rhs>`:
[INFO] [stdout]               <chrono::DateTime<Tz> as std::ops::Add<chrono::Duration>>
[INFO] [stdout]               <chrono::DateTime<Tz> as std::ops::Add<Days>>
[INFO] [stdout]               <chrono::DateTime<Tz> as std::ops::Add<FixedOffset>>
[INFO] [stdout]               <chrono::DateTime<Tz> as std::ops::Add<Months>>
[INFO] [stdout]               <chrono::DateTime<Tz> as std::ops::Add<std::time::Duration>>
[INFO] [stdout] 
[INFO] [stdout] 
[INFO] [stderr] error: could not compile `hypertask_engine` (lib) due to 4 previous errors
[INFO] [stderr] warning: build failed, waiting for other jobs to finish...
[INFO] [stdout] error: aborting due to 3 previous errors
[INFO] [stdout] 
[INFO] [stdout] 
[INFO] [stdout] For more information about this error, try `rustc --explain E0277`.
[INFO] [stdout] 
[INFO] [stderr] error: could not compile `hypertask_engine` (lib test) due to 4 previous errors
[INFO] running `Command { std: "docker" "inspect" "12fa50ea2330489baf7bcb3d2f0ec46337d8fb21da21fac09ef1926699ff55e4", kill_on_drop: false }`
[INFO] running `Command { std: "docker" "rm" "-f" "12fa50ea2330489baf7bcb3d2f0ec46337d8fb21da21fac09ef1926699ff55e4", kill_on_drop: false }`
[INFO] [stdout] 12fa50ea2330489baf7bcb3d2f0ec46337d8fb21da21fac09ef1926699ff55e4
