[INFO] fetching crate http_plugin_rs 0.0.1-beta.4...
[INFO] checking http_plugin_rs-0.0.1-beta.4 against nightly-2024-02-05 for check-cfg
[INFO] extracting crate http_plugin_rs 0.0.1-beta.4 into /workspace/builds/worker-0-tc1/source
[INFO] validating manifest of crates.io crate http_plugin_rs 0.0.1-beta.4 on toolchain nightly-2024-02-05
[INFO] running `Command { std: CARGO_HOME="/workspace/cargo-home" RUSTUP_HOME="/workspace/rustup-home" "/workspace/cargo-home/bin/cargo" "+nightly-2024-02-05" "metadata" "--manifest-path" "Cargo.toml" "--no-deps", kill_on_drop: false }`
[INFO] started tweaking crates.io crate http_plugin_rs 0.0.1-beta.4
[INFO] finished tweaking crates.io crate http_plugin_rs 0.0.1-beta.4
[INFO] tweaked toml for crates.io crate http_plugin_rs 0.0.1-beta.4 written to /workspace/builds/worker-0-tc1/source/Cargo.toml
[INFO] running `Command { std: CARGO_HOME="/workspace/cargo-home" RUSTUP_HOME="/workspace/rustup-home" "/workspace/cargo-home/bin/cargo" "+nightly-2024-02-05" "generate-lockfile" "--manifest-path" "Cargo.toml", kill_on_drop: false }`
[INFO] [stderr]     Updating crates.io index
[INFO] running `Command { std: CARGO_HOME="/workspace/cargo-home" RUSTUP_HOME="/workspace/rustup-home" "/workspace/cargo-home/bin/cargo" "+nightly-2024-02-05" "fetch" "--manifest-path" "Cargo.toml", kill_on_drop: false }`
[INFO] [stderr]  Downloading crates ...
[INFO] [stderr]   Downloaded snafu v0.6.10
[INFO] [stderr]   Downloaded polywrap_plugin_implementor v0.1.11
[INFO] [stderr]   Downloaded polywrap_plugin v0.1.11
[INFO] [stderr]   Downloaded unsafe-any v0.4.2
[INFO] [stderr]   Downloaded wasmer-compiler-cranelift v4.2.5
[INFO] [stderr]   Downloaded polywrap_client v0.1.11
[INFO] [stderr]   Downloaded polywrap_resolvers v0.1.11
[INFO] [stderr]   Downloaded polywrap_core_macros v0.1.11
[INFO] [stderr]   Downloaded polywrap_resolver_extensions v0.1.11
[INFO] [stderr]   Downloaded polywrap_client_builder v0.1.11
[INFO] [stderr]   Downloaded polywrap-jsonref v0.1.0
[INFO] [stderr]   Downloaded chunked_transfer v0.3.1
[INFO] [stderr]   Downloaded plugin v0.2.6
[INFO] [stderr]   Downloaded typemap v0.3.3
[INFO] [stderr]   Downloaded traitobject v0.1.0
[INFO] [stderr]   Downloaded wrap_manifest_schemas v0.1.11
[INFO] [stderr]   Downloaded self_cell v1.0.3
[INFO] [stderr]   Downloaded ascii v0.8.7
[INFO] [stderr]   Downloaded polywrap_msgpack_serde v0.0.2
[INFO] [stderr]   Downloaded mustache v0.9.0
[INFO] [stderr]   Downloaded fancy-regex v0.10.0
[INFO] [stderr]   Downloaded nickel v0.11.0
[INFO] [stderr]   Downloaded hyper v0.10.16
[INFO] [stderr]   Downloaded jsonschema v0.16.1
[INFO] [stderr]   Downloaded wasmer-vm v4.2.5
[INFO] [stderr]   Downloaded wasmer-types v4.2.5
[INFO] [stderr]   Downloaded wasmer-compiler v4.2.5
[INFO] [stderr]   Downloaded wasmer v4.2.5
[INFO] [stderr]   Downloaded polywrap_schemafy v0.1.1
[INFO] [stderr]   Downloaded iron v0.6.1
[INFO] [stderr]   Downloaded tiny_http v0.6.4
[INFO] [stderr]   Downloaded fraction v0.12.2
[INFO] [stderr]   Downloaded shared-buffer v0.1.4
[INFO] [stderr]   Downloaded polywrap_schemafy_lib v0.1.0
[INFO] [stderr]   Downloaded polywrap_wasm v0.1.11
[INFO] [stderr]   Downloaded snafu-derive v0.6.10
[INFO] [stderr]   Downloaded iso8601 v0.5.1
[INFO] [stderr]   Downloaded mime_guess v1.8.8
[INFO] [stderr]   Downloaded wasmer-derive v4.2.5
[INFO] [stderr]   Downloaded polywrap_core v0.1.11
[INFO] [stderr]   Downloaded modifier v0.1.0
[INFO] [stderr]   Downloaded polywrap_uri v0.1.11
[INFO] [stderr]   Downloaded polywrap_msgpack v0.1.6-beta.7
[INFO] [stderr]   Downloaded groupable v0.2.0
[INFO] running `Command { std: "docker" "create" "-v" "/var/lib/crater-agent-workspace/builds/worker-0-tc1/target:/opt/rustwide/target:rw,Z" "-v" "/var/lib/crater-agent-workspace/builds/worker-0-tc1/source:/opt/rustwide/workdir:ro,Z" "-v" "/var/lib/crater-agent-workspace/cargo-home:/opt/rustwide/cargo-home:ro,Z" "-v" "/var/lib/crater-agent-workspace/rustup-home:/opt/rustwide/rustup-home:ro,Z" "-e" "SOURCE_DIR=/opt/rustwide/workdir" "-e" "CARGO_TARGET_DIR=/opt/rustwide/target" "-e" "CARGO_HOME=/opt/rustwide/cargo-home" "-e" "RUSTUP_HOME=/opt/rustwide/rustup-home" "-w" "/opt/rustwide/workdir" "-m" "1610612736" "--user" "0:0" "--network" "none" "ghcr.io/rust-lang/crates-build-env/linux@sha256:2788e3201cd34a07e3172128adcd8b3090168a8e3bcc40d7c032b9dda1df7d1c" "/opt/rustwide/cargo-home/bin/cargo" "+nightly-2024-02-05" "metadata" "--no-deps" "--format-version=1", kill_on_drop: false }`
[INFO] [stdout] a858fdf0c910bf0878fed0c2ffde01374a68c0b0d6b9f47515353dc70436c3e5
[INFO] running `Command { std: "docker" "start" "-a" "a858fdf0c910bf0878fed0c2ffde01374a68c0b0d6b9f47515353dc70436c3e5", kill_on_drop: false }`
[INFO] running `Command { std: "docker" "inspect" "a858fdf0c910bf0878fed0c2ffde01374a68c0b0d6b9f47515353dc70436c3e5", kill_on_drop: false }`
[INFO] running `Command { std: "docker" "rm" "-f" "a858fdf0c910bf0878fed0c2ffde01374a68c0b0d6b9f47515353dc70436c3e5", kill_on_drop: false }`
[INFO] [stdout] a858fdf0c910bf0878fed0c2ffde01374a68c0b0d6b9f47515353dc70436c3e5
[INFO] running `Command { std: "docker" "create" "-v" "/var/lib/crater-agent-workspace/builds/worker-0-tc1/target:/opt/rustwide/target:rw,Z" "-v" "/var/lib/crater-agent-workspace/builds/worker-0-tc1/source:/opt/rustwide/workdir:ro,Z" "-v" "/var/lib/crater-agent-workspace/cargo-home:/opt/rustwide/cargo-home:ro,Z" "-v" "/var/lib/crater-agent-workspace/rustup-home:/opt/rustwide/rustup-home:ro,Z" "-e" "SOURCE_DIR=/opt/rustwide/workdir" "-e" "CARGO_TARGET_DIR=/opt/rustwide/target" "-e" "CARGO_INCREMENTAL=0" "-e" "RUST_BACKTRACE=full" "-e" "RUSTFLAGS=--cap-lints=forbid" "-e" "RUSTDOCFLAGS=--cap-lints=forbid" "-e" "CARGO_HOME=/opt/rustwide/cargo-home" "-e" "RUSTUP_HOME=/opt/rustwide/rustup-home" "-w" "/opt/rustwide/workdir" "-m" "1610612736" "--user" "0:0" "--network" "none" "ghcr.io/rust-lang/crates-build-env/linux@sha256:2788e3201cd34a07e3172128adcd8b3090168a8e3bcc40d7c032b9dda1df7d1c" "/opt/rustwide/cargo-home/bin/cargo" "+nightly-2024-02-05" "check" "--frozen" "--all" "--all-targets" "--message-format=json", kill_on_drop: false }`
[INFO] [stdout] e7bc613bb7a1e2e9c16f57c70f433fde304186e8bd41d8e8244ba77311894c8f
[INFO] running `Command { std: "docker" "start" "-a" "e7bc613bb7a1e2e9c16f57c70f433fde304186e8bd41d8e8244ba77311894c8f", kill_on_drop: false }`
[INFO] [stderr]    Compiling syn v1.0.109
[INFO] [stderr]    Compiling serde_json v1.0.113
[INFO] [stderr]     Checking memchr v2.7.1
[INFO] [stderr]    Compiling num-integer v0.1.45
[INFO] [stderr]    Compiling serde v1.0.196
[INFO] [stderr]    Compiling num-bigint v0.4.4
[INFO] [stderr]    Compiling ryu v1.0.16
[INFO] [stderr]    Compiling itoa v1.0.10
[INFO] [stderr]    Compiling lock_api v0.4.11
[INFO] [stderr]    Compiling num-rational v0.4.1
[INFO] [stderr]    Compiling num-iter v0.1.43
[INFO] [stderr]     Checking smallvec v1.13.1
[INFO] [stderr]     Checking ahash v0.7.7
[INFO] [stderr]    Compiling indexmap v1.9.3
[INFO] [stderr]     Checking scopeguard v1.2.0
[INFO] [stderr]     Checking aho-corasick v1.1.2
[INFO] [stderr]     Checking idna v0.3.0
[INFO] [stderr]     Checking hashbrown v0.12.3
[INFO] [stderr]    Compiling ahash v0.8.7
[INFO] [stderr]    Compiling num-conv v0.1.0
[INFO] [stderr]    Compiling time-core v0.1.2
[INFO] [stderr]    Compiling time-macros v0.2.17
[INFO] [stderr]     Checking url v2.3.1
[INFO] [stderr]    Compiling unicase v1.4.2
[INFO] [stderr]     Checking parking_lot_core v0.9.9
[INFO] [stderr]    Compiling uriparse v0.6.4
[INFO] [stderr]    Compiling Inflector v0.11.4
[INFO] [stderr]    Compiling num-traits v0.2.17
[INFO] [stderr]     Checking regex-automata v0.4.5
[INFO] [stderr]    Compiling darling_core v0.20.5
[INFO] [stderr]    Compiling bytecheck v0.6.12
[INFO] [stderr]    Compiling target-lexicon v0.12.13
[INFO] [stderr]    Compiling getrandom v0.2.12
[INFO] [stderr]    Compiling serde_repr v0.1.18
[INFO] [stderr]    Compiling rend v0.4.2
[INFO] [stderr]    Compiling tinyvec_macros v0.1.1
[INFO] [stderr]     Checking simdutf8 v0.1.4
[INFO] [stderr]    Compiling cranelift-isle v0.91.1
[INFO] [stderr]     Checking regex v1.10.3
[INFO] [stderr]    Compiling tinyvec v1.6.0
[INFO] [stderr]     Checking rustls-webpki v0.102.2
[INFO] [stderr]     Checking hoot v0.1.3
[INFO] [stderr]     Checking num-complex v0.4.4
[INFO] [stderr]     Checking serde_bytes v0.11.14
[INFO] [stderr]    Compiling schemafy_core v0.6.0
[INFO] [stderr]    Compiling rkyv v0.7.44
[INFO] [stderr]    Compiling polywrap_schemafy_lib v0.1.0
[INFO] [stderr]    Compiling log v0.4.20
[INFO] [stderr]    Compiling cranelift-codegen-shared v0.91.1
[INFO] [stderr]    Compiling httparse v1.8.0
[INFO] [stderr]     Checking rustls v0.22.2
[INFO] [stderr]    Compiling cranelift-codegen-meta v0.91.1
[INFO] [stderr]     Checking num v0.4.1
[INFO] [stderr]    Compiling unicode-normalization v0.1.22
[INFO] [stderr]     Checking nom v7.1.3
[INFO] [stderr]    Compiling darling_macro v0.20.5
[INFO] [stderr]     Checking hootbin v0.1.1
[INFO] [stderr]    Compiling polywrap_uri v0.1.11
[INFO] [stderr]     Checking webpki-roots v0.26.1
[INFO] [stderr]     Checking fxhash v0.2.1
[INFO] [stderr]    Compiling backtrace v0.3.69
[INFO] [stderr]    Compiling corosensei v0.1.4
[INFO] [stderr]    Compiling darling v0.20.5
[INFO] [stderr]    Compiling enumset_derive v0.8.1
[INFO] [stderr]     Checking leb128 v0.2.5
[INFO] [stderr]    Compiling percent-encoding v2.3.1
[INFO] [stderr]    Compiling untrusted v0.9.0
[INFO] [stderr]     Checking cranelift-entity v0.91.1
[INFO] [stderr]     Checking gimli v0.28.1
[INFO] [stderr]    Compiling rustls-pki-types v1.2.0
[INFO] [stderr]    Compiling spin v0.9.8
[INFO] [stderr]    Compiling unicode-bidi v0.3.15
[INFO] [stderr]     Checking ureq v2.9.4
[INFO] [stderr]    Compiling ring v0.17.7
[INFO] [stderr]    Compiling snafu-derive v0.6.10
[INFO] [stderr]    Compiling polywrap_schemafy v0.1.1
[INFO] [stderr]    Compiling ptr_meta_derive v0.1.4
[INFO] [stderr]    Compiling bytecheck_derive v0.6.12
[INFO] [stderr]     Checking ptr_meta v0.1.4
[INFO] [stderr]    Compiling enum-iterator-derive v0.7.0
[INFO] [stderr]    Compiling rkyv_derive v0.7.44
[INFO] [stderr]    Compiling cranelift-codegen v0.91.1
[INFO] [stderr]     Checking addr2line v0.21.0
[INFO] [stderr]     Checking enumset v1.1.3
[INFO] [stderr]    Compiling polywrap_core_macros v0.1.11
[INFO] [stderr]     Checking enum-iterator v0.7.0
[INFO] [stderr]     Checking iso8601 v0.5.1
[INFO] [stderr]     Checking time v0.3.34
[INFO] [stderr]    Compiling form_urlencoded v1.2.1
[INFO] [stderr]     Checking snafu v0.6.10
[INFO] [stderr]     Checking pest v2.7.7
[INFO] [stderr]     Checking fancy-regex v0.10.0
[INFO] [stderr]     Checking fraction v0.12.2
[INFO] [stderr]     Checking bigdecimal v0.3.1
[INFO] [stderr]     Checking parking_lot v0.12.1
[INFO] [stderr]     Checking object v0.32.2
[INFO] [stderr]     Checking stable_deref_trait v1.2.0
[INFO] [stderr]     Checking bytecount v0.6.7
[INFO] [stderr]     Checking more-asserts v0.2.2
[INFO] [stderr]     Checking uuid v1.7.0
[INFO] [stderr]     Checking slice-group-by v0.3.1
[INFO] [stderr]     Checking num-cmp v0.1.0
[INFO] [stderr]     Checking hashbrown v0.14.3
[INFO] [stderr]    Compiling adler v1.0.2
[INFO] [stderr]     Checking fallible-iterator v0.2.0
[INFO] [stderr]     Checking region v3.0.0
[INFO] [stderr]     Checking jsonschema v0.16.1
[INFO] [stderr]     Checking handlebars v4.5.0
[INFO] [stderr]    Compiling miniz_oxide v0.7.2
[INFO] [stderr]     Checking gimli v0.26.2
[INFO] [stderr]     Checking dashmap v5.5.3
[INFO] [stderr]     Checking regalloc2 v0.5.1
[INFO] [stderr]    Compiling phf_shared v0.7.24
[INFO] [stderr]     Checking polywrap_msgpack_serde v0.0.2
[INFO] [stderr]     Checking polywrap-jsonref v0.1.0
[INFO] [stderr]    Compiling derivative v2.2.0
[INFO] [stderr]     Checking cranelift-egraph v0.91.1
[INFO] [stderr]     Checking cranelift-bforest v0.91.1
[INFO] [stderr]     Checking crossbeam-queue v0.3.11
[INFO] [stderr]    Compiling crc32fast v1.3.2
[INFO] [stderr]     Checking memmap2 v0.6.2
[INFO] [stderr]    Compiling powerfmt v0.2.0
[INFO] [stderr]    Compiling minimal-lexical v0.2.1
[INFO] [stderr]     Checking bumpalo v3.14.0
[INFO] [stderr]    Compiling bit-vec v0.6.3
[INFO] [stderr]    Compiling fastrand v2.0.1
[INFO] [stderr]    Compiling subtle v2.5.0
[INFO] [stderr]    Compiling zeroize v1.7.0
[INFO] [stderr]     Checking shared-buffer v0.1.4
[INFO] [stderr]    Compiling bit-set v0.5.3
[INFO] [stderr]     Checking wasmer-types v4.2.5
[INFO] [stderr]    Compiling deranged v0.3.11
[INFO] [stderr]    Compiling flate2 v1.0.28
[INFO] [stderr]     Checking wrap_manifest_schemas v0.1.11
[INFO] [stderr]     Checking wasm-encoder v0.32.0
[INFO] [stderr]     Checking wasmparser v0.95.0
[INFO] [stderr]    Compiling doc-comment v0.3.3
[INFO] [stderr]    Compiling encoding_rs v0.8.33
[INFO] [stderr]     Checking memmap2 v0.5.10
[INFO] [stderr]    Compiling wasmer-compiler-cranelift v4.2.5
[INFO] [stderr]    Compiling base64 v0.21.7
[INFO] [stderr]     Checking self_cell v1.0.3
[INFO] [stderr]     Checking either v1.9.0
[INFO] [stderr]    Compiling zerocopy v0.7.32
[INFO] [stderr]     Checking traitobject v0.1.0
[INFO] [stderr]     Checking rayon v1.8.1
[INFO] [stderr]     Checking wasmer-vm v4.2.5
[INFO] [stderr]     Checking wast v64.0.0
[INFO] [stderr]     Checking polywrap_core v0.1.11
[INFO] [stderr]    Compiling proc-macro-error v1.0.4
[INFO] [stderr]     Checking wasmer-compiler v4.2.5
[INFO] [stderr]    Compiling phf_generator v0.7.24
[INFO] [stderr]    Compiling anyhow v1.0.79
[INFO] [stderr]    Compiling byteorder v1.5.0
[INFO] [stderr]     Checking safemem v0.3.3
[INFO] [stderr]    Compiling base64 v0.13.1
[INFO] [stderr]    Compiling phf_codegen v0.7.24
[INFO] [stderr]    Compiling wasmer-derive v4.2.5
[INFO] [stderr]     Checking unsafe-any v0.4.2
[INFO] [stderr]     Checking mime v0.2.6
[INFO] [stderr]    Compiling phf v0.7.24
[INFO] [stderr]    Compiling semver v1.0.21
[INFO] [stderr]    Compiling mime_guess v1.8.8
[INFO] [stderr]     Checking typemap v0.3.3
[INFO] [stderr]     Checking getrandom v0.1.16
[INFO] [stderr]     Checking base64 v0.9.3
[INFO] [stderr]    Compiling unicase v2.7.0
[INFO] [stderr]     Checking time v0.1.45
[INFO] [stderr]     Checking typeable v0.1.2
[INFO] [stderr]     Checking language-tags v0.2.2
[INFO] [stderr]    Compiling mime_guess v2.0.4
[INFO] [stderr]     Checking hyper v0.10.16
[INFO] [stderr]     Checking rand_core v0.5.1
[INFO] [stderr]     Checking rmp v0.8.12
[INFO] [stderr]     Checking plugin v0.2.6
[INFO] [stderr]     Checking modifier v0.1.0
[INFO] [stderr]     Checking rand_chacha v0.2.2
[INFO] [stderr]     Checking chrono v0.4.33
[INFO] [stderr]     Checking mustache v0.9.0
[INFO] [stderr]     Checking wat v1.0.71
[INFO] [stderr]     Checking chunked_transfer v0.3.1
[INFO] [stderr]     Checking ascii v0.8.7
[INFO] [stderr]     Checking groupable v0.2.0
[INFO] [stderr]     Checking rand v0.7.3
[INFO] [stderr]     Checking iron v0.6.1
[INFO] [stderr]     Checking nickel v0.11.0
[INFO] [stderr]     Checking rmp-serde v1.1.2
[INFO] [stderr]     Checking tiny_http v0.6.4
[INFO] [stderr]     Checking rmpv v1.0.1
[INFO] [stderr]     Checking buf_redux v0.8.4
[INFO] [stderr]     Checking twoway v0.1.8
[INFO] [stderr]     Checking multipart v0.17.1
[INFO] [stderr]     Checking polywrap_msgpack v0.1.6-beta.7
[INFO] [stderr]    Compiling polywrap_plugin_implementor v0.1.11
[INFO] [stderr]     Checking polywrap_plugin v0.1.11
[INFO] [stderr]     Checking http_plugin_rs v0.0.1-beta.4 (/opt/rustwide/workdir)
[INFO] [stdout] error[E0433]: failed to resolve: use of undeclared crate or module `polywrap_msgpack_serde`
[INFO] [stdout]   --> src/lib.rs:17:1
[INFO] [stdout]    |
[INFO] [stdout] 17 | #[plugin_impl]
[INFO] [stdout]    | ^^^^^^^^^^^^^^ use of undeclared crate or module `polywrap_msgpack_serde`
[INFO] [stdout]    |
[INFO] [stdout]    = note: this error originates in the attribute macro `plugin_impl` (in Nightly builds, run with -Z macro-backtrace for more info)
[INFO] [stdout] help: there is a crate or module with a similar name
[INFO] [stdout]    |
[INFO] [stdout] 17 | polywrap_msgpack
[INFO] [stdout]    |
[INFO] [stdout] help: consider importing this crate
[INFO] [stdout]    |
[INFO] [stdout] 1  + use polywrap_plugin::polywrap_msgpack_serde;
[INFO] [stdout]    |
[INFO] [stdout] 
[INFO] [stdout] 
[INFO] [stdout] error[E0308]: mismatched types
[INFO] [stdout]   --> src/mapping.rs:45:23
[INFO] [stdout]    |
[INFO] [stdout] 45 |         headers: Some(headers),
[INFO] [stdout]    |                  ---- ^^^^^^^ expected `Map<String, String>`, found `GenericMap<String, String>`
[INFO] [stdout]    |                  |
[INFO] [stdout]    |                  arguments to this enum variant are incorrect
[INFO] [stdout]    |
[INFO] [stdout]    = note: expected struct `BTreeMap<std::string::String, std::string::String>`
[INFO] [stdout]               found struct `GenericMap<std::string::String, std::string::String>`
[INFO] [stdout] help: the type constructed contains `GenericMap<std::string::String, std::string::String>` due to the type of the argument passed
[INFO] [stdout]   --> src/mapping.rs:45:18
[INFO] [stdout]    |
[INFO] [stdout] 45 |         headers: Some(headers),
[INFO] [stdout]    |                  ^^^^^-------^
[INFO] [stdout]    |                       |
[INFO] [stdout]    |                       this argument influences the type of `Some`
[INFO] [stdout] note: tuple variant defined here
[INFO] [stdout]   --> /rustc/268dbbbc4b3fd71c5f360a4d0728295252430b5b/library/core/src/option.rs:578:5
[INFO] [stdout] help: call `Into::into` on this expression to convert `GenericMap<std::string::String, std::string::String>` into `BTreeMap<std::string::String, std::string::String>`
[INFO] [stdout]    |
[INFO] [stdout] 45 |         headers: Some(headers.into()),
[INFO] [stdout]    |                              +++++++
[INFO] [stdout] 
[INFO] [stdout] 
[INFO] [stdout] error[E0609]: no field `0` on type `BTreeMap<std::string::String, std::string::String>`
[INFO] [stdout]   --> src/mapping.rs:62:44
[INFO] [stdout]    |
[INFO] [stdout] 62 |             for (key, value) in url_params.0.iter() {
[INFO] [stdout]    |                                            ^ unknown field
[INFO] [stdout] 
[INFO] [stdout] 
[INFO] [stdout] error[E0609]: no field `0` on type `BTreeMap<std::string::String, std::string::String>`
[INFO] [stdout]   --> src/mapping.rs:68:42
[INFO] [stdout]    |
[INFO] [stdout] 68 |             for (name, value) in headers.0.iter() {
[INFO] [stdout]    |                                          ^ unknown field
[INFO] [stdout] 
[INFO] [stdout] 
[INFO] [stdout] error[E0599]: no variant named `SubinvocationError` found for enum `polywrap_plugin::PluginError`
[INFO] [stdout]    --> src/wrap/types.rs:109:35
[INFO] [stdout]     |
[INFO] [stdout] 109 |         .map_err(|e| PluginError::SubinvocationError {
[INFO] [stdout]     |                                   ^^^^^^^^^^^^^^^^^^ help: there is a variant with a similar name: `InvocationError`
[INFO] [stdout] 
[INFO] [stdout] 
[INFO] [stdout] error[E0277]: `?` couldn't convert the error to `polywrap_plugin::PluginError`
[INFO] [stdout]    --> src/wrap/types.rs:116:42
[INFO] [stdout]     |
[INFO] [stdout] 116 |         Ok(Some(decode(result.as_slice())?))
[INFO] [stdout]     |                                          ^ the trait `std::convert::From<polywrap_msgpack::error::MsgpackError>` is not implemented for `polywrap_plugin::PluginError`, which is required by `Result<std::option::Option<types::HttpResponse>, polywrap_plugin::PluginError>: FromResidual<Result<Infallible, polywrap_msgpack::error::MsgpackError>>`
[INFO] [stdout]     |
[INFO] [stdout]     = note: the question mark operation (`?`) implicitly performs a conversion on the error value using the `From` trait
[INFO] [stdout]     = help: the following other types implement trait `std::convert::From<T>`:
[INFO] [stdout]               <polywrap_plugin::PluginError as std::convert::From<polywrap_plugin::serde_json::Error>>
[INFO] [stdout]               <polywrap_plugin::PluginError as std::convert::From<polywrap_plugin::polywrap_msgpack_serde::Error>>
[INFO] [stdout]     = note: required for `Result<std::option::Option<types::HttpResponse>, polywrap_plugin::PluginError>` to implement `FromResidual<Result<Infallible, polywrap_msgpack::error::MsgpackError>>`
[INFO] [stdout] 
[INFO] [stdout] 
[INFO] [stdout] error[E0599]: no variant named `SubinvocationError` found for enum `polywrap_plugin::PluginError`
[INFO] [stdout]    --> src/wrap/types.rs:131:35
[INFO] [stdout]     |
[INFO] [stdout] 131 |         .map_err(|e| PluginError::SubinvocationError {
[INFO] [stdout]     |                                   ^^^^^^^^^^^^^^^^^^ help: there is a variant with a similar name: `InvocationError`
[INFO] [stdout] 
[INFO] [stdout] 
[INFO] [stdout] error[E0277]: `?` couldn't convert the error to `polywrap_plugin::PluginError`
[INFO] [stdout]    --> src/wrap/types.rs:138:42
[INFO] [stdout]     |
[INFO] [stdout] 138 |         Ok(Some(decode(result.as_slice())?))
[INFO] [stdout]     |                                          ^ the trait `std::convert::From<polywrap_msgpack::error::MsgpackError>` is not implemented for `polywrap_plugin::PluginError`, which is required by `Result<std::option::Option<types::HttpResponse>, polywrap_plugin::PluginError>: FromResidual<Result<Infallible, polywrap_msgpack::error::MsgpackError>>`
[INFO] [stdout]     |
[INFO] [stdout]     = note: the question mark operation (`?`) implicitly performs a conversion on the error value using the `From` trait
[INFO] [stdout]     = help: the following other types implement trait `std::convert::From<T>`:
[INFO] [stdout]               <polywrap_plugin::PluginError as std::convert::From<polywrap_plugin::serde_json::Error>>
[INFO] [stdout]               <polywrap_plugin::PluginError as std::convert::From<polywrap_plugin::polywrap_msgpack_serde::Error>>
[INFO] [stdout]     = note: required for `Result<std::option::Option<types::HttpResponse>, polywrap_plugin::PluginError>` to implement `FromResidual<Result<Infallible, polywrap_msgpack::error::MsgpackError>>`
[INFO] [stdout] 
[INFO] [stdout] 
[INFO] [stdout] error[E0599]: no variant or associated item named `ModuleError` found for enum `polywrap_plugin::PluginError` in the current scope
[INFO] [stdout]   --> src/lib.rs:27:39
[INFO] [stdout]    |
[INFO] [stdout] 27 |             .map_err(|e| PluginError::ModuleError(e.to_string()))?;
[INFO] [stdout]    |                                       ^^^^^^^^^^^ variant or associated item not found in `PluginError`
[INFO] [stdout] 
[INFO] [stdout] 
[INFO] [stdout] error[E0599]: no variant or associated item named `ModuleError` found for enum `polywrap_plugin::PluginError` in the current scope
[INFO] [stdout]   --> src/lib.rs:64:51
[INFO] [stdout]    |
[INFO] [stdout] 64 |                         .map_err(|e| PluginError::ModuleError(e.to_string()))?
[INFO] [stdout]    |                                                   ^^^^^^^^^^^ variant or associated item not found in `PluginError`
[INFO] [stdout] 
[INFO] [stdout] 
[INFO] [stdout] error[E0599]: no variant or associated item named `ModuleError` found for enum `polywrap_plugin::PluginError` in the current scope
[INFO] [stdout]    --> src/lib.rs:100:47
[INFO] [stdout]     |
[INFO] [stdout] 100 |                     .map_err(|e| PluginError::ModuleError(e.to_string()))?
[INFO] [stdout]     |                                               ^^^^^^^^^^^ variant or associated item not found in `PluginError`
[INFO] [stdout] 
[INFO] [stdout] 
[INFO] [stdout] error[E0599]: no variant or associated item named `ModuleError` found for enum `polywrap_plugin::PluginError` in the current scope
[INFO] [stdout]    --> src/lib.rs:105:43
[INFO] [stdout]     |
[INFO] [stdout] 105 |                 .map_err(|e| PluginError::ModuleError(e.to_string()))?
[INFO] [stdout]     |                                           ^^^^^^^^^^^ variant or associated item not found in `PluginError`
[INFO] [stdout] 
[INFO] [stdout] 
[INFO] [stdout] error: aborting due to 12 previous errors
[INFO] [stdout] 
[INFO] [stdout] 
[INFO] [stdout] Some errors have detailed explanations: E0277, E0308, E0433, E0599, E0609.
[INFO] [stdout] 
[INFO] [stdout] For more information about an error, try `rustc --explain E0277`.
[INFO] [stdout] 
[INFO] [stderr] error: could not compile `http_plugin_rs` (lib) due to 13 previous errors
[INFO] [stderr] warning: build failed, waiting for other jobs to finish...
[INFO] running `Command { std: "docker" "inspect" "e7bc613bb7a1e2e9c16f57c70f433fde304186e8bd41d8e8244ba77311894c8f", kill_on_drop: false }`
[INFO] running `Command { std: "docker" "rm" "-f" "e7bc613bb7a1e2e9c16f57c70f433fde304186e8bd41d8e8244ba77311894c8f", kill_on_drop: false }`
[INFO] [stdout] e7bc613bb7a1e2e9c16f57c70f433fde304186e8bd41d8e8244ba77311894c8f
