[INFO] fetching crate http-sign 0.3.0...
[INFO] checking http-sign-0.3.0 against nightly-2024-02-05 for check-cfg
[INFO] extracting crate http-sign 0.3.0 into /workspace/builds/worker-4-tc1/source
[INFO] validating manifest of crates.io crate http-sign 0.3.0 on toolchain nightly-2024-02-05
[INFO] running `Command { std: CARGO_HOME="/workspace/cargo-home" RUSTUP_HOME="/workspace/rustup-home" "/workspace/cargo-home/bin/cargo" "+nightly-2024-02-05" "metadata" "--manifest-path" "Cargo.toml" "--no-deps", kill_on_drop: false }`
[INFO] started tweaking crates.io crate http-sign 0.3.0
[INFO] finished tweaking crates.io crate http-sign 0.3.0
[INFO] tweaked toml for crates.io crate http-sign 0.3.0 written to /workspace/builds/worker-4-tc1/source/Cargo.toml
[INFO] crate crates.io crate http-sign 0.3.0 already has a lockfile, it will not be regenerated
[INFO] running `Command { std: CARGO_HOME="/workspace/cargo-home" RUSTUP_HOME="/workspace/rustup-home" "/workspace/cargo-home/bin/cargo" "+nightly-2024-02-05" "fetch" "--manifest-path" "Cargo.toml", kill_on_drop: false }`
[INFO] [stderr]  Downloading crates ...
[INFO] [stderr]   Downloaded wasm-bindgen-shared v0.2.73
[INFO] [stderr]   Downloaded wasm-bindgen-macro-support v0.2.73
[INFO] [stderr]   Downloaded wasm-bindgen-macro v0.2.73
[INFO] [stderr]   Downloaded js-sys v0.3.50
[INFO] [stderr]   Downloaded wasm-bindgen-backend v0.2.73
[INFO] [stderr]   Downloaded wasm-bindgen v0.2.73
[INFO] [stderr]   Downloaded libc v0.2.92
[INFO] [stderr]   Downloaded syn v1.0.67
[INFO] running `Command { std: "docker" "create" "-v" "/var/lib/crater-agent-workspace/builds/worker-4-tc1/target:/opt/rustwide/target:rw,Z" "-v" "/var/lib/crater-agent-workspace/builds/worker-4-tc1/source:/opt/rustwide/workdir:ro,Z" "-v" "/var/lib/crater-agent-workspace/cargo-home:/opt/rustwide/cargo-home:ro,Z" "-v" "/var/lib/crater-agent-workspace/rustup-home:/opt/rustwide/rustup-home:ro,Z" "-e" "SOURCE_DIR=/opt/rustwide/workdir" "-e" "CARGO_TARGET_DIR=/opt/rustwide/target" "-e" "CARGO_HOME=/opt/rustwide/cargo-home" "-e" "RUSTUP_HOME=/opt/rustwide/rustup-home" "-w" "/opt/rustwide/workdir" "-m" "1610612736" "--user" "0:0" "--network" "none" "ghcr.io/rust-lang/crates-build-env/linux@sha256:2788e3201cd34a07e3172128adcd8b3090168a8e3bcc40d7c032b9dda1df7d1c" "/opt/rustwide/cargo-home/bin/cargo" "+nightly-2024-02-05" "metadata" "--no-deps" "--format-version=1", kill_on_drop: false }`
[INFO] [stdout] 49e04982522d913fd5c2a4f4124206e61e56a9c35700c9fd25b8efa2571aed1c
[INFO] running `Command { std: "docker" "start" "-a" "49e04982522d913fd5c2a4f4124206e61e56a9c35700c9fd25b8efa2571aed1c", kill_on_drop: false }`
[INFO] running `Command { std: "docker" "inspect" "49e04982522d913fd5c2a4f4124206e61e56a9c35700c9fd25b8efa2571aed1c", kill_on_drop: false }`
[INFO] running `Command { std: "docker" "rm" "-f" "49e04982522d913fd5c2a4f4124206e61e56a9c35700c9fd25b8efa2571aed1c", kill_on_drop: false }`
[INFO] [stdout] 49e04982522d913fd5c2a4f4124206e61e56a9c35700c9fd25b8efa2571aed1c
[INFO] running `Command { std: "docker" "create" "-v" "/var/lib/crater-agent-workspace/builds/worker-4-tc1/target:/opt/rustwide/target:rw,Z" "-v" "/var/lib/crater-agent-workspace/builds/worker-4-tc1/source:/opt/rustwide/workdir:ro,Z" "-v" "/var/lib/crater-agent-workspace/cargo-home:/opt/rustwide/cargo-home:ro,Z" "-v" "/var/lib/crater-agent-workspace/rustup-home:/opt/rustwide/rustup-home:ro,Z" "-e" "SOURCE_DIR=/opt/rustwide/workdir" "-e" "CARGO_TARGET_DIR=/opt/rustwide/target" "-e" "CARGO_INCREMENTAL=0" "-e" "RUST_BACKTRACE=full" "-e" "RUSTFLAGS=--cap-lints=forbid" "-e" "RUSTDOCFLAGS=--cap-lints=forbid" "-e" "CARGO_HOME=/opt/rustwide/cargo-home" "-e" "RUSTUP_HOME=/opt/rustwide/rustup-home" "-w" "/opt/rustwide/workdir" "-m" "1610612736" "--user" "0:0" "--network" "none" "ghcr.io/rust-lang/crates-build-env/linux@sha256:2788e3201cd34a07e3172128adcd8b3090168a8e3bcc40d7c032b9dda1df7d1c" "/opt/rustwide/cargo-home/bin/cargo" "+nightly-2024-02-05" "check" "--frozen" "--all" "--all-targets" "--message-format=json", kill_on_drop: false }`
[INFO] [stdout] 96fa82e705c622f70a2f4d55a1e24e00c08f1c4bee7b296d760a886bd43c50cd
[INFO] running `Command { std: "docker" "start" "-a" "96fa82e705c622f70a2f4d55a1e24e00c08f1c4bee7b296d760a886bd43c50cd", kill_on_drop: false }`
[INFO] [stderr]    Compiling libc v0.2.92
[INFO] [stderr]    Compiling cc v1.0.67
[INFO] [stderr]     Checking once_cell v1.7.2
[INFO] [stderr]     Checking spin v0.5.2
[INFO] [stderr]     Checking untrusted v0.7.1
[INFO] [stderr]     Checking bytes v1.0.1
[INFO] [stderr]     Checking base64 v0.13.0
[INFO] [stderr]    Compiling ring v0.16.20
[INFO] [stderr]     Checking http-sign v0.3.0 (/opt/rustwide/workdir)
[INFO] [stdout] error[E0557]: feature has been removed
[INFO] [stdout]  --> src/lib.rs:3:12
[INFO] [stdout]   |
[INFO] [stdout] 3 | #![feature(min_type_alias_impl_trait)]
[INFO] [stdout]   |            ^^^^^^^^^^^^^^^^^^^^^^^^^ feature has been removed
[INFO] [stdout]   |
[INFO] [stdout]   = note: removed in favor of full type_alias_impl_trait
[INFO] [stdout] 
[INFO] [stdout] 
[INFO] [stdout] error[E0557]: feature has been removed
[INFO] [stdout]  --> src/lib.rs:3:12
[INFO] [stdout]   |
[INFO] [stdout] 3 | #![feature(min_type_alias_impl_trait)]
[INFO] [stdout]   |            ^^^^^^^^^^^^^^^^^^^^^^^^^ feature has been removed
[INFO] [stdout]   |
[INFO] [stdout]   = note: removed in favor of full type_alias_impl_trait
[INFO] [stdout] 
[INFO] [stdout] 
[INFO] [stdout] warning: the feature `generic_associated_types` has been stable since 1.65.0 and no longer requires an attribute to enable
[INFO] [stdout]  --> src/lib.rs:2:12
[INFO] [stdout]   |
[INFO] [stdout] 2 | #![feature(generic_associated_types)]
[INFO] [stdout]   |            ^^^^^^^^^^^^^^^^^^^^^^^^
[INFO] [stdout]   |
[INFO] [stdout]   = note: `#[warn(stable_features)]` on by default
[INFO] [stdout] 
[INFO] [stdout] 
[INFO] [stdout] warning: the feature `generic_associated_types` has been stable since 1.65.0 and no longer requires an attribute to enable
[INFO] [stdout]  --> src/lib.rs:2:12
[INFO] [stdout]   |
[INFO] [stdout] 2 | #![feature(generic_associated_types)]
[INFO] [stdout]   |            ^^^^^^^^^^^^^^^^^^^^^^^^
[INFO] [stdout]   |
[INFO] [stdout]   = note: `#[warn(stable_features)]` on by default
[INFO] [stdout] 
[INFO] [stdout] 
[INFO] [stdout] error: missing required bound on `NameIter`
[INFO] [stdout]    --> src/request.rs:187:5
[INFO] [stdout]     |
[INFO] [stdout] 187 |     type NameIter<'a> : Iterator<Item = &'a str>;
[INFO] [stdout]     |     ^^^^^^^^^^^^^^^^^^^^^^^^^^^^^^^^^^^^^^^^^^^^-
[INFO] [stdout]     |                                                 |
[INFO] [stdout]     |                                                 help: add the required where clause: `where Self: 'a`
[INFO] [stdout]     |
[INFO] [stdout]     = note: this bound is currently required to ensure that impls have maximum flexibility
[INFO] [stdout]     = note: we are soliciting feedback, see issue #87479 <https://github.com/rust-lang/rust/issues/87479> for more information
[INFO] [stdout] 
[INFO] [stdout] 
[INFO] [stdout] error: missing required bound on `NameIter`
[INFO] [stdout]    --> src/request.rs:187:5
[INFO] [stdout]     |
[INFO] [stdout] 187 |     type NameIter<'a> : Iterator<Item = &'a str>;
[INFO] [stdout]     |     ^^^^^^^^^^^^^^^^^^^^^^^^^^^^^^^^^^^^^^^^^^^^-
[INFO] [stdout]     |                                                 |
[INFO] [stdout]     |                                                 help: add the required where clause: `where Self: 'a`
[INFO] [stdout]     |
[INFO] [stdout]     = note: this bound is currently required to ensure that impls have maximum flexibility
[INFO] [stdout]     = note: we are soliciting feedback, see issue #87479 <https://github.com/rust-lang/rust/issues/87479> for more information
[INFO] [stdout] 
[INFO] [stdout] 
[INFO] [stdout] error: missing required bound on `ValueIter`
[INFO] [stdout]    --> src/request.rs:190:5
[INFO] [stdout]     |
[INFO] [stdout] 190 |     type ValueIter<'a> : Iterator<Item = &'a [u8]>;
[INFO] [stdout]     |     ^^^^^^^^^^^^^^^^^^^^^^^^^^^^^^^^^^^^^^^^^^^^^^-
[INFO] [stdout]     |                                                   |
[INFO] [stdout]     |                                                   help: add the required where clause: `where Self: 'a`
[INFO] [stdout]     |
[INFO] [stdout]     = note: this bound is currently required to ensure that impls have maximum flexibility
[INFO] [stdout]     = note: we are soliciting feedback, see issue #87479 <https://github.com/rust-lang/rust/issues/87479> for more information
[INFO] [stdout] 
[INFO] [stdout] 
[INFO] [stdout] error: missing required bound on `ValueIter`
[INFO] [stdout]    --> src/request.rs:190:5
[INFO] [stdout]     |
[INFO] [stdout] 190 |     type ValueIter<'a> : Iterator<Item = &'a [u8]>;
[INFO] [stdout]     |     ^^^^^^^^^^^^^^^^^^^^^^^^^^^^^^^^^^^^^^^^^^^^^^-
[INFO] [stdout]     |                                                   |
[INFO] [stdout]     |                                                   help: add the required where clause: `where Self: 'a`
[INFO] [stdout]     |
[INFO] [stdout]     = note: this bound is currently required to ensure that impls have maximum flexibility
[INFO] [stdout]     = note: we are soliciting feedback, see issue #87479 <https://github.com/rust-lang/rust/issues/87479> for more information
[INFO] [stdout] 
[INFO] [stdout] 
[INFO] [stdout] error: aborting due to 3 previous errors; 1 warning emitted
[INFO] [stdout] 
[INFO] [stdout] 
[INFO] [stdout] For more information about this error, try `rustc --explain E0557`.
[INFO] [stdout] 
[INFO] [stdout] error: aborting due to 3 previous errors; 1 warning emitted
[INFO] [stdout] 
[INFO] [stdout] 
[INFO] [stdout] For more information about this error, try `rustc --explain E0557`.
[INFO] [stdout] 
[INFO] [stderr] error: could not compile `http-sign` (lib) due to 4 previous errors; 1 warning emitted
[INFO] [stderr] warning: build failed, waiting for other jobs to finish...
[INFO] [stderr] error: could not compile `http-sign` (lib test) due to 4 previous errors; 1 warning emitted
[INFO] running `Command { std: "docker" "inspect" "96fa82e705c622f70a2f4d55a1e24e00c08f1c4bee7b296d760a886bd43c50cd", kill_on_drop: false }`
[INFO] running `Command { std: "docker" "rm" "-f" "96fa82e705c622f70a2f4d55a1e24e00c08f1c4bee7b296d760a886bd43c50cd", kill_on_drop: false }`
[INFO] [stdout] 96fa82e705c622f70a2f4d55a1e24e00c08f1c4bee7b296d760a886bd43c50cd
[INFO] checking http-sign-0.3.0 against nightly-2024-02-05+rustflags=-Dunexpected_cfgs+cargoflags=-Zcheck-cfg for check-cfg
[INFO] extracting crate http-sign 0.3.0 into /workspace/builds/worker-4-tc2/source
[INFO] validating manifest of crates.io crate http-sign 0.3.0 on toolchain nightly-2024-02-05
[INFO] running `Command { std: CARGO_HOME="/workspace/cargo-home" RUSTUP_HOME="/workspace/rustup-home" "/workspace/cargo-home/bin/cargo" "+nightly-2024-02-05" "metadata" "--manifest-path" "Cargo.toml" "--no-deps", kill_on_drop: false }`
[INFO] started tweaking crates.io crate http-sign 0.3.0
[INFO] finished tweaking crates.io crate http-sign 0.3.0
[INFO] tweaked toml for crates.io crate http-sign 0.3.0 written to /workspace/builds/worker-4-tc2/source/Cargo.toml
[INFO] crate crates.io crate http-sign 0.3.0 already has a lockfile, it will not be regenerated
[INFO] running `Command { std: CARGO_HOME="/workspace/cargo-home" RUSTUP_HOME="/workspace/rustup-home" "/workspace/cargo-home/bin/cargo" "+nightly-2024-02-05" "fetch" "--manifest-path" "Cargo.toml", kill_on_drop: false }`
[INFO] running `Command { std: "docker" "create" "-v" "/var/lib/crater-agent-workspace/builds/worker-4-tc2/target:/opt/rustwide/target:rw,Z" "-v" "/var/lib/crater-agent-workspace/builds/worker-4-tc2/source:/opt/rustwide/workdir:ro,Z" "-v" "/var/lib/crater-agent-workspace/cargo-home:/opt/rustwide/cargo-home:ro,Z" "-v" "/var/lib/crater-agent-workspace/rustup-home:/opt/rustwide/rustup-home:ro,Z" "-e" "SOURCE_DIR=/opt/rustwide/workdir" "-e" "CARGO_TARGET_DIR=/opt/rustwide/target" "-e" "CARGO_HOME=/opt/rustwide/cargo-home" "-e" "RUSTUP_HOME=/opt/rustwide/rustup-home" "-w" "/opt/rustwide/workdir" "-m" "1610612736" "--user" "0:0" "--network" "none" "ghcr.io/rust-lang/crates-build-env/linux@sha256:2788e3201cd34a07e3172128adcd8b3090168a8e3bcc40d7c032b9dda1df7d1c" "/opt/rustwide/cargo-home/bin/cargo" "+nightly-2024-02-05" "metadata" "--no-deps" "--format-version=1", kill_on_drop: false }`
[INFO] [stdout] e4ab60840ad252bca390cfc211b108f1a931894c1ea8f30cbe2f1dade47abc10
[INFO] running `Command { std: "docker" "start" "-a" "e4ab60840ad252bca390cfc211b108f1a931894c1ea8f30cbe2f1dade47abc10", kill_on_drop: false }`
[INFO] running `Command { std: "docker" "inspect" "e4ab60840ad252bca390cfc211b108f1a931894c1ea8f30cbe2f1dade47abc10", kill_on_drop: false }`
[INFO] running `Command { std: "docker" "rm" "-f" "e4ab60840ad252bca390cfc211b108f1a931894c1ea8f30cbe2f1dade47abc10", kill_on_drop: false }`
[INFO] [stdout] e4ab60840ad252bca390cfc211b108f1a931894c1ea8f30cbe2f1dade47abc10
[INFO] running `Command { std: "docker" "create" "-v" "/var/lib/crater-agent-workspace/builds/worker-4-tc2/target:/opt/rustwide/target:rw,Z" "-v" "/var/lib/crater-agent-workspace/builds/worker-4-tc2/source:/opt/rustwide/workdir:ro,Z" "-v" "/var/lib/crater-agent-workspace/cargo-home:/opt/rustwide/cargo-home:ro,Z" "-v" "/var/lib/crater-agent-workspace/rustup-home:/opt/rustwide/rustup-home:ro,Z" "-e" "SOURCE_DIR=/opt/rustwide/workdir" "-e" "CARGO_TARGET_DIR=/opt/rustwide/target" "-e" "CARGO_INCREMENTAL=0" "-e" "RUST_BACKTRACE=full" "-e" "RUSTFLAGS=--cap-lints=forbid -Dunexpected_cfgs" "-e" "RUSTDOCFLAGS=--cap-lints=forbid" "-e" "CARGO_HOME=/opt/rustwide/cargo-home" "-e" "RUSTUP_HOME=/opt/rustwide/rustup-home" "-w" "/opt/rustwide/workdir" "-m" "1610612736" "--user" "0:0" "--network" "none" "ghcr.io/rust-lang/crates-build-env/linux@sha256:2788e3201cd34a07e3172128adcd8b3090168a8e3bcc40d7c032b9dda1df7d1c" "/opt/rustwide/cargo-home/bin/cargo" "+nightly-2024-02-05" "check" "--frozen" "--all" "--all-targets" "--message-format=json" "-Zcheck-cfg", kill_on_drop: false }`
[INFO] [stdout] 0e6083df42ae81e38748f76769b1fa9cc9bc8553af4dbdc082464486f7316146
[INFO] running `Command { std: "docker" "start" "-a" "0e6083df42ae81e38748f76769b1fa9cc9bc8553af4dbdc082464486f7316146", kill_on_drop: false }`
[INFO] [stderr]    Compiling libc v0.2.92
[INFO] [stderr]    Compiling cc v1.0.67
[INFO] [stderr]     Checking spin v0.5.2
[INFO] [stderr]     Checking once_cell v1.7.2
[INFO] [stderr]     Checking untrusted v0.7.1
[INFO] [stderr]     Checking bytes v1.0.1
[INFO] [stderr]     Checking base64 v0.13.0
[INFO] [stderr]    Compiling ring v0.16.20
[INFO] [stderr]     Checking http-sign v0.3.0 (/opt/rustwide/workdir)
[INFO] [stdout] error[E0557]: feature has been removed
[INFO] [stdout]  --> src/lib.rs:3:12
[INFO] [stdout]   |
[INFO] [stdout] 3 | #![feature(min_type_alias_impl_trait)]
[INFO] [stdout]   |            ^^^^^^^^^^^^^^^^^^^^^^^^^ feature has been removed
[INFO] [stdout]   |
[INFO] [stdout]   = note: removed in favor of full type_alias_impl_trait
[INFO] [stdout] 
[INFO] [stdout] 
[INFO] [stdout] error[E0557]: feature has been removed
[INFO] [stdout]  --> src/lib.rs:3:12
[INFO] [stdout]   |
[INFO] [stdout] 3 | #![feature(min_type_alias_impl_trait)]
[INFO] [stdout]   |            ^^^^^^^^^^^^^^^^^^^^^^^^^ feature has been removed
[INFO] [stdout]   |
[INFO] [stdout]   = note: removed in favor of full type_alias_impl_trait
[INFO] [stdout] 
[INFO] [stdout] 
[INFO] [stdout] warning: the feature `generic_associated_types` has been stable since 1.65.0 and no longer requires an attribute to enable
[INFO] [stdout]  --> src/lib.rs:2:12
[INFO] [stdout]   |
[INFO] [stdout] 2 | #![feature(generic_associated_types)]
[INFO] [stdout]   |            ^^^^^^^^^^^^^^^^^^^^^^^^
[INFO] [stdout]   |
[INFO] [stdout]   = note: `#[warn(stable_features)]` on by default
[INFO] [stdout] 
[INFO] [stdout] 
[INFO] [stdout] warning: the feature `generic_associated_types` has been stable since 1.65.0 and no longer requires an attribute to enable
[INFO] [stdout]  --> src/lib.rs:2:12
[INFO] [stdout]   |
[INFO] [stdout] 2 | #![feature(generic_associated_types)]
[INFO] [stdout]   |            ^^^^^^^^^^^^^^^^^^^^^^^^
[INFO] [stdout]   |
[INFO] [stdout]   = note: `#[warn(stable_features)]` on by default
[INFO] [stdout] 
[INFO] [stdout] 
[INFO] [stdout] error: missing required bound on `NameIter`
[INFO] [stdout]    --> src/request.rs:187:5
[INFO] [stdout]     |
[INFO] [stdout] 187 |     type NameIter<'a> : Iterator<Item = &'a str>;
[INFO] [stdout]     |     ^^^^^^^^^^^^^^^^^^^^^^^^^^^^^^^^^^^^^^^^^^^^-
[INFO] [stdout]     |                                                 |
[INFO] [stdout]     |                                                 help: add the required where clause: `where Self: 'a`
[INFO] [stdout]     |
[INFO] [stdout]     = note: this bound is currently required to ensure that impls have maximum flexibility
[INFO] [stdout]     = note: we are soliciting feedback, see issue #87479 <https://github.com/rust-lang/rust/issues/87479> for more information
[INFO] [stdout] 
[INFO] [stdout] 
[INFO] [stdout] error: missing required bound on `NameIter`
[INFO] [stdout]    --> src/request.rs:187:5
[INFO] [stdout]     |
[INFO] [stdout] 187 |     type NameIter<'a> : Iterator<Item = &'a str>;
[INFO] [stdout]     |     ^^^^^^^^^^^^^^^^^^^^^^^^^^^^^^^^^^^^^^^^^^^^-
[INFO] [stdout]     |                                                 |
[INFO] [stdout]     |                                                 help: add the required where clause: `where Self: 'a`
[INFO] [stdout]     |
[INFO] [stdout]     = note: this bound is currently required to ensure that impls have maximum flexibility
[INFO] [stdout]     = note: we are soliciting feedback, see issue #87479 <https://github.com/rust-lang/rust/issues/87479> for more information
[INFO] [stdout] 
[INFO] [stdout] 
[INFO] [stdout] error: missing required bound on `ValueIter`
[INFO] [stdout]    --> src/request.rs:190:5
[INFO] [stdout]     |
[INFO] [stdout] 190 |     type ValueIter<'a> : Iterator<Item = &'a [u8]>;
[INFO] [stdout]     |     ^^^^^^^^^^^^^^^^^^^^^^^^^^^^^^^^^^^^^^^^^^^^^^-
[INFO] [stdout]     |                                                   |
[INFO] [stdout]     |                                                   help: add the required where clause: `where Self: 'a`
[INFO] [stdout]     |
[INFO] [stdout]     = note: this bound is currently required to ensure that impls have maximum flexibility
[INFO] [stdout]     = note: we are soliciting feedback, see issue #87479 <https://github.com/rust-lang/rust/issues/87479> for more information
[INFO] [stdout] 
[INFO] [stdout] 
[INFO] [stdout] error: missing required bound on `ValueIter`
[INFO] [stdout]    --> src/request.rs:190:5
[INFO] [stdout]     |
[INFO] [stdout] 190 |     type ValueIter<'a> : Iterator<Item = &'a [u8]>;
[INFO] [stdout]     |     ^^^^^^^^^^^^^^^^^^^^^^^^^^^^^^^^^^^^^^^^^^^^^^-
[INFO] [stdout]     |                                                   |
[INFO] [stdout]     |                                                   help: add the required where clause: `where Self: 'a`
[INFO] [stdout]     |
[INFO] [stdout]     = note: this bound is currently required to ensure that impls have maximum flexibility
[INFO] [stdout]     = note: we are soliciting feedback, see issue #87479 <https://github.com/rust-lang/rust/issues/87479> for more information
[INFO] [stdout] 
[INFO] [stdout] 
[INFO] [stdout] error: aborting due to 3 previous errors; 1 warning emitted
[INFO] [stdout] 
[INFO] [stdout] 
[INFO] [stdout] For more information about this error, try `rustc --explain E0557`.
[INFO] [stdout] 
[INFO] [stdout] error: aborting due to 3 previous errors; 1 warning emitted
[INFO] [stdout] 
[INFO] [stdout] 
[INFO] [stdout] For more information about this error, try `rustc --explain E0557`.
[INFO] [stdout] 
[INFO] [stderr] error: could not compile `http-sign` (lib test) due to 4 previous errors; 1 warning emitted
[INFO] [stderr] warning: build failed, waiting for other jobs to finish...
[INFO] [stderr] error: could not compile `http-sign` (lib) due to 4 previous errors; 1 warning emitted
[INFO] running `Command { std: "docker" "inspect" "0e6083df42ae81e38748f76769b1fa9cc9bc8553af4dbdc082464486f7316146", kill_on_drop: false }`
[INFO] running `Command { std: "docker" "rm" "-f" "0e6083df42ae81e38748f76769b1fa9cc9bc8553af4dbdc082464486f7316146", kill_on_drop: false }`
[INFO] [stdout] 0e6083df42ae81e38748f76769b1fa9cc9bc8553af4dbdc082464486f7316146
