[INFO] fetching crate html2maud-bin 0.1.12...
[INFO] checking html2maud-bin-0.1.12 against nightly-2024-02-05 for check-cfg
[INFO] extracting crate html2maud-bin 0.1.12 into /workspace/builds/worker-5-tc1/source
[INFO] validating manifest of crates.io crate html2maud-bin 0.1.12 on toolchain nightly-2024-02-05
[INFO] running `Command { std: CARGO_HOME="/workspace/cargo-home" RUSTUP_HOME="/workspace/rustup-home" "/workspace/cargo-home/bin/cargo" "+nightly-2024-02-05" "metadata" "--manifest-path" "Cargo.toml" "--no-deps", kill_on_drop: false }`
[INFO] started tweaking crates.io crate html2maud-bin 0.1.12
[INFO] finished tweaking crates.io crate html2maud-bin 0.1.12
[INFO] tweaked toml for crates.io crate html2maud-bin 0.1.12 written to /workspace/builds/worker-5-tc1/source/Cargo.toml
[INFO] crate crates.io crate html2maud-bin 0.1.12 already has a lockfile, it will not be regenerated
[INFO] running `Command { std: CARGO_HOME="/workspace/cargo-home" RUSTUP_HOME="/workspace/rustup-home" "/workspace/cargo-home/bin/cargo" "+nightly-2024-02-05" "fetch" "--manifest-path" "Cargo.toml", kill_on_drop: false }`
[INFO] [stderr]     Updating crates.io index
[INFO] [stderr]  Downloading crates ...
[INFO] [stderr]   Downloaded kuchikiki v0.8.2
[INFO] [stderr]   Downloaded maud v0.24.0
[INFO] [stderr]   Downloaded winreg v0.51.0
[INFO] [stderr]   Downloaded tauri-utils v1.5.0
[INFO] [stderr]   Downloaded webview2-com-macros v0.6.0
[INFO] [stderr]   Downloaded gdkx11-sys v0.15.1
[INFO] [stderr]   Downloaded gdkwayland-sys v0.15.3
[INFO] [stderr]   Downloaded webview2-com v0.19.1
[INFO] [stderr]   Downloaded kuchiki v0.8.1
[INFO] [stderr]   Downloaded tauri-build v1.5.0
[INFO] [stderr]   Downloaded json-patch v1.2.0
[INFO] [stderr]   Downloaded toml v0.8.6
[INFO] [stderr]   Downloaded windows_i686_msvc v0.39.0
[INFO] [stderr]   Downloaded windows_i686_gnu v0.39.0
[INFO] [stderr]   Downloaded wry v0.24.4
[INFO] [stderr]   Downloaded tao v0.16.5
[INFO] [stderr]   Downloaded windows_x86_64_gnu v0.39.0
[INFO] [stderr]   Downloaded gtk v0.15.5
[INFO] [stderr]   Downloaded windows-metadata v0.39.0
[INFO] [stderr]   Downloaded maud_macros v0.24.0
[INFO] [stderr]   Downloaded webview2-com-sys v0.19.0
[INFO] [stderr]   Downloaded windows v0.39.0
[INFO] [stderr]   Downloaded paro-rs v0.0.6
[INFO] [stderr]   Downloaded windows_aarch64_msvc v0.39.0
[INFO] [stderr]   Downloaded windows_x86_64_msvc v0.39.0
[INFO] [stderr]   Downloaded glib v0.15.12
[INFO] [stderr]   Downloaded cairo-rs v0.15.12
[INFO] [stderr]   Downloaded x11 v2.21.0
[INFO] [stderr]   Downloaded cfg-expr v0.9.1
[INFO] [stderr]   Downloaded gio v0.15.12
[INFO] [stderr]   Downloaded webkit2gtk v0.18.2
[INFO] [stderr]   Downloaded soup2 v0.2.1
[INFO] [stderr]   Downloaded gdk v0.15.4
[INFO] [stderr]   Downloaded ico v0.3.0
[INFO] [stderr]   Downloaded tauri v1.5.2
[INFO] [stderr]   Downloaded serialize-to-javascript-impl v0.1.1
[INFO] [stderr]   Downloaded tauri-runtime-wry v0.14.1
[INFO] [stderr]   Downloaded javascriptcore-rs-sys v0.4.0
[INFO] [stderr]   Downloaded cargo_toml v0.15.3
[INFO] [stderr]   Downloaded clipboard v0.5.0
[INFO] [stderr]   Downloaded tl v0.7.7
[INFO] [stderr]   Downloaded embed_plist v1.2.2
[INFO] [stderr]   Downloaded pango v0.15.10
[INFO] [stderr]   Downloaded state v0.5.3
[INFO] [stderr]   Downloaded glib-macros v0.15.13
[INFO] [stderr]   Downloaded atk v0.15.1
[INFO] [stderr]   Downloaded tauri-codegen v1.4.1
[INFO] [stderr]   Downloaded soup2-sys v0.2.0
[INFO] [stderr]   Downloaded webkit2gtk-sys v0.18.0
[INFO] [stderr]   Downloaded windows-bindgen v0.39.0
[INFO] [stderr]   Downloaded tauri-macros v1.4.1
[INFO] [stderr]   Downloaded tauri-runtime v0.14.1
[INFO] [stderr]   Downloaded windows-implement v0.39.0
[INFO] [stderr]   Downloaded gdk-pixbuf v0.15.11
[INFO] [stderr]   Downloaded system-deps v5.0.0
[INFO] [stderr]   Downloaded javascriptcore-rs v0.16.0
[INFO] [stderr]   Downloaded serialize-to-javascript v0.1.1
[INFO] [stderr]   Downloaded tauri-winres v0.1.1
[INFO] [stderr]   Downloaded tao-macros v0.1.2
[INFO] [stderr]   Downloaded gtk3-macros v0.15.6
[INFO] [stderr]   Downloaded treediff v4.0.2
[INFO] [stderr]   Downloaded html2maud v0.1.10
[INFO] [stderr]   Downloaded windows-tokens v0.39.0
[INFO] [stderr]   Downloaded infer v0.12.0
[INFO] [stderr]   Downloaded embed-resource v2.4.0
[INFO] running `Command { std: "docker" "create" "-v" "/var/lib/crater-agent-workspace/builds/worker-5-tc1/target:/opt/rustwide/target:rw,Z" "-v" "/var/lib/crater-agent-workspace/builds/worker-5-tc1/source:/opt/rustwide/workdir:ro,Z" "-v" "/var/lib/crater-agent-workspace/cargo-home:/opt/rustwide/cargo-home:ro,Z" "-v" "/var/lib/crater-agent-workspace/rustup-home:/opt/rustwide/rustup-home:ro,Z" "-e" "SOURCE_DIR=/opt/rustwide/workdir" "-e" "CARGO_TARGET_DIR=/opt/rustwide/target" "-e" "CARGO_HOME=/opt/rustwide/cargo-home" "-e" "RUSTUP_HOME=/opt/rustwide/rustup-home" "-w" "/opt/rustwide/workdir" "-m" "1610612736" "--user" "0:0" "--network" "none" "ghcr.io/rust-lang/crates-build-env/linux@sha256:2788e3201cd34a07e3172128adcd8b3090168a8e3bcc40d7c032b9dda1df7d1c" "/opt/rustwide/cargo-home/bin/cargo" "+nightly-2024-02-05" "metadata" "--no-deps" "--format-version=1", kill_on_drop: false }`
[INFO] [stdout] 9c68b21e669d33b3fed53d964470bc6030d7a8eac356c27a6c41bacaff7ef0f6
[INFO] running `Command { std: "docker" "start" "-a" "9c68b21e669d33b3fed53d964470bc6030d7a8eac356c27a6c41bacaff7ef0f6", kill_on_drop: false }`
[INFO] running `Command { std: "docker" "inspect" "9c68b21e669d33b3fed53d964470bc6030d7a8eac356c27a6c41bacaff7ef0f6", kill_on_drop: false }`
[INFO] running `Command { std: "docker" "rm" "-f" "9c68b21e669d33b3fed53d964470bc6030d7a8eac356c27a6c41bacaff7ef0f6", kill_on_drop: false }`
[INFO] [stdout] 9c68b21e669d33b3fed53d964470bc6030d7a8eac356c27a6c41bacaff7ef0f6
[INFO] running `Command { std: "docker" "create" "-v" "/var/lib/crater-agent-workspace/builds/worker-5-tc1/target:/opt/rustwide/target:rw,Z" "-v" "/var/lib/crater-agent-workspace/builds/worker-5-tc1/source:/opt/rustwide/workdir:ro,Z" "-v" "/var/lib/crater-agent-workspace/cargo-home:/opt/rustwide/cargo-home:ro,Z" "-v" "/var/lib/crater-agent-workspace/rustup-home:/opt/rustwide/rustup-home:ro,Z" "-e" "SOURCE_DIR=/opt/rustwide/workdir" "-e" "CARGO_TARGET_DIR=/opt/rustwide/target" "-e" "CARGO_INCREMENTAL=0" "-e" "RUST_BACKTRACE=full" "-e" "RUSTFLAGS=--cap-lints=forbid" "-e" "RUSTDOCFLAGS=--cap-lints=forbid" "-e" "CARGO_HOME=/opt/rustwide/cargo-home" "-e" "RUSTUP_HOME=/opt/rustwide/rustup-home" "-w" "/opt/rustwide/workdir" "-m" "1610612736" "--user" "0:0" "--network" "none" "ghcr.io/rust-lang/crates-build-env/linux@sha256:2788e3201cd34a07e3172128adcd8b3090168a8e3bcc40d7c032b9dda1df7d1c" "/opt/rustwide/cargo-home/bin/cargo" "+nightly-2024-02-05" "check" "--frozen" "--all" "--all-targets" "--message-format=json", kill_on_drop: false }`
[INFO] [stdout] 85b3ed47566e30aba5aedaa3a0962bd782116c88b4f283cf71c1e7b0334bb2e4
[INFO] running `Command { std: "docker" "start" "-a" "85b3ed47566e30aba5aedaa3a0962bd782116c88b4f283cf71c1e7b0334bb2e4", kill_on_drop: false }`
[INFO] [stderr]    Compiling proc-macro2 v1.0.69
[INFO] [stderr]    Compiling libc v0.2.150
[INFO] [stderr]    Compiling serde v1.0.190
[INFO] [stderr]    Compiling smallvec v1.11.1
[INFO] [stderr]    Compiling hashbrown v0.14.2
[INFO] [stderr]    Compiling winnow v0.5.19
[INFO] [stderr]    Compiling target-lexicon v0.12.12
[INFO] [stderr]    Compiling version-compare v0.1.1
[INFO] [stderr]    Compiling once_cell v1.18.0
[INFO] [stderr]    Compiling parking_lot_core v0.9.9
[INFO] [stderr]    Compiling lock_api v0.4.11
[INFO] [stderr]    Compiling quote v1.0.33
[INFO] [stderr]    Compiling proc-macro-error-attr v1.0.4
[INFO] [stderr]    Compiling syn v2.0.38
[INFO] [stderr]    Compiling indexmap v2.1.0
[INFO] [stderr]    Compiling syn v1.0.109
[INFO] [stderr]    Compiling semver v1.0.20
[INFO] [stderr]    Compiling cfg-expr v0.15.5
[INFO] [stderr]    Compiling typenum v1.17.0
[INFO] [stderr]    Compiling proc-macro-error v1.0.4
[INFO] [stderr]    Compiling futures-core v0.3.29
[INFO] [stderr]    Compiling getrandom v0.2.10
[INFO] [stderr]    Compiling getrandom v0.1.16
[INFO] [stderr]    Compiling rand_core v0.6.4
[INFO] [stderr]    Compiling rand_core v0.5.1
[INFO] [stderr]    Compiling anyhow v1.0.75
[INFO] [stderr]    Compiling generic-array v0.14.7
[INFO] [stderr]    Compiling futures-task v0.3.29
[INFO] [stderr]    Compiling rand_chacha v0.3.1
[INFO] [stderr]    Compiling rand_chacha v0.2.2
[INFO] [stderr]    Compiling rand_pcg v0.2.1
[INFO] [stderr]    Compiling rand v0.8.5
[INFO] [stderr]    Compiling rand v0.7.3
[INFO] [stderr]    Compiling futures-util v0.3.29
[INFO] [stderr]    Compiling serde_json v1.0.108
[INFO] [stderr]     Checking futures-sink v0.3.29
[INFO] [stderr]    Compiling futures-channel v0.3.29
[INFO] [stderr]    Compiling unicode-segmentation v1.10.1
[INFO] [stderr]    Compiling cfg-expr v0.9.1
[INFO] [stderr]    Compiling version-compare v0.0.11
[INFO] [stderr]    Compiling phf_generator v0.10.0
[INFO] [stderr]    Compiling phf_generator v0.8.0
[INFO] [stderr]    Compiling phf_codegen v0.8.0
[INFO] [stderr]    Compiling string_cache_codegen v0.5.2
[INFO] [stderr]    Compiling phf_codegen v0.10.0
[INFO] [stderr]    Compiling heck v0.3.3
[INFO] [stderr]    Compiling indexmap v1.9.3
[INFO] [stderr]    Compiling selectors v0.22.0
[INFO] [stderr]     Checking scopeguard v1.2.0
[INFO] [stderr]     Checking ppv-lite86 v0.2.17
[INFO] [stderr]    Compiling crc32fast v1.3.2
[INFO] [stderr]     Checking siphasher v0.3.11
[INFO] [stderr]    Compiling new_debug_unreachable v1.0.4
[INFO] [stderr]    Compiling markup5ever v0.11.0
[INFO] [stderr]    Compiling byteorder v1.5.0
[INFO] [stderr]     Checking parking_lot v0.12.1
[INFO] [stderr]    Compiling darling_core v0.20.3
[INFO] [stderr]     Checking itoa v1.0.9
[INFO] [stderr]    Compiling gio v0.15.12
[INFO] [stderr]     Checking fnv v1.0.7
[INFO] [stderr]    Compiling precomputed-hash v0.1.1
[INFO] [stderr]    Compiling mac v0.1.1
[INFO] [stderr]    Compiling futf v0.1.5
[INFO] [stderr]    Compiling cc v1.0.83
[INFO] [stderr]     Checking memchr v2.6.4
[INFO] [stderr]     Checking tinyvec_macros v0.1.1
[INFO] [stderr]    Compiling dtoa v1.0.9
[INFO] [stderr]    Compiling bitflags v1.3.2
[INFO] [stderr]     Checking futures-io v0.3.29
[INFO] [stderr]    Compiling log v0.4.20
[INFO] [stderr]    Compiling utf-8 v0.7.6
[INFO] [stderr]    Compiling same-file v1.0.6
[INFO] [stderr]    Compiling walkdir v2.4.0
[INFO] [stderr]    Compiling tendril v0.4.3
[INFO] [stderr]    Compiling tinyvec v1.6.0
[INFO] [stderr]    Compiling dtoa-short v0.3.4
[INFO] [stderr]    Compiling memoffset v0.9.0
[INFO] [stderr]    Compiling alloc-no-stdlib v2.0.4
[INFO] [stderr]    Compiling nodrop v0.1.14
[INFO] [stderr]    Compiling ryu v1.0.15
[INFO] [stderr]    Compiling itoa v0.4.8
[INFO] [stderr]    Compiling stable_deref_trait v1.2.0
[INFO] [stderr]    Compiling matches v0.1.10
[INFO] [stderr]     Checking unicode-normalization v0.1.22
[INFO] [stderr]    Compiling servo_arc v0.1.1
[INFO] [stderr]    Compiling alloc-stdlib v0.2.2
[INFO] [stderr]     Checking uuid v1.5.0
[INFO] [stderr]    Compiling fxhash v0.2.1
[INFO] [stderr]     Checking phf_shared v0.10.0
[INFO] [stderr]    Compiling serde_derive v1.0.190
[INFO] [stderr]    Compiling thiserror-impl v1.0.50
[INFO] [stderr]    Compiling futures-macro v0.3.29
[INFO] [stderr]    Compiling cssparser-macros v0.6.1
[INFO] [stderr]    Compiling darling_macro v0.20.3
[INFO] [stderr]    Compiling phf_macros v0.8.0
[INFO] [stderr]    Compiling phf_macros v0.10.0
[INFO] [stderr]    Compiling cssparser v0.27.2
[INFO] [stderr]    Compiling html5ever v0.26.0
[INFO] [stderr]    Compiling derive_more v0.99.17
[INFO] [stderr]    Compiling darling v0.20.3
[INFO] [stderr]    Compiling serde_with_macros v3.4.0
[INFO] [stderr]    Compiling phf v0.10.1
[INFO] [stderr]     Checking thiserror v1.0.50
[INFO] [stderr]    Compiling phf v0.8.0
[INFO] [stderr]    Compiling ctor v0.1.26
[INFO] [stderr]     Checking percent-encoding v2.3.0
[INFO] [stderr]    Compiling unicode-bidi v0.3.13
[INFO] [stderr]    Compiling thin-slice v0.1.1
[INFO] [stderr]    Compiling hashbrown v0.12.3
[INFO] [stderr]     Checking idna v0.4.0
[INFO] [stderr]    Compiling form_urlencoded v1.2.0
[INFO] [stderr]    Compiling cfb v0.7.3
[INFO] [stderr]     Checking futures-executor v0.3.29
[INFO] [stderr]    Compiling brotli-decompressor v2.5.1
[INFO] [stderr]    Compiling crypto-common v0.1.6
[INFO] [stderr]    Compiling block-buffer v0.10.4
[INFO] [stderr]     Checking phf_shared v0.8.0
[INFO] [stderr]    Compiling gtk v0.15.5
[INFO] [stderr]     Checking simd-adler32 v0.3.7
[INFO] [stderr]     Checking bytes v1.5.0
[INFO] [stderr]    Compiling infer v0.12.0
[INFO] [stderr]    Compiling digest v0.10.7
[INFO] [stderr]    Compiling x11 v2.21.0
[INFO] [stderr]    Compiling cpufeatures v0.2.11
[INFO] [stderr]    Compiling glob v0.3.1
[INFO] [stderr]    Compiling brotli v3.4.0
[INFO] [stderr]    Compiling dunce v1.0.4
[INFO] [stderr]    Compiling adler v1.0.2
[INFO] [stderr]    Compiling miniz_oxide v0.7.1
[INFO] [stderr]    Compiling sha2 v0.10.8
[INFO] [stderr]     Checking http v0.2.9
[INFO] [stderr]     Checking aho-corasick v1.1.2
[INFO] [stderr]     Checking regex-syntax v0.8.2
[INFO] [stderr]     Checking unicode-ident v1.0.12
[INFO] [stderr]    Compiling flate2 v1.0.28
[INFO] [stderr]    Compiling fdeflate v0.3.1
[INFO] [stderr]     Checking url v2.4.1
[INFO] [stderr]    Compiling serde_spanned v0.6.4
[INFO] [stderr]    Compiling toml_datetime v0.6.5
[INFO] [stderr]    Compiling toml v0.5.11
[INFO] [stderr]    Compiling toml_edit v0.20.7
[INFO] [stderr]    Compiling toml_edit v0.19.15
[INFO] [stderr]    Compiling rustc_version v0.4.0
[INFO] [stderr]    Compiling string_cache v0.8.7
[INFO] [stderr]    Compiling field-offset v0.3.6
[INFO] [stderr]    Compiling system-deps v5.0.0
[INFO] [stderr]    Compiling serde_with v3.4.0
[INFO] [stderr]    Compiling treediff v4.0.2
[INFO] [stderr]    Compiling json-patch v1.2.0
[INFO] [stderr]    Compiling soup2-sys v0.2.0
[INFO] [stderr]    Compiling javascriptcore-rs-sys v0.4.0
[INFO] [stderr]    Compiling toml v0.8.6
[INFO] [stderr]    Compiling proc-macro-crate v1.3.1
[INFO] [stderr]    Compiling kuchikiki v0.8.2
[INFO] [stderr]    Compiling toml v0.7.8
[INFO] [stderr]    Compiling system-deps v6.2.0
[INFO] [stderr]     Checking regex-automata v0.4.3
[INFO] [stderr]    Compiling tauri-utils v1.5.0
[INFO] [stderr]    Compiling tao v0.16.5
[INFO] [stderr]     Checking raw-window-handle v0.5.2
[INFO] [stderr]     Checking png v0.17.10
[INFO] [stderr]    Compiling embed-resource v2.4.0
[INFO] [stderr]    Compiling glib-sys v0.15.10
[INFO] [stderr]    Compiling gobject-sys v0.15.10
[INFO] [stderr]    Compiling gdk-sys v0.15.1
[INFO] [stderr]    Compiling gio-sys v0.15.10
[INFO] [stderr]    Compiling glib-macros v0.15.13
[INFO] [stderr]    Compiling gdk-pixbuf-sys v0.15.10
[INFO] [stderr]    Compiling cairo-sys-rs v0.15.1
[INFO] [stderr]    Compiling pango-sys v0.15.10
[INFO] [stderr]    Compiling atk-sys v0.15.1
[INFO] [stderr]    Compiling gtk-sys v0.15.3
[INFO] [stderr]    Compiling gtk3-macros v0.15.6
[INFO] [stderr]    Compiling webkit2gtk-sys v0.18.0
[INFO] [stderr]    Compiling gdkx11-sys v0.15.1
[INFO] [stderr]     Checking regex v1.10.2
[INFO] [stderr]     Checking x11-dl v2.21.0
[INFO] [stderr]    Compiling xcb v0.8.2
[INFO] [stderr]    Compiling dirs-sys-next v0.1.2
[INFO] [stderr]     Checking gdkwayland-sys v0.15.3
[INFO] [stderr]     Checking instant v0.1.12
[INFO] [stderr]    Compiling wry v0.24.4
[INFO] [stderr]    Compiling rustix v0.38.21
[INFO] [stderr]    Compiling httparse v1.8.0
[INFO] [stderr]     Checking heck v0.4.1
[INFO] [stderr]    Compiling tauri-runtime v0.14.1
[INFO] [stderr]    Compiling dirs-next v2.0.0
[INFO] [stderr]     Checking glib v0.15.12
[INFO] [stderr]    Compiling ico v0.3.0
[INFO] [stderr]    Compiling tauri-winres v0.1.1
[INFO] [stderr] error: failed to run custom build command for `xcb v0.8.2`
[INFO] [stderr] note: To improve backtraces for build dependencies, set the CARGO_PROFILE_DEV_BUILD_OVERRIDE_DEBUG=true environment variable to enable debug information generation.
[INFO] [stderr] 
[INFO] [stderr] Caused by:
[INFO] [stderr]   process didn't exit successfully: `/opt/rustwide/target/debug/build/xcb-f25f8f3c6cb8cc0b/build-script-build` (exit status: 101)
[INFO] [stderr]   --- stderr
[INFO] [stderr]   error occured in handler:  ('request: ', ('xcb', 'SELinux', 'GetClientContext'))
[INFO] [stderr]   Traceback (most recent call last):
[INFO] [stderr]     File "/opt/rustwide/cargo-home/registry/src/index.crates.io-6f17d22bba15001f/xcb-0.8.2/rs_client.py", line 2448, in <module>
[INFO] [stderr]       module.generate()
[INFO] [stderr]     File "/opt/rustwide/cargo-home/registry/src/index.crates.io-6f17d22bba15001f/xcb-0.8.2/xcbgen/state.py", line 108, in generate
[INFO] [stderr]       self.close()
[INFO] [stderr]     File "/opt/rustwide/cargo-home/registry/src/index.crates.io-6f17d22bba15001f/xcb-0.8.2/rs_client.py", line 296, in rs_close
[INFO] [stderr]       _f.writeout(os.path.join(module.rs_srcdir, "ffi", "%s.rs" % _module_name(_ns.ext_name)))
[INFO] [stderr]     File "/opt/rustwide/cargo-home/registry/src/index.crates.io-6f17d22bba15001f/xcb-0.8.2/rs_client.py", line 114, in writeout
[INFO] [stderr]       with open(path, 'w') as f:
[INFO] [stderr]   OSError: [Errno 30] Read-only file system: '/opt/rustwide/cargo-home/registry/src/index.crates.io-6f17d22bba15001f/xcb-0.8.2/src/ffi/selinux.rs'
[INFO] [stderr]   thread 'main' panicked at /opt/rustwide/cargo-home/registry/src/index.crates.io-6f17d22bba15001f/xcb-0.8.2/build.rs:75:17:
[INFO] [stderr]   processing of /opt/rustwide/cargo-home/registry/src/index.crates.io-6f17d22bba15001f/xcb-0.8.2/xml/xselinux.xml returned non-zero (1)
[INFO] [stderr]   stack backtrace:
[INFO] [stderr]      0:     0x55b5ef671566 - std::backtrace_rs::backtrace::libunwind::trace::heebc7766b165eb2a
[INFO] [stderr]                                  at /rustc/268dbbbc4b3fd71c5f360a4d0728295252430b5b/library/std/src/../../backtrace/src/backtrace/libunwind.rs:104:5
[INFO] [stderr]      1:     0x55b5ef671566 - std::backtrace_rs::backtrace::trace_unsynchronized::ha677020d8fc0296d
[INFO] [stderr]                                  at /rustc/268dbbbc4b3fd71c5f360a4d0728295252430b5b/library/std/src/../../backtrace/src/backtrace/mod.rs:66:5
[INFO] [stderr]      2:     0x55b5ef671566 - std::sys_common::backtrace::_print_fmt::hcaff2fd86a1aeaa3
[INFO] [stderr]                                  at /rustc/268dbbbc4b3fd71c5f360a4d0728295252430b5b/library/std/src/sys_common/backtrace.rs:68:5
[INFO] [stderr]      3:     0x55b5ef671566 - <std::sys_common::backtrace::_print::DisplayBacktrace as core::fmt::Display>::fmt::hc2446d8aa0059188
[INFO] [stderr]                                  at /rustc/268dbbbc4b3fd71c5f360a4d0728295252430b5b/library/std/src/sys_common/backtrace.rs:44:22
[INFO] [stderr]      4:     0x55b5ef6939a0 - core::fmt::rt::Argument::fmt::h2fbb6454da37999b
[INFO] [stderr]                                  at /rustc/268dbbbc4b3fd71c5f360a4d0728295252430b5b/library/core/src/fmt/rt.rs:142:9
[INFO] [stderr]      5:     0x55b5ef6939a0 - core::fmt::write::had96bdeda7d49d3a
[INFO] [stderr]                                  at /rustc/268dbbbc4b3fd71c5f360a4d0728295252430b5b/library/core/src/fmt/mod.rs:1120:17
[INFO] [stderr]      6:     0x55b5ef66f1bf - std::io::Write::write_fmt::h30b1f36eea05b391
[INFO] [stderr]                                  at /rustc/268dbbbc4b3fd71c5f360a4d0728295252430b5b/library/std/src/io/mod.rs:1849:15
[INFO] [stderr]      7:     0x55b5ef671344 - std::sys_common::backtrace::_print::hc333bb91ae972137
[INFO] [stderr]                                  at /rustc/268dbbbc4b3fd71c5f360a4d0728295252430b5b/library/std/src/sys_common/backtrace.rs:47:5
[INFO] [stderr]      8:     0x55b5ef671344 - std::sys_common::backtrace::print::h18fd3c71a95a3169
[INFO] [stderr]                                  at /rustc/268dbbbc4b3fd71c5f360a4d0728295252430b5b/library/std/src/sys_common/backtrace.rs:34:9
[INFO] [stderr]      9:     0x55b5ef672a37 - std::panicking::default_hook::{{closure}}::ha3473f9bcb4e9a37
[INFO] [stderr]     10:     0x55b5ef672799 - std::panicking::default_hook::h23d9d43185db6584
[INFO] [stderr]                                  at /rustc/268dbbbc4b3fd71c5f360a4d0728295252430b5b/library/std/src/panicking.rs:292:9
[INFO] [stderr]     11:     0x55b5ef672ec8 - std::panicking::rust_panic_with_hook::h94aceaa7df3a6edd
[INFO] [stderr]                                  at /rustc/268dbbbc4b3fd71c5f360a4d0728295252430b5b/library/std/src/panicking.rs:781:13
[INFO] [stderr]     12:     0x55b5ef672da2 - std::panicking::begin_panic_handler::{{closure}}::h9905d45d1d82fc42
[INFO] [stderr]                                  at /rustc/268dbbbc4b3fd71c5f360a4d0728295252430b5b/library/std/src/panicking.rs:659:13
[INFO] [stderr]     13:     0x55b5ef671a66 - std::sys_common::backtrace::__rust_end_short_backtrace::hb02085545dc143b9
[INFO] [stderr]                                  at /rustc/268dbbbc4b3fd71c5f360a4d0728295252430b5b/library/std/src/sys_common/backtrace.rs:171:18
[INFO] [stderr]     14:     0x55b5ef672af4 - rust_begin_unwind
[INFO] [stderr]                                  at /rustc/268dbbbc4b3fd71c5f360a4d0728295252430b5b/library/std/src/panicking.rs:647:5
[INFO] [stderr]     15:     0x55b5ef64b285 - core::panicking::panic_fmt::h6dca3983f8a9f4d0
[INFO] [stderr]                                  at /rustc/268dbbbc4b3fd71c5f360a4d0728295252430b5b/library/core/src/panicking.rs:72:14
[INFO] [stderr]     16:     0x55b5ef651311 - build_script_build::main::{{closure}}::h4cf1d793e857c87f
[INFO] [stderr]     17:     0x55b5ef64fea3 - build_script_build::visit_xml::hc6175ca1affb152a
[INFO] [stderr]     18:     0x55b5ef6507cc - build_script_build::main::h95fdb5cfa3c23f18
[INFO] [stderr]     19:     0x55b5ef64cdd3 - core::ops::function::FnOnce::call_once::h17b6da21aff4ab11
[INFO] [stderr]     20:     0x55b5ef64bdb6 - std::sys_common::backtrace::__rust_begin_short_backtrace::he597ea19e0ff5fcd
[INFO] [stderr]     21:     0x55b5ef64c4e9 - std::rt::lang_start::{{closure}}::h1eb243f31fd5073e
[INFO] [stderr]     22:     0x55b5ef66bd91 - core::ops::function::impls::<impl core::ops::function::FnOnce<A> for &F>::call_once::h298d8ff12ebcec8c
[INFO] [stderr]                                  at /rustc/268dbbbc4b3fd71c5f360a4d0728295252430b5b/library/core/src/ops/function.rs:284:13
[INFO] [stderr]     23:     0x55b5ef66bd91 - std::panicking::try::do_call::hbd0ffb05da5bd343
[INFO] [stderr]                                  at /rustc/268dbbbc4b3fd71c5f360a4d0728295252430b5b/library/std/src/panicking.rs:554:40
[INFO] [stderr]     24:     0x55b5ef66bd91 - std::panicking::try::h11c9a152defd5d2a
[INFO] [stderr]                                  at /rustc/268dbbbc4b3fd71c5f360a4d0728295252430b5b/library/std/src/panicking.rs:518:19
[INFO] [stderr]     25:     0x55b5ef66bd91 - std::panic::catch_unwind::h0d6db2fa902b4d64
[INFO] [stderr]                                  at /rustc/268dbbbc4b3fd71c5f360a4d0728295252430b5b/library/std/src/panic.rs:142:14
[INFO] [stderr]     26:     0x55b5ef66bd91 - std::rt::lang_start_internal::{{closure}}::hdcc09b4aad7ef821
[INFO] [stderr]                                  at /rustc/268dbbbc4b3fd71c5f360a4d0728295252430b5b/library/std/src/rt.rs:148:48
[INFO] [stderr]     27:     0x55b5ef66bd91 - std::panicking::try::do_call::h3ffd2f162d60900f
[INFO] [stderr]                                  at /rustc/268dbbbc4b3fd71c5f360a4d0728295252430b5b/library/std/src/panicking.rs:554:40
[INFO] [stderr]     28:     0x55b5ef66bd91 - std::panicking::try::heeba82b9c3e190fb
[INFO] [stderr]                                  at /rustc/268dbbbc4b3fd71c5f360a4d0728295252430b5b/library/std/src/panicking.rs:518:19
[INFO] [stderr]     29:     0x55b5ef66bd91 - std::panic::catch_unwind::hdaab8f1c188f387f
[INFO] [stderr]                                  at /rustc/268dbbbc4b3fd71c5f360a4d0728295252430b5b/library/std/src/panic.rs:142:14
[INFO] [stderr]     30:     0x55b5ef66bd91 - std::rt::lang_start_internal::h9989e088c48b7903
[INFO] [stderr]                                  at /rustc/268dbbbc4b3fd71c5f360a4d0728295252430b5b/library/std/src/rt.rs:148:20
[INFO] [stderr]     31:     0x55b5ef64c4c7 - std::rt::lang_start::h7187b9ce21a130d9
[INFO] [stderr]     32:     0x55b5ef651395 - main
[INFO] [stderr]     33:     0x7f045abb7d90 - <unknown>
[INFO] [stderr]     34:     0x7f045abb7e40 - __libc_start_main
[INFO] [stderr]     35:     0x55b5ef64b9b5 - _start
[INFO] [stderr]     36:                0x0 - <unknown>
[INFO] [stderr] warning: build failed, waiting for other jobs to finish...
[INFO] running `Command { std: "docker" "inspect" "85b3ed47566e30aba5aedaa3a0962bd782116c88b4f283cf71c1e7b0334bb2e4", kill_on_drop: false }`
[INFO] running `Command { std: "docker" "rm" "-f" "85b3ed47566e30aba5aedaa3a0962bd782116c88b4f283cf71c1e7b0334bb2e4", kill_on_drop: false }`
[INFO] [stdout] 85b3ed47566e30aba5aedaa3a0962bd782116c88b4f283cf71c1e7b0334bb2e4
[INFO] checking html2maud-bin-0.1.12 against nightly-2024-02-05+rustflags=-Dunexpected_cfgs+cargoflags=-Zcheck-cfg for check-cfg
[INFO] extracting crate html2maud-bin 0.1.12 into /workspace/builds/worker-5-tc2/source
[INFO] validating manifest of crates.io crate html2maud-bin 0.1.12 on toolchain nightly-2024-02-05
[INFO] running `Command { std: CARGO_HOME="/workspace/cargo-home" RUSTUP_HOME="/workspace/rustup-home" "/workspace/cargo-home/bin/cargo" "+nightly-2024-02-05" "metadata" "--manifest-path" "Cargo.toml" "--no-deps", kill_on_drop: false }`
[INFO] started tweaking crates.io crate html2maud-bin 0.1.12
[INFO] finished tweaking crates.io crate html2maud-bin 0.1.12
[INFO] tweaked toml for crates.io crate html2maud-bin 0.1.12 written to /workspace/builds/worker-5-tc2/source/Cargo.toml
[INFO] crate crates.io crate html2maud-bin 0.1.12 already has a lockfile, it will not be regenerated
[INFO] running `Command { std: CARGO_HOME="/workspace/cargo-home" RUSTUP_HOME="/workspace/rustup-home" "/workspace/cargo-home/bin/cargo" "+nightly-2024-02-05" "fetch" "--manifest-path" "Cargo.toml", kill_on_drop: false }`
[INFO] running `Command { std: "docker" "create" "-v" "/var/lib/crater-agent-workspace/builds/worker-5-tc2/target:/opt/rustwide/target:rw,Z" "-v" "/var/lib/crater-agent-workspace/builds/worker-5-tc2/source:/opt/rustwide/workdir:ro,Z" "-v" "/var/lib/crater-agent-workspace/cargo-home:/opt/rustwide/cargo-home:ro,Z" "-v" "/var/lib/crater-agent-workspace/rustup-home:/opt/rustwide/rustup-home:ro,Z" "-e" "SOURCE_DIR=/opt/rustwide/workdir" "-e" "CARGO_TARGET_DIR=/opt/rustwide/target" "-e" "CARGO_HOME=/opt/rustwide/cargo-home" "-e" "RUSTUP_HOME=/opt/rustwide/rustup-home" "-w" "/opt/rustwide/workdir" "-m" "1610612736" "--user" "0:0" "--network" "none" "ghcr.io/rust-lang/crates-build-env/linux@sha256:2788e3201cd34a07e3172128adcd8b3090168a8e3bcc40d7c032b9dda1df7d1c" "/opt/rustwide/cargo-home/bin/cargo" "+nightly-2024-02-05" "metadata" "--no-deps" "--format-version=1", kill_on_drop: false }`
[INFO] [stdout] 2f64bda3ec5b90f976606db92271cb87deb6763ade1f692883b26f5f2c01bdc8
[INFO] running `Command { std: "docker" "start" "-a" "2f64bda3ec5b90f976606db92271cb87deb6763ade1f692883b26f5f2c01bdc8", kill_on_drop: false }`
[INFO] running `Command { std: "docker" "inspect" "2f64bda3ec5b90f976606db92271cb87deb6763ade1f692883b26f5f2c01bdc8", kill_on_drop: false }`
[INFO] running `Command { std: "docker" "rm" "-f" "2f64bda3ec5b90f976606db92271cb87deb6763ade1f692883b26f5f2c01bdc8", kill_on_drop: false }`
[INFO] [stdout] 2f64bda3ec5b90f976606db92271cb87deb6763ade1f692883b26f5f2c01bdc8
[INFO] running `Command { std: "docker" "create" "-v" "/var/lib/crater-agent-workspace/builds/worker-5-tc2/target:/opt/rustwide/target:rw,Z" "-v" "/var/lib/crater-agent-workspace/builds/worker-5-tc2/source:/opt/rustwide/workdir:ro,Z" "-v" "/var/lib/crater-agent-workspace/cargo-home:/opt/rustwide/cargo-home:ro,Z" "-v" "/var/lib/crater-agent-workspace/rustup-home:/opt/rustwide/rustup-home:ro,Z" "-e" "SOURCE_DIR=/opt/rustwide/workdir" "-e" "CARGO_TARGET_DIR=/opt/rustwide/target" "-e" "CARGO_INCREMENTAL=0" "-e" "RUST_BACKTRACE=full" "-e" "RUSTFLAGS=--cap-lints=forbid -Dunexpected_cfgs" "-e" "RUSTDOCFLAGS=--cap-lints=forbid" "-e" "CARGO_HOME=/opt/rustwide/cargo-home" "-e" "RUSTUP_HOME=/opt/rustwide/rustup-home" "-w" "/opt/rustwide/workdir" "-m" "1610612736" "--user" "0:0" "--network" "none" "ghcr.io/rust-lang/crates-build-env/linux@sha256:2788e3201cd34a07e3172128adcd8b3090168a8e3bcc40d7c032b9dda1df7d1c" "/opt/rustwide/cargo-home/bin/cargo" "+nightly-2024-02-05" "check" "--frozen" "--all" "--all-targets" "--message-format=json" "-Zcheck-cfg", kill_on_drop: false }`
[INFO] [stdout] 57854b5b547edca3a209c4ced69b7ff05a86cbe99756853314ad0a582b34a2bd
[INFO] running `Command { std: "docker" "start" "-a" "57854b5b547edca3a209c4ced69b7ff05a86cbe99756853314ad0a582b34a2bd", kill_on_drop: false }`
[INFO] [stderr]    Compiling proc-macro2 v1.0.69
[INFO] [stderr]    Compiling libc v0.2.150
[INFO] [stderr]    Compiling serde v1.0.190
[INFO] [stderr]    Compiling smallvec v1.11.1
[INFO] [stderr]    Compiling hashbrown v0.14.2
[INFO] [stderr]    Compiling winnow v0.5.19
[INFO] [stderr]    Compiling target-lexicon v0.12.12
[INFO] [stderr]    Compiling version-compare v0.1.1
[INFO] [stderr]    Compiling once_cell v1.18.0
[INFO] [stderr]    Compiling parking_lot_core v0.9.9
[INFO] [stderr]    Compiling lock_api v0.4.11
[INFO] [stderr]    Compiling proc-macro-error-attr v1.0.4
[INFO] [stderr]    Compiling semver v1.0.20
[INFO] [stderr]    Compiling quote v1.0.33
[INFO] [stderr]    Compiling syn v2.0.38
[INFO] [stderr]    Compiling indexmap v2.1.0
[INFO] [stderr]    Compiling syn v1.0.109
[INFO] [stderr]    Compiling typenum v1.17.0
[INFO] [stderr]    Compiling cfg-expr v0.15.5
[INFO] [stderr]    Compiling proc-macro-error v1.0.4
[INFO] [stderr]    Compiling futures-core v0.3.29
[INFO] [stderr]    Compiling anyhow v1.0.75
[INFO] [stderr]    Compiling generic-array v0.14.7
[INFO] [stderr]    Compiling getrandom v0.2.10
[INFO] [stderr]    Compiling rand_core v0.6.4
[INFO] [stderr]    Compiling getrandom v0.1.16
[INFO] [stderr]    Compiling futures-task v0.3.29
[INFO] [stderr]    Compiling futures-util v0.3.29
[INFO] [stderr]    Compiling rand_core v0.5.1
[INFO] [stderr]    Compiling rand_chacha v0.3.1
[INFO] [stderr]     Checking futures-sink v0.3.29
[INFO] [stderr]    Compiling serde_json v1.0.108
[INFO] [stderr]    Compiling futures-channel v0.3.29
[INFO] [stderr]    Compiling rand_chacha v0.2.2
[INFO] [stderr]    Compiling rand v0.8.5
[INFO] [stderr]    Compiling rand_pcg v0.2.1
[INFO] [stderr]    Compiling unicode-segmentation v1.10.1
[INFO] [stderr]    Compiling rand v0.7.3
[INFO] [stderr]    Compiling cfg-expr v0.9.1
[INFO] [stderr]    Compiling version-compare v0.0.11
[INFO] [stderr]    Compiling indexmap v1.9.3
[INFO] [stderr]    Compiling heck v0.3.3
[INFO] [stderr]     Checking siphasher v0.3.11
[INFO] [stderr]     Checking ppv-lite86 v0.2.17
[INFO] [stderr]    Compiling crc32fast v1.3.2
[INFO] [stderr]    Compiling phf_generator v0.10.0
[INFO] [stderr]     Checking scopeguard v1.2.0
[INFO] [stderr]    Compiling phf_codegen v0.10.0
[INFO] [stderr]    Compiling string_cache_codegen v0.5.2
[INFO] [stderr]    Compiling phf_generator v0.8.0
[INFO] [stderr]    Compiling phf_codegen v0.8.0
[INFO] [stderr]    Compiling new_debug_unreachable v1.0.4
[INFO] [stderr]    Compiling byteorder v1.5.0
[INFO] [stderr]    Compiling selectors v0.22.0
[INFO] [stderr]     Checking parking_lot v0.12.1
[INFO] [stderr]    Compiling markup5ever v0.11.0
[INFO] [stderr]    Compiling gio v0.15.12
[INFO] [stderr]     Checking itoa v1.0.9
[INFO] [stderr]    Compiling precomputed-hash v0.1.1
[INFO] [stderr]     Checking fnv v1.0.7
[INFO] [stderr]    Compiling mac v0.1.1
[INFO] [stderr]    Compiling futf v0.1.5
[INFO] [stderr]    Compiling cc v1.0.83
[INFO] [stderr]     Checking memchr v2.6.4
[INFO] [stderr]     Checking tinyvec_macros v0.1.1
[INFO] [stderr]    Compiling log v0.4.20
[INFO] [stderr]    Compiling bitflags v1.3.2
[INFO] [stderr]    Compiling darling_core v0.20.3
[INFO] [stderr]    Compiling utf-8 v0.7.6
[INFO] [stderr]    Compiling same-file v1.0.6
[INFO] [stderr]    Compiling dtoa v1.0.9
[INFO] [stderr]     Checking futures-io v0.3.29
[INFO] [stderr]    Compiling walkdir v2.4.0
[INFO] [stderr]    Compiling dtoa-short v0.3.4
[INFO] [stderr]    Compiling tinyvec v1.6.0
[INFO] [stderr]    Compiling tendril v0.4.3
[INFO] [stderr]    Compiling memoffset v0.9.0
[INFO] [stderr]    Compiling alloc-no-stdlib v2.0.4
[INFO] [stderr]    Compiling ryu v1.0.15
[INFO] [stderr]    Compiling nodrop v0.1.14
[INFO] [stderr]    Compiling stable_deref_trait v1.2.0
[INFO] [stderr]    Compiling matches v0.1.10
[INFO] [stderr]    Compiling itoa v0.4.8
[INFO] [stderr]    Compiling servo_arc v0.1.1
[INFO] [stderr]    Compiling unicode-normalization v0.1.22
[INFO] [stderr]    Compiling alloc-stdlib v0.2.2
[INFO] [stderr]     Checking uuid v1.5.0
[INFO] [stderr]    Compiling fxhash v0.2.1
[INFO] [stderr]     Checking phf_shared v0.10.0
[INFO] [stderr]     Checking unicode-bidi v0.3.13
[INFO] [stderr]    Compiling percent-encoding v2.3.0
[INFO] [stderr]    Compiling hashbrown v0.12.3
[INFO] [stderr]    Compiling thin-slice v0.1.1
[INFO] [stderr]     Checking idna v0.4.0
[INFO] [stderr]     Checking form_urlencoded v1.2.0
[INFO] [stderr]    Compiling cfb v0.7.3
[INFO] [stderr]    Compiling serde_derive v1.0.190
[INFO] [stderr]    Compiling thiserror-impl v1.0.50
[INFO] [stderr]    Compiling futures-macro v0.3.29
[INFO] [stderr]    Compiling phf_macros v0.10.0
[INFO] [stderr]    Compiling phf_macros v0.8.0
[INFO] [stderr]    Compiling cssparser v0.27.2
[INFO] [stderr]    Compiling cssparser-macros v0.6.1
[INFO] [stderr]    Compiling html5ever v0.26.0
[INFO] [stderr]    Compiling darling_macro v0.20.3
[INFO] [stderr]    Compiling derive_more v0.99.17
[INFO] [stderr]    Compiling phf v0.10.1
[INFO] [stderr]    Compiling phf v0.8.0
[INFO] [stderr]    Compiling ctor v0.1.26
[INFO] [stderr]     Checking thiserror v1.0.50
[INFO] [stderr]    Compiling darling v0.20.3
[INFO] [stderr]    Compiling serde_with_macros v3.4.0
[INFO] [stderr]    Compiling brotli-decompressor v2.5.1
[INFO] [stderr]    Compiling crypto-common v0.1.6
[INFO] [stderr]    Compiling block-buffer v0.10.4
[INFO] [stderr]     Checking phf_shared v0.8.0
[INFO] [stderr]    Compiling gtk v0.15.5
[INFO] [stderr]     Checking simd-adler32 v0.3.7
[INFO] [stderr]     Checking bytes v1.5.0
[INFO] [stderr]     Checking futures-executor v0.3.29
[INFO] [stderr]    Compiling brotli v3.4.0
[INFO] [stderr]    Compiling digest v0.10.7
[INFO] [stderr]    Compiling infer v0.12.0
[INFO] [stderr]    Compiling x11 v2.21.0
[INFO] [stderr]    Compiling glob v0.3.1
[INFO] [stderr]    Compiling cpufeatures v0.2.11
[INFO] [stderr]    Compiling adler v1.0.2
[INFO] [stderr]    Compiling dunce v1.0.4
[INFO] [stderr]    Compiling miniz_oxide v0.7.1
[INFO] [stderr]    Compiling sha2 v0.10.8
[INFO] [stderr]     Checking http v0.2.9
[INFO] [stderr]     Checking aho-corasick v1.1.2
[INFO] [stderr]     Checking regex-syntax v0.8.2
[INFO] [stderr]     Checking unicode-ident v1.0.12
[INFO] [stderr]    Compiling flate2 v1.0.28
[INFO] [stderr]    Compiling fdeflate v0.3.1
[INFO] [stderr]     Checking url v2.4.1
[INFO] [stderr]    Compiling toml_datetime v0.6.5
[INFO] [stderr]    Compiling serde_spanned v0.6.4
[INFO] [stderr]    Compiling toml v0.5.11
[INFO] [stderr]    Compiling string_cache v0.8.7
[INFO] [stderr]    Compiling toml_edit v0.20.7
[INFO] [stderr]    Compiling toml_edit v0.19.15
[INFO] [stderr]    Compiling rustc_version v0.4.0
[INFO] [stderr]    Compiling serde_with v3.4.0
[INFO] [stderr]    Compiling field-offset v0.3.6
[INFO] [stderr]    Compiling system-deps v5.0.0
[INFO] [stderr]    Compiling treediff v4.0.2
[INFO] [stderr]    Compiling json-patch v1.2.0
[INFO] [stderr]    Compiling toml v0.8.6
[INFO] [stderr]    Compiling proc-macro-crate v1.3.1
[INFO] [stderr]    Compiling system-deps v6.2.0
[INFO] [stderr]    Compiling soup2-sys v0.2.0
[INFO] [stderr]    Compiling javascriptcore-rs-sys v0.4.0
[INFO] [stderr]    Compiling kuchikiki v0.8.2
[INFO] [stderr]    Compiling toml v0.7.8
[INFO] [stderr]    Compiling tauri-utils v1.5.0
[INFO] [stderr]     Checking regex-automata v0.4.3
[INFO] [stderr]    Compiling tao v0.16.5
[INFO] [stderr]     Checking raw-window-handle v0.5.2
[INFO] [stderr]    Compiling embed-resource v2.4.0
[INFO] [stderr]    Compiling png v0.17.10
[INFO] [stderr]    Compiling glib-sys v0.15.10
[INFO] [stderr]    Compiling gobject-sys v0.15.10
[INFO] [stderr]    Compiling gdk-sys v0.15.1
[INFO] [stderr]    Compiling gio-sys v0.15.10
[INFO] [stderr]    Compiling glib-macros v0.15.13
[INFO] [stderr]    Compiling cairo-sys-rs v0.15.1
[INFO] [stderr]    Compiling pango-sys v0.15.10
[INFO] [stderr]    Compiling gdk-pixbuf-sys v0.15.10
[INFO] [stderr]    Compiling atk-sys v0.15.1
[INFO] [stderr]    Compiling gtk-sys v0.15.3
[INFO] [stderr]    Compiling gtk3-macros v0.15.6
[INFO] [stderr]    Compiling webkit2gtk-sys v0.18.0
[INFO] [stderr]    Compiling gdkx11-sys v0.15.1
[INFO] [stderr]     Checking regex v1.10.2
[INFO] [stderr]     Checking x11-dl v2.21.0
[INFO] [stderr]    Compiling xcb v0.8.2
[INFO] [stderr]    Compiling dirs-sys-next v0.1.2
[INFO] [stderr]     Checking instant v0.1.12
[INFO] [stderr]    Compiling httparse v1.8.0
[INFO] [stderr]    Compiling wry v0.24.4
[INFO] [stderr]     Checking gdkwayland-sys v0.15.3
[INFO] [stderr]     Checking heck v0.4.1
[INFO] [stderr]    Compiling rustix v0.38.21
[INFO] [stderr]    Compiling tauri-runtime v0.14.1
[INFO] [stderr]    Compiling dirs-next v2.0.0
[INFO] [stderr]     Checking glib v0.15.12
[INFO] [stderr] error: failed to run custom build command for `xcb v0.8.2`
[INFO] [stderr] note: To improve backtraces for build dependencies, set the CARGO_PROFILE_DEV_BUILD_OVERRIDE_DEBUG=true environment variable to enable debug information generation.
[INFO] [stderr] 
[INFO] [stderr] Caused by:
[INFO] [stderr]   process didn't exit successfully: `/opt/rustwide/target/debug/build/xcb-f25f8f3c6cb8cc0b/build-script-build` (exit status: 101)
[INFO] [stderr]   --- stderr
[INFO] [stderr]   error occured in handler:  ('request: ', ('xcb', 'SELinux', 'GetClientContext'))
[INFO] [stderr]   Traceback (most recent call last):
[INFO] [stderr]     File "/opt/rustwide/cargo-home/registry/src/index.crates.io-6f17d22bba15001f/xcb-0.8.2/rs_client.py", line 2448, in <module>
[INFO] [stderr]       module.generate()
[INFO] [stderr]     File "/opt/rustwide/cargo-home/registry/src/index.crates.io-6f17d22bba15001f/xcb-0.8.2/xcbgen/state.py", line 108, in generate
[INFO] [stderr]       self.close()
[INFO] [stderr]     File "/opt/rustwide/cargo-home/registry/src/index.crates.io-6f17d22bba15001f/xcb-0.8.2/rs_client.py", line 296, in rs_close
[INFO] [stderr]       _f.writeout(os.path.join(module.rs_srcdir, "ffi", "%s.rs" % _module_name(_ns.ext_name)))
[INFO] [stderr]     File "/opt/rustwide/cargo-home/registry/src/index.crates.io-6f17d22bba15001f/xcb-0.8.2/rs_client.py", line 114, in writeout
[INFO] [stderr]       with open(path, 'w') as f:
[INFO] [stderr]   OSError: [Errno 30] Read-only file system: '/opt/rustwide/cargo-home/registry/src/index.crates.io-6f17d22bba15001f/xcb-0.8.2/src/ffi/selinux.rs'
[INFO] [stderr]   thread 'main' panicked at /opt/rustwide/cargo-home/registry/src/index.crates.io-6f17d22bba15001f/xcb-0.8.2/build.rs:75:17:
[INFO] [stderr]   processing of /opt/rustwide/cargo-home/registry/src/index.crates.io-6f17d22bba15001f/xcb-0.8.2/xml/xselinux.xml returned non-zero (1)
[INFO] [stderr]   stack backtrace:
[INFO] [stderr]      0:     0x5602a2fbb566 - std::backtrace_rs::backtrace::libunwind::trace::heebc7766b165eb2a
[INFO] [stderr]                                  at /rustc/268dbbbc4b3fd71c5f360a4d0728295252430b5b/library/std/src/../../backtrace/src/backtrace/libunwind.rs:104:5
[INFO] [stderr]      1:     0x5602a2fbb566 - std::backtrace_rs::backtrace::trace_unsynchronized::ha677020d8fc0296d
[INFO] [stderr]                                  at /rustc/268dbbbc4b3fd71c5f360a4d0728295252430b5b/library/std/src/../../backtrace/src/backtrace/mod.rs:66:5
[INFO] [stderr]      2:     0x5602a2fbb566 - std::sys_common::backtrace::_print_fmt::hcaff2fd86a1aeaa3
[INFO] [stderr]                                  at /rustc/268dbbbc4b3fd71c5f360a4d0728295252430b5b/library/std/src/sys_common/backtrace.rs:68:5
[INFO] [stderr]      3:     0x5602a2fbb566 - <std::sys_common::backtrace::_print::DisplayBacktrace as core::fmt::Display>::fmt::hc2446d8aa0059188
[INFO] [stderr]                                  at /rustc/268dbbbc4b3fd71c5f360a4d0728295252430b5b/library/std/src/sys_common/backtrace.rs:44:22
[INFO] [stderr]      4:     0x5602a2fdd9a0 - core::fmt::rt::Argument::fmt::h2fbb6454da37999b
[INFO] [stderr]                                  at /rustc/268dbbbc4b3fd71c5f360a4d0728295252430b5b/library/core/src/fmt/rt.rs:142:9
[INFO] [stderr]      5:     0x5602a2fdd9a0 - core::fmt::write::had96bdeda7d49d3a
[INFO] [stderr]                                  at /rustc/268dbbbc4b3fd71c5f360a4d0728295252430b5b/library/core/src/fmt/mod.rs:1120:17
[INFO] [stderr]      6:     0x5602a2fb91bf - std::io::Write::write_fmt::h30b1f36eea05b391
[INFO] [stderr]                                  at /rustc/268dbbbc4b3fd71c5f360a4d0728295252430b5b/library/std/src/io/mod.rs:1849:15
[INFO] [stderr]      7:     0x5602a2fbb344 - std::sys_common::backtrace::_print::hc333bb91ae972137
[INFO] [stderr]                                  at /rustc/268dbbbc4b3fd71c5f360a4d0728295252430b5b/library/std/src/sys_common/backtrace.rs:47:5
[INFO] [stderr]      8:     0x5602a2fbb344 - std::sys_common::backtrace::print::h18fd3c71a95a3169
[INFO] [stderr]                                  at /rustc/268dbbbc4b3fd71c5f360a4d0728295252430b5b/library/std/src/sys_common/backtrace.rs:34:9
[INFO] [stderr]      9:     0x5602a2fbca37 - std::panicking::default_hook::{{closure}}::ha3473f9bcb4e9a37
[INFO] [stderr]     10:     0x5602a2fbc799 - std::panicking::default_hook::h23d9d43185db6584
[INFO] [stderr]                                  at /rustc/268dbbbc4b3fd71c5f360a4d0728295252430b5b/library/std/src/panicking.rs:292:9
[INFO] [stderr]     11:     0x5602a2fbcec8 - std::panicking::rust_panic_with_hook::h94aceaa7df3a6edd
[INFO] [stderr]                                  at /rustc/268dbbbc4b3fd71c5f360a4d0728295252430b5b/library/std/src/panicking.rs:781:13
[INFO] [stderr]     12:     0x5602a2fbcda2 - std::panicking::begin_panic_handler::{{closure}}::h9905d45d1d82fc42
[INFO] [stderr]                                  at /rustc/268dbbbc4b3fd71c5f360a4d0728295252430b5b/library/std/src/panicking.rs:659:13
[INFO] [stderr]     13:     0x5602a2fbba66 - std::sys_common::backtrace::__rust_end_short_backtrace::hb02085545dc143b9
[INFO] [stderr]                                  at /rustc/268dbbbc4b3fd71c5f360a4d0728295252430b5b/library/std/src/sys_common/backtrace.rs:171:18
[INFO] [stderr]     14:     0x5602a2fbcaf4 - rust_begin_unwind
[INFO] [stderr]                                  at /rustc/268dbbbc4b3fd71c5f360a4d0728295252430b5b/library/std/src/panicking.rs:647:5
[INFO] [stderr]     15:     0x5602a2f95285 - core::panicking::panic_fmt::h6dca3983f8a9f4d0
[INFO] [stderr]                                  at /rustc/268dbbbc4b3fd71c5f360a4d0728295252430b5b/library/core/src/panicking.rs:72:14
[INFO] [stderr]     16:     0x5602a2f9b311 - build_script_build::main::{{closure}}::h4cf1d793e857c87f
[INFO] [stderr]     17:     0x5602a2f99ea3 - build_script_build::visit_xml::hc6175ca1affb152a
[INFO] [stderr]     18:     0x5602a2f9a7cc - build_script_build::main::h95fdb5cfa3c23f18
[INFO] [stderr]     19:     0x5602a2f96dd3 - core::ops::function::FnOnce::call_once::h17b6da21aff4ab11
[INFO] [stderr]     20:     0x5602a2f95db6 - std::sys_common::backtrace::__rust_begin_short_backtrace::he597ea19e0ff5fcd
[INFO] [stderr]     21:     0x5602a2f964e9 - std::rt::lang_start::{{closure}}::h1eb243f31fd5073e
[INFO] [stderr]     22:     0x5602a2fb5d91 - core::ops::function::impls::<impl core::ops::function::FnOnce<A> for &F>::call_once::h298d8ff12ebcec8c
[INFO] [stderr]                                  at /rustc/268dbbbc4b3fd71c5f360a4d0728295252430b5b/library/core/src/ops/function.rs:284:13
[INFO] [stderr]     23:     0x5602a2fb5d91 - std::panicking::try::do_call::hbd0ffb05da5bd343
[INFO] [stderr]                                  at /rustc/268dbbbc4b3fd71c5f360a4d0728295252430b5b/library/std/src/panicking.rs:554:40
[INFO] [stderr]     24:     0x5602a2fb5d91 - std::panicking::try::h11c9a152defd5d2a
[INFO] [stderr]                                  at /rustc/268dbbbc4b3fd71c5f360a4d0728295252430b5b/library/std/src/panicking.rs:518:19
[INFO] [stderr]     25:     0x5602a2fb5d91 - std::panic::catch_unwind::h0d6db2fa902b4d64
[INFO] [stderr]                                  at /rustc/268dbbbc4b3fd71c5f360a4d0728295252430b5b/library/std/src/panic.rs:142:14
[INFO] [stderr]     26:     0x5602a2fb5d91 - std::rt::lang_start_internal::{{closure}}::hdcc09b4aad7ef821
[INFO] [stderr]                                  at /rustc/268dbbbc4b3fd71c5f360a4d0728295252430b5b/library/std/src/rt.rs:148:48
[INFO] [stderr]     27:     0x5602a2fb5d91 - std::panicking::try::do_call::h3ffd2f162d60900f
[INFO] [stderr]                                  at /rustc/268dbbbc4b3fd71c5f360a4d0728295252430b5b/library/std/src/panicking.rs:554:40
[INFO] [stderr]     28:     0x5602a2fb5d91 - std::panicking::try::heeba82b9c3e190fb
[INFO] [stderr]                                  at /rustc/268dbbbc4b3fd71c5f360a4d0728295252430b5b/library/std/src/panicking.rs:518:19
[INFO] [stderr]     29:     0x5602a2fb5d91 - std::panic::catch_unwind::hdaab8f1c188f387f
[INFO] [stderr]                                  at /rustc/268dbbbc4b3fd71c5f360a4d0728295252430b5b/library/std/src/panic.rs:142:14
[INFO] [stderr]     30:     0x5602a2fb5d91 - std::rt::lang_start_internal::h9989e088c48b7903
[INFO] [stderr]                                  at /rustc/268dbbbc4b3fd71c5f360a4d0728295252430b5b/library/std/src/rt.rs:148:20
[INFO] [stderr]     31:     0x5602a2f964c7 - std::rt::lang_start::h7187b9ce21a130d9
[INFO] [stderr]     32:     0x5602a2f9b395 - main
[INFO] [stderr]     33:     0x7fac07122d90 - <unknown>
[INFO] [stderr]     34:     0x7fac07122e40 - __libc_start_main
[INFO] [stderr]     35:     0x5602a2f959b5 - _start
[INFO] [stderr]     36:                0x0 - <unknown>
[INFO] [stderr] warning: build failed, waiting for other jobs to finish...
[INFO] running `Command { std: "docker" "inspect" "57854b5b547edca3a209c4ced69b7ff05a86cbe99756853314ad0a582b34a2bd", kill_on_drop: false }`
[INFO] running `Command { std: "docker" "rm" "-f" "57854b5b547edca3a209c4ced69b7ff05a86cbe99756853314ad0a582b34a2bd", kill_on_drop: false }`
[INFO] [stdout] 57854b5b547edca3a209c4ced69b7ff05a86cbe99756853314ad0a582b34a2bd
