[INFO] fetching crate html-ast 0.1.0...
[INFO] checking html-ast-0.1.0 against nightly-2024-02-05 for check-cfg
[INFO] extracting crate html-ast 0.1.0 into /workspace/builds/worker-4-tc1/source
[INFO] validating manifest of crates.io crate html-ast 0.1.0 on toolchain nightly-2024-02-05
[INFO] running `Command { std: CARGO_HOME="/workspace/cargo-home" RUSTUP_HOME="/workspace/rustup-home" "/workspace/cargo-home/bin/cargo" "+nightly-2024-02-05" "metadata" "--manifest-path" "Cargo.toml" "--no-deps", kill_on_drop: false }`
[INFO] started tweaking crates.io crate html-ast 0.1.0
[INFO] finished tweaking crates.io crate html-ast 0.1.0
[INFO] tweaked toml for crates.io crate html-ast 0.1.0 written to /workspace/builds/worker-4-tc1/source/Cargo.toml
[INFO] crate crates.io crate html-ast 0.1.0 already has a lockfile, it will not be regenerated
[INFO] running `Command { std: CARGO_HOME="/workspace/cargo-home" RUSTUP_HOME="/workspace/rustup-home" "/workspace/cargo-home/bin/cargo" "+nightly-2024-02-05" "fetch" "--manifest-path" "Cargo.toml", kill_on_drop: false }`
[INFO] running `Command { std: "docker" "create" "-v" "/var/lib/crater-agent-workspace/builds/worker-4-tc1/target:/opt/rustwide/target:rw,Z" "-v" "/var/lib/crater-agent-workspace/builds/worker-4-tc1/source:/opt/rustwide/workdir:ro,Z" "-v" "/var/lib/crater-agent-workspace/cargo-home:/opt/rustwide/cargo-home:ro,Z" "-v" "/var/lib/crater-agent-workspace/rustup-home:/opt/rustwide/rustup-home:ro,Z" "-e" "SOURCE_DIR=/opt/rustwide/workdir" "-e" "CARGO_TARGET_DIR=/opt/rustwide/target" "-e" "CARGO_HOME=/opt/rustwide/cargo-home" "-e" "RUSTUP_HOME=/opt/rustwide/rustup-home" "-w" "/opt/rustwide/workdir" "-m" "1610612736" "--user" "0:0" "--network" "none" "ghcr.io/rust-lang/crates-build-env/linux@sha256:2788e3201cd34a07e3172128adcd8b3090168a8e3bcc40d7c032b9dda1df7d1c" "/opt/rustwide/cargo-home/bin/cargo" "+nightly-2024-02-05" "metadata" "--no-deps" "--format-version=1", kill_on_drop: false }`
[INFO] [stdout] 2e1ca458f1e5ad07f43cd212a976f27366f704dbba51fb53aa7ba0ae81d522de
[INFO] running `Command { std: "docker" "start" "-a" "2e1ca458f1e5ad07f43cd212a976f27366f704dbba51fb53aa7ba0ae81d522de", kill_on_drop: false }`
[INFO] running `Command { std: "docker" "inspect" "2e1ca458f1e5ad07f43cd212a976f27366f704dbba51fb53aa7ba0ae81d522de", kill_on_drop: false }`
[INFO] running `Command { std: "docker" "rm" "-f" "2e1ca458f1e5ad07f43cd212a976f27366f704dbba51fb53aa7ba0ae81d522de", kill_on_drop: false }`
[INFO] [stdout] 2e1ca458f1e5ad07f43cd212a976f27366f704dbba51fb53aa7ba0ae81d522de
[INFO] running `Command { std: "docker" "create" "-v" "/var/lib/crater-agent-workspace/builds/worker-4-tc1/target:/opt/rustwide/target:rw,Z" "-v" "/var/lib/crater-agent-workspace/builds/worker-4-tc1/source:/opt/rustwide/workdir:ro,Z" "-v" "/var/lib/crater-agent-workspace/cargo-home:/opt/rustwide/cargo-home:ro,Z" "-v" "/var/lib/crater-agent-workspace/rustup-home:/opt/rustwide/rustup-home:ro,Z" "-e" "SOURCE_DIR=/opt/rustwide/workdir" "-e" "CARGO_TARGET_DIR=/opt/rustwide/target" "-e" "CARGO_INCREMENTAL=0" "-e" "RUST_BACKTRACE=full" "-e" "RUSTFLAGS=--cap-lints=forbid" "-e" "RUSTDOCFLAGS=--cap-lints=forbid" "-e" "CARGO_HOME=/opt/rustwide/cargo-home" "-e" "RUSTUP_HOME=/opt/rustwide/rustup-home" "-w" "/opt/rustwide/workdir" "-m" "1610612736" "--user" "0:0" "--network" "none" "ghcr.io/rust-lang/crates-build-env/linux@sha256:2788e3201cd34a07e3172128adcd8b3090168a8e3bcc40d7c032b9dda1df7d1c" "/opt/rustwide/cargo-home/bin/cargo" "+nightly-2024-02-05" "check" "--frozen" "--all" "--all-targets" "--message-format=json", kill_on_drop: false }`
[INFO] [stdout] 8744c499361735fee33a5b62f133a1e3f8df489aa13ccec8ad215cb06d6d25e0
[INFO] running `Command { std: "docker" "start" "-a" "8744c499361735fee33a5b62f133a1e3f8df489aa13ccec8ad215cb06d6d25e0", kill_on_drop: false }`
[INFO] [stderr]     Checking html-ast v0.1.0 (/opt/rustwide/workdir)
[INFO] [stdout] error[E0432]: unresolved import `htmler`
[INFO] [stdout]  --> examples/document.rs:1:5
[INFO] [stdout]   |
[INFO] [stdout] 1 | use htmler::{Html, Selector};
[INFO] [stdout]   |     ^^^^^^ use of undeclared crate or module `htmler`
[INFO] [stdout] 
[INFO] [stdout] 
[INFO] [stdout] error: aborting due to 1 previous error
[INFO] [stdout] 
[INFO] [stdout] 
[INFO] [stdout] For more information about this error, try `rustc --explain E0432`.
[INFO] [stdout] 
[INFO] [stderr] error: could not compile `html-ast` (example "document") due to 2 previous errors
[INFO] [stderr] warning: build failed, waiting for other jobs to finish...
[INFO] [stdout] error[E0432]: unresolved import `htmler`
[INFO] [stdout]  --> examples/fragment.rs:3:5
[INFO] [stdout]   |
[INFO] [stdout] 3 | use htmler::{Html, Selector};
[INFO] [stdout]   |     ^^^^^^ use of undeclared crate or module `htmler`
[INFO] [stdout] 
[INFO] [stdout] 
[INFO] [stdout] error: aborting due to 1 previous error
[INFO] [stdout] 
[INFO] [stdout] 
[INFO] [stdout] For more information about this error, try `rustc --explain E0432`.
[INFO] [stdout] 
[INFO] [stderr] error: could not compile `html-ast` (example "fragment") due to 2 previous errors
[INFO] running `Command { std: "docker" "inspect" "8744c499361735fee33a5b62f133a1e3f8df489aa13ccec8ad215cb06d6d25e0", kill_on_drop: false }`
[INFO] running `Command { std: "docker" "rm" "-f" "8744c499361735fee33a5b62f133a1e3f8df489aa13ccec8ad215cb06d6d25e0", kill_on_drop: false }`
[INFO] [stdout] 8744c499361735fee33a5b62f133a1e3f8df489aa13ccec8ad215cb06d6d25e0
[INFO] checking html-ast-0.1.0 against nightly-2024-02-05+rustflags=-Dunexpected_cfgs+cargoflags=-Zcheck-cfg for check-cfg
[INFO] extracting crate html-ast 0.1.0 into /workspace/builds/worker-4-tc2/source
[INFO] validating manifest of crates.io crate html-ast 0.1.0 on toolchain nightly-2024-02-05
[INFO] running `Command { std: CARGO_HOME="/workspace/cargo-home" RUSTUP_HOME="/workspace/rustup-home" "/workspace/cargo-home/bin/cargo" "+nightly-2024-02-05" "metadata" "--manifest-path" "Cargo.toml" "--no-deps", kill_on_drop: false }`
[INFO] started tweaking crates.io crate html-ast 0.1.0
[INFO] finished tweaking crates.io crate html-ast 0.1.0
[INFO] tweaked toml for crates.io crate html-ast 0.1.0 written to /workspace/builds/worker-4-tc2/source/Cargo.toml
[INFO] crate crates.io crate html-ast 0.1.0 already has a lockfile, it will not be regenerated
[INFO] running `Command { std: CARGO_HOME="/workspace/cargo-home" RUSTUP_HOME="/workspace/rustup-home" "/workspace/cargo-home/bin/cargo" "+nightly-2024-02-05" "fetch" "--manifest-path" "Cargo.toml", kill_on_drop: false }`
[INFO] [stderr]     Blocking waiting for file lock on package cache
[INFO] running `Command { std: "docker" "create" "-v" "/var/lib/crater-agent-workspace/builds/worker-4-tc2/target:/opt/rustwide/target:rw,Z" "-v" "/var/lib/crater-agent-workspace/builds/worker-4-tc2/source:/opt/rustwide/workdir:ro,Z" "-v" "/var/lib/crater-agent-workspace/cargo-home:/opt/rustwide/cargo-home:ro,Z" "-v" "/var/lib/crater-agent-workspace/rustup-home:/opt/rustwide/rustup-home:ro,Z" "-e" "SOURCE_DIR=/opt/rustwide/workdir" "-e" "CARGO_TARGET_DIR=/opt/rustwide/target" "-e" "CARGO_HOME=/opt/rustwide/cargo-home" "-e" "RUSTUP_HOME=/opt/rustwide/rustup-home" "-w" "/opt/rustwide/workdir" "-m" "1610612736" "--user" "0:0" "--network" "none" "ghcr.io/rust-lang/crates-build-env/linux@sha256:2788e3201cd34a07e3172128adcd8b3090168a8e3bcc40d7c032b9dda1df7d1c" "/opt/rustwide/cargo-home/bin/cargo" "+nightly-2024-02-05" "metadata" "--no-deps" "--format-version=1", kill_on_drop: false }`
[INFO] [stdout] 33f0ea29f8aadc3329d6ce317ca5d6024db088682182ea1638e4296c708f6683
[INFO] running `Command { std: "docker" "start" "-a" "33f0ea29f8aadc3329d6ce317ca5d6024db088682182ea1638e4296c708f6683", kill_on_drop: false }`
[INFO] running `Command { std: "docker" "inspect" "33f0ea29f8aadc3329d6ce317ca5d6024db088682182ea1638e4296c708f6683", kill_on_drop: false }`
[INFO] running `Command { std: "docker" "rm" "-f" "33f0ea29f8aadc3329d6ce317ca5d6024db088682182ea1638e4296c708f6683", kill_on_drop: false }`
[INFO] [stdout] 33f0ea29f8aadc3329d6ce317ca5d6024db088682182ea1638e4296c708f6683
[INFO] running `Command { std: "docker" "create" "-v" "/var/lib/crater-agent-workspace/builds/worker-4-tc2/target:/opt/rustwide/target:rw,Z" "-v" "/var/lib/crater-agent-workspace/builds/worker-4-tc2/source:/opt/rustwide/workdir:ro,Z" "-v" "/var/lib/crater-agent-workspace/cargo-home:/opt/rustwide/cargo-home:ro,Z" "-v" "/var/lib/crater-agent-workspace/rustup-home:/opt/rustwide/rustup-home:ro,Z" "-e" "SOURCE_DIR=/opt/rustwide/workdir" "-e" "CARGO_TARGET_DIR=/opt/rustwide/target" "-e" "CARGO_INCREMENTAL=0" "-e" "RUST_BACKTRACE=full" "-e" "RUSTFLAGS=--cap-lints=forbid -Dunexpected_cfgs" "-e" "RUSTDOCFLAGS=--cap-lints=forbid" "-e" "CARGO_HOME=/opt/rustwide/cargo-home" "-e" "RUSTUP_HOME=/opt/rustwide/rustup-home" "-w" "/opt/rustwide/workdir" "-m" "1610612736" "--user" "0:0" "--network" "none" "ghcr.io/rust-lang/crates-build-env/linux@sha256:2788e3201cd34a07e3172128adcd8b3090168a8e3bcc40d7c032b9dda1df7d1c" "/opt/rustwide/cargo-home/bin/cargo" "+nightly-2024-02-05" "check" "--frozen" "--all" "--all-targets" "--message-format=json" "-Zcheck-cfg", kill_on_drop: false }`
[INFO] [stdout] 8fd4f505a7494b3773cde5a46da22a31589269c32093f40408f528bc4f71d35a
[INFO] running `Command { std: "docker" "start" "-a" "8fd4f505a7494b3773cde5a46da22a31589269c32093f40408f528bc4f71d35a", kill_on_drop: false }`
[INFO] [stderr]     Checking html-ast v0.1.0 (/opt/rustwide/workdir)
[INFO] [stdout] error[E0432]: unresolved import `htmler`
[INFO] [stdout]  --> examples/fragment.rs:3:5
[INFO] [stdout]   |
[INFO] [stdout] 3 | use htmler::{Html, Selector};
[INFO] [stdout]   |     ^^^^^^ use of undeclared crate or module `htmler`
[INFO] [stdout] 
[INFO] [stdout] 
[INFO] [stdout] error: aborting due to 1 previous error
[INFO] [stdout] 
[INFO] [stdout] 
[INFO] [stdout] For more information about this error, try `rustc --explain E0432`.
[INFO] [stdout] 
[INFO] [stderr] error: could not compile `html-ast` (example "fragment") due to 2 previous errors
[INFO] [stderr] warning: build failed, waiting for other jobs to finish...
[INFO] [stdout] error[E0432]: unresolved import `htmler`
[INFO] [stdout]  --> examples/document.rs:1:5
[INFO] [stdout]   |
[INFO] [stdout] 1 | use htmler::{Html, Selector};
[INFO] [stdout]   |     ^^^^^^ use of undeclared crate or module `htmler`
[INFO] [stdout] 
[INFO] [stdout] 
[INFO] [stdout] error: aborting due to 1 previous error
[INFO] [stdout] 
[INFO] [stdout] 
[INFO] [stdout] For more information about this error, try `rustc --explain E0432`.
[INFO] [stdout] 
[INFO] [stderr] error: could not compile `html-ast` (example "document") due to 2 previous errors
[INFO] running `Command { std: "docker" "inspect" "8fd4f505a7494b3773cde5a46da22a31589269c32093f40408f528bc4f71d35a", kill_on_drop: false }`
[INFO] running `Command { std: "docker" "rm" "-f" "8fd4f505a7494b3773cde5a46da22a31589269c32093f40408f528bc4f71d35a", kill_on_drop: false }`
[INFO] [stdout] 8fd4f505a7494b3773cde5a46da22a31589269c32093f40408f528bc4f71d35a
