[INFO] fetching crate horde 0.1.1...
[INFO] checking horde-0.1.1 against nightly-2024-02-05 for check-cfg
[INFO] extracting crate horde 0.1.1 into /workspace/builds/worker-0-tc1/source
[INFO] validating manifest of crates.io crate horde 0.1.1 on toolchain nightly-2024-02-05
[INFO] running `Command { std: CARGO_HOME="/workspace/cargo-home" RUSTUP_HOME="/workspace/rustup-home" "/workspace/cargo-home/bin/cargo" "+nightly-2024-02-05" "metadata" "--manifest-path" "Cargo.toml" "--no-deps", kill_on_drop: false }`
[INFO] started tweaking crates.io crate horde 0.1.1
[INFO] finished tweaking crates.io crate horde 0.1.1
[INFO] tweaked toml for crates.io crate horde 0.1.1 written to /workspace/builds/worker-0-tc1/source/Cargo.toml
[INFO] running `Command { std: CARGO_HOME="/workspace/cargo-home" RUSTUP_HOME="/workspace/rustup-home" "/workspace/cargo-home/bin/cargo" "+nightly-2024-02-05" "generate-lockfile" "--manifest-path" "Cargo.toml", kill_on_drop: false }`
[INFO] [stderr]     Updating crates.io index
[INFO] running `Command { std: CARGO_HOME="/workspace/cargo-home" RUSTUP_HOME="/workspace/rustup-home" "/workspace/cargo-home/bin/cargo" "+nightly-2024-02-05" "fetch" "--manifest-path" "Cargo.toml", kill_on_drop: false }`
[INFO] running `Command { std: "docker" "create" "-v" "/var/lib/crater-agent-workspace/builds/worker-0-tc1/target:/opt/rustwide/target:rw,Z" "-v" "/var/lib/crater-agent-workspace/builds/worker-0-tc1/source:/opt/rustwide/workdir:ro,Z" "-v" "/var/lib/crater-agent-workspace/cargo-home:/opt/rustwide/cargo-home:ro,Z" "-v" "/var/lib/crater-agent-workspace/rustup-home:/opt/rustwide/rustup-home:ro,Z" "-e" "SOURCE_DIR=/opt/rustwide/workdir" "-e" "CARGO_TARGET_DIR=/opt/rustwide/target" "-e" "CARGO_HOME=/opt/rustwide/cargo-home" "-e" "RUSTUP_HOME=/opt/rustwide/rustup-home" "-w" "/opt/rustwide/workdir" "-m" "1610612736" "--user" "0:0" "--network" "none" "ghcr.io/rust-lang/crates-build-env/linux@sha256:2788e3201cd34a07e3172128adcd8b3090168a8e3bcc40d7c032b9dda1df7d1c" "/opt/rustwide/cargo-home/bin/cargo" "+nightly-2024-02-05" "metadata" "--no-deps" "--format-version=1", kill_on_drop: false }`
[INFO] [stdout] 269a4922e36af07d81f75daf7977add958a491747d9dafa8a3a82b6cbebe9a59
[INFO] running `Command { std: "docker" "start" "-a" "269a4922e36af07d81f75daf7977add958a491747d9dafa8a3a82b6cbebe9a59", kill_on_drop: false }`
[INFO] running `Command { std: "docker" "inspect" "269a4922e36af07d81f75daf7977add958a491747d9dafa8a3a82b6cbebe9a59", kill_on_drop: false }`
[INFO] running `Command { std: "docker" "rm" "-f" "269a4922e36af07d81f75daf7977add958a491747d9dafa8a3a82b6cbebe9a59", kill_on_drop: false }`
[INFO] [stdout] 269a4922e36af07d81f75daf7977add958a491747d9dafa8a3a82b6cbebe9a59
[INFO] running `Command { std: "docker" "create" "-v" "/var/lib/crater-agent-workspace/builds/worker-0-tc1/target:/opt/rustwide/target:rw,Z" "-v" "/var/lib/crater-agent-workspace/builds/worker-0-tc1/source:/opt/rustwide/workdir:ro,Z" "-v" "/var/lib/crater-agent-workspace/cargo-home:/opt/rustwide/cargo-home:ro,Z" "-v" "/var/lib/crater-agent-workspace/rustup-home:/opt/rustwide/rustup-home:ro,Z" "-e" "SOURCE_DIR=/opt/rustwide/workdir" "-e" "CARGO_TARGET_DIR=/opt/rustwide/target" "-e" "CARGO_INCREMENTAL=0" "-e" "RUST_BACKTRACE=full" "-e" "RUSTFLAGS=--cap-lints=forbid" "-e" "RUSTDOCFLAGS=--cap-lints=forbid" "-e" "CARGO_HOME=/opt/rustwide/cargo-home" "-e" "RUSTUP_HOME=/opt/rustwide/rustup-home" "-w" "/opt/rustwide/workdir" "-m" "1610612736" "--user" "0:0" "--network" "none" "ghcr.io/rust-lang/crates-build-env/linux@sha256:2788e3201cd34a07e3172128adcd8b3090168a8e3bcc40d7c032b9dda1df7d1c" "/opt/rustwide/cargo-home/bin/cargo" "+nightly-2024-02-05" "check" "--frozen" "--all" "--all-targets" "--message-format=json", kill_on_drop: false }`
[INFO] [stdout] f67e155bcef462eadbcfb3f842034be431a3c9668f1f8fc1ee7cc064bffb799e
[INFO] running `Command { std: "docker" "start" "-a" "f67e155bcef462eadbcfb3f842034be431a3c9668f1f8fc1ee7cc064bffb799e", kill_on_drop: false }`
[INFO] [stderr]     Checking parking_lot_core v0.8.6
[INFO] [stderr]     Checking parking_lot v0.11.2
[INFO] [stderr]     Checking horde v0.1.1 (/opt/rustwide/workdir)
[INFO] [stdout] error[E0432]: unresolved import `std::lazy`
[INFO] [stdout]  --> src/collect.rs:9:5
[INFO] [stdout]   |
[INFO] [stdout] 9 |     lazy::SyncLazy,
[INFO] [stdout]   |     ^^^^ could not find `lazy` in `std`
[INFO] [stdout] 
[INFO] [stdout] 
[INFO] [stdout] error[E0432]: unresolved import `std::lazy`
[INFO] [stdout]  --> src/collect.rs:9:5
[INFO] [stdout]   |
[INFO] [stdout] 9 |     lazy::SyncLazy,
[INFO] [stdout]   |     ^^^^ could not find `lazy` in `std`
[INFO] [stdout] 
[INFO] [stdout] 
[INFO] [stdout] error: cannot find macro `asm` in this scope
[INFO] [stdout]   --> src/collect.rs:97:17
[INFO] [stdout]    |
[INFO] [stdout] 97 |                 asm!("/* {} */", inout(reg) data, options(pure, nomem, nostack, preserves_flags));
[INFO] [stdout]    |                 ^^^
[INFO] [stdout]    |
[INFO] [stdout] help: consider importing one of these items
[INFO] [stdout]    |
[INFO] [stdout] 3  + use core::arch::asm;
[INFO] [stdout]    |
[INFO] [stdout] 3  + use std::arch::asm;
[INFO] [stdout]    |
[INFO] [stdout] 
[INFO] [stdout] 
[INFO] [stdout] error: cannot find macro `asm` in this scope
[INFO] [stdout]   --> src/raw/sse2.rs:53:9
[INFO] [stdout]    |
[INFO] [stdout] 53 |         asm!("/* {} */", inout(xmm_reg) result, options(pure, readonly, nostack, preserves_flags));
[INFO] [stdout]    |         ^^^
[INFO] [stdout]    |
[INFO] [stdout] help: consider importing one of these items
[INFO] [stdout]    |
[INFO] [stdout] 1  + use core::arch::asm;
[INFO] [stdout]    |
[INFO] [stdout] 1  + use std::arch::asm;
[INFO] [stdout]    |
[INFO] [stdout] 
[INFO] [stdout] 
[INFO] [stdout] error: cannot find macro `asm` in this scope
[INFO] [stdout]   --> src/raw/sse2.rs:72:9
[INFO] [stdout]    |
[INFO] [stdout] 72 |         asm!("/* {} */", inout(xmm_reg) result, options(pure, readonly, nostack, preserves_flags));
[INFO] [stdout]    |         ^^^
[INFO] [stdout]    |
[INFO] [stdout] help: consider importing one of these items
[INFO] [stdout]    |
[INFO] [stdout] 1  + use core::arch::asm;
[INFO] [stdout]    |
[INFO] [stdout] 1  + use std::arch::asm;
[INFO] [stdout]    |
[INFO] [stdout] 
[INFO] [stdout] 
[INFO] [stdout] error: cannot find macro `asm` in this scope
[INFO] [stdout]   --> src/collect.rs:97:17
[INFO] [stdout]    |
[INFO] [stdout] 97 |                 asm!("/* {} */", inout(reg) data, options(pure, nomem, nostack, preserves_flags));
[INFO] [stdout]    |                 ^^^
[INFO] [stdout]    |
[INFO] [stdout] help: consider importing one of these items
[INFO] [stdout]    |
[INFO] [stdout] 3  + use core::arch::asm;
[INFO] [stdout]    |
[INFO] [stdout] 3  + use std::arch::asm;
[INFO] [stdout]    |
[INFO] [stdout] 
[INFO] [stdout] 
[INFO] [stdout] error: cannot find macro `asm` in this scope
[INFO] [stdout]   --> src/raw/sse2.rs:53:9
[INFO] [stdout]    |
[INFO] [stdout] 53 |         asm!("/* {} */", inout(xmm_reg) result, options(pure, readonly, nostack, preserves_flags));
[INFO] [stdout]    |         ^^^
[INFO] [stdout]    |
[INFO] [stdout] help: consider importing one of these items
[INFO] [stdout]    |
[INFO] [stdout] 1  + use core::arch::asm;
[INFO] [stdout]    |
[INFO] [stdout] 1  + use std::arch::asm;
[INFO] [stdout]    |
[INFO] [stdout] 
[INFO] [stdout] 
[INFO] [stdout] error: cannot find macro `asm` in this scope
[INFO] [stdout]   --> src/raw/sse2.rs:72:9
[INFO] [stdout]    |
[INFO] [stdout] 72 |         asm!("/* {} */", inout(xmm_reg) result, options(pure, readonly, nostack, preserves_flags));
[INFO] [stdout]    |         ^^^
[INFO] [stdout]    |
[INFO] [stdout] help: consider importing one of these items
[INFO] [stdout]    |
[INFO] [stdout] 1  + use core::arch::asm;
[INFO] [stdout]    |
[INFO] [stdout] 1  + use std::arch::asm;
[INFO] [stdout]    |
[INFO] [stdout] 
[INFO] [stdout] 
[INFO] [stdout] warning: the feature `core_intrinsics` is internal to the compiler or standard library
[INFO] [stdout]  --> src/lib.rs:8:5
[INFO] [stdout]   |
[INFO] [stdout] 8 |     core_intrinsics,
[INFO] [stdout]   |     ^^^^^^^^^^^^^^^
[INFO] [stdout]   |
[INFO] [stdout]   = note: using it is strongly discouraged
[INFO] [stdout]   = note: `#[warn(internal_features)]` on by default
[INFO] [stdout] 
[INFO] [stdout] 
[INFO] [stdout] warning: the feature `core_intrinsics` is internal to the compiler or standard library
[INFO] [stdout]  --> src/lib.rs:8:5
[INFO] [stdout]   |
[INFO] [stdout] 8 |     core_intrinsics,
[INFO] [stdout]   |     ^^^^^^^^^^^^^^^
[INFO] [stdout]   |
[INFO] [stdout]   = note: using it is strongly discouraged
[INFO] [stdout]   = note: `#[warn(internal_features)]` on by default
[INFO] [stdout] 
[INFO] [stdout] 
[INFO] [stdout] warning: the feature `once_cell` has been stable since 1.70.0 and no longer requires an attribute to enable
[INFO] [stdout]   --> src/lib.rs:12:5
[INFO] [stdout]    |
[INFO] [stdout] 12 |     once_cell,
[INFO] [stdout]    |     ^^^^^^^^^
[INFO] [stdout]    |
[INFO] [stdout]    = note: `#[warn(stable_features)]` on by default
[INFO] [stdout] 
[INFO] [stdout] 
[INFO] [stdout] warning: the feature `asm` has been stable since 1.59.0 and no longer requires an attribute to enable
[INFO] [stdout]  --> src/lib.rs:7:5
[INFO] [stdout]   |
[INFO] [stdout] 7 |     asm,
[INFO] [stdout]   |     ^^^
[INFO] [stdout] 
[INFO] [stdout] 
[INFO] [stdout] warning: the feature `option_result_unwrap_unchecked` has been stable since 1.58.0 and no longer requires an attribute to enable
[INFO] [stdout]   --> src/lib.rs:13:5
[INFO] [stdout]    |
[INFO] [stdout] 13 |     option_result_unwrap_unchecked,
[INFO] [stdout]    |     ^^^^^^^^^^^^^^^^^^^^^^^^^^^^^^
[INFO] [stdout] 
[INFO] [stdout] 
[INFO] [stdout] warning: the feature `once_cell` has been stable since 1.70.0 and no longer requires an attribute to enable
[INFO] [stdout]   --> src/lib.rs:12:5
[INFO] [stdout]    |
[INFO] [stdout] 12 |     once_cell,
[INFO] [stdout]    |     ^^^^^^^^^
[INFO] [stdout]    |
[INFO] [stdout]    = note: `#[warn(stable_features)]` on by default
[INFO] [stdout] 
[INFO] [stdout] 
[INFO] [stdout] warning: the feature `asm` has been stable since 1.59.0 and no longer requires an attribute to enable
[INFO] [stdout]  --> src/lib.rs:7:5
[INFO] [stdout]   |
[INFO] [stdout] 7 |     asm,
[INFO] [stdout]   |     ^^^
[INFO] [stdout] 
[INFO] [stdout] 
[INFO] [stdout] warning: the feature `option_result_unwrap_unchecked` has been stable since 1.58.0 and no longer requires an attribute to enable
[INFO] [stdout]   --> src/lib.rs:13:5
[INFO] [stdout]    |
[INFO] [stdout] 13 |     option_result_unwrap_unchecked,
[INFO] [stdout]    |     ^^^^^^^^^^^^^^^^^^^^^^^^^^^^^^
[INFO] [stdout] 
[INFO] [stdout] 
[INFO] [stdout] error: aborting due to 4 previous errors; 4 warnings emitted
[INFO] [stdout] 
[INFO] [stdout] 
[INFO] [stdout] For more information about this error, try `rustc --explain E0432`.
[INFO] [stdout] 
[INFO] [stdout] error: aborting due to 4 previous errors; 4 warnings emitted
[INFO] [stdout] 
[INFO] [stdout] 
[INFO] [stdout] For more information about this error, try `rustc --explain E0432`.
[INFO] [stdout] 
[INFO] [stderr] error: could not compile `horde` (lib) due to 5 previous errors; 4 warnings emitted
[INFO] [stderr] warning: build failed, waiting for other jobs to finish...
[INFO] [stderr] error: could not compile `horde` (lib test) due to 5 previous errors; 4 warnings emitted
[INFO] running `Command { std: "docker" "inspect" "f67e155bcef462eadbcfb3f842034be431a3c9668f1f8fc1ee7cc064bffb799e", kill_on_drop: false }`
[INFO] running `Command { std: "docker" "rm" "-f" "f67e155bcef462eadbcfb3f842034be431a3c9668f1f8fc1ee7cc064bffb799e", kill_on_drop: false }`
[INFO] [stdout] f67e155bcef462eadbcfb3f842034be431a3c9668f1f8fc1ee7cc064bffb799e
[INFO] checking horde-0.1.1 against nightly-2024-02-05+rustflags=-Dunexpected_cfgs+cargoflags=-Zcheck-cfg for check-cfg
[INFO] extracting crate horde 0.1.1 into /workspace/builds/worker-0-tc2/source
[INFO] validating manifest of crates.io crate horde 0.1.1 on toolchain nightly-2024-02-05
[INFO] running `Command { std: CARGO_HOME="/workspace/cargo-home" RUSTUP_HOME="/workspace/rustup-home" "/workspace/cargo-home/bin/cargo" "+nightly-2024-02-05" "metadata" "--manifest-path" "Cargo.toml" "--no-deps", kill_on_drop: false }`
[INFO] started tweaking crates.io crate horde 0.1.1
[INFO] finished tweaking crates.io crate horde 0.1.1
[INFO] tweaked toml for crates.io crate horde 0.1.1 written to /workspace/builds/worker-0-tc2/source/Cargo.toml
[INFO] running `Command { std: CARGO_HOME="/workspace/cargo-home" RUSTUP_HOME="/workspace/rustup-home" "/workspace/cargo-home/bin/cargo" "+nightly-2024-02-05" "generate-lockfile" "--manifest-path" "Cargo.toml", kill_on_drop: false }`
[INFO] [stderr]     Updating crates.io index
[INFO] running `Command { std: CARGO_HOME="/workspace/cargo-home" RUSTUP_HOME="/workspace/rustup-home" "/workspace/cargo-home/bin/cargo" "+nightly-2024-02-05" "fetch" "--manifest-path" "Cargo.toml", kill_on_drop: false }`
[INFO] running `Command { std: "docker" "create" "-v" "/var/lib/crater-agent-workspace/builds/worker-0-tc2/target:/opt/rustwide/target:rw,Z" "-v" "/var/lib/crater-agent-workspace/builds/worker-0-tc2/source:/opt/rustwide/workdir:ro,Z" "-v" "/var/lib/crater-agent-workspace/cargo-home:/opt/rustwide/cargo-home:ro,Z" "-v" "/var/lib/crater-agent-workspace/rustup-home:/opt/rustwide/rustup-home:ro,Z" "-e" "SOURCE_DIR=/opt/rustwide/workdir" "-e" "CARGO_TARGET_DIR=/opt/rustwide/target" "-e" "CARGO_HOME=/opt/rustwide/cargo-home" "-e" "RUSTUP_HOME=/opt/rustwide/rustup-home" "-w" "/opt/rustwide/workdir" "-m" "1610612736" "--user" "0:0" "--network" "none" "ghcr.io/rust-lang/crates-build-env/linux@sha256:2788e3201cd34a07e3172128adcd8b3090168a8e3bcc40d7c032b9dda1df7d1c" "/opt/rustwide/cargo-home/bin/cargo" "+nightly-2024-02-05" "metadata" "--no-deps" "--format-version=1", kill_on_drop: false }`
[INFO] [stdout] 2e7c8717ee93a327e2f8328285115b96df3ba38fa7fb8036968b36b60b258b53
[INFO] running `Command { std: "docker" "start" "-a" "2e7c8717ee93a327e2f8328285115b96df3ba38fa7fb8036968b36b60b258b53", kill_on_drop: false }`
[INFO] running `Command { std: "docker" "inspect" "2e7c8717ee93a327e2f8328285115b96df3ba38fa7fb8036968b36b60b258b53", kill_on_drop: false }`
[INFO] running `Command { std: "docker" "rm" "-f" "2e7c8717ee93a327e2f8328285115b96df3ba38fa7fb8036968b36b60b258b53", kill_on_drop: false }`
[INFO] [stdout] 2e7c8717ee93a327e2f8328285115b96df3ba38fa7fb8036968b36b60b258b53
[INFO] running `Command { std: "docker" "create" "-v" "/var/lib/crater-agent-workspace/builds/worker-0-tc2/target:/opt/rustwide/target:rw,Z" "-v" "/var/lib/crater-agent-workspace/builds/worker-0-tc2/source:/opt/rustwide/workdir:ro,Z" "-v" "/var/lib/crater-agent-workspace/cargo-home:/opt/rustwide/cargo-home:ro,Z" "-v" "/var/lib/crater-agent-workspace/rustup-home:/opt/rustwide/rustup-home:ro,Z" "-e" "SOURCE_DIR=/opt/rustwide/workdir" "-e" "CARGO_TARGET_DIR=/opt/rustwide/target" "-e" "CARGO_INCREMENTAL=0" "-e" "RUST_BACKTRACE=full" "-e" "RUSTFLAGS=--cap-lints=forbid -Dunexpected_cfgs" "-e" "RUSTDOCFLAGS=--cap-lints=forbid" "-e" "CARGO_HOME=/opt/rustwide/cargo-home" "-e" "RUSTUP_HOME=/opt/rustwide/rustup-home" "-w" "/opt/rustwide/workdir" "-m" "1610612736" "--user" "0:0" "--network" "none" "ghcr.io/rust-lang/crates-build-env/linux@sha256:2788e3201cd34a07e3172128adcd8b3090168a8e3bcc40d7c032b9dda1df7d1c" "/opt/rustwide/cargo-home/bin/cargo" "+nightly-2024-02-05" "check" "--frozen" "--all" "--all-targets" "--message-format=json" "-Zcheck-cfg", kill_on_drop: false }`
[INFO] [stdout] 067c9ec83a4b986c84f19762b430d93133b195c014cdae1326350cc4f7a9b574
[INFO] running `Command { std: "docker" "start" "-a" "067c9ec83a4b986c84f19762b430d93133b195c014cdae1326350cc4f7a9b574", kill_on_drop: false }`
[INFO] [stderr]     Checking parking_lot_core v0.8.6
[INFO] [stderr]     Checking parking_lot v0.11.2
[INFO] [stderr]     Checking horde v0.1.1 (/opt/rustwide/workdir)
[INFO] [stdout] error[E0432]: unresolved import `std::lazy`
[INFO] [stdout]  --> src/collect.rs:9:5
[INFO] [stdout]   |
[INFO] [stdout] 9 |     lazy::SyncLazy,
[INFO] [stdout]   |     ^^^^ could not find `lazy` in `std`
[INFO] [stdout] 
[INFO] [stdout] 
[INFO] [stdout] error[E0432]: unresolved import `std::lazy`
[INFO] [stdout]  --> src/collect.rs:9:5
[INFO] [stdout]   |
[INFO] [stdout] 9 |     lazy::SyncLazy,
[INFO] [stdout]   |     ^^^^ could not find `lazy` in `std`
[INFO] [stdout] 
[INFO] [stdout] 
[INFO] [stdout] error: cannot find macro `asm` in this scope
[INFO] [stdout]   --> src/collect.rs:97:17
[INFO] [stdout]    |
[INFO] [stdout] 97 |                 asm!("/* {} */", inout(reg) data, options(pure, nomem, nostack, preserves_flags));
[INFO] [stdout]    |                 ^^^
[INFO] [stdout]    |
[INFO] [stdout] help: consider importing one of these items
[INFO] [stdout]    |
[INFO] [stdout] 3  + use core::arch::asm;
[INFO] [stdout]    |
[INFO] [stdout] 3  + use std::arch::asm;
[INFO] [stdout]    |
[INFO] [stdout] 
[INFO] [stdout] 
[INFO] [stdout] error: cannot find macro `asm` in this scope
[INFO] [stdout]   --> src/raw/sse2.rs:53:9
[INFO] [stdout]    |
[INFO] [stdout] 53 |         asm!("/* {} */", inout(xmm_reg) result, options(pure, readonly, nostack, preserves_flags));
[INFO] [stdout]    |         ^^^
[INFO] [stdout]    |
[INFO] [stdout] help: consider importing one of these items
[INFO] [stdout]    |
[INFO] [stdout] 1  + use core::arch::asm;
[INFO] [stdout]    |
[INFO] [stdout] 1  + use std::arch::asm;
[INFO] [stdout]    |
[INFO] [stdout] 
[INFO] [stdout] 
[INFO] [stdout] error: cannot find macro `asm` in this scope
[INFO] [stdout]   --> src/collect.rs:97:17
[INFO] [stdout]    |
[INFO] [stdout] 97 |                 asm!("/* {} */", inout(reg) data, options(pure, nomem, nostack, preserves_flags));
[INFO] [stdout]    |                 ^^^
[INFO] [stdout]    |
[INFO] [stdout] help: consider importing one of these items
[INFO] [stdout]    |
[INFO] [stdout] 3  + use core::arch::asm;
[INFO] [stdout]    |
[INFO] [stdout] 3  + use std::arch::asm;
[INFO] [stdout]    |
[INFO] [stdout] 
[INFO] [stdout] 
[INFO] [stdout] error: cannot find macro `asm` in this scope
[INFO] [stdout]   --> src/raw/sse2.rs:72:9
[INFO] [stdout]    |
[INFO] [stdout] 72 |         asm!("/* {} */", inout(xmm_reg) result, options(pure, readonly, nostack, preserves_flags));
[INFO] [stdout]    |         ^^^
[INFO] [stdout]    |
[INFO] [stdout] help: consider importing one of these items
[INFO] [stdout]    |
[INFO] [stdout] 1  + use core::arch::asm;
[INFO] [stdout]    |
[INFO] [stdout] 1  + use std::arch::asm;
[INFO] [stdout]    |
[INFO] [stdout] 
[INFO] [stdout] 
[INFO] [stdout] error: cannot find macro `asm` in this scope
[INFO] [stdout]   --> src/raw/sse2.rs:53:9
[INFO] [stdout]    |
[INFO] [stdout] 53 |         asm!("/* {} */", inout(xmm_reg) result, options(pure, readonly, nostack, preserves_flags));
[INFO] [stdout]    |         ^^^
[INFO] [stdout]    |
[INFO] [stdout] help: consider importing one of these items
[INFO] [stdout]    |
[INFO] [stdout] 1  + use core::arch::asm;
[INFO] [stdout]    |
[INFO] [stdout] 1  + use std::arch::asm;
[INFO] [stdout]    |
[INFO] [stdout] 
[INFO] [stdout] 
[INFO] [stdout] error: cannot find macro `asm` in this scope
[INFO] [stdout]   --> src/raw/sse2.rs:72:9
[INFO] [stdout]    |
[INFO] [stdout] 72 |         asm!("/* {} */", inout(xmm_reg) result, options(pure, readonly, nostack, preserves_flags));
[INFO] [stdout]    |         ^^^
[INFO] [stdout]    |
[INFO] [stdout] help: consider importing one of these items
[INFO] [stdout]    |
[INFO] [stdout] 1  + use core::arch::asm;
[INFO] [stdout]    |
[INFO] [stdout] 1  + use std::arch::asm;
[INFO] [stdout]    |
[INFO] [stdout] 
[INFO] [stdout] 
[INFO] [stdout] warning: the feature `core_intrinsics` is internal to the compiler or standard library
[INFO] [stdout]  --> src/lib.rs:8:5
[INFO] [stdout]   |
[INFO] [stdout] 8 |     core_intrinsics,
[INFO] [stdout]   |     ^^^^^^^^^^^^^^^
[INFO] [stdout]   |
[INFO] [stdout]   = note: using it is strongly discouraged
[INFO] [stdout]   = note: `#[warn(internal_features)]` on by default
[INFO] [stdout] 
[INFO] [stdout] 
[INFO] [stdout] error: unexpected `cfg` condition name: `code`
[INFO] [stdout]  --> src/collect/code.rs:1:8
[INFO] [stdout]   |
[INFO] [stdout] 1 | #![cfg(code)]
[INFO] [stdout]   |        ^^^^
[INFO] [stdout]   |
[INFO] [stdout]   = help: expected names are: `debug_assertions`, `doc`, `doctest`, `feature`, `miri`, `overflow_checks`, `panic`, `proc_macro`, `relocation_model`, `sanitize`, `sanitizer_cfi_generalize_pointers`, `sanitizer_cfi_normalize_integers`, `target_abi`, `target_arch`, `target_endian`, `target_env`, `target_family`, `target_feature`, `target_has_atomic`, `target_has_atomic_equal_alignment`, `target_has_atomic_load_store`, `target_os`, `target_pointer_width`, `target_thread_local`, `target_vendor`, `test`, `unix`, `windows`
[INFO] [stdout]   = help: consider using a Cargo feature instead or adding `println!("cargo:rustc-check-cfg=cfg(code)");` to the top of a `build.rs`
[INFO] [stdout]   = note: see <https://doc.rust-lang.org/nightly/cargo/reference/unstable.html#check-cfg> for more information about checking conditional configuration
[INFO] [stdout]   = note: requested on the command line with `-D unexpected-cfgs`
[INFO] [stdout] 
[INFO] [stdout] 
[INFO] [stdout] error: unexpected `cfg` condition value: `raw`
[INFO] [stdout]   --> src/raw/bitmask.rs:32:11
[INFO] [stdout]    |
[INFO] [stdout] 32 |     #[cfg(feature = "raw")]
[INFO] [stdout]    |           ^^^^^^^^^^^^^^^ help: remove the condition
[INFO] [stdout]    |
[INFO] [stdout]    = note: no expected values for `feature`
[INFO] [stdout]    = help: consider adding `raw` as a feature in `Cargo.toml`
[INFO] [stdout]    = note: see <https://doc.rust-lang.org/nightly/cargo/reference/unstable.html#check-cfg> for more information about checking conditional configuration
[INFO] [stdout] 
[INFO] [stdout] 
[INFO] [stdout] error: unexpected `cfg` condition name: `code`
[INFO] [stdout]  --> src/sync_push_vec/code.rs:1:8
[INFO] [stdout]   |
[INFO] [stdout] 1 | #![cfg(code)]
[INFO] [stdout]   |        ^^^^
[INFO] [stdout]   |
[INFO] [stdout]   = help: consider using a Cargo feature instead or adding `println!("cargo:rustc-check-cfg=cfg(code)");` to the top of a `build.rs`
[INFO] [stdout]   = note: see <https://doc.rust-lang.org/nightly/cargo/reference/unstable.html#check-cfg> for more information about checking conditional configuration
[INFO] [stdout] 
[INFO] [stdout] 
[INFO] [stdout] error: unexpected `cfg` condition name: `code`
[INFO] [stdout]  --> src/sync_table/code.rs:1:8
[INFO] [stdout]   |
[INFO] [stdout] 1 | #![cfg(code)]
[INFO] [stdout]   |        ^^^^
[INFO] [stdout]   |
[INFO] [stdout]   = help: consider using a Cargo feature instead or adding `println!("cargo:rustc-check-cfg=cfg(code)");` to the top of a `build.rs`
[INFO] [stdout]   = note: see <https://doc.rust-lang.org/nightly/cargo/reference/unstable.html#check-cfg> for more information about checking conditional configuration
[INFO] [stdout] 
[INFO] [stdout] 
[INFO] [stdout] warning: the feature `core_intrinsics` is internal to the compiler or standard library
[INFO] [stdout]  --> src/lib.rs:8:5
[INFO] [stdout]   |
[INFO] [stdout] 8 |     core_intrinsics,
[INFO] [stdout]   |     ^^^^^^^^^^^^^^^
[INFO] [stdout]   |
[INFO] [stdout]   = note: using it is strongly discouraged
[INFO] [stdout]   = note: `#[warn(internal_features)]` on by default
[INFO] [stdout] 
[INFO] [stdout] 
[INFO] [stdout] error: unexpected `cfg` condition name: `code`
[INFO] [stdout]  --> src/collect/code.rs:1:8
[INFO] [stdout]   |
[INFO] [stdout] 1 | #![cfg(code)]
[INFO] [stdout]   |        ^^^^
[INFO] [stdout]   |
[INFO] [stdout]   = help: expected names are: `debug_assertions`, `doc`, `doctest`, `feature`, `miri`, `overflow_checks`, `panic`, `proc_macro`, `relocation_model`, `sanitize`, `sanitizer_cfi_generalize_pointers`, `sanitizer_cfi_normalize_integers`, `target_abi`, `target_arch`, `target_endian`, `target_env`, `target_family`, `target_feature`, `target_has_atomic`, `target_has_atomic_equal_alignment`, `target_has_atomic_load_store`, `target_os`, `target_pointer_width`, `target_thread_local`, `target_vendor`, `test`, `unix`, `windows`
[INFO] [stdout]   = help: consider using a Cargo feature instead or adding `println!("cargo:rustc-check-cfg=cfg(code)");` to the top of a `build.rs`
[INFO] [stdout]   = note: see <https://doc.rust-lang.org/nightly/cargo/reference/unstable.html#check-cfg> for more information about checking conditional configuration
[INFO] [stdout]   = note: requested on the command line with `-D unexpected-cfgs`
[INFO] [stdout] 
[INFO] [stdout] 
[INFO] [stdout] error: unexpected `cfg` condition value: `raw`
[INFO] [stdout]   --> src/raw/bitmask.rs:32:11
[INFO] [stdout]    |
[INFO] [stdout] 32 |     #[cfg(feature = "raw")]
[INFO] [stdout]    |           ^^^^^^^^^^^^^^^ help: remove the condition
[INFO] [stdout]    |
[INFO] [stdout]    = note: no expected values for `feature`
[INFO] [stdout]    = help: consider adding `raw` as a feature in `Cargo.toml`
[INFO] [stdout]    = note: see <https://doc.rust-lang.org/nightly/cargo/reference/unstable.html#check-cfg> for more information about checking conditional configuration
[INFO] [stdout] 
[INFO] [stdout] 
[INFO] [stdout] error: unexpected `cfg` condition name: `code`
[INFO] [stdout]  --> src/sync_push_vec/code.rs:1:8
[INFO] [stdout]   |
[INFO] [stdout] 1 | #![cfg(code)]
[INFO] [stdout]   |        ^^^^
[INFO] [stdout]   |
[INFO] [stdout]   = help: consider using a Cargo feature instead or adding `println!("cargo:rustc-check-cfg=cfg(code)");` to the top of a `build.rs`
[INFO] [stdout]   = note: see <https://doc.rust-lang.org/nightly/cargo/reference/unstable.html#check-cfg> for more information about checking conditional configuration
[INFO] [stdout] 
[INFO] [stdout] 
[INFO] [stdout] error: unexpected `cfg` condition name: `code`
[INFO] [stdout]  --> src/sync_table/code.rs:1:8
[INFO] [stdout]   |
[INFO] [stdout] 1 | #![cfg(code)]
[INFO] [stdout]   |        ^^^^
[INFO] [stdout]   |
[INFO] [stdout]   = help: consider using a Cargo feature instead or adding `println!("cargo:rustc-check-cfg=cfg(code)");` to the top of a `build.rs`
[INFO] [stdout]   = note: see <https://doc.rust-lang.org/nightly/cargo/reference/unstable.html#check-cfg> for more information about checking conditional configuration
[INFO] [stdout] 
[INFO] [stdout] 
[INFO] [stdout] warning: the feature `once_cell` has been stable since 1.70.0 and no longer requires an attribute to enable
[INFO] [stdout]   --> src/lib.rs:12:5
[INFO] [stdout]    |
[INFO] [stdout] 12 |     once_cell,
[INFO] [stdout]    |     ^^^^^^^^^
[INFO] [stdout]    |
[INFO] [stdout]    = note: `#[warn(stable_features)]` on by default
[INFO] [stdout] 
[INFO] [stdout] 
[INFO] [stdout] warning: the feature `asm` has been stable since 1.59.0 and no longer requires an attribute to enable
[INFO] [stdout]  --> src/lib.rs:7:5
[INFO] [stdout]   |
[INFO] [stdout] 7 |     asm,
[INFO] [stdout]   |     ^^^
[INFO] [stdout] 
[INFO] [stdout] 
[INFO] [stdout] warning: the feature `option_result_unwrap_unchecked` has been stable since 1.58.0 and no longer requires an attribute to enable
[INFO] [stdout]   --> src/lib.rs:13:5
[INFO] [stdout]    |
[INFO] [stdout] 13 |     option_result_unwrap_unchecked,
[INFO] [stdout]    |     ^^^^^^^^^^^^^^^^^^^^^^^^^^^^^^
[INFO] [stdout] 
[INFO] [stdout] 
[INFO] [stdout] warning: the feature `once_cell` has been stable since 1.70.0 and no longer requires an attribute to enable
[INFO] [stdout]   --> src/lib.rs:12:5
[INFO] [stdout]    |
[INFO] [stdout] 12 |     once_cell,
[INFO] [stdout]    |     ^^^^^^^^^
[INFO] [stdout]    |
[INFO] [stdout]    = note: `#[warn(stable_features)]` on by default
[INFO] [stdout] 
[INFO] [stdout] 
[INFO] [stdout] warning: the feature `asm` has been stable since 1.59.0 and no longer requires an attribute to enable
[INFO] [stdout]  --> src/lib.rs:7:5
[INFO] [stdout]   |
[INFO] [stdout] 7 |     asm,
[INFO] [stdout]   |     ^^^
[INFO] [stdout] 
[INFO] [stdout] 
[INFO] [stdout] warning: the feature `option_result_unwrap_unchecked` has been stable since 1.58.0 and no longer requires an attribute to enable
[INFO] [stdout]   --> src/lib.rs:13:5
[INFO] [stdout]    |
[INFO] [stdout] 13 |     option_result_unwrap_unchecked,
[INFO] [stdout]    |     ^^^^^^^^^^^^^^^^^^^^^^^^^^^^^^
[INFO] [stdout] 
[INFO] [stdout] 
[INFO] [stdout] error: aborting due to 8 previous errors; 4 warnings emitted
[INFO] [stdout] 
[INFO] [stdout] 
[INFO] [stdout] For more information about this error, try `rustc --explain E0432`.
[INFO] [stdout] 
[INFO] [stdout] error: aborting due to 8 previous errors; 4 warnings emitted
[INFO] [stdout] 
[INFO] [stdout] 
[INFO] [stdout] For more information about this error, try `rustc --explain E0432`.
[INFO] [stdout] 
[INFO] [stderr] error: could not compile `horde` (lib) due to 9 previous errors; 4 warnings emitted
[INFO] [stderr] warning: build failed, waiting for other jobs to finish...
[INFO] [stderr] error: could not compile `horde` (lib test) due to 9 previous errors; 4 warnings emitted
[INFO] running `Command { std: "docker" "inspect" "067c9ec83a4b986c84f19762b430d93133b195c014cdae1326350cc4f7a9b574", kill_on_drop: false }`
[INFO] running `Command { std: "docker" "rm" "-f" "067c9ec83a4b986c84f19762b430d93133b195c014cdae1326350cc4f7a9b574", kill_on_drop: false }`
[INFO] [stdout] 067c9ec83a4b986c84f19762b430d93133b195c014cdae1326350cc4f7a9b574
