[INFO] fetching crate hipparchus-mean 0.1.2...
[INFO] checking hipparchus-mean-0.1.2 against nightly-2024-02-05 for check-cfg
[INFO] extracting crate hipparchus-mean 0.1.2 into /workspace/builds/worker-0-tc1/source
[INFO] validating manifest of crates.io crate hipparchus-mean 0.1.2 on toolchain nightly-2024-02-05
[INFO] running `Command { std: CARGO_HOME="/workspace/cargo-home" RUSTUP_HOME="/workspace/rustup-home" "/workspace/cargo-home/bin/cargo" "+nightly-2024-02-05" "metadata" "--manifest-path" "Cargo.toml" "--no-deps", kill_on_drop: false }`
[INFO] started tweaking crates.io crate hipparchus-mean 0.1.2
[INFO] finished tweaking crates.io crate hipparchus-mean 0.1.2
[INFO] tweaked toml for crates.io crate hipparchus-mean 0.1.2 written to /workspace/builds/worker-0-tc1/source/Cargo.toml
[INFO] running `Command { std: CARGO_HOME="/workspace/cargo-home" RUSTUP_HOME="/workspace/rustup-home" "/workspace/cargo-home/bin/cargo" "+nightly-2024-02-05" "generate-lockfile" "--manifest-path" "Cargo.toml", kill_on_drop: false }`
[INFO] [stderr]     Updating crates.io index
[INFO] running `Command { std: CARGO_HOME="/workspace/cargo-home" RUSTUP_HOME="/workspace/rustup-home" "/workspace/cargo-home/bin/cargo" "+nightly-2024-02-05" "fetch" "--manifest-path" "Cargo.toml", kill_on_drop: false }`
[INFO] running `Command { std: "docker" "create" "-v" "/var/lib/crater-agent-workspace/builds/worker-0-tc1/target:/opt/rustwide/target:rw,Z" "-v" "/var/lib/crater-agent-workspace/builds/worker-0-tc1/source:/opt/rustwide/workdir:ro,Z" "-v" "/var/lib/crater-agent-workspace/cargo-home:/opt/rustwide/cargo-home:ro,Z" "-v" "/var/lib/crater-agent-workspace/rustup-home:/opt/rustwide/rustup-home:ro,Z" "-e" "SOURCE_DIR=/opt/rustwide/workdir" "-e" "CARGO_TARGET_DIR=/opt/rustwide/target" "-e" "CARGO_HOME=/opt/rustwide/cargo-home" "-e" "RUSTUP_HOME=/opt/rustwide/rustup-home" "-w" "/opt/rustwide/workdir" "-m" "1610612736" "--user" "0:0" "--network" "none" "ghcr.io/rust-lang/crates-build-env/linux@sha256:2788e3201cd34a07e3172128adcd8b3090168a8e3bcc40d7c032b9dda1df7d1c" "/opt/rustwide/cargo-home/bin/cargo" "+nightly-2024-02-05" "metadata" "--no-deps" "--format-version=1", kill_on_drop: false }`
[INFO] [stdout] e7f4625eedb5702cab0317c0ec7901d9ff3b17b354375672a8c2d05cce4945e3
[INFO] running `Command { std: "docker" "start" "-a" "e7f4625eedb5702cab0317c0ec7901d9ff3b17b354375672a8c2d05cce4945e3", kill_on_drop: false }`
[INFO] running `Command { std: "docker" "inspect" "e7f4625eedb5702cab0317c0ec7901d9ff3b17b354375672a8c2d05cce4945e3", kill_on_drop: false }`
[INFO] running `Command { std: "docker" "rm" "-f" "e7f4625eedb5702cab0317c0ec7901d9ff3b17b354375672a8c2d05cce4945e3", kill_on_drop: false }`
[INFO] [stdout] e7f4625eedb5702cab0317c0ec7901d9ff3b17b354375672a8c2d05cce4945e3
[INFO] running `Command { std: "docker" "create" "-v" "/var/lib/crater-agent-workspace/builds/worker-0-tc1/target:/opt/rustwide/target:rw,Z" "-v" "/var/lib/crater-agent-workspace/builds/worker-0-tc1/source:/opt/rustwide/workdir:ro,Z" "-v" "/var/lib/crater-agent-workspace/cargo-home:/opt/rustwide/cargo-home:ro,Z" "-v" "/var/lib/crater-agent-workspace/rustup-home:/opt/rustwide/rustup-home:ro,Z" "-e" "SOURCE_DIR=/opt/rustwide/workdir" "-e" "CARGO_TARGET_DIR=/opt/rustwide/target" "-e" "CARGO_INCREMENTAL=0" "-e" "RUST_BACKTRACE=full" "-e" "RUSTFLAGS=--cap-lints=forbid" "-e" "RUSTDOCFLAGS=--cap-lints=forbid" "-e" "CARGO_HOME=/opt/rustwide/cargo-home" "-e" "RUSTUP_HOME=/opt/rustwide/rustup-home" "-w" "/opt/rustwide/workdir" "-m" "1610612736" "--user" "0:0" "--network" "none" "ghcr.io/rust-lang/crates-build-env/linux@sha256:2788e3201cd34a07e3172128adcd8b3090168a8e3bcc40d7c032b9dda1df7d1c" "/opt/rustwide/cargo-home/bin/cargo" "+nightly-2024-02-05" "check" "--frozen" "--all" "--all-targets" "--message-format=json", kill_on_drop: false }`
[INFO] [stdout] 3f9fbe233eb3bba5f39e15d7dcce4ad26b025d287ab81270e17b24e26e1dfbed
[INFO] running `Command { std: "docker" "start" "-a" "3f9fbe233eb3bba5f39e15d7dcce4ad26b025d287ab81270e17b24e26e1dfbed", kill_on_drop: false }`
[INFO] [stderr]    Compiling semver v1.0.21
[INFO] [stderr]    Compiling memchr v2.7.1
[INFO] [stderr]     Checking futures-core v0.3.30
[INFO] [stderr]     Checking futures-sink v0.3.30
[INFO] [stderr]     Checking num-integer v0.1.45
[INFO] [stderr]    Compiling syn v2.0.48
[INFO] [stderr]     Checking futures-io v0.3.30
[INFO] [stderr]    Compiling regex-syntax v0.8.2
[INFO] [stderr]     Checking futures-channel v0.3.30
[INFO] [stderr]     Checking futures-task v0.3.30
[INFO] [stderr]     Checking regex-automata v0.4.5
[INFO] [stderr]     Checking num-complex v0.4.4
[INFO] [stderr]     Checking num-bigint v0.4.4
[INFO] [stderr]     Checking num-iter v0.1.43
[INFO] [stderr]    Compiling rustc_version v0.4.0
[INFO] [stderr]    Compiling aho-corasick v1.1.2
[INFO] [stderr]    Compiling relative-path v1.9.2
[INFO] [stderr]    Compiling rstest_macros v0.18.2
[INFO] [stderr]    Compiling glob v0.3.1
[INFO] [stderr]     Checking plotters v0.3.5
[INFO] [stderr]     Checking float-cmp v0.9.0
[INFO] [stderr]     Checking futures-timer v3.0.2
[INFO] [stderr]     Checking num-rational v0.4.1
[INFO] [stderr]     Checking num v0.4.1
[INFO] [stderr]     Checking hipparchus-mean v0.1.2 (/opt/rustwide/workdir)
[INFO] [stderr]     Checking regex v1.10.3
[INFO] [stderr]    Compiling serde_derive v1.0.196
[INFO] [stderr]    Compiling futures-macro v0.3.30
[INFO] [stderr]     Checking futures-util v0.3.30
[INFO] [stderr]     Checking serde v1.0.196
[INFO] [stderr]     Checking futures-executor v0.3.30
[INFO] [stderr]     Checking futures v0.3.30
[INFO] [stderr]     Checking rstest v0.18.2
[INFO] [stderr]     Checking serde_json v1.0.113
[INFO] [stderr]     Checking ciborium v0.2.2
[INFO] [stderr]     Checking tinytemplate v1.2.1
[INFO] [stderr]     Checking criterion v0.5.1
[INFO] [stdout] error[E0432]: unresolved import `hipparchus_seq`
[INFO] [stdout]  --> benches/mean.rs:6:5
[INFO] [stdout]   |
[INFO] [stdout] 6 | use hipparchus_seq::Sequence;
[INFO] [stdout]   |     ^^^^^^^^^^^^^^ use of undeclared crate or module `hipparchus_seq`
[INFO] [stdout]   |
[INFO] [stdout] help: there is a crate or module with a similar name
[INFO] [stdout]   |
[INFO] [stdout] 6 | use hipparchus_mean::Sequence;
[INFO] [stdout]   |     ~~~~~~~~~~~~~~~
[INFO] [stdout] 
[INFO] [stdout] 
[INFO] [stdout] error[E0432]: unresolved import `hipparchus_seq`
[INFO] [stdout]  --> benches/norm.rs:6:5
[INFO] [stdout]   |
[INFO] [stdout] 6 | use hipparchus_seq::Sequence;
[INFO] [stdout]   |     ^^^^^^^^^^^^^^ use of undeclared crate or module `hipparchus_seq`
[INFO] [stdout]   |
[INFO] [stdout] help: there is a crate or module with a similar name
[INFO] [stdout]   |
[INFO] [stdout] 6 | use hipparchus_mean::Sequence;
[INFO] [stdout]   |     ~~~~~~~~~~~~~~~
[INFO] [stdout] 
[INFO] [stdout] 
[INFO] [stdout] error: aborting due to 1 previous error
[INFO] [stdout] 
[INFO] [stdout] 
[INFO] [stdout] For more information about this error, try `rustc --explain E0432`.
[INFO] [stdout] 
[INFO] [stdout] error: aborting due to 1 previous error
[INFO] [stdout] 
[INFO] [stdout] 
[INFO] [stdout] For more information about this error, try `rustc --explain E0432`.
[INFO] [stdout] 
[INFO] [stderr] error: could not compile `hipparchus-mean` (bench "mean") due to 2 previous errors
[INFO] [stderr] warning: build failed, waiting for other jobs to finish...
[INFO] [stderr] error: could not compile `hipparchus-mean` (bench "norm") due to 2 previous errors
[INFO] running `Command { std: "docker" "inspect" "3f9fbe233eb3bba5f39e15d7dcce4ad26b025d287ab81270e17b24e26e1dfbed", kill_on_drop: false }`
[INFO] running `Command { std: "docker" "rm" "-f" "3f9fbe233eb3bba5f39e15d7dcce4ad26b025d287ab81270e17b24e26e1dfbed", kill_on_drop: false }`
[INFO] [stdout] 3f9fbe233eb3bba5f39e15d7dcce4ad26b025d287ab81270e17b24e26e1dfbed
[INFO] checking hipparchus-mean-0.1.2 against nightly-2024-02-05+rustflags=-Dunexpected_cfgs+cargoflags=-Zcheck-cfg for check-cfg
[INFO] extracting crate hipparchus-mean 0.1.2 into /workspace/builds/worker-0-tc2/source
[INFO] validating manifest of crates.io crate hipparchus-mean 0.1.2 on toolchain nightly-2024-02-05
[INFO] running `Command { std: CARGO_HOME="/workspace/cargo-home" RUSTUP_HOME="/workspace/rustup-home" "/workspace/cargo-home/bin/cargo" "+nightly-2024-02-05" "metadata" "--manifest-path" "Cargo.toml" "--no-deps", kill_on_drop: false }`
[INFO] started tweaking crates.io crate hipparchus-mean 0.1.2
[INFO] finished tweaking crates.io crate hipparchus-mean 0.1.2
[INFO] tweaked toml for crates.io crate hipparchus-mean 0.1.2 written to /workspace/builds/worker-0-tc2/source/Cargo.toml
[INFO] running `Command { std: CARGO_HOME="/workspace/cargo-home" RUSTUP_HOME="/workspace/rustup-home" "/workspace/cargo-home/bin/cargo" "+nightly-2024-02-05" "generate-lockfile" "--manifest-path" "Cargo.toml", kill_on_drop: false }`
[INFO] [stderr]     Updating crates.io index
[INFO] running `Command { std: CARGO_HOME="/workspace/cargo-home" RUSTUP_HOME="/workspace/rustup-home" "/workspace/cargo-home/bin/cargo" "+nightly-2024-02-05" "fetch" "--manifest-path" "Cargo.toml", kill_on_drop: false }`
[INFO] running `Command { std: "docker" "create" "-v" "/var/lib/crater-agent-workspace/builds/worker-0-tc2/target:/opt/rustwide/target:rw,Z" "-v" "/var/lib/crater-agent-workspace/builds/worker-0-tc2/source:/opt/rustwide/workdir:ro,Z" "-v" "/var/lib/crater-agent-workspace/cargo-home:/opt/rustwide/cargo-home:ro,Z" "-v" "/var/lib/crater-agent-workspace/rustup-home:/opt/rustwide/rustup-home:ro,Z" "-e" "SOURCE_DIR=/opt/rustwide/workdir" "-e" "CARGO_TARGET_DIR=/opt/rustwide/target" "-e" "CARGO_HOME=/opt/rustwide/cargo-home" "-e" "RUSTUP_HOME=/opt/rustwide/rustup-home" "-w" "/opt/rustwide/workdir" "-m" "1610612736" "--user" "0:0" "--network" "none" "ghcr.io/rust-lang/crates-build-env/linux@sha256:2788e3201cd34a07e3172128adcd8b3090168a8e3bcc40d7c032b9dda1df7d1c" "/opt/rustwide/cargo-home/bin/cargo" "+nightly-2024-02-05" "metadata" "--no-deps" "--format-version=1", kill_on_drop: false }`
[INFO] [stdout] 77afa9979b92de1bd5d489815d5b1732638c2f494b2b3c0988d92fd8b705048e
[INFO] running `Command { std: "docker" "start" "-a" "77afa9979b92de1bd5d489815d5b1732638c2f494b2b3c0988d92fd8b705048e", kill_on_drop: false }`
[INFO] running `Command { std: "docker" "inspect" "77afa9979b92de1bd5d489815d5b1732638c2f494b2b3c0988d92fd8b705048e", kill_on_drop: false }`
[INFO] running `Command { std: "docker" "rm" "-f" "77afa9979b92de1bd5d489815d5b1732638c2f494b2b3c0988d92fd8b705048e", kill_on_drop: false }`
[INFO] [stdout] 77afa9979b92de1bd5d489815d5b1732638c2f494b2b3c0988d92fd8b705048e
[INFO] running `Command { std: "docker" "create" "-v" "/var/lib/crater-agent-workspace/builds/worker-0-tc2/target:/opt/rustwide/target:rw,Z" "-v" "/var/lib/crater-agent-workspace/builds/worker-0-tc2/source:/opt/rustwide/workdir:ro,Z" "-v" "/var/lib/crater-agent-workspace/cargo-home:/opt/rustwide/cargo-home:ro,Z" "-v" "/var/lib/crater-agent-workspace/rustup-home:/opt/rustwide/rustup-home:ro,Z" "-e" "SOURCE_DIR=/opt/rustwide/workdir" "-e" "CARGO_TARGET_DIR=/opt/rustwide/target" "-e" "CARGO_INCREMENTAL=0" "-e" "RUST_BACKTRACE=full" "-e" "RUSTFLAGS=--cap-lints=forbid -Dunexpected_cfgs" "-e" "RUSTDOCFLAGS=--cap-lints=forbid" "-e" "CARGO_HOME=/opt/rustwide/cargo-home" "-e" "RUSTUP_HOME=/opt/rustwide/rustup-home" "-w" "/opt/rustwide/workdir" "-m" "1610612736" "--user" "0:0" "--network" "none" "ghcr.io/rust-lang/crates-build-env/linux@sha256:2788e3201cd34a07e3172128adcd8b3090168a8e3bcc40d7c032b9dda1df7d1c" "/opt/rustwide/cargo-home/bin/cargo" "+nightly-2024-02-05" "check" "--frozen" "--all" "--all-targets" "--message-format=json" "-Zcheck-cfg", kill_on_drop: false }`
[INFO] [stdout] 1446e7610f401485275dbab4de0cf174dd18807645eb20187cb087c91d0c6b7d
[INFO] running `Command { std: "docker" "start" "-a" "1446e7610f401485275dbab4de0cf174dd18807645eb20187cb087c91d0c6b7d", kill_on_drop: false }`
[INFO] [stderr]    Compiling semver v1.0.21
[INFO] [stderr]    Compiling memchr v2.7.1
[INFO] [stderr]     Checking futures-core v0.3.30
[INFO] [stderr]     Checking futures-sink v0.3.30
[INFO] [stderr]     Checking num-integer v0.1.45
[INFO] [stderr]    Compiling syn v2.0.48
[INFO] [stderr]    Compiling regex-syntax v0.8.2
[INFO] [stderr]     Checking futures-io v0.3.30
[INFO] [stderr]     Checking futures-channel v0.3.30
[INFO] [stderr]     Checking futures-task v0.3.30
[INFO] [stderr]     Checking regex-automata v0.4.5
[INFO] [stderr]     Checking num-complex v0.4.4
[INFO] [stderr]     Checking num-bigint v0.4.4
[INFO] [stderr]    Compiling rustc_version v0.4.0
[INFO] [stderr]    Compiling aho-corasick v1.1.2
[INFO] [stderr]     Checking num-iter v0.1.43
[INFO] [stderr]    Compiling glob v0.3.1
[INFO] [stderr]    Compiling rstest_macros v0.18.2
[INFO] [stderr]    Compiling relative-path v1.9.2
[INFO] [stderr]     Checking plotters v0.3.5
[INFO] [stderr]     Checking float-cmp v0.9.0
[INFO] [stderr]     Checking futures-timer v3.0.2
[INFO] [stderr]     Checking num-rational v0.4.1
[INFO] [stderr]     Checking regex v1.10.3
[INFO] [stderr]     Checking num v0.4.1
[INFO] [stderr]     Checking hipparchus-mean v0.1.2 (/opt/rustwide/workdir)
[INFO] [stderr]    Compiling serde_derive v1.0.196
[INFO] [stderr]    Compiling futures-macro v0.3.30
[INFO] [stderr]     Checking futures-util v0.3.30
[INFO] [stderr]     Checking serde v1.0.196
[INFO] [stderr]     Checking futures-executor v0.3.30
[INFO] [stderr]     Checking futures v0.3.30
[INFO] [stderr]     Checking rstest v0.18.2
[INFO] [stderr]     Checking serde_json v1.0.113
[INFO] [stderr]     Checking ciborium v0.2.2
[INFO] [stderr]     Checking tinytemplate v1.2.1
[INFO] [stderr]     Checking criterion v0.5.1
[INFO] [stdout] error[E0432]: unresolved import `hipparchus_seq`
[INFO] [stdout]  --> benches/mean.rs:6:5
[INFO] [stdout]   |
[INFO] [stdout] 6 | use hipparchus_seq::Sequence;
[INFO] [stdout]   |     ^^^^^^^^^^^^^^ use of undeclared crate or module `hipparchus_seq`
[INFO] [stdout]   |
[INFO] [stdout] help: there is a crate or module with a similar name
[INFO] [stdout]   |
[INFO] [stdout] 6 | use hipparchus_mean::Sequence;
[INFO] [stdout]   |     ~~~~~~~~~~~~~~~
[INFO] [stdout] 
[INFO] [stdout] 
[INFO] [stdout] error[E0432]: unresolved import `hipparchus_seq`
[INFO] [stdout]  --> benches/norm.rs:6:5
[INFO] [stdout]   |
[INFO] [stdout] 6 | use hipparchus_seq::Sequence;
[INFO] [stdout]   |     ^^^^^^^^^^^^^^ use of undeclared crate or module `hipparchus_seq`
[INFO] [stdout]   |
[INFO] [stdout] help: there is a crate or module with a similar name
[INFO] [stdout]   |
[INFO] [stdout] 6 | use hipparchus_mean::Sequence;
[INFO] [stdout]   |     ~~~~~~~~~~~~~~~
[INFO] [stdout] 
[INFO] [stdout] 
[INFO] [stdout] error: aborting due to 1 previous error
[INFO] [stdout] 
[INFO] [stdout] 
[INFO] [stdout] For more information about this error, try `rustc --explain E0432`.
[INFO] [stdout] 
[INFO] [stdout] error: aborting due to 1 previous error
[INFO] [stdout] 
[INFO] [stdout] 
[INFO] [stdout] For more information about this error, try `rustc --explain E0432`.
[INFO] [stdout] 
[INFO] [stderr] error: could not compile `hipparchus-mean` (bench "mean") due to 2 previous errors
[INFO] [stderr] warning: build failed, waiting for other jobs to finish...
[INFO] [stderr] error: could not compile `hipparchus-mean` (bench "norm") due to 2 previous errors
[INFO] running `Command { std: "docker" "inspect" "1446e7610f401485275dbab4de0cf174dd18807645eb20187cb087c91d0c6b7d", kill_on_drop: false }`
[INFO] running `Command { std: "docker" "rm" "-f" "1446e7610f401485275dbab4de0cf174dd18807645eb20187cb087c91d0c6b7d", kill_on_drop: false }`
[INFO] [stdout] 1446e7610f401485275dbab4de0cf174dd18807645eb20187cb087c91d0c6b7d
