[INFO] fetching crate hi_sparse_bitset 0.1.1...
[INFO] checking hi_sparse_bitset-0.1.1 against nightly-2024-02-05 for check-cfg
[INFO] extracting crate hi_sparse_bitset 0.1.1 into /workspace/builds/worker-1-tc1/source
[INFO] validating manifest of crates.io crate hi_sparse_bitset 0.1.1 on toolchain nightly-2024-02-05
[INFO] running `Command { std: CARGO_HOME="/workspace/cargo-home" RUSTUP_HOME="/workspace/rustup-home" "/workspace/cargo-home/bin/cargo" "+nightly-2024-02-05" "metadata" "--manifest-path" "Cargo.toml" "--no-deps", kill_on_drop: false }`
[INFO] started tweaking crates.io crate hi_sparse_bitset 0.1.1
[INFO] finished tweaking crates.io crate hi_sparse_bitset 0.1.1
[INFO] tweaked toml for crates.io crate hi_sparse_bitset 0.1.1 written to /workspace/builds/worker-1-tc1/source/Cargo.toml
[INFO] crate crates.io crate hi_sparse_bitset 0.1.1 already has a lockfile, it will not be regenerated
[INFO] running `Command { std: CARGO_HOME="/workspace/cargo-home" RUSTUP_HOME="/workspace/rustup-home" "/workspace/cargo-home/bin/cargo" "+nightly-2024-02-05" "fetch" "--manifest-path" "Cargo.toml", kill_on_drop: false }`
[INFO] [stderr]     Updating crates.io index
[INFO] [stderr]  Downloading crates ...
[INFO] [stderr]   Downloaded retain_mut v0.1.7
[INFO] [stderr]   Downloaded roaring v0.10.2
[INFO] [stderr]   Downloaded rustix v0.38.19
[INFO] running `Command { std: "docker" "create" "-v" "/var/lib/crater-agent-workspace/builds/worker-1-tc1/target:/opt/rustwide/target:rw,Z" "-v" "/var/lib/crater-agent-workspace/builds/worker-1-tc1/source:/opt/rustwide/workdir:ro,Z" "-v" "/var/lib/crater-agent-workspace/cargo-home:/opt/rustwide/cargo-home:ro,Z" "-v" "/var/lib/crater-agent-workspace/rustup-home:/opt/rustwide/rustup-home:ro,Z" "-e" "SOURCE_DIR=/opt/rustwide/workdir" "-e" "CARGO_TARGET_DIR=/opt/rustwide/target" "-e" "CARGO_HOME=/opt/rustwide/cargo-home" "-e" "RUSTUP_HOME=/opt/rustwide/rustup-home" "-w" "/opt/rustwide/workdir" "-m" "1610612736" "--user" "0:0" "--network" "none" "ghcr.io/rust-lang/crates-build-env/linux@sha256:2788e3201cd34a07e3172128adcd8b3090168a8e3bcc40d7c032b9dda1df7d1c" "/opt/rustwide/cargo-home/bin/cargo" "+nightly-2024-02-05" "metadata" "--no-deps" "--format-version=1", kill_on_drop: false }`
[INFO] [stdout] e562ca43df4c3f7c387af8f9767815185cee8d657020e58814825e75b5acc0fd
[INFO] running `Command { std: "docker" "start" "-a" "e562ca43df4c3f7c387af8f9767815185cee8d657020e58814825e75b5acc0fd", kill_on_drop: false }`
[INFO] running `Command { std: "docker" "inspect" "e562ca43df4c3f7c387af8f9767815185cee8d657020e58814825e75b5acc0fd", kill_on_drop: false }`
[INFO] running `Command { std: "docker" "rm" "-f" "e562ca43df4c3f7c387af8f9767815185cee8d657020e58814825e75b5acc0fd", kill_on_drop: false }`
[INFO] [stdout] e562ca43df4c3f7c387af8f9767815185cee8d657020e58814825e75b5acc0fd
[INFO] running `Command { std: "docker" "create" "-v" "/var/lib/crater-agent-workspace/builds/worker-1-tc1/target:/opt/rustwide/target:rw,Z" "-v" "/var/lib/crater-agent-workspace/builds/worker-1-tc1/source:/opt/rustwide/workdir:ro,Z" "-v" "/var/lib/crater-agent-workspace/cargo-home:/opt/rustwide/cargo-home:ro,Z" "-v" "/var/lib/crater-agent-workspace/rustup-home:/opt/rustwide/rustup-home:ro,Z" "-e" "SOURCE_DIR=/opt/rustwide/workdir" "-e" "CARGO_TARGET_DIR=/opt/rustwide/target" "-e" "CARGO_INCREMENTAL=0" "-e" "RUST_BACKTRACE=full" "-e" "RUSTFLAGS=--cap-lints=forbid" "-e" "RUSTDOCFLAGS=--cap-lints=forbid" "-e" "CARGO_HOME=/opt/rustwide/cargo-home" "-e" "RUSTUP_HOME=/opt/rustwide/rustup-home" "-w" "/opt/rustwide/workdir" "-m" "1610612736" "--user" "0:0" "--network" "none" "ghcr.io/rust-lang/crates-build-env/linux@sha256:2788e3201cd34a07e3172128adcd8b3090168a8e3bcc40d7c032b9dda1df7d1c" "/opt/rustwide/cargo-home/bin/cargo" "+nightly-2024-02-05" "check" "--frozen" "--all" "--all-targets" "--message-format=json", kill_on_drop: false }`
[INFO] [stdout] 6339fe1149e8cb54a9cc1910d66ce3651aeb065ef40ae51eb2d7f7ae00a25e28
[INFO] running `Command { std: "docker" "start" "-a" "6339fe1149e8cb54a9cc1910d66ce3651aeb065ef40ae51eb2d7f7ae00a25e28", kill_on_drop: false }`
[INFO] [stderr]    Compiling memoffset v0.9.0
[INFO] [stderr]    Compiling crossbeam-utils v0.8.16
[INFO] [stderr]    Compiling crossbeam-epoch v0.9.15
[INFO] [stderr]    Compiling serde v1.0.189
[INFO] [stderr]    Compiling libc v0.2.149
[INFO] [stderr]    Compiling rayon-core v1.12.0
[INFO] [stderr]    Compiling rustix v0.38.19
[INFO] [stderr]    Compiling serde_json v1.0.107
[INFO] [stderr]     Checking anstyle v1.0.4
[INFO] [stderr]     Checking ryu v1.0.15
[INFO] [stderr]     Checking itoa v1.0.9
[INFO] [stderr]     Checking bitflags v2.4.1
[INFO] [stderr]     Checking linux-raw-sys v0.4.10
[INFO] [stderr]     Checking ciborium-io v0.2.1
[INFO] [stderr]    Compiling syn v2.0.38
[INFO] [stderr]     Checking clap_lex v0.5.1
[INFO] [stderr]     Checking ciborium-ll v0.2.1
[INFO] [stderr]     Checking regex-automata v0.4.3
[INFO] [stderr]     Checking criterion-plot v0.5.0
[INFO] [stderr]     Checking wide v0.7.13
[INFO] [stderr]     Checking plotters v0.3.5
[INFO] [stderr]     Checking clap_builder v4.4.6
[INFO] [stderr]     Checking retain_mut v0.1.7
[INFO] [stderr]     Checking anes v0.1.6
[INFO] [stderr]     Checking itertools v0.11.0
[INFO] [stderr]     Checking roaring v0.10.2
[INFO] [stderr]     Checking getrandom v0.2.10
[INFO] [stderr]     Checking is-terminal v0.4.9
[INFO] [stderr]     Checking crossbeam-deque v0.8.3
[INFO] [stderr]     Checking rand_core v0.6.4
[INFO] [stderr]     Checking rand_chacha v0.3.1
[INFO] [stderr]     Checking rand v0.8.5
[INFO] [stderr]     Checking hi_sparse_bitset v0.1.1 (/opt/rustwide/workdir)
[INFO] [stderr]     Checking rayon v1.8.0
[INFO] [stderr]     Checking regex v1.10.2
[INFO] [stderr]     Checking clap v4.4.6
[INFO] [stderr]    Compiling serde_derive v1.0.189
[INFO] [stderr]     Checking hibitset v0.6.4
[INFO] [stderr]     Checking ciborium v0.2.1
[INFO] [stderr]     Checking tinytemplate v1.2.1
[INFO] [stderr]     Checking criterion v0.5.1
[INFO] [stdout] error[E0432]: unresolved imports `hi_sparse_bitset::iter::SimpleBlockIter`, `hi_sparse_bitset::iter::SimpleIndexIter`
[INFO] [stdout]   --> benches/union.rs:10:30
[INFO] [stdout]    |
[INFO] [stdout] 10 | use hi_sparse_bitset::iter::{SimpleBlockIter, SimpleIndexIter};
[INFO] [stdout]    |                              ^^^^^^^^^^^^^^^  ^^^^^^^^^^^^^^^ no `SimpleIndexIter` in `iter`
[INFO] [stdout]    |                              |
[INFO] [stdout]    |                              no `SimpleBlockIter` in `iter`
[INFO] [stdout]    |
[INFO] [stdout] note: found an item that was configured out
[INFO] [stdout]   --> /opt/rustwide/workdir/src/iter/mod.rs:13:18
[INFO] [stdout]    |
[INFO] [stdout] 13 | pub use simple::{SimpleBlockIter, SimpleIndexIter};
[INFO] [stdout]    |                  ^^^^^^^^^^^^^^^
[INFO] [stdout]    = note: the item is gated behind the `simple_iter` feature
[INFO] [stdout] note: found an item that was configured out
[INFO] [stdout]   --> /opt/rustwide/workdir/src/iter/mod.rs:13:35
[INFO] [stdout]    |
[INFO] [stdout] 13 | pub use simple::{SimpleBlockIter, SimpleIndexIter};
[INFO] [stdout]    |                                   ^^^^^^^^^^^^^^^
[INFO] [stdout]    = note: the item is gated behind the `simple_iter` feature
[INFO] [stdout] 
[INFO] [stdout] 
[INFO] [stdout] error[E0432]: unresolved imports `hi_sparse_bitset::iter::SimpleBlockIter`, `hi_sparse_bitset::iter::SimpleIndexIter`
[INFO] [stdout]   --> benches/intersection.rs:10:30
[INFO] [stdout]    |
[INFO] [stdout] 10 | use hi_sparse_bitset::iter::{SimpleBlockIter, SimpleIndexIter};
[INFO] [stdout]    |                              ^^^^^^^^^^^^^^^  ^^^^^^^^^^^^^^^ no `SimpleIndexIter` in `iter`
[INFO] [stdout]    |                              |
[INFO] [stdout]    |                              no `SimpleBlockIter` in `iter`
[INFO] [stdout]    |
[INFO] [stdout] note: found an item that was configured out
[INFO] [stdout]   --> /opt/rustwide/workdir/src/iter/mod.rs:13:18
[INFO] [stdout]    |
[INFO] [stdout] 13 | pub use simple::{SimpleBlockIter, SimpleIndexIter};
[INFO] [stdout]    |                  ^^^^^^^^^^^^^^^
[INFO] [stdout]    = note: the item is gated behind the `simple_iter` feature
[INFO] [stdout] note: found an item that was configured out
[INFO] [stdout]   --> /opt/rustwide/workdir/src/iter/mod.rs:13:35
[INFO] [stdout]    |
[INFO] [stdout] 13 | pub use simple::{SimpleBlockIter, SimpleIndexIter};
[INFO] [stdout]    |                                   ^^^^^^^^^^^^^^^
[INFO] [stdout]    = note: the item is gated behind the `simple_iter` feature
[INFO] [stdout] 
[INFO] [stdout] 
[INFO] [stdout] error: aborting due to 1 previous error
[INFO] [stdout] 
[INFO] [stdout] 
[INFO] [stdout] For more information about this error, try `rustc --explain E0432`.
[INFO] [stdout] 
[INFO] [stderr] error: could not compile `hi_sparse_bitset` (bench "union_bench") due to 2 previous errors
[INFO] [stderr] warning: build failed, waiting for other jobs to finish...
[INFO] [stdout] error: aborting due to 1 previous error
[INFO] [stdout] 
[INFO] [stdout] 
[INFO] [stdout] For more information about this error, try `rustc --explain E0432`.
[INFO] [stdout] 
[INFO] [stderr] error: could not compile `hi_sparse_bitset` (bench "intersection_bench") due to 2 previous errors
[INFO] running `Command { std: "docker" "inspect" "6339fe1149e8cb54a9cc1910d66ce3651aeb065ef40ae51eb2d7f7ae00a25e28", kill_on_drop: false }`
[INFO] running `Command { std: "docker" "rm" "-f" "6339fe1149e8cb54a9cc1910d66ce3651aeb065ef40ae51eb2d7f7ae00a25e28", kill_on_drop: false }`
[INFO] [stdout] 6339fe1149e8cb54a9cc1910d66ce3651aeb065ef40ae51eb2d7f7ae00a25e28
[INFO] checking hi_sparse_bitset-0.1.1 against nightly-2024-02-05+rustflags=-Dunexpected_cfgs+cargoflags=-Zcheck-cfg for check-cfg
[INFO] extracting crate hi_sparse_bitset 0.1.1 into /workspace/builds/worker-1-tc2/source
[INFO] validating manifest of crates.io crate hi_sparse_bitset 0.1.1 on toolchain nightly-2024-02-05
[INFO] running `Command { std: CARGO_HOME="/workspace/cargo-home" RUSTUP_HOME="/workspace/rustup-home" "/workspace/cargo-home/bin/cargo" "+nightly-2024-02-05" "metadata" "--manifest-path" "Cargo.toml" "--no-deps", kill_on_drop: false }`
[INFO] started tweaking crates.io crate hi_sparse_bitset 0.1.1
[INFO] finished tweaking crates.io crate hi_sparse_bitset 0.1.1
[INFO] tweaked toml for crates.io crate hi_sparse_bitset 0.1.1 written to /workspace/builds/worker-1-tc2/source/Cargo.toml
[INFO] crate crates.io crate hi_sparse_bitset 0.1.1 already has a lockfile, it will not be regenerated
[INFO] running `Command { std: CARGO_HOME="/workspace/cargo-home" RUSTUP_HOME="/workspace/rustup-home" "/workspace/cargo-home/bin/cargo" "+nightly-2024-02-05" "fetch" "--manifest-path" "Cargo.toml", kill_on_drop: false }`
[INFO] running `Command { std: "docker" "create" "-v" "/var/lib/crater-agent-workspace/builds/worker-1-tc2/target:/opt/rustwide/target:rw,Z" "-v" "/var/lib/crater-agent-workspace/builds/worker-1-tc2/source:/opt/rustwide/workdir:ro,Z" "-v" "/var/lib/crater-agent-workspace/cargo-home:/opt/rustwide/cargo-home:ro,Z" "-v" "/var/lib/crater-agent-workspace/rustup-home:/opt/rustwide/rustup-home:ro,Z" "-e" "SOURCE_DIR=/opt/rustwide/workdir" "-e" "CARGO_TARGET_DIR=/opt/rustwide/target" "-e" "CARGO_HOME=/opt/rustwide/cargo-home" "-e" "RUSTUP_HOME=/opt/rustwide/rustup-home" "-w" "/opt/rustwide/workdir" "-m" "1610612736" "--user" "0:0" "--network" "none" "ghcr.io/rust-lang/crates-build-env/linux@sha256:2788e3201cd34a07e3172128adcd8b3090168a8e3bcc40d7c032b9dda1df7d1c" "/opt/rustwide/cargo-home/bin/cargo" "+nightly-2024-02-05" "metadata" "--no-deps" "--format-version=1", kill_on_drop: false }`
[INFO] [stdout] 0a33de683b7a55f3f2521798f2407a5334c4ad3ad51cb395ae4595987bcc50de
[INFO] running `Command { std: "docker" "start" "-a" "0a33de683b7a55f3f2521798f2407a5334c4ad3ad51cb395ae4595987bcc50de", kill_on_drop: false }`
[INFO] running `Command { std: "docker" "inspect" "0a33de683b7a55f3f2521798f2407a5334c4ad3ad51cb395ae4595987bcc50de", kill_on_drop: false }`
[INFO] running `Command { std: "docker" "rm" "-f" "0a33de683b7a55f3f2521798f2407a5334c4ad3ad51cb395ae4595987bcc50de", kill_on_drop: false }`
[INFO] [stdout] 0a33de683b7a55f3f2521798f2407a5334c4ad3ad51cb395ae4595987bcc50de
[INFO] running `Command { std: "docker" "create" "-v" "/var/lib/crater-agent-workspace/builds/worker-1-tc2/target:/opt/rustwide/target:rw,Z" "-v" "/var/lib/crater-agent-workspace/builds/worker-1-tc2/source:/opt/rustwide/workdir:ro,Z" "-v" "/var/lib/crater-agent-workspace/cargo-home:/opt/rustwide/cargo-home:ro,Z" "-v" "/var/lib/crater-agent-workspace/rustup-home:/opt/rustwide/rustup-home:ro,Z" "-e" "SOURCE_DIR=/opt/rustwide/workdir" "-e" "CARGO_TARGET_DIR=/opt/rustwide/target" "-e" "CARGO_INCREMENTAL=0" "-e" "RUST_BACKTRACE=full" "-e" "RUSTFLAGS=--cap-lints=forbid -Dunexpected_cfgs" "-e" "RUSTDOCFLAGS=--cap-lints=forbid" "-e" "CARGO_HOME=/opt/rustwide/cargo-home" "-e" "RUSTUP_HOME=/opt/rustwide/rustup-home" "-w" "/opt/rustwide/workdir" "-m" "1610612736" "--user" "0:0" "--network" "none" "ghcr.io/rust-lang/crates-build-env/linux@sha256:2788e3201cd34a07e3172128adcd8b3090168a8e3bcc40d7c032b9dda1df7d1c" "/opt/rustwide/cargo-home/bin/cargo" "+nightly-2024-02-05" "check" "--frozen" "--all" "--all-targets" "--message-format=json" "-Zcheck-cfg", kill_on_drop: false }`
[INFO] [stdout] 7c41583cc334e9a9cc6638747b02c334217e51cf2f48f1c897a50d7a358dd142
[INFO] running `Command { std: "docker" "start" "-a" "7c41583cc334e9a9cc6638747b02c334217e51cf2f48f1c897a50d7a358dd142", kill_on_drop: false }`
[INFO] [stderr]    Compiling memoffset v0.9.0
[INFO] [stderr]    Compiling crossbeam-utils v0.8.16
[INFO] [stderr]    Compiling crossbeam-epoch v0.9.15
[INFO] [stderr]    Compiling libc v0.2.149
[INFO] [stderr]    Compiling serde v1.0.189
[INFO] [stderr]    Compiling rayon-core v1.12.0
[INFO] [stderr]    Compiling serde_json v1.0.107
[INFO] [stderr]    Compiling rustix v0.38.19
[INFO] [stderr]     Checking ryu v1.0.15
[INFO] [stderr]     Checking bitflags v2.4.1
[INFO] [stderr]     Checking anstyle v1.0.4
[INFO] [stderr]     Checking linux-raw-sys v0.4.10
[INFO] [stderr]     Checking clap_lex v0.5.1
[INFO] [stderr]    Compiling syn v2.0.38
[INFO] [stderr]     Checking ciborium-io v0.2.1
[INFO] [stderr]     Checking itoa v1.0.9
[INFO] [stderr]     Checking ciborium-ll v0.2.1
[INFO] [stderr]     Checking regex-automata v0.4.3
[INFO] [stderr]     Checking criterion-plot v0.5.0
[INFO] [stderr]     Checking wide v0.7.13
[INFO] [stderr]     Checking plotters v0.3.5
[INFO] [stderr]     Checking clap_builder v4.4.6
[INFO] [stderr]     Checking anes v0.1.6
[INFO] [stderr]     Checking retain_mut v0.1.7
[INFO] [stderr]     Checking itertools v0.11.0
[INFO] [stderr]     Checking roaring v0.10.2
[INFO] [stderr]     Checking crossbeam-deque v0.8.3
[INFO] [stderr]     Checking getrandom v0.2.10
[INFO] [stderr]     Checking rand_core v0.6.4
[INFO] [stderr]     Checking is-terminal v0.4.9
[INFO] [stderr]     Checking rand_chacha v0.3.1
[INFO] [stderr]     Checking rand v0.8.5
[INFO] [stderr]     Checking rayon v1.8.0
[INFO] [stderr]     Checking regex v1.10.2
[INFO] [stderr]     Checking clap v4.4.6
[INFO] [stderr]     Checking hi_sparse_bitset v0.1.1 (/opt/rustwide/workdir)
[INFO] [stderr]    Compiling serde_derive v1.0.189
[INFO] [stderr]     Checking hibitset v0.6.4
[INFO] [stderr]     Checking ciborium v0.2.1
[INFO] [stderr]     Checking tinytemplate v1.2.1
[INFO] [stderr]     Checking criterion v0.5.1
[INFO] [stdout] error[E0432]: unresolved imports `hi_sparse_bitset::iter::SimpleBlockIter`, `hi_sparse_bitset::iter::SimpleIndexIter`
[INFO] [stdout]   --> benches/intersection.rs:10:30
[INFO] [stdout]    |
[INFO] [stdout] 10 | use hi_sparse_bitset::iter::{SimpleBlockIter, SimpleIndexIter};
[INFO] [stdout]    |                              ^^^^^^^^^^^^^^^  ^^^^^^^^^^^^^^^ no `SimpleIndexIter` in `iter`
[INFO] [stdout]    |                              |
[INFO] [stdout]    |                              no `SimpleBlockIter` in `iter`
[INFO] [stdout]    |
[INFO] [stdout] note: found an item that was configured out
[INFO] [stdout]   --> /opt/rustwide/workdir/src/iter/mod.rs:13:18
[INFO] [stdout]    |
[INFO] [stdout] 13 | pub use simple::{SimpleBlockIter, SimpleIndexIter};
[INFO] [stdout]    |                  ^^^^^^^^^^^^^^^
[INFO] [stdout]    = note: the item is gated behind the `simple_iter` feature
[INFO] [stdout] note: found an item that was configured out
[INFO] [stdout]   --> /opt/rustwide/workdir/src/iter/mod.rs:13:35
[INFO] [stdout]    |
[INFO] [stdout] 13 | pub use simple::{SimpleBlockIter, SimpleIndexIter};
[INFO] [stdout]    |                                   ^^^^^^^^^^^^^^^
[INFO] [stdout]    = note: the item is gated behind the `simple_iter` feature
[INFO] [stdout] 
[INFO] [stdout] 
[INFO] [stdout] error[E0432]: unresolved imports `hi_sparse_bitset::iter::SimpleBlockIter`, `hi_sparse_bitset::iter::SimpleIndexIter`
[INFO] [stdout]   --> benches/union.rs:10:30
[INFO] [stdout]    |
[INFO] [stdout] 10 | use hi_sparse_bitset::iter::{SimpleBlockIter, SimpleIndexIter};
[INFO] [stdout]    |                              ^^^^^^^^^^^^^^^  ^^^^^^^^^^^^^^^ no `SimpleIndexIter` in `iter`
[INFO] [stdout]    |                              |
[INFO] [stdout]    |                              no `SimpleBlockIter` in `iter`
[INFO] [stdout]    |
[INFO] [stdout] note: found an item that was configured out
[INFO] [stdout]   --> /opt/rustwide/workdir/src/iter/mod.rs:13:18
[INFO] [stdout]    |
[INFO] [stdout] 13 | pub use simple::{SimpleBlockIter, SimpleIndexIter};
[INFO] [stdout]    |                  ^^^^^^^^^^^^^^^
[INFO] [stdout]    = note: the item is gated behind the `simple_iter` feature
[INFO] [stdout] note: found an item that was configured out
[INFO] [stdout]   --> /opt/rustwide/workdir/src/iter/mod.rs:13:35
[INFO] [stdout]    |
[INFO] [stdout] 13 | pub use simple::{SimpleBlockIter, SimpleIndexIter};
[INFO] [stdout]    |                                   ^^^^^^^^^^^^^^^
[INFO] [stdout]    = note: the item is gated behind the `simple_iter` feature
[INFO] [stdout] 
[INFO] [stdout] 
[INFO] [stdout] error: unexpected `cfg` condition name: `hisparsebitset_test_NoCache`
[INFO] [stdout]   --> src/test.rs:16:14
[INFO] [stdout]    |
[INFO] [stdout] 16 |     if #[cfg(hisparsebitset_test_NoCache)] {
[INFO] [stdout]    |              ^^^^^^^^^^^^^^^^^^^^^^^^^^^
[INFO] [stdout]    |
[INFO] [stdout]    = help: expected names are: `debug_assertions`, `doc`, `doctest`, `feature`, `miri`, `overflow_checks`, `panic`, `proc_macro`, `relocation_model`, `sanitize`, `sanitizer_cfi_generalize_pointers`, `sanitizer_cfi_normalize_integers`, `target_abi`, `target_arch`, `target_endian`, `target_env`, `target_family`, `target_feature`, `target_has_atomic`, `target_has_atomic_equal_alignment`, `target_has_atomic_load_store`, `target_os`, `target_pointer_width`, `target_thread_local`, `target_vendor`, `test`, `unix`, `windows`
[INFO] [stdout]    = help: consider using a Cargo feature instead or adding `println!("cargo:rustc-check-cfg=cfg(hisparsebitset_test_NoCache)");` to the top of a `build.rs`
[INFO] [stdout]    = note: see <https://doc.rust-lang.org/nightly/cargo/reference/unstable.html#check-cfg> for more information about checking conditional configuration
[INFO] [stdout]    = note: requested on the command line with `-D unexpected-cfgs`
[INFO] [stdout] 
[INFO] [stdout] 
[INFO] [stdout] error: unexpected `cfg` condition name: `hisparsebitset_test_FixedCache`
[INFO] [stdout]   --> src/test.rs:18:21
[INFO] [stdout]    |
[INFO] [stdout] 18 |     } else if #[cfg(hisparsebitset_test_FixedCache)] {
[INFO] [stdout]    |                     ^^^^^^^^^^^^^^^^^^^^^^^^^^^^^^
[INFO] [stdout]    |
[INFO] [stdout]    = help: consider using a Cargo feature instead or adding `println!("cargo:rustc-check-cfg=cfg(hisparsebitset_test_FixedCache)");` to the top of a `build.rs`
[INFO] [stdout]    = note: see <https://doc.rust-lang.org/nightly/cargo/reference/unstable.html#check-cfg> for more information about checking conditional configuration
[INFO] [stdout] 
[INFO] [stdout] 
[INFO] [stdout] error: unexpected `cfg` condition name: `hisparsebitset_test_DynamicCache`
[INFO] [stdout]   --> src/test.rs:20:21
[INFO] [stdout]    |
[INFO] [stdout] 20 |     } else if #[cfg(hisparsebitset_test_DynamicCache)] {
[INFO] [stdout]    |                     ^^^^^^^^^^^^^^^^^^^^^^^^^^^^^^^^
[INFO] [stdout]    |
[INFO] [stdout]    = help: consider using a Cargo feature instead or adding `println!("cargo:rustc-check-cfg=cfg(hisparsebitset_test_DynamicCache)");` to the top of a `build.rs`
[INFO] [stdout]    = note: see <https://doc.rust-lang.org/nightly/cargo/reference/unstable.html#check-cfg> for more information about checking conditional configuration
[INFO] [stdout] 
[INFO] [stdout] 
[INFO] [stdout] error: unexpected `cfg` condition name: `hisparsebitset_test_64`
[INFO] [stdout]   --> src/test.rs:29:14
[INFO] [stdout]    |
[INFO] [stdout] 29 |     if #[cfg(hisparsebitset_test_64)] {
[INFO] [stdout]    |              ^^^^^^^^^^^^^^^^^^^^^^
[INFO] [stdout]    |
[INFO] [stdout]    = help: consider using a Cargo feature instead or adding `println!("cargo:rustc-check-cfg=cfg(hisparsebitset_test_64)");` to the top of a `build.rs`
[INFO] [stdout]    = note: see <https://doc.rust-lang.org/nightly/cargo/reference/unstable.html#check-cfg> for more information about checking conditional configuration
[INFO] [stdout] 
[INFO] [stdout] 
[INFO] [stdout] error: unexpected `cfg` condition name: `hisparsebitset_test_128`
[INFO] [stdout]   --> src/test.rs:31:21
[INFO] [stdout]    |
[INFO] [stdout] 31 |     } else if #[cfg(hisparsebitset_test_128)] {
[INFO] [stdout]    |                     ^^^^^^^^^^^^^^^^^^^^^^^
[INFO] [stdout]    |
[INFO] [stdout]    = help: consider using a Cargo feature instead or adding `println!("cargo:rustc-check-cfg=cfg(hisparsebitset_test_128)");` to the top of a `build.rs`
[INFO] [stdout]    = note: see <https://doc.rust-lang.org/nightly/cargo/reference/unstable.html#check-cfg> for more information about checking conditional configuration
[INFO] [stdout] 
[INFO] [stdout] 
[INFO] [stdout] error: aborting due to 1 previous error
[INFO] [stdout] 
[INFO] [stdout] 
[INFO] [stdout] For more information about this error, try `rustc --explain E0432`.
[INFO] [stdout] 
[INFO] [stderr] error: could not compile `hi_sparse_bitset` (bench "union_bench") due to 2 previous errors
[INFO] [stderr] warning: build failed, waiting for other jobs to finish...
[INFO] [stdout] error: aborting due to 1 previous error
[INFO] [stdout] 
[INFO] [stdout] 
[INFO] [stdout] For more information about this error, try `rustc --explain E0432`.
[INFO] [stdout] 
[INFO] [stderr] error: could not compile `hi_sparse_bitset` (bench "intersection_bench") due to 2 previous errors
[INFO] [stdout] error: aborting due to 5 previous errors
[INFO] [stdout] 
[INFO] [stdout] 
[INFO] [stderr] error: could not compile `hi_sparse_bitset` (lib test) due to 6 previous errors
[INFO] running `Command { std: "docker" "inspect" "7c41583cc334e9a9cc6638747b02c334217e51cf2f48f1c897a50d7a358dd142", kill_on_drop: false }`
[INFO] running `Command { std: "docker" "rm" "-f" "7c41583cc334e9a9cc6638747b02c334217e51cf2f48f1c897a50d7a358dd142", kill_on_drop: false }`
[INFO] [stdout] 7c41583cc334e9a9cc6638747b02c334217e51cf2f48f1c897a50d7a358dd142
