[INFO] fetching crate hextacy 0.1.12...
[INFO] checking hextacy-0.1.12 against nightly-2024-02-05 for check-cfg
[INFO] extracting crate hextacy 0.1.12 into /workspace/builds/worker-3-tc1/source
[INFO] validating manifest of crates.io crate hextacy 0.1.12 on toolchain nightly-2024-02-05
[INFO] running `Command { std: CARGO_HOME="/workspace/cargo-home" RUSTUP_HOME="/workspace/rustup-home" "/workspace/cargo-home/bin/cargo" "+nightly-2024-02-05" "metadata" "--manifest-path" "Cargo.toml" "--no-deps", kill_on_drop: false }`
[INFO] started tweaking crates.io crate hextacy 0.1.12
[INFO] finished tweaking crates.io crate hextacy 0.1.12
[INFO] tweaked toml for crates.io crate hextacy 0.1.12 written to /workspace/builds/worker-3-tc1/source/Cargo.toml
[INFO] running `Command { std: CARGO_HOME="/workspace/cargo-home" RUSTUP_HOME="/workspace/rustup-home" "/workspace/cargo-home/bin/cargo" "+nightly-2024-02-05" "generate-lockfile" "--manifest-path" "Cargo.toml", kill_on_drop: false }`
[INFO] [stderr]     Updating crates.io index
[INFO] running `Command { std: CARGO_HOME="/workspace/cargo-home" RUSTUP_HOME="/workspace/rustup-home" "/workspace/cargo-home/bin/cargo" "+nightly-2024-02-05" "fetch" "--manifest-path" "Cargo.toml", kill_on_drop: false }`
[INFO] [stderr]  Downloading crates ...
[INFO] [stderr]   Downloaded tracing-test v0.2.4
[INFO] [stderr]   Downloaded checked_int_cast v1.0.0
[INFO] [stderr]   Downloaded diesel_derives v2.1.2
[INFO] [stderr]   Downloaded pq-sys v0.4.8
[INFO] [stderr]   Downloaded redis v0.22.3
[INFO] [stderr]   Downloaded r2d2 v0.8.10
[INFO] [stderr]   Downloaded actix-web-actors v4.3.0
[INFO] [stderr]   Downloaded rsa v0.8.2
[INFO] [stderr]   Downloaded tracing-test-macro v0.2.4
[INFO] [stderr]   Downloaded actix v0.13.2
[INFO] [stderr]   Downloaded diesel v2.1.4
[INFO] [stderr]   Downloaded scheduled-thread-pool v0.2.7
[INFO] [stderr]   Downloaded pkcs1 v0.4.1
[INFO] [stderr]   Downloaded diesel_table_macro_syntax v0.1.0
[INFO] [stderr]   Downloaded actix_derive v0.6.1
[INFO] [stderr]   Downloaded thread-id v4.2.1
[INFO] [stderr]   Downloaded qrcode v0.12.0
[INFO] [stderr]   Downloaded hextacy_derive v0.1.0
[INFO] [stderr]   Downloaded thotp v0.1.11
[INFO] running `Command { std: "docker" "create" "-v" "/var/lib/crater-agent-workspace/builds/worker-3-tc1/target:/opt/rustwide/target:rw,Z" "-v" "/var/lib/crater-agent-workspace/builds/worker-3-tc1/source:/opt/rustwide/workdir:ro,Z" "-v" "/var/lib/crater-agent-workspace/cargo-home:/opt/rustwide/cargo-home:ro,Z" "-v" "/var/lib/crater-agent-workspace/rustup-home:/opt/rustwide/rustup-home:ro,Z" "-e" "SOURCE_DIR=/opt/rustwide/workdir" "-e" "CARGO_TARGET_DIR=/opt/rustwide/target" "-e" "CARGO_HOME=/opt/rustwide/cargo-home" "-e" "RUSTUP_HOME=/opt/rustwide/rustup-home" "-w" "/opt/rustwide/workdir" "-m" "1610612736" "--user" "0:0" "--network" "none" "ghcr.io/rust-lang/crates-build-env/linux@sha256:2788e3201cd34a07e3172128adcd8b3090168a8e3bcc40d7c032b9dda1df7d1c" "/opt/rustwide/cargo-home/bin/cargo" "+nightly-2024-02-05" "metadata" "--no-deps" "--format-version=1", kill_on_drop: false }`
[INFO] [stdout] 5d592ebf7a60d6bf481e7d8bcbef35250385fd72005c4c91d256002956fe96ce
[INFO] running `Command { std: "docker" "start" "-a" "5d592ebf7a60d6bf481e7d8bcbef35250385fd72005c4c91d256002956fe96ce", kill_on_drop: false }`
[INFO] running `Command { std: "docker" "inspect" "5d592ebf7a60d6bf481e7d8bcbef35250385fd72005c4c91d256002956fe96ce", kill_on_drop: false }`
[INFO] running `Command { std: "docker" "rm" "-f" "5d592ebf7a60d6bf481e7d8bcbef35250385fd72005c4c91d256002956fe96ce", kill_on_drop: false }`
[INFO] [stdout] 5d592ebf7a60d6bf481e7d8bcbef35250385fd72005c4c91d256002956fe96ce
[INFO] running `Command { std: "docker" "create" "-v" "/var/lib/crater-agent-workspace/builds/worker-3-tc1/target:/opt/rustwide/target:rw,Z" "-v" "/var/lib/crater-agent-workspace/builds/worker-3-tc1/source:/opt/rustwide/workdir:ro,Z" "-v" "/var/lib/crater-agent-workspace/cargo-home:/opt/rustwide/cargo-home:ro,Z" "-v" "/var/lib/crater-agent-workspace/rustup-home:/opt/rustwide/rustup-home:ro,Z" "-e" "SOURCE_DIR=/opt/rustwide/workdir" "-e" "CARGO_TARGET_DIR=/opt/rustwide/target" "-e" "CARGO_INCREMENTAL=0" "-e" "RUST_BACKTRACE=full" "-e" "RUSTFLAGS=--cap-lints=forbid" "-e" "RUSTDOCFLAGS=--cap-lints=forbid" "-e" "CARGO_HOME=/opt/rustwide/cargo-home" "-e" "RUSTUP_HOME=/opt/rustwide/rustup-home" "-w" "/opt/rustwide/workdir" "-m" "1610612736" "--user" "0:0" "--network" "none" "ghcr.io/rust-lang/crates-build-env/linux@sha256:2788e3201cd34a07e3172128adcd8b3090168a8e3bcc40d7c032b9dda1df7d1c" "/opt/rustwide/cargo-home/bin/cargo" "+nightly-2024-02-05" "check" "--frozen" "--all" "--all-targets" "--message-format=json", kill_on_drop: false }`
[INFO] [stdout] 4ffa86d0d873a7cd2b1921c09e57ddcbaeb3783a0558fab01d5ff3a6df6e9876
[INFO] running `Command { std: "docker" "start" "-a" "4ffa86d0d873a7cd2b1921c09e57ddcbaeb3783a0558fab01d5ff3a6df6e9876", kill_on_drop: false }`
[INFO] [stderr]    Compiling syn v1.0.109
[INFO] [stderr]    Compiling generic-array v0.14.7
[INFO] [stderr]    Compiling libm v0.2.8
[INFO] [stderr]    Compiling num-traits v0.2.17
[INFO] [stderr]     Checking subtle v2.5.0
[INFO] [stderr]     Checking const-oid v0.9.6
[INFO] [stderr]    Compiling jobserver v0.1.27
[INFO] [stderr]     Checking signal-hook-registry v1.4.1
[INFO] [stderr]     Checking tracing-core v0.1.32
[INFO] [stderr]     Checking futures-io v0.3.30
[INFO] [stderr]     Checking bitflags v2.4.2
[INFO] [stderr]    Compiling syn v2.0.48
[INFO] [stderr]     Checking unicode-bidi v0.3.15
[INFO] [stderr]     Checking powerfmt v0.2.0
[INFO] [stderr]    Compiling num-conv v0.1.0
[INFO] [stderr]    Compiling serde_json v1.0.113
[INFO] [stderr]    Compiling time-core v0.1.2
[INFO] [stderr]     Checking byteorder v1.5.0
[INFO] [stderr]    Compiling num-iter v0.1.43
[INFO] [stderr]    Compiling ahash v0.8.7
[INFO] [stderr]    Compiling time-macros v0.2.17
[INFO] [stderr]    Compiling cc v1.0.83
[INFO] [stderr]     Checking deranged v0.3.11
[INFO] [stderr]    Compiling memchr v2.7.1
[INFO] [stderr]     Checking zeroize v1.7.0
[INFO] [stderr]     Checking futures-channel v0.3.30
[INFO] [stderr]    Compiling regex-syntax v0.8.2
[INFO] [stderr]    Compiling zstd-safe v7.0.0
[INFO] [stderr]     Checking base64ct v1.6.0
[INFO] [stderr]     Checking idna v0.5.0
[INFO] [stderr]    Compiling bytes v1.5.0
[INFO] [stderr]    Compiling semver-parser v0.7.0
[INFO] [stderr]     Checking local-waker v0.1.4
[INFO] [stderr]     Checking alloc-no-stdlib v2.0.4
[INFO] [stderr]     Checking alloc-stdlib v0.2.2
[INFO] [stderr]     Checking pem-rfc7468 v0.6.0
[INFO] [stderr]    Compiling aho-corasick v1.1.2
[INFO] [stderr]    Compiling semver v0.9.0
[INFO] [stderr]    Compiling num-rational v0.3.2
[INFO] [stderr]     Checking url v2.5.0
[INFO] [stderr]     Checking crypto-common v0.1.6
[INFO] [stderr]     Checking block-buffer v0.10.4
[INFO] [stderr]     Checking inout v0.1.3
[INFO] [stderr]    Compiling crossbeam-utils v0.8.19
[INFO] [stderr]     Checking digest v0.10.7
[INFO] [stderr]     Checking cipher v0.4.4
[INFO] [stderr]     Checking match_cfg v0.1.0
[INFO] [stderr]    Compiling itoa v1.0.10
[INFO] [stderr]    Compiling pin-project-lite v0.2.13
[INFO] [stderr]    Compiling radium v0.7.0
[INFO] [stderr]     Checking hostname v0.3.1
[INFO] [stderr]    Compiling bytestring v1.3.1
[INFO] [stderr]    Compiling http v0.2.11
[INFO] [stderr]     Checking hmac v0.12.1
[INFO] [stderr]     Checking universal-hash v0.5.1
[INFO] [stderr]    Compiling rustc_version v0.2.3
[INFO] [stderr]     Checking actix-service v2.0.2
[INFO] [stderr]     Checking der v0.6.1
[INFO] [stderr]     Checking brotli-decompressor v2.5.1
[INFO] [stderr]     Checking actix-utils v3.0.1
[INFO] [stderr]    Compiling cookie v0.16.2
[INFO] [stderr]     Checking matches v0.1.10
[INFO] [stderr]     Checking num-integer v0.1.45
[INFO] [stderr]    Compiling rustix v0.38.31
[INFO] [stderr]     Checking tap v1.0.1
[INFO] [stderr]     Checking data-encoding v2.5.0
[INFO] [stderr]     Checking wyz v0.5.1
[INFO] [stderr]     Checking polyval v0.6.1
[INFO] [stderr]    Compiling rustc_version_runtime v0.2.1
[INFO] [stderr]    Compiling openssl-sys v0.9.99
[INFO] [stderr]    Compiling ring v0.17.7
[INFO] [stderr]    Compiling zstd-sys v2.0.9+zstd.1.5.5
[INFO] [stderr]    Compiling ring v0.16.20
[INFO] [stderr]     Checking regex-automata v0.1.10
[INFO] [stderr]     Checking idna v0.2.3
[INFO] [stderr]    Compiling num-bigint v0.4.4
[INFO] [stderr]    Compiling regex-automata v0.4.5
[INFO] [stderr]     Checking spki v0.6.0
[INFO] [stderr]     Checking sha1 v0.10.6
[INFO] [stderr]     Checking time v0.3.34
[INFO] [stderr]     Checking sha2 v0.10.8
[INFO] [stderr]     Checking local-channel v0.1.5
[INFO] [stderr]     Checking scheduled-thread-pool v0.2.7
[INFO] [stderr]     Checking color_quant v1.1.0
[INFO] [stderr]     Checking brotli v3.4.0
[INFO] [stderr]     Checking bytemuck v1.14.1
[INFO] [stderr]     Checking destructure_traitobject v0.2.0
[INFO] [stderr]     Checking overload v0.1.1
[INFO] [stderr]     Checking linux-raw-sys v0.4.13
[INFO] [stderr]     Checking funty v2.0.0
[INFO] [stderr]     Checking predicates-core v1.0.6
[INFO] [stderr]    Compiling num-bigint-dig v0.8.4
[INFO] [stderr]    Compiling openssl v0.10.63
[INFO] [stderr]    Compiling native-tls v0.2.11
[INFO] [stderr]    Compiling pq-sys v0.4.8
[INFO] [stderr]    Compiling spin v0.5.2
[INFO] [stderr]     Checking language-tags v0.3.2
[INFO] [stderr]     Checking matchers v0.1.0
[INFO] [stderr]    Compiling lazy_static v1.4.0
[INFO] [stderr]     Checking image v0.23.14
[INFO] [stderr]     Checking nu-ansi-term v0.46.0
[INFO] [stderr]     Checking unsafe-any-ors v1.0.0
[INFO] [stderr]     Checking resolv-conf v0.7.0
[INFO] [stderr]     Checking crossbeam-channel v0.5.11
[INFO] [stderr]     Checking pkcs8 v0.9.0
[INFO] [stderr]    Compiling proc-macro-error-attr v1.0.4
[INFO] [stderr]     Checking bitvec v1.0.1
[INFO] [stderr]     Checking ghash v0.5.0
[INFO] [stderr]     Checking float-cmp v0.9.0
[INFO] [stderr]     Checking ordered-float v2.10.1
[INFO] [stderr]     Checking aes v0.8.3
[INFO] [stderr]     Checking ctr v0.9.2
[INFO] [stderr]     Checking sha-1 v0.10.1
[INFO] [stderr]    Compiling darling_core v0.13.4
[INFO] [stderr]     Checking aead v0.5.2
[INFO] [stderr]     Checking lru-cache v0.1.2
[INFO] [stderr]     Checking sharded-slab v0.1.7
[INFO] [stderr]     Checking socket2 v0.4.10
[INFO] [stderr]    Compiling cookie v0.17.0
[INFO] [stderr]     Checking thread_local v1.1.7
[INFO] [stderr]     Checking termtree v0.4.1
[INFO] [stderr]    Compiling diesel_table_macro_syntax v0.1.0
[INFO] [stderr]     Checking finl_unicode v1.2.0
[INFO] [stderr]     Checking checked_int_cast v1.0.0
[INFO] [stderr]     Checking difflib v0.4.0
[INFO] [stderr]     Checking normalize-line-endings v0.3.0
[INFO] [stderr]     Checking minimal-lexical v0.2.1
[INFO] [stderr]     Checking predicates-tree v1.0.9
[INFO] [stderr]     Checking qrcode v0.12.0
[INFO] [stderr]    Compiling regex v1.10.3
[INFO] [stderr]    Compiling proc-macro-error v1.0.4
[INFO] [stderr]     Checking aes-gcm v0.10.3
[INFO] [stderr]     Checking predicates v2.1.5
[INFO] [stderr]     Checking pkcs1 v0.4.1
[INFO] [stderr]     Checking nom v7.1.3
[INFO] [stderr]     Checking stringprep v0.1.4
[INFO] [stderr]     Checking typemap-ors v1.0.0
[INFO] [stderr]     Checking pem v1.1.1
[INFO] [stderr]     Checking blowfish v0.9.1
[INFO] [stderr]     Checking hkdf v0.12.4
[INFO] [stderr]     Checking md-5 v0.10.6
[INFO] [stderr]     Checking pbkdf2 v0.11.0
[INFO] [stderr]     Checking signature v2.2.0
[INFO] [stderr]     Checking idna v0.3.0
[INFO] [stderr]     Checking email-encoding v0.2.0
[INFO] [stderr]     Checking thread-id v4.2.1
[INFO] [stderr]     Checking combine v4.6.6
[INFO] [stderr]     Checking downcast v0.11.0
[INFO] [stderr]     Checking take_mut v0.2.2
[INFO] [stderr]     Checking is-terminal v0.4.10
[INFO] [stderr]     Checking fragile v2.0.0
[INFO] [stderr]     Checking log-mdc v0.1.0
[INFO] [stderr]     Checking email_address v0.2.4
[INFO] [stderr]     Checking fastrand v1.9.0
[INFO] [stderr]     Checking quoted_printable v0.4.8
[INFO] [stderr]     Checking sha1_smol v1.0.0
[INFO] [stderr]     Checking bcrypt v0.14.0
[INFO] [stderr]     Checking colored v2.1.0
[INFO] [stderr]     Checking dotenv v0.15.0
[INFO] [stderr]     Checking rsa v0.8.2
[INFO] [stderr]    Compiling derive_more v0.99.17
[INFO] [stderr]    Compiling enum-as-inner v0.4.0
[INFO] [stderr]    Compiling derivative v2.2.0
[INFO] [stderr]    Compiling darling_macro v0.13.4
[INFO] [stderr]    Compiling tracing-test-macro v0.2.4
[INFO] [stderr]    Compiling mockall_derive v0.11.4
[INFO] [stderr]    Compiling typed-builder v0.10.0
[INFO] [stderr]    Compiling hextacy_derive v0.1.0
[INFO] [stderr]    Compiling serde_derive v1.0.196
[INFO] [stderr]    Compiling tracing-attributes v0.1.27
[INFO] [stderr]    Compiling tokio-macros v2.2.0
[INFO] [stderr]    Compiling futures-macro v0.3.30
[INFO] [stderr]    Compiling thiserror-impl v1.0.56
[INFO] [stderr]    Compiling openssl-macros v0.1.1
[INFO] [stderr]    Compiling darling v0.13.4
[INFO] [stderr]    Compiling actix-macros v0.2.4
[INFO] [stderr]    Compiling async-trait v0.1.77
[INFO] [stderr]    Compiling serde_with_macros v1.5.2
[INFO] [stderr]    Compiling actix_derive v0.6.1
[INFO] [stderr]    Compiling diesel_derives v2.1.2
[INFO] [stderr]     Checking futures-util v0.3.30
[INFO] [stderr]     Checking thiserror v1.0.56
[INFO] [stderr]     Checking simple_asn1 v0.6.2
[INFO] [stderr]     Checking thotp v0.1.11
[INFO] [stderr]     Checking serde v1.0.196
[INFO] [stderr]     Checking mockall v0.11.4
[INFO] [stderr]    Compiling rustls v0.21.10
[INFO] [stderr]     Checking futures-executor v0.3.30
[INFO] [stderr]     Checking zstd v0.13.0
[INFO] [stderr]     Checking log v0.4.20
[INFO] [stderr]     Checking chrono v0.4.33
[INFO] [stderr]     Checking serde_urlencoded v0.7.1
[INFO] [stderr]     Checking uuid v1.7.0
[INFO] [stderr]     Checking serde_bytes v0.11.14
[INFO] [stderr]     Checking serde-value v0.7.0
[INFO] [stderr]     Checking serde_yaml v0.8.26
[INFO] [stderr]     Checking serde_with v1.14.0
[INFO] [stderr]     Checking sct v0.7.1
[INFO] [stderr]     Checking rustls-webpki v0.101.7
[INFO] [stderr]     Checking mio v0.8.10
[INFO] [stderr]     Checking tracing v0.1.40
[INFO] [stderr]     Checking r2d2 v0.8.10
[INFO] [stderr]     Checking tracing-log v0.2.0
[INFO] [stderr]     Checking env_logger v0.10.2
[INFO] [stderr]     Checking redis v0.22.3
[INFO] [stderr]     Checking lettre v0.10.4
[INFO] [stderr]     Checking actix-router v0.5.2
[INFO] [stderr]     Checking tracing-subscriber v0.3.18
[INFO] [stderr]     Checking tokio v1.36.0
[INFO] [stderr]     Checking bson v2.9.0
[INFO] [stderr]     Checking jsonwebtoken v8.3.0
[INFO] [stderr]     Checking diesel v2.1.4
[INFO] [stderr]     Checking log4rs v1.2.0
[INFO] [stderr]    Compiling actix-web-codegen v4.2.2
[INFO] [stderr]     Checking tracing-test v0.2.4
[INFO] [stderr]     Checking tokio-util v0.7.10
[INFO] [stderr]     Checking actix-rt v2.9.0
[INFO] [stderr]     Checking tokio-native-tls v0.3.1
[INFO] [stderr]     Checking trust-dns-proto v0.21.2
[INFO] [stderr]     Checking tokio-rustls v0.24.1
[INFO] [stderr]     Checking actix-server v2.3.0
[INFO] [stderr]     Checking h2 v0.3.24
[INFO] [stderr]     Checking actix-codec v0.5.2
[INFO] [stderr]     Checking actix v0.13.2
[INFO] [stderr]     Checking trust-dns-resolver v0.21.2
[INFO] [stderr]     Checking mongodb v2.8.0
[INFO] [stderr]     Checking hyper v0.14.28
[INFO] [stderr]     Checking actix-http v3.6.0
[INFO] [stderr]     Checking hyper-tls v0.5.0
[INFO] [stderr]     Checking actix-web v4.5.1
[INFO] [stderr]     Checking reqwest v0.11.24
[INFO] [stderr]     Checking actix-web-actors v4.3.0
[INFO] [stderr]     Checking hextacy v0.1.12 (/opt/rustwide/workdir)
[INFO] [stdout] error: Expect an attribute `rtype`
[INFO] [stdout]   --> src/web/ws/message.rs:61:48
[INFO] [stdout]    |
[INFO] [stdout] 61 | #[derive(Debug, Clone, Serialize, Deserialize, Message)]
[INFO] [stdout]    |                                                ^^^^^^^
[INFO] [stdout]    |
[INFO] [stdout]    = note: this error originates in the derive macro `Message` (in Nightly builds, run with -Z macro-backtrace for more info)
[INFO] [stdout] 
[INFO] [stdout] 
[INFO] [stdout] error: Expect an attribute `rtype`
[INFO] [stdout]   --> src/web/ws/message.rs:61:48
[INFO] [stdout]    |
[INFO] [stdout] 61 | #[derive(Debug, Clone, Serialize, Deserialize, Message)]
[INFO] [stdout]    |                                                ^^^^^^^
[INFO] [stdout]    |
[INFO] [stdout]    = note: this error originates in the derive macro `Message` (in Nightly builds, run with -Z macro-backtrace for more info)
[INFO] [stdout] 
[INFO] [stdout] 
[INFO] [stdout] error: Expect an attribute `rtype`
[INFO] [stdout]    --> src/web/ws.rs:114:52
[INFO] [stdout]     |
[INFO] [stdout] 114 |     #[derive(Debug, Clone, Serialize, Deserialize, Message)]
[INFO] [stdout]     |                                                    ^^^^^^^
[INFO] [stdout]     |
[INFO] [stdout]     = note: this error originates in the derive macro `Message` (in Nightly builds, run with -Z macro-backtrace for more info)
[INFO] [stdout] 
[INFO] [stdout] 
[INFO] [stdout] error: Expect an attribute `rtype`
[INFO] [stdout]    --> src/web/ws.rs:137:52
[INFO] [stdout]     |
[INFO] [stdout] 137 |     #[derive(Debug, Clone, Serialize, Deserialize, Message)]
[INFO] [stdout]     |                                                    ^^^^^^^
[INFO] [stdout]     |
[INFO] [stdout]     = note: this error originates in the derive macro `Message` (in Nightly builds, run with -Z macro-backtrace for more info)
[INFO] [stdout] 
[INFO] [stdout] 
[INFO] [stdout] error: Expect an attribute `rtype`
[INFO] [stdout]    --> src/web/ws.rs:145:52
[INFO] [stdout]     |
[INFO] [stdout] 145 |     #[derive(Debug, Clone, Serialize, Deserialize, Message)]
[INFO] [stdout]     |                                                    ^^^^^^^
[INFO] [stdout]     |
[INFO] [stdout]     = note: this error originates in the derive macro `Message` (in Nightly builds, run with -Z macro-backtrace for more info)
[INFO] [stdout] 
[INFO] [stdout] 
[INFO] [stdout] error: Expect an attribute `rtype`
[INFO] [stdout]    --> src/web/ws.rs:153:52
[INFO] [stdout]     |
[INFO] [stdout] 153 |     #[derive(Debug, Clone, Serialize, Deserialize, Message)]
[INFO] [stdout]     |                                                    ^^^^^^^
[INFO] [stdout]     |
[INFO] [stdout]     = note: this error originates in the derive macro `Message` (in Nightly builds, run with -Z macro-backtrace for more info)
[INFO] [stdout] 
[INFO] [stdout] 
[INFO] [stdout] error[E0277]: the trait bound `ActorMessage<TestData>: actix::Message` is not satisfied
[INFO] [stdout]   --> src/web/ws.rs:85:10
[INFO] [stdout]    |
[INFO] [stdout] 85 |     impl Handler<ActorMessage<TestData>> for ActorA {
[INFO] [stdout]    |          ^^^^^^^^^^^^^^^^^^^^^^^^^^^^^^^ the trait `actix::Message` is not implemented for `ActorMessage<TestData>`
[INFO] [stdout]    |
[INFO] [stdout]    = help: the following other types implement trait `actix::Message`:
[INFO] [stdout]              Box<M>
[INFO] [stdout]              IssueSync<M>
[INFO] [stdout]              IssueAsync<M>
[INFO] [stdout]              Subscribe<M>
[INFO] [stdout]              RawJson
[INFO] [stdout]              Connect
[INFO] [stdout]              Disconnect
[INFO] [stdout]              Arc<M>
[INFO] [stdout] note: required by a bound in `actix::Handler`
[INFO] [stdout]   --> /opt/rustwide/cargo-home/registry/src/index.crates.io-6f17d22bba15001f/actix-0.13.2/src/handler.rs:21:8
[INFO] [stdout]    |
[INFO] [stdout] 18 | pub trait Handler<M>
[INFO] [stdout]    |           ------- required by a bound in this trait
[INFO] [stdout] ...
[INFO] [stdout] 21 |     M: Message,
[INFO] [stdout]    |        ^^^^^^^ required by this bound in `Handler`
[INFO] [stdout] 
[INFO] [stdout] 
[INFO] [stdout] error[E0277]: the trait bound `ActorMessage<TestData>: actix::Message` is not satisfied
[INFO] [stdout]   --> src/web/ws.rs:86:23
[INFO] [stdout]    |
[INFO] [stdout] 86 |         type Result = ();
[INFO] [stdout]    |                       ^^ the trait `actix::Message` is not implemented for `ActorMessage<TestData>`, which is required by `(): actix::dev::MessageResponse<ActorA, ActorMessage<TestData>>`
[INFO] [stdout]    |
[INFO] [stdout]    = help: the following other types implement trait `actix::Message`:
[INFO] [stdout]              Box<M>
[INFO] [stdout]              IssueSync<M>
[INFO] [stdout]              IssueAsync<M>
[INFO] [stdout]              Subscribe<M>
[INFO] [stdout]              RawJson
[INFO] [stdout]              Connect
[INFO] [stdout]              Disconnect
[INFO] [stdout]              Arc<M>
[INFO] [stdout]    = note: required for `()` to implement `actix::dev::MessageResponse<ActorA, ActorMessage<TestData>>`
[INFO] [stdout] note: required by a bound in `actix::Handler::Result`
[INFO] [stdout]   --> /opt/rustwide/cargo-home/registry/src/index.crates.io-6f17d22bba15001f/actix-0.13.2/src/handler.rs:27:18
[INFO] [stdout]    |
[INFO] [stdout] 27 |     type Result: MessageResponse<Self, M>;
[INFO] [stdout]    |                  ^^^^^^^^^^^^^^^^^^^^^^^^ required by this bound in `Handler::Result`
[INFO] [stdout] 
[INFO] [stdout] 
[INFO] [stdout] error[E0277]: the trait bound `ActorMessage<TestData>: actix::Message` is not satisfied
[INFO] [stdout]   --> src/web/ws.rs:92:10
[INFO] [stdout]    |
[INFO] [stdout] 92 |     impl Handler<ActorMessage<TestData>> for ActorB {
[INFO] [stdout]    |          ^^^^^^^^^^^^^^^^^^^^^^^^^^^^^^^ the trait `actix::Message` is not implemented for `ActorMessage<TestData>`
[INFO] [stdout]    |
[INFO] [stdout]    = help: the following other types implement trait `actix::Message`:
[INFO] [stdout]              Box<M>
[INFO] [stdout]              IssueSync<M>
[INFO] [stdout]              IssueAsync<M>
[INFO] [stdout]              Subscribe<M>
[INFO] [stdout]              RawJson
[INFO] [stdout]              Connect
[INFO] [stdout]              Disconnect
[INFO] [stdout]              Arc<M>
[INFO] [stdout] note: required by a bound in `actix::Handler`
[INFO] [stdout]   --> /opt/rustwide/cargo-home/registry/src/index.crates.io-6f17d22bba15001f/actix-0.13.2/src/handler.rs:21:8
[INFO] [stdout]    |
[INFO] [stdout] 18 | pub trait Handler<M>
[INFO] [stdout]    |           ------- required by a bound in this trait
[INFO] [stdout] ...
[INFO] [stdout] 21 |     M: Message,
[INFO] [stdout]    |        ^^^^^^^ required by this bound in `Handler`
[INFO] [stdout] 
[INFO] [stdout] 
[INFO] [stdout] error[E0277]: the trait bound `ActorMessage<TestData>: actix::Message` is not satisfied
[INFO] [stdout]   --> src/web/ws.rs:93:23
[INFO] [stdout]    |
[INFO] [stdout] 93 |         type Result = ();
[INFO] [stdout]    |                       ^^ the trait `actix::Message` is not implemented for `ActorMessage<TestData>`, which is required by `(): actix::dev::MessageResponse<ActorB, ActorMessage<TestData>>`
[INFO] [stdout]    |
[INFO] [stdout]    = help: the following other types implement trait `actix::Message`:
[INFO] [stdout]              Box<M>
[INFO] [stdout]              IssueSync<M>
[INFO] [stdout]              IssueAsync<M>
[INFO] [stdout]              Subscribe<M>
[INFO] [stdout]              RawJson
[INFO] [stdout]              Connect
[INFO] [stdout]              Disconnect
[INFO] [stdout]              Arc<M>
[INFO] [stdout]    = note: required for `()` to implement `actix::dev::MessageResponse<ActorB, ActorMessage<TestData>>`
[INFO] [stdout] note: required by a bound in `actix::Handler::Result`
[INFO] [stdout]   --> /opt/rustwide/cargo-home/registry/src/index.crates.io-6f17d22bba15001f/actix-0.13.2/src/handler.rs:27:18
[INFO] [stdout]    |
[INFO] [stdout] 27 |     type Result: MessageResponse<Self, M>;
[INFO] [stdout]    |                  ^^^^^^^^^^^^^^^^^^^^^^^^ required by this bound in `Handler::Result`
[INFO] [stdout] 
[INFO] [stdout] 
[INFO] [stdout] error[E0277]: the trait bound `ActorMessage<TestData>: actix::Message` is not satisfied
[INFO] [stdout]   --> src/web/ws.rs:99:10
[INFO] [stdout]    |
[INFO] [stdout] 99 |     impl Handler<ActorMessage<TestData>> for ActorC {
[INFO] [stdout]    |          ^^^^^^^^^^^^^^^^^^^^^^^^^^^^^^^ the trait `actix::Message` is not implemented for `ActorMessage<TestData>`
[INFO] [stdout]    |
[INFO] [stdout]    = help: the following other types implement trait `actix::Message`:
[INFO] [stdout]              Box<M>
[INFO] [stdout]              IssueSync<M>
[INFO] [stdout]              IssueAsync<M>
[INFO] [stdout]              Subscribe<M>
[INFO] [stdout]              RawJson
[INFO] [stdout]              Connect
[INFO] [stdout]              Disconnect
[INFO] [stdout]              Arc<M>
[INFO] [stdout] note: required by a bound in `actix::Handler`
[INFO] [stdout]   --> /opt/rustwide/cargo-home/registry/src/index.crates.io-6f17d22bba15001f/actix-0.13.2/src/handler.rs:21:8
[INFO] [stdout]    |
[INFO] [stdout] 18 | pub trait Handler<M>
[INFO] [stdout]    |           ------- required by a bound in this trait
[INFO] [stdout] ...
[INFO] [stdout] 21 |     M: Message,
[INFO] [stdout]    |        ^^^^^^^ required by this bound in `Handler`
[INFO] [stdout] 
[INFO] [stdout] 
[INFO] [stdout] error[E0277]: the trait bound `ActorMessage<TestData>: actix::Message` is not satisfied
[INFO] [stdout]    --> src/web/ws.rs:100:23
[INFO] [stdout]     |
[INFO] [stdout] 100 |         type Result = ();
[INFO] [stdout]     |                       ^^ the trait `actix::Message` is not implemented for `ActorMessage<TestData>`, which is required by `(): actix::dev::MessageResponse<ActorC, ActorMessage<TestData>>`
[INFO] [stdout]     |
[INFO] [stdout]     = help: the following other types implement trait `actix::Message`:
[INFO] [stdout]               Box<M>
[INFO] [stdout]               IssueSync<M>
[INFO] [stdout]               IssueAsync<M>
[INFO] [stdout]               Subscribe<M>
[INFO] [stdout]               RawJson
[INFO] [stdout]               Connect
[INFO] [stdout]               Disconnect
[INFO] [stdout]               Arc<M>
[INFO] [stdout]     = note: required for `()` to implement `actix::dev::MessageResponse<ActorC, ActorMessage<TestData>>`
[INFO] [stdout] note: required by a bound in `actix::Handler::Result`
[INFO] [stdout]    --> /opt/rustwide/cargo-home/registry/src/index.crates.io-6f17d22bba15001f/actix-0.13.2/src/handler.rs:27:18
[INFO] [stdout]     |
[INFO] [stdout] 27  |     type Result: MessageResponse<Self, M>;
[INFO] [stdout]     |                  ^^^^^^^^^^^^^^^^^^^^^^^^ required by this bound in `Handler::Result`
[INFO] [stdout] 
[INFO] [stdout] 
[INFO] [stdout] error[E0277]: the trait bound `ActorMessage<TestData2>: actix::Message` is not satisfied
[INFO] [stdout]    --> src/web/ws.rs:107:10
[INFO] [stdout]     |
[INFO] [stdout] 107 |     impl Handler<ActorMessage<TestData2>> for ActorB {
[INFO] [stdout]     |          ^^^^^^^^^^^^^^^^^^^^^^^^^^^^^^^^ the trait `actix::Message` is not implemented for `ActorMessage<TestData2>`
[INFO] [stdout]     |
[INFO] [stdout]     = help: the following other types implement trait `actix::Message`:
[INFO] [stdout]               Box<M>
[INFO] [stdout]               IssueSync<M>
[INFO] [stdout]               IssueAsync<M>
[INFO] [stdout]               Subscribe<M>
[INFO] [stdout]               RawJson
[INFO] [stdout]               Connect
[INFO] [stdout]               Disconnect
[INFO] [stdout]               Arc<M>
[INFO] [stdout] note: required by a bound in `actix::Handler`
[INFO] [stdout]    --> /opt/rustwide/cargo-home/registry/src/index.crates.io-6f17d22bba15001f/actix-0.13.2/src/handler.rs:21:8
[INFO] [stdout]     |
[INFO] [stdout] 18  | pub trait Handler<M>
[INFO] [stdout]     |           ------- required by a bound in this trait
[INFO] [stdout] ...
[INFO] [stdout] 21  |     M: Message,
[INFO] [stdout]     |        ^^^^^^^ required by this bound in `Handler`
[INFO] [stdout] 
[INFO] [stdout] 
[INFO] [stdout] error[E0277]: the trait bound `ActorMessage<TestData2>: actix::Message` is not satisfied
[INFO] [stdout]    --> src/web/ws.rs:108:23
[INFO] [stdout]     |
[INFO] [stdout] 108 |         type Result = ();
[INFO] [stdout]     |                       ^^ the trait `actix::Message` is not implemented for `ActorMessage<TestData2>`, which is required by `(): actix::dev::MessageResponse<ActorB, ActorMessage<TestData2>>`
[INFO] [stdout]     |
[INFO] [stdout]     = help: the following other types implement trait `actix::Message`:
[INFO] [stdout]               Box<M>
[INFO] [stdout]               IssueSync<M>
[INFO] [stdout]               IssueAsync<M>
[INFO] [stdout]               Subscribe<M>
[INFO] [stdout]               RawJson
[INFO] [stdout]               Connect
[INFO] [stdout]               Disconnect
[INFO] [stdout]               Arc<M>
[INFO] [stdout]     = note: required for `()` to implement `actix::dev::MessageResponse<ActorB, ActorMessage<TestData2>>`
[INFO] [stdout] note: required by a bound in `actix::Handler::Result`
[INFO] [stdout]    --> /opt/rustwide/cargo-home/registry/src/index.crates.io-6f17d22bba15001f/actix-0.13.2/src/handler.rs:27:18
[INFO] [stdout]     |
[INFO] [stdout] 27  |     type Result: MessageResponse<Self, M>;
[INFO] [stdout]     |                  ^^^^^^^^^^^^^^^^^^^^^^^^ required by this bound in `Handler::Result`
[INFO] [stdout] 
[INFO] [stdout] 
[INFO] [stdout] error[E0277]: the trait bound `Assert: actix::Message` is not satisfied
[INFO] [stdout]    --> src/web/ws.rs:118:10
[INFO] [stdout]     |
[INFO] [stdout] 118 |     impl Handler<Assert> for ActorA {
[INFO] [stdout]     |          ^^^^^^^^^^^^^^^ the trait `actix::Message` is not implemented for `Assert`
[INFO] [stdout]     |
[INFO] [stdout]     = help: the following other types implement trait `actix::Message`:
[INFO] [stdout]               Box<M>
[INFO] [stdout]               IssueSync<M>
[INFO] [stdout]               IssueAsync<M>
[INFO] [stdout]               Subscribe<M>
[INFO] [stdout]               RawJson
[INFO] [stdout]               Connect
[INFO] [stdout]               Disconnect
[INFO] [stdout]               Arc<M>
[INFO] [stdout] note: required by a bound in `actix::Handler`
[INFO] [stdout]    --> /opt/rustwide/cargo-home/registry/src/index.crates.io-6f17d22bba15001f/actix-0.13.2/src/handler.rs:21:8
[INFO] [stdout]     |
[INFO] [stdout] 18  | pub trait Handler<M>
[INFO] [stdout]     |           ------- required by a bound in this trait
[INFO] [stdout] ...
[INFO] [stdout] 21  |     M: Message,
[INFO] [stdout]     |        ^^^^^^^ required by this bound in `Handler`
[INFO] [stdout] 
[INFO] [stdout] 
[INFO] [stdout] error[E0277]: the trait bound `Assert: actix::Message` is not satisfied
[INFO] [stdout]    --> src/web/ws.rs:119:23
[INFO] [stdout]     |
[INFO] [stdout] 119 |         type Result = ();
[INFO] [stdout]     |                       ^^ the trait `actix::Message` is not implemented for `Assert`, which is required by `(): actix::dev::MessageResponse<ActorA, Assert>`
[INFO] [stdout]     |
[INFO] [stdout]     = help: the following other types implement trait `actix::Message`:
[INFO] [stdout]               Box<M>
[INFO] [stdout]               IssueSync<M>
[INFO] [stdout]               IssueAsync<M>
[INFO] [stdout]               Subscribe<M>
[INFO] [stdout]               RawJson
[INFO] [stdout]               Connect
[INFO] [stdout]               Disconnect
[INFO] [stdout]               Arc<M>
[INFO] [stdout]     = note: required for `()` to implement `actix::dev::MessageResponse<ActorA, Assert>`
[INFO] [stdout] note: required by a bound in `actix::Handler::Result`
[INFO] [stdout]    --> /opt/rustwide/cargo-home/registry/src/index.crates.io-6f17d22bba15001f/actix-0.13.2/src/handler.rs:27:18
[INFO] [stdout]     |
[INFO] [stdout] 27  |     type Result: MessageResponse<Self, M>;
[INFO] [stdout]     |                  ^^^^^^^^^^^^^^^^^^^^^^^^ required by this bound in `Handler::Result`
[INFO] [stdout] 
[INFO] [stdout] 
[INFO] [stdout] error[E0277]: the trait bound `Assert: actix::Message` is not satisfied
[INFO] [stdout]    --> src/web/ws.rs:124:10
[INFO] [stdout]     |
[INFO] [stdout] 124 |     impl Handler<Assert> for ActorB {
[INFO] [stdout]     |          ^^^^^^^^^^^^^^^ the trait `actix::Message` is not implemented for `Assert`
[INFO] [stdout]     |
[INFO] [stdout]     = help: the following other types implement trait `actix::Message`:
[INFO] [stdout]               Box<M>
[INFO] [stdout]               IssueSync<M>
[INFO] [stdout]               IssueAsync<M>
[INFO] [stdout]               Subscribe<M>
[INFO] [stdout]               RawJson
[INFO] [stdout]               Connect
[INFO] [stdout]               Disconnect
[INFO] [stdout]               Arc<M>
[INFO] [stdout] note: required by a bound in `actix::Handler`
[INFO] [stdout]    --> /opt/rustwide/cargo-home/registry/src/index.crates.io-6f17d22bba15001f/actix-0.13.2/src/handler.rs:21:8
[INFO] [stdout]     |
[INFO] [stdout] 18  | pub trait Handler<M>
[INFO] [stdout]     |           ------- required by a bound in this trait
[INFO] [stdout] ...
[INFO] [stdout] 21  |     M: Message,
[INFO] [stdout]     |        ^^^^^^^ required by this bound in `Handler`
[INFO] [stdout] 
[INFO] [stdout] 
[INFO] [stdout] error[E0277]: the trait bound `Assert: actix::Message` is not satisfied
[INFO] [stdout]    --> src/web/ws.rs:125:23
[INFO] [stdout]     |
[INFO] [stdout] 125 |         type Result = ();
[INFO] [stdout]     |                       ^^ the trait `actix::Message` is not implemented for `Assert`, which is required by `(): actix::dev::MessageResponse<ActorB, Assert>`
[INFO] [stdout]     |
[INFO] [stdout]     = help: the following other types implement trait `actix::Message`:
[INFO] [stdout]               Box<M>
[INFO] [stdout]               IssueSync<M>
[INFO] [stdout]               IssueAsync<M>
[INFO] [stdout]               Subscribe<M>
[INFO] [stdout]               RawJson
[INFO] [stdout]               Connect
[INFO] [stdout]               Disconnect
[INFO] [stdout]               Arc<M>
[INFO] [stdout]     = note: required for `()` to implement `actix::dev::MessageResponse<ActorB, Assert>`
[INFO] [stdout] note: required by a bound in `actix::Handler::Result`
[INFO] [stdout]    --> /opt/rustwide/cargo-home/registry/src/index.crates.io-6f17d22bba15001f/actix-0.13.2/src/handler.rs:27:18
[INFO] [stdout]     |
[INFO] [stdout] 27  |     type Result: MessageResponse<Self, M>;
[INFO] [stdout]     |                  ^^^^^^^^^^^^^^^^^^^^^^^^ required by this bound in `Handler::Result`
[INFO] [stdout] 
[INFO] [stdout] 
[INFO] [stdout] error[E0277]: the trait bound `Assert: actix::Message` is not satisfied
[INFO] [stdout]    --> src/web/ws.rs:130:10
[INFO] [stdout]     |
[INFO] [stdout] 130 |     impl Handler<Assert> for ActorC {
[INFO] [stdout]     |          ^^^^^^^^^^^^^^^ the trait `actix::Message` is not implemented for `Assert`
[INFO] [stdout]     |
[INFO] [stdout]     = help: the following other types implement trait `actix::Message`:
[INFO] [stdout]               Box<M>
[INFO] [stdout]               IssueSync<M>
[INFO] [stdout]               IssueAsync<M>
[INFO] [stdout]               Subscribe<M>
[INFO] [stdout]               RawJson
[INFO] [stdout]               Connect
[INFO] [stdout]               Disconnect
[INFO] [stdout]               Arc<M>
[INFO] [stdout] note: required by a bound in `actix::Handler`
[INFO] [stdout]    --> /opt/rustwide/cargo-home/registry/src/index.crates.io-6f17d22bba15001f/actix-0.13.2/src/handler.rs:21:8
[INFO] [stdout]     |
[INFO] [stdout] 18  | pub trait Handler<M>
[INFO] [stdout]     |           ------- required by a bound in this trait
[INFO] [stdout] ...
[INFO] [stdout] 21  |     M: Message,
[INFO] [stdout]     |        ^^^^^^^ required by this bound in `Handler`
[INFO] [stdout] 
[INFO] [stdout] 
[INFO] [stdout] error[E0277]: the trait bound `Assert: actix::Message` is not satisfied
[INFO] [stdout]    --> src/web/ws.rs:131:23
[INFO] [stdout]     |
[INFO] [stdout] 131 |         type Result = ();
[INFO] [stdout]     |                       ^^ the trait `actix::Message` is not implemented for `Assert`, which is required by `(): actix::dev::MessageResponse<ActorC, Assert>`
[INFO] [stdout]     |
[INFO] [stdout]     = help: the following other types implement trait `actix::Message`:
[INFO] [stdout]               Box<M>
[INFO] [stdout]               IssueSync<M>
[INFO] [stdout]               IssueAsync<M>
[INFO] [stdout]               Subscribe<M>
[INFO] [stdout]               RawJson
[INFO] [stdout]               Connect
[INFO] [stdout]               Disconnect
[INFO] [stdout]               Arc<M>
[INFO] [stdout]     = note: required for `()` to implement `actix::dev::MessageResponse<ActorC, Assert>`
[INFO] [stdout] note: required by a bound in `actix::Handler::Result`
[INFO] [stdout]    --> /opt/rustwide/cargo-home/registry/src/index.crates.io-6f17d22bba15001f/actix-0.13.2/src/handler.rs:27:18
[INFO] [stdout]     |
[INFO] [stdout] 27  |     type Result: MessageResponse<Self, M>;
[INFO] [stdout]     |                  ^^^^^^^^^^^^^^^^^^^^^^^^ required by this bound in `Handler::Result`
[INFO] [stdout] 
[INFO] [stdout] 
[INFO] [stdout] error[E0277]: the trait bound `ActorMessage<TestEnum>: actix::Message` is not satisfied
[INFO] [stdout]    --> src/web/ws.rs:161:10
[INFO] [stdout]     |
[INFO] [stdout] 161 |     impl Handler<ActorMessage<TestEnum>> for ActorC {
[INFO] [stdout]     |          ^^^^^^^^^^^^^^^^^^^^^^^^^^^^^^^ the trait `actix::Message` is not implemented for `ActorMessage<TestEnum>`
[INFO] [stdout]     |
[INFO] [stdout]     = help: the following other types implement trait `actix::Message`:
[INFO] [stdout]               Box<M>
[INFO] [stdout]               IssueSync<M>
[INFO] [stdout]               IssueAsync<M>
[INFO] [stdout]               Subscribe<M>
[INFO] [stdout]               RawJson
[INFO] [stdout]               Connect
[INFO] [stdout]               Disconnect
[INFO] [stdout]               Arc<M>
[INFO] [stdout] note: required by a bound in `actix::Handler`
[INFO] [stdout]    --> /opt/rustwide/cargo-home/registry/src/index.crates.io-6f17d22bba15001f/actix-0.13.2/src/handler.rs:21:8
[INFO] [stdout]     |
[INFO] [stdout] 18  | pub trait Handler<M>
[INFO] [stdout]     |           ------- required by a bound in this trait
[INFO] [stdout] ...
[INFO] [stdout] 21  |     M: Message,
[INFO] [stdout]     |        ^^^^^^^ required by this bound in `Handler`
[INFO] [stdout] 
[INFO] [stdout] 
[INFO] [stdout] error[E0277]: the trait bound `ActorMessage<TestEnum>: actix::Message` is not satisfied
[INFO] [stdout]    --> src/web/ws.rs:162:23
[INFO] [stdout]     |
[INFO] [stdout] 162 |         type Result = ();
[INFO] [stdout]     |                       ^^ the trait `actix::Message` is not implemented for `ActorMessage<TestEnum>`, which is required by `(): actix::dev::MessageResponse<ActorC, ActorMessage<TestEnum>>`
[INFO] [stdout]     |
[INFO] [stdout]     = help: the following other types implement trait `actix::Message`:
[INFO] [stdout]               Box<M>
[INFO] [stdout]               IssueSync<M>
[INFO] [stdout]               IssueAsync<M>
[INFO] [stdout]               Subscribe<M>
[INFO] [stdout]               RawJson
[INFO] [stdout]               Connect
[INFO] [stdout]               Disconnect
[INFO] [stdout]               Arc<M>
[INFO] [stdout]     = note: required for `()` to implement `actix::dev::MessageResponse<ActorC, ActorMessage<TestEnum>>`
[INFO] [stdout] note: required by a bound in `actix::Handler::Result`
[INFO] [stdout]    --> /opt/rustwide/cargo-home/registry/src/index.crates.io-6f17d22bba15001f/actix-0.13.2/src/handler.rs:27:18
[INFO] [stdout]     |
[INFO] [stdout] 27  |     type Result: MessageResponse<Self, M>;
[INFO] [stdout]     |                  ^^^^^^^^^^^^^^^^^^^^^^^^ required by this bound in `Handler::Result`
[INFO] [stdout] 
[INFO] [stdout] 
[INFO] [stdout] error[E0277]: the trait bound `ActorMessage<TestEnum>: actix::Message` is not satisfied
[INFO] [stdout]    --> src/web/ws.rs:171:10
[INFO] [stdout]     |
[INFO] [stdout] 171 |     impl Handler<ActorMessage<TestEnum>> for ActorA {
[INFO] [stdout]     |          ^^^^^^^^^^^^^^^^^^^^^^^^^^^^^^^ the trait `actix::Message` is not implemented for `ActorMessage<TestEnum>`
[INFO] [stdout]     |
[INFO] [stdout]     = help: the following other types implement trait `actix::Message`:
[INFO] [stdout]               Box<M>
[INFO] [stdout]               IssueSync<M>
[INFO] [stdout]               IssueAsync<M>
[INFO] [stdout]               Subscribe<M>
[INFO] [stdout]               RawJson
[INFO] [stdout]               Connect
[INFO] [stdout]               Disconnect
[INFO] [stdout]               Arc<M>
[INFO] [stdout] note: required by a bound in `actix::Handler`
[INFO] [stdout]    --> /opt/rustwide/cargo-home/registry/src/index.crates.io-6f17d22bba15001f/actix-0.13.2/src/handler.rs:21:8
[INFO] [stdout]     |
[INFO] [stdout] 18  | pub trait Handler<M>
[INFO] [stdout]     |           ------- required by a bound in this trait
[INFO] [stdout] ...
[INFO] [stdout] 21  |     M: Message,
[INFO] [stdout]     |        ^^^^^^^ required by this bound in `Handler`
[INFO] [stdout] 
[INFO] [stdout] 
[INFO] [stdout] error[E0277]: the trait bound `ActorMessage<TestEnum>: actix::Message` is not satisfied
[INFO] [stdout]    --> src/web/ws.rs:172:23
[INFO] [stdout]     |
[INFO] [stdout] 172 |         type Result = ();
[INFO] [stdout]     |                       ^^ the trait `actix::Message` is not implemented for `ActorMessage<TestEnum>`, which is required by `(): actix::dev::MessageResponse<ActorA, ActorMessage<TestEnum>>`
[INFO] [stdout]     |
[INFO] [stdout]     = help: the following other types implement trait `actix::Message`:
[INFO] [stdout]               Box<M>
[INFO] [stdout]               IssueSync<M>
[INFO] [stdout]               IssueAsync<M>
[INFO] [stdout]               Subscribe<M>
[INFO] [stdout]               RawJson
[INFO] [stdout]               Connect
[INFO] [stdout]               Disconnect
[INFO] [stdout]               Arc<M>
[INFO] [stdout]     = note: required for `()` to implement `actix::dev::MessageResponse<ActorA, ActorMessage<TestEnum>>`
[INFO] [stdout] note: required by a bound in `actix::Handler::Result`
[INFO] [stdout]    --> /opt/rustwide/cargo-home/registry/src/index.crates.io-6f17d22bba15001f/actix-0.13.2/src/handler.rs:27:18
[INFO] [stdout]     |
[INFO] [stdout] 27  |     type Result: MessageResponse<Self, M>;
[INFO] [stdout]     |                  ^^^^^^^^^^^^^^^^^^^^^^^^ required by this bound in `Handler::Result`
[INFO] [stdout] 
[INFO] [stdout] 
[INFO] [stdout] error: aborting due to 23 previous errors
[INFO] [stdout] 
[INFO] [stdout] 
[INFO] [stdout] For more information about this error, try `rustc --explain E0277`.
[INFO] [stdout] 
[INFO] [stderr] error: could not compile `hextacy` (lib test) due to 24 previous errors
[INFO] [stderr] warning: build failed, waiting for other jobs to finish...
[INFO] [stdout] error: aborting due to 1 previous error
[INFO] [stdout] 
[INFO] [stdout] 
[INFO] [stderr] error: could not compile `hextacy` (lib) due to 2 previous errors
[INFO] running `Command { std: "docker" "inspect" "4ffa86d0d873a7cd2b1921c09e57ddcbaeb3783a0558fab01d5ff3a6df6e9876", kill_on_drop: false }`
[INFO] running `Command { std: "docker" "rm" "-f" "4ffa86d0d873a7cd2b1921c09e57ddcbaeb3783a0558fab01d5ff3a6df6e9876", kill_on_drop: false }`
[INFO] [stdout] 4ffa86d0d873a7cd2b1921c09e57ddcbaeb3783a0558fab01d5ff3a6df6e9876
