[INFO] fetching crate herbie-lint 1.0.7...
[INFO] checking herbie-lint-1.0.7 against nightly-2024-02-05 for check-cfg
[INFO] extracting crate herbie-lint 1.0.7 into /workspace/builds/worker-6-tc1/source
[INFO] validating manifest of crates.io crate herbie-lint 1.0.7 on toolchain nightly-2024-02-05
[INFO] running `Command { std: CARGO_HOME="/workspace/cargo-home" RUSTUP_HOME="/workspace/rustup-home" "/workspace/cargo-home/bin/cargo" "+nightly-2024-02-05" "metadata" "--manifest-path" "Cargo.toml" "--no-deps", kill_on_drop: false }`
[INFO] started tweaking crates.io crate herbie-lint 1.0.7
[INFO] finished tweaking crates.io crate herbie-lint 1.0.7
[INFO] tweaked toml for crates.io crate herbie-lint 1.0.7 written to /workspace/builds/worker-6-tc1/source/Cargo.toml
[INFO] running `Command { std: CARGO_HOME="/workspace/cargo-home" RUSTUP_HOME="/workspace/rustup-home" "/workspace/cargo-home/bin/cargo" "+nightly-2024-02-05" "generate-lockfile" "--manifest-path" "Cargo.toml", kill_on_drop: false }`
[INFO] [stderr]     Updating crates.io index
[INFO] running `Command { std: CARGO_HOME="/workspace/cargo-home" RUSTUP_HOME="/workspace/rustup-home" "/workspace/cargo-home/bin/cargo" "+nightly-2024-02-05" "fetch" "--manifest-path" "Cargo.toml", kill_on_drop: false }`
[INFO] [stderr] warning: support for rustc plugins has been removed from rustc. library `herbie_lint` should not specify `plugin = true`
[INFO] [stderr] warning: support for `plugin = true` will be removed from cargo in the future
[INFO] [stderr]  Downloading crates ...
[INFO] [stderr]   Downloaded libsqlite3-sys v0.4.0
[INFO] [stderr]   Downloaded wait-timeout v0.1.5
[INFO] [stderr]   Downloaded rusqlite v0.6.1
[INFO] [stderr]   Downloaded itertools v0.4.19
[INFO] [stderr]   Downloaded toml v0.1.30
[INFO] running `Command { std: "docker" "create" "-v" "/var/lib/crater-agent-workspace/builds/worker-6-tc1/target:/opt/rustwide/target:rw,Z" "-v" "/var/lib/crater-agent-workspace/builds/worker-6-tc1/source:/opt/rustwide/workdir:ro,Z" "-v" "/var/lib/crater-agent-workspace/cargo-home:/opt/rustwide/cargo-home:ro,Z" "-v" "/var/lib/crater-agent-workspace/rustup-home:/opt/rustwide/rustup-home:ro,Z" "-e" "SOURCE_DIR=/opt/rustwide/workdir" "-e" "CARGO_TARGET_DIR=/opt/rustwide/target" "-e" "CARGO_HOME=/opt/rustwide/cargo-home" "-e" "RUSTUP_HOME=/opt/rustwide/rustup-home" "-w" "/opt/rustwide/workdir" "-m" "1610612736" "--user" "0:0" "--network" "none" "ghcr.io/rust-lang/crates-build-env/linux@sha256:2788e3201cd34a07e3172128adcd8b3090168a8e3bcc40d7c032b9dda1df7d1c" "/opt/rustwide/cargo-home/bin/cargo" "+nightly-2024-02-05" "metadata" "--no-deps" "--format-version=1", kill_on_drop: false }`
[INFO] [stdout] 52dc690b5ceae12aca29dde2b2142d4365cc6910bedfb62c98dbdf0223df6fa1
[INFO] running `Command { std: "docker" "start" "-a" "52dc690b5ceae12aca29dde2b2142d4365cc6910bedfb62c98dbdf0223df6fa1", kill_on_drop: false }`
[INFO] running `Command { std: "docker" "inspect" "52dc690b5ceae12aca29dde2b2142d4365cc6910bedfb62c98dbdf0223df6fa1", kill_on_drop: false }`
[INFO] running `Command { std: "docker" "rm" "-f" "52dc690b5ceae12aca29dde2b2142d4365cc6910bedfb62c98dbdf0223df6fa1", kill_on_drop: false }`
[INFO] [stdout] 52dc690b5ceae12aca29dde2b2142d4365cc6910bedfb62c98dbdf0223df6fa1
[INFO] running `Command { std: "docker" "create" "-v" "/var/lib/crater-agent-workspace/builds/worker-6-tc1/target:/opt/rustwide/target:rw,Z" "-v" "/var/lib/crater-agent-workspace/builds/worker-6-tc1/source:/opt/rustwide/workdir:ro,Z" "-v" "/var/lib/crater-agent-workspace/cargo-home:/opt/rustwide/cargo-home:ro,Z" "-v" "/var/lib/crater-agent-workspace/rustup-home:/opt/rustwide/rustup-home:ro,Z" "-e" "SOURCE_DIR=/opt/rustwide/workdir" "-e" "CARGO_TARGET_DIR=/opt/rustwide/target" "-e" "CARGO_INCREMENTAL=0" "-e" "RUST_BACKTRACE=full" "-e" "RUSTFLAGS=--cap-lints=forbid" "-e" "RUSTDOCFLAGS=--cap-lints=forbid" "-e" "CARGO_HOME=/opt/rustwide/cargo-home" "-e" "RUSTUP_HOME=/opt/rustwide/rustup-home" "-w" "/opt/rustwide/workdir" "-m" "1610612736" "--user" "0:0" "--network" "none" "ghcr.io/rust-lang/crates-build-env/linux@sha256:2788e3201cd34a07e3172128adcd8b3090168a8e3bcc40d7c032b9dda1df7d1c" "/opt/rustwide/cargo-home/bin/cargo" "+nightly-2024-02-05" "check" "--frozen" "--all" "--all-targets" "--message-format=json", kill_on_drop: false }`
[INFO] [stdout] 8e87b807d97769038d770aa913bc92dd44a0276718d8ad6089e53c41b3f286d8
[INFO] running `Command { std: "docker" "start" "-a" "8e87b807d97769038d770aa913bc92dd44a0276718d8ad6089e53c41b3f286d8", kill_on_drop: false }`
[INFO] [stderr] warning: support for rustc plugins has been removed from rustc. library `herbie_lint` should not specify `plugin = true`
[INFO] [stderr] warning: support for `plugin = true` will be removed from cargo in the future
[INFO] [stderr]    Compiling libsqlite3-sys v0.4.0
[INFO] [stderr]     Checking bitflags v0.1.1
[INFO] [stderr]     Checking log v0.4.20
[INFO] [stderr]     Checking rustc-serialize v0.3.25
[INFO] [stderr]     Checking itertools v0.4.19
[INFO] [stderr]     Checking wait-timeout v0.1.5
[INFO] [stderr]    Compiling time v0.1.45
[INFO] [stderr]     Checking log v0.3.9
[INFO] [stderr]     Checking compiletest_rs v0.1.3
[INFO] [stdout] error[E0462]: found staticlib `rustc` instead of rlib or dylib
[INFO] [stdout]   --> /opt/rustwide/cargo-home/registry/src/index.crates.io-6f17d22bba15001f/compiletest_rs-0.1.3/src/compiletest.rs:19:1
[INFO] [stdout]    |
[INFO] [stdout] 19 | extern crate rustc;
[INFO] [stdout]    | ^^^^^^^^^^^^^^^^^^^
[INFO] [stdout]    |
[INFO] [stdout]    = note: the following crate versions were found:
[INFO] [stdout]            crate `rustc`: /opt/rustwide/rustup-home/toolchains/nightly-2024-02-05-x86_64-unknown-linux-gnu/lib/rustlib/x86_64-unknown-linux-gnu/lib/librustc-nightly_rt.tsan.a
[INFO] [stdout]            crate `rustc`: /opt/rustwide/rustup-home/toolchains/nightly-2024-02-05-x86_64-unknown-linux-gnu/lib/rustlib/x86_64-unknown-linux-gnu/lib/librustc-nightly_rt.lsan.a
[INFO] [stdout]            crate `rustc`: /opt/rustwide/rustup-home/toolchains/nightly-2024-02-05-x86_64-unknown-linux-gnu/lib/rustlib/x86_64-unknown-linux-gnu/lib/librustc-nightly_rt.asan.a
[INFO] [stdout]            crate `rustc`: /opt/rustwide/rustup-home/toolchains/nightly-2024-02-05-x86_64-unknown-linux-gnu/lib/rustlib/x86_64-unknown-linux-gnu/lib/librustc-nightly_rt.msan.a
[INFO] [stdout]            crate `rustc`: /opt/rustwide/rustup-home/toolchains/nightly-2024-02-05-x86_64-unknown-linux-gnu/lib/rustlib/x86_64-unknown-linux-gnu/lib/librustc-nightly_rt.safestack.a
[INFO] [stdout]    = help: please recompile that crate using --crate-type lib
[INFO] [stdout] 
[INFO] [stdout] 
[INFO] [stdout] error[E0432]: unresolved import `test::TestPaths`
[INFO] [stdout]   --> /opt/rustwide/cargo-home/registry/src/index.crates.io-6f17d22bba15001f/compiletest_rs-0.1.3/src/compiletest.rs:30:5
[INFO] [stdout]    |
[INFO] [stdout] 30 | use test::TestPaths;
[INFO] [stdout]    |     ^^^^^^---------
[INFO] [stdout]    |     |     |
[INFO] [stdout]    |     |     help: a similar name exists in the module: `TestOpts`
[INFO] [stdout]    |     no `TestPaths` in the root
[INFO] [stdout] 
[INFO] [stdout] 
[INFO] [stdout] error[E0432]: unresolved import `test::TestPaths`
[INFO] [stdout]   --> /opt/rustwide/cargo-home/registry/src/index.crates.io-6f17d22bba15001f/compiletest_rs-0.1.3/src/runtest.rs:18:5
[INFO] [stdout]    |
[INFO] [stdout] 18 | use test::TestPaths;
[INFO] [stdout]    |     ^^^^^^^^^^^^^^^ no `TestPaths` in the root
[INFO] [stdout]    |
[INFO] [stdout] help: a similar name exists in the module
[INFO] [stdout]    |
[INFO] [stdout] 18 | use test::TestOpts;
[INFO] [stdout]    |           ~~~~~~~~
[INFO] [stdout] help: consider importing this unresolved item through its public re-export instead
[INFO] [stdout]    |
[INFO] [stdout] 18 | use TestPaths;
[INFO] [stdout]    |     ~~~~~~~~~
[INFO] [stdout] 
[INFO] [stdout] 
[INFO] [stderr]    Compiling rusqlite v0.6.1
[INFO] [stdout] error[E0560]: struct `TestOpts` has no field named `filter`
[INFO] [stdout]    --> /opt/rustwide/cargo-home/registry/src/index.crates.io-6f17d22bba15001f/compiletest_rs-0.1.3/src/compiletest.rs:117:9
[INFO] [stdout]     |
[INFO] [stdout] 117 |         filter: config.filter.clone(),
[INFO] [stdout]     |         ^^^^^^ unknown field
[INFO] [stdout]     |
[INFO] [stdout] help: a field with a similar name exists
[INFO] [stdout]     |
[INFO] [stdout] 117 |         filters: config.filter.clone(),
[INFO] [stdout]     |         ~~~~~~~
[INFO] [stdout] 
[INFO] [stdout] 
[INFO] [stdout] error[E0308]: mismatched types
[INFO] [stdout]    --> /opt/rustwide/cargo-home/registry/src/index.crates.io-6f17d22bba15001f/compiletest_rs-0.1.3/src/compiletest.rs:118:22
[INFO] [stdout]     |
[INFO] [stdout] 118 |         run_ignored: config.run_ignored,
[INFO] [stdout]     |                      ^^^^^^^^^^^^^^^^^^ expected `RunIgnored`, found `bool`
[INFO] [stdout] 
[INFO] [stdout] 
[INFO] [stdout] error[E0560]: struct `TestOpts` has no field named `quiet`
[INFO] [stdout]    --> /opt/rustwide/cargo-home/registry/src/index.crates.io-6f17d22bba15001f/compiletest_rs-0.1.3/src/compiletest.rs:119:9
[INFO] [stdout]     |
[INFO] [stdout] 119 |         quiet: config.quiet,
[INFO] [stdout]     |         ^^^^^ `TestOpts` does not have this field
[INFO] [stdout]     |
[INFO] [stdout]     = note: available fields are: `list`, `filters`, `filter_exact`, `force_run_in_process`, `exclude_should_panic` ... and 8 others
[INFO] [stdout] 
[INFO] [stdout] 
[INFO] [stdout] error[E0063]: missing fields `compile_fail`, `end_col`, `end_line` and 6 other fields in initializer of `TestDesc`
[INFO] [stdout]    --> /opt/rustwide/cargo-home/registry/src/index.crates.io-6f17d22bba15001f/compiletest_rs-0.1.3/src/compiletest.rs:232:15
[INFO] [stdout]     |
[INFO] [stdout] 232 |         desc: test::TestDesc {
[INFO] [stdout]     |               ^^^^^^^^^^^^^^ missing `compile_fail`, `end_col`, `end_line` and 6 other fields
[INFO] [stdout] 
[INFO] [stdout] 
[INFO] [stdout] error[E0308]: mismatched types
[INFO] [stdout]    --> /opt/rustwide/cargo-home/registry/src/index.crates.io-6f17d22bba15001f/compiletest_rs-0.1.3/src/compiletest.rs:256:9
[INFO] [stdout]     |
[INFO] [stdout] 256 |         runtest::run(config, &testpaths)
[INFO] [stdout]     |         ^^^^^^^^^^^^^^^^^^^^^^^^^^^^^^^^ expected `Result<(), String>`, found `()`
[INFO] [stdout]     |
[INFO] [stdout]     = note:   expected enum `std::result::Result<(), String>`
[INFO] [stdout]             found unit type `()`
[INFO] [stdout] help: try adding an expression at the end of the block
[INFO] [stdout]     |
[INFO] [stdout] 256 ~         runtest::run(config, &testpaths);
[INFO] [stdout] 257 +         Ok(())
[INFO] [stdout]     |
[INFO] [stdout] 
[INFO] [stdout] 
[INFO] [stdout] error: aborting due to 8 previous errors
[INFO] [stdout] 
[INFO] [stdout] 
[INFO] [stdout] Some errors have detailed explanations: E0063, E0308, E0432, E0462, E0560.
[INFO] [stdout] 
[INFO] [stdout] For more information about an error, try `rustc --explain E0063`.
[INFO] [stdout] 
[INFO] [stderr] error: could not compile `compiletest_rs` (lib) due to 9 previous errors
[INFO] [stderr] warning: build failed, waiting for other jobs to finish...
[INFO] running `Command { std: "docker" "inspect" "8e87b807d97769038d770aa913bc92dd44a0276718d8ad6089e53c41b3f286d8", kill_on_drop: false }`
[INFO] running `Command { std: "docker" "rm" "-f" "8e87b807d97769038d770aa913bc92dd44a0276718d8ad6089e53c41b3f286d8", kill_on_drop: false }`
[INFO] [stdout] 8e87b807d97769038d770aa913bc92dd44a0276718d8ad6089e53c41b3f286d8
[INFO] checking herbie-lint-1.0.7 against nightly-2024-02-05+rustflags=-Dunexpected_cfgs+cargoflags=-Zcheck-cfg for check-cfg
[INFO] extracting crate herbie-lint 1.0.7 into /workspace/builds/worker-6-tc2/source
[INFO] validating manifest of crates.io crate herbie-lint 1.0.7 on toolchain nightly-2024-02-05
[INFO] running `Command { std: CARGO_HOME="/workspace/cargo-home" RUSTUP_HOME="/workspace/rustup-home" "/workspace/cargo-home/bin/cargo" "+nightly-2024-02-05" "metadata" "--manifest-path" "Cargo.toml" "--no-deps", kill_on_drop: false }`
[INFO] started tweaking crates.io crate herbie-lint 1.0.7
[INFO] finished tweaking crates.io crate herbie-lint 1.0.7
[INFO] tweaked toml for crates.io crate herbie-lint 1.0.7 written to /workspace/builds/worker-6-tc2/source/Cargo.toml
[INFO] running `Command { std: CARGO_HOME="/workspace/cargo-home" RUSTUP_HOME="/workspace/rustup-home" "/workspace/cargo-home/bin/cargo" "+nightly-2024-02-05" "generate-lockfile" "--manifest-path" "Cargo.toml", kill_on_drop: false }`
[INFO] [stderr]     Updating crates.io index
[INFO] running `Command { std: CARGO_HOME="/workspace/cargo-home" RUSTUP_HOME="/workspace/rustup-home" "/workspace/cargo-home/bin/cargo" "+nightly-2024-02-05" "fetch" "--manifest-path" "Cargo.toml", kill_on_drop: false }`
[INFO] [stderr] warning: support for rustc plugins has been removed from rustc. library `herbie_lint` should not specify `plugin = true`
[INFO] [stderr] warning: support for `plugin = true` will be removed from cargo in the future
[INFO] running `Command { std: "docker" "create" "-v" "/var/lib/crater-agent-workspace/builds/worker-6-tc2/target:/opt/rustwide/target:rw,Z" "-v" "/var/lib/crater-agent-workspace/builds/worker-6-tc2/source:/opt/rustwide/workdir:ro,Z" "-v" "/var/lib/crater-agent-workspace/cargo-home:/opt/rustwide/cargo-home:ro,Z" "-v" "/var/lib/crater-agent-workspace/rustup-home:/opt/rustwide/rustup-home:ro,Z" "-e" "SOURCE_DIR=/opt/rustwide/workdir" "-e" "CARGO_TARGET_DIR=/opt/rustwide/target" "-e" "CARGO_HOME=/opt/rustwide/cargo-home" "-e" "RUSTUP_HOME=/opt/rustwide/rustup-home" "-w" "/opt/rustwide/workdir" "-m" "1610612736" "--user" "0:0" "--network" "none" "ghcr.io/rust-lang/crates-build-env/linux@sha256:2788e3201cd34a07e3172128adcd8b3090168a8e3bcc40d7c032b9dda1df7d1c" "/opt/rustwide/cargo-home/bin/cargo" "+nightly-2024-02-05" "metadata" "--no-deps" "--format-version=1", kill_on_drop: false }`
[INFO] [stdout] 86ff53e682ec3e4c78d18944333f2c154f1089d4debfb5f294c14b0410158e4b
[INFO] running `Command { std: "docker" "start" "-a" "86ff53e682ec3e4c78d18944333f2c154f1089d4debfb5f294c14b0410158e4b", kill_on_drop: false }`
[INFO] running `Command { std: "docker" "inspect" "86ff53e682ec3e4c78d18944333f2c154f1089d4debfb5f294c14b0410158e4b", kill_on_drop: false }`
[INFO] running `Command { std: "docker" "rm" "-f" "86ff53e682ec3e4c78d18944333f2c154f1089d4debfb5f294c14b0410158e4b", kill_on_drop: false }`
[INFO] [stdout] 86ff53e682ec3e4c78d18944333f2c154f1089d4debfb5f294c14b0410158e4b
[INFO] running `Command { std: "docker" "create" "-v" "/var/lib/crater-agent-workspace/builds/worker-6-tc2/target:/opt/rustwide/target:rw,Z" "-v" "/var/lib/crater-agent-workspace/builds/worker-6-tc2/source:/opt/rustwide/workdir:ro,Z" "-v" "/var/lib/crater-agent-workspace/cargo-home:/opt/rustwide/cargo-home:ro,Z" "-v" "/var/lib/crater-agent-workspace/rustup-home:/opt/rustwide/rustup-home:ro,Z" "-e" "SOURCE_DIR=/opt/rustwide/workdir" "-e" "CARGO_TARGET_DIR=/opt/rustwide/target" "-e" "CARGO_INCREMENTAL=0" "-e" "RUST_BACKTRACE=full" "-e" "RUSTFLAGS=--cap-lints=forbid -Dunexpected_cfgs" "-e" "RUSTDOCFLAGS=--cap-lints=forbid" "-e" "CARGO_HOME=/opt/rustwide/cargo-home" "-e" "RUSTUP_HOME=/opt/rustwide/rustup-home" "-w" "/opt/rustwide/workdir" "-m" "1610612736" "--user" "0:0" "--network" "none" "ghcr.io/rust-lang/crates-build-env/linux@sha256:2788e3201cd34a07e3172128adcd8b3090168a8e3bcc40d7c032b9dda1df7d1c" "/opt/rustwide/cargo-home/bin/cargo" "+nightly-2024-02-05" "check" "--frozen" "--all" "--all-targets" "--message-format=json" "-Zcheck-cfg", kill_on_drop: false }`
[INFO] [stdout] f8ace98b51fbe81cca041f96da76381d764949b3599fd511383196a3b1b9b6e6
[INFO] running `Command { std: "docker" "start" "-a" "f8ace98b51fbe81cca041f96da76381d764949b3599fd511383196a3b1b9b6e6", kill_on_drop: false }`
[INFO] [stderr] warning: support for rustc plugins has been removed from rustc. library `herbie_lint` should not specify `plugin = true`
[INFO] [stderr] warning: support for `plugin = true` will be removed from cargo in the future
[INFO] [stderr]    Compiling libsqlite3-sys v0.4.0
[INFO] [stderr]     Checking log v0.4.20
[INFO] [stderr]     Checking bitflags v0.1.1
[INFO] [stderr]     Checking rustc-serialize v0.3.25
[INFO] [stderr]     Checking itertools v0.4.19
[INFO] [stderr]    Compiling time v0.1.45
[INFO] [stderr]     Checking wait-timeout v0.1.5
[INFO] [stderr]     Checking log v0.3.9
[INFO] [stderr]     Checking compiletest_rs v0.1.3
[INFO] [stdout] error[E0462]: found staticlib `rustc` instead of rlib or dylib
[INFO] [stdout]   --> /opt/rustwide/cargo-home/registry/src/index.crates.io-6f17d22bba15001f/compiletest_rs-0.1.3/src/compiletest.rs:19:1
[INFO] [stdout]    |
[INFO] [stdout] 19 | extern crate rustc;
[INFO] [stdout]    | ^^^^^^^^^^^^^^^^^^^
[INFO] [stdout]    |
[INFO] [stdout]    = note: the following crate versions were found:
[INFO] [stdout]            crate `rustc`: /opt/rustwide/rustup-home/toolchains/nightly-2024-02-05-x86_64-unknown-linux-gnu/lib/rustlib/x86_64-unknown-linux-gnu/lib/librustc-nightly_rt.tsan.a
[INFO] [stdout]            crate `rustc`: /opt/rustwide/rustup-home/toolchains/nightly-2024-02-05-x86_64-unknown-linux-gnu/lib/rustlib/x86_64-unknown-linux-gnu/lib/librustc-nightly_rt.lsan.a
[INFO] [stdout]            crate `rustc`: /opt/rustwide/rustup-home/toolchains/nightly-2024-02-05-x86_64-unknown-linux-gnu/lib/rustlib/x86_64-unknown-linux-gnu/lib/librustc-nightly_rt.asan.a
[INFO] [stdout]            crate `rustc`: /opt/rustwide/rustup-home/toolchains/nightly-2024-02-05-x86_64-unknown-linux-gnu/lib/rustlib/x86_64-unknown-linux-gnu/lib/librustc-nightly_rt.msan.a
[INFO] [stdout]            crate `rustc`: /opt/rustwide/rustup-home/toolchains/nightly-2024-02-05-x86_64-unknown-linux-gnu/lib/rustlib/x86_64-unknown-linux-gnu/lib/librustc-nightly_rt.safestack.a
[INFO] [stdout]    = help: please recompile that crate using --crate-type lib
[INFO] [stdout] 
[INFO] [stdout] 
[INFO] [stdout] error[E0432]: unresolved import `test::TestPaths`
[INFO] [stdout]   --> /opt/rustwide/cargo-home/registry/src/index.crates.io-6f17d22bba15001f/compiletest_rs-0.1.3/src/compiletest.rs:30:5
[INFO] [stdout]    |
[INFO] [stdout] 30 | use test::TestPaths;
[INFO] [stdout]    |     ^^^^^^---------
[INFO] [stdout]    |     |     |
[INFO] [stdout]    |     |     help: a similar name exists in the module: `TestOpts`
[INFO] [stdout]    |     no `TestPaths` in the root
[INFO] [stdout] 
[INFO] [stdout] 
[INFO] [stdout] error[E0432]: unresolved import `test::TestPaths`
[INFO] [stdout]   --> /opt/rustwide/cargo-home/registry/src/index.crates.io-6f17d22bba15001f/compiletest_rs-0.1.3/src/runtest.rs:18:5
[INFO] [stdout]    |
[INFO] [stdout] 18 | use test::TestPaths;
[INFO] [stdout]    |     ^^^^^^^^^^^^^^^ no `TestPaths` in the root
[INFO] [stdout]    |
[INFO] [stdout] help: a similar name exists in the module
[INFO] [stdout]    |
[INFO] [stdout] 18 | use test::TestOpts;
[INFO] [stdout]    |           ~~~~~~~~
[INFO] [stdout] help: consider importing this unresolved item through its public re-export instead
[INFO] [stdout]    |
[INFO] [stdout] 18 | use TestPaths;
[INFO] [stdout]    |     ~~~~~~~~~
[INFO] [stdout] 
[INFO] [stdout] 
[INFO] [stdout] error[E0560]: struct `TestOpts` has no field named `filter`
[INFO] [stdout]    --> /opt/rustwide/cargo-home/registry/src/index.crates.io-6f17d22bba15001f/compiletest_rs-0.1.3/src/compiletest.rs:117:9
[INFO] [stdout]     |
[INFO] [stdout] 117 |         filter: config.filter.clone(),
[INFO] [stdout]     |         ^^^^^^ unknown field
[INFO] [stdout]     |
[INFO] [stdout] help: a field with a similar name exists
[INFO] [stdout]     |
[INFO] [stdout] 117 |         filters: config.filter.clone(),
[INFO] [stdout]     |         ~~~~~~~
[INFO] [stdout] 
[INFO] [stdout] 
[INFO] [stdout] error[E0308]: mismatched types
[INFO] [stdout]    --> /opt/rustwide/cargo-home/registry/src/index.crates.io-6f17d22bba15001f/compiletest_rs-0.1.3/src/compiletest.rs:118:22
[INFO] [stdout]     |
[INFO] [stdout] 118 |         run_ignored: config.run_ignored,
[INFO] [stdout]     |                      ^^^^^^^^^^^^^^^^^^ expected `RunIgnored`, found `bool`
[INFO] [stdout] 
[INFO] [stdout] 
[INFO] [stdout] error[E0560]: struct `TestOpts` has no field named `quiet`
[INFO] [stdout]    --> /opt/rustwide/cargo-home/registry/src/index.crates.io-6f17d22bba15001f/compiletest_rs-0.1.3/src/compiletest.rs:119:9
[INFO] [stdout]     |
[INFO] [stdout] 119 |         quiet: config.quiet,
[INFO] [stdout]     |         ^^^^^ `TestOpts` does not have this field
[INFO] [stdout]     |
[INFO] [stdout]     = note: available fields are: `list`, `filters`, `filter_exact`, `force_run_in_process`, `exclude_should_panic` ... and 8 others
[INFO] [stdout] 
[INFO] [stdout] 
[INFO] [stdout] error[E0063]: missing fields `compile_fail`, `end_col`, `end_line` and 6 other fields in initializer of `TestDesc`
[INFO] [stdout]    --> /opt/rustwide/cargo-home/registry/src/index.crates.io-6f17d22bba15001f/compiletest_rs-0.1.3/src/compiletest.rs:232:15
[INFO] [stdout]     |
[INFO] [stdout] 232 |         desc: test::TestDesc {
[INFO] [stdout]     |               ^^^^^^^^^^^^^^ missing `compile_fail`, `end_col`, `end_line` and 6 other fields
[INFO] [stdout] 
[INFO] [stdout] 
[INFO] [stdout] error[E0308]: mismatched types
[INFO] [stdout]    --> /opt/rustwide/cargo-home/registry/src/index.crates.io-6f17d22bba15001f/compiletest_rs-0.1.3/src/compiletest.rs:256:9
[INFO] [stdout]     |
[INFO] [stdout] 256 |         runtest::run(config, &testpaths)
[INFO] [stdout]     |         ^^^^^^^^^^^^^^^^^^^^^^^^^^^^^^^^ expected `Result<(), String>`, found `()`
[INFO] [stdout]     |
[INFO] [stdout]     = note:   expected enum `std::result::Result<(), String>`
[INFO] [stdout]             found unit type `()`
[INFO] [stdout] help: try adding an expression at the end of the block
[INFO] [stdout]     |
[INFO] [stdout] 256 ~         runtest::run(config, &testpaths);
[INFO] [stdout] 257 +         Ok(())
[INFO] [stdout]     |
[INFO] [stdout] 
[INFO] [stdout] 
[INFO] [stderr]    Compiling rusqlite v0.6.1
[INFO] [stdout] error: aborting due to 8 previous errors
[INFO] [stdout] 
[INFO] [stdout] 
[INFO] [stdout] Some errors have detailed explanations: E0063, E0308, E0432, E0462, E0560.
[INFO] [stdout] 
[INFO] [stdout] For more information about an error, try `rustc --explain E0063`.
[INFO] [stdout] 
[INFO] [stderr] error: could not compile `compiletest_rs` (lib) due to 9 previous errors
[INFO] [stderr] warning: build failed, waiting for other jobs to finish...
[INFO] running `Command { std: "docker" "inspect" "f8ace98b51fbe81cca041f96da76381d764949b3599fd511383196a3b1b9b6e6", kill_on_drop: false }`
[INFO] running `Command { std: "docker" "rm" "-f" "f8ace98b51fbe81cca041f96da76381d764949b3599fd511383196a3b1b9b6e6", kill_on_drop: false }`
[INFO] [stdout] f8ace98b51fbe81cca041f96da76381d764949b3599fd511383196a3b1b9b6e6
