[INFO] fetching crate helium-crypto 0.8.3...
[INFO] checking helium-crypto-0.8.3 against nightly-2024-02-05 for check-cfg
[INFO] extracting crate helium-crypto 0.8.3 into /workspace/builds/worker-6-tc1/source
[INFO] validating manifest of crates.io crate helium-crypto 0.8.3 on toolchain nightly-2024-02-05
[INFO] running `Command { std: CARGO_HOME="/workspace/cargo-home" RUSTUP_HOME="/workspace/rustup-home" "/workspace/cargo-home/bin/cargo" "+nightly-2024-02-05" "metadata" "--manifest-path" "Cargo.toml" "--no-deps", kill_on_drop: false }`
[INFO] started tweaking crates.io crate helium-crypto 0.8.3
[INFO] finished tweaking crates.io crate helium-crypto 0.8.3
[INFO] tweaked toml for crates.io crate helium-crypto 0.8.3 written to /workspace/builds/worker-6-tc1/source/Cargo.toml
[INFO] running `Command { std: CARGO_HOME="/workspace/cargo-home" RUSTUP_HOME="/workspace/rustup-home" "/workspace/cargo-home/bin/cargo" "+nightly-2024-02-05" "generate-lockfile" "--manifest-path" "Cargo.toml", kill_on_drop: false }`
[INFO] [stderr]     Updating crates.io index
[INFO] running `Command { std: CARGO_HOME="/workspace/cargo-home" RUSTUP_HOME="/workspace/rustup-home" "/workspace/cargo-home/bin/cargo" "+nightly-2024-02-05" "fetch" "--manifest-path" "Cargo.toml", kill_on_drop: false }`
[INFO] [stderr]  Downloading crates ...
[INFO] [stderr]   Downloaded rsa v0.4.1
[INFO] [stderr]   Downloaded resize-slice v0.1.3
[INFO] [stderr]   Downloaded drop_guard v0.3.0
[INFO] [stderr]   Downloaded i2c-linux-sys v0.2.1
[INFO] [stderr]   Downloaded hostname-validator v1.1.1
[INFO] [stderr]   Downloaded i2c-linux v0.1.2
[INFO] [stderr]   Downloaded simple_asn1 v0.5.4
[INFO] [stderr]   Downloaded unescaper v0.1.4
[INFO] [stderr]   Downloaded mbox v0.6.0
[INFO] [stderr]   Downloaded oid v0.2.1
[INFO] [stderr]   Downloaded picky-asn1-der v0.4.1
[INFO] [stderr]   Downloaded serialport v4.3.0
[INFO] [stderr]   Downloaded num-bigint-dig v0.7.1
[INFO] [stderr]   Downloaded tss-esapi v7.4.0
[INFO] [stderr]   Downloaded p256 v0.10.1
[INFO] [stderr]   Downloaded picky-asn1-x509 v0.12.0
[INFO] [stderr]   Downloaded picky-asn1 v0.8.0
[INFO] [stderr]   Downloaded ecc608-linux v0.2.3
[INFO] [stderr]   Downloaded tss-esapi-sys v0.5.0
[INFO] running `Command { std: "docker" "create" "-v" "/var/lib/crater-agent-workspace/builds/worker-6-tc1/target:/opt/rustwide/target:rw,Z" "-v" "/var/lib/crater-agent-workspace/builds/worker-6-tc1/source:/opt/rustwide/workdir:ro,Z" "-v" "/var/lib/crater-agent-workspace/cargo-home:/opt/rustwide/cargo-home:ro,Z" "-v" "/var/lib/crater-agent-workspace/rustup-home:/opt/rustwide/rustup-home:ro,Z" "-e" "SOURCE_DIR=/opt/rustwide/workdir" "-e" "CARGO_TARGET_DIR=/opt/rustwide/target" "-e" "CARGO_HOME=/opt/rustwide/cargo-home" "-e" "RUSTUP_HOME=/opt/rustwide/rustup-home" "-w" "/opt/rustwide/workdir" "-m" "1610612736" "--user" "0:0" "--network" "none" "ghcr.io/rust-lang/crates-build-env/linux@sha256:2788e3201cd34a07e3172128adcd8b3090168a8e3bcc40d7c032b9dda1df7d1c" "/opt/rustwide/cargo-home/bin/cargo" "+nightly-2024-02-05" "metadata" "--no-deps" "--format-version=1", kill_on_drop: false }`
[INFO] [stdout] 12dc48b89f20c3b4c34212f06eef8ea43e8e96f530655bc0743bff35a3b480f5
[INFO] running `Command { std: "docker" "start" "-a" "12dc48b89f20c3b4c34212f06eef8ea43e8e96f530655bc0743bff35a3b480f5", kill_on_drop: false }`
[INFO] running `Command { std: "docker" "inspect" "12dc48b89f20c3b4c34212f06eef8ea43e8e96f530655bc0743bff35a3b480f5", kill_on_drop: false }`
[INFO] running `Command { std: "docker" "rm" "-f" "12dc48b89f20c3b4c34212f06eef8ea43e8e96f530655bc0743bff35a3b480f5", kill_on_drop: false }`
[INFO] [stdout] 12dc48b89f20c3b4c34212f06eef8ea43e8e96f530655bc0743bff35a3b480f5
[INFO] running `Command { std: "docker" "create" "-v" "/var/lib/crater-agent-workspace/builds/worker-6-tc1/target:/opt/rustwide/target:rw,Z" "-v" "/var/lib/crater-agent-workspace/builds/worker-6-tc1/source:/opt/rustwide/workdir:ro,Z" "-v" "/var/lib/crater-agent-workspace/cargo-home:/opt/rustwide/cargo-home:ro,Z" "-v" "/var/lib/crater-agent-workspace/rustup-home:/opt/rustwide/rustup-home:ro,Z" "-e" "SOURCE_DIR=/opt/rustwide/workdir" "-e" "CARGO_TARGET_DIR=/opt/rustwide/target" "-e" "CARGO_INCREMENTAL=0" "-e" "RUST_BACKTRACE=full" "-e" "RUSTFLAGS=--cap-lints=forbid" "-e" "RUSTDOCFLAGS=--cap-lints=forbid" "-e" "CARGO_HOME=/opt/rustwide/cargo-home" "-e" "RUSTUP_HOME=/opt/rustwide/rustup-home" "-w" "/opt/rustwide/workdir" "-m" "1610612736" "--user" "0:0" "--network" "none" "ghcr.io/rust-lang/crates-build-env/linux@sha256:2788e3201cd34a07e3172128adcd8b3090168a8e3bcc40d7c032b9dda1df7d1c" "/opt/rustwide/cargo-home/bin/cargo" "+nightly-2024-02-05" "check" "--frozen" "--all" "--all-targets" "--message-format=json", kill_on_drop: false }`
[INFO] [stdout] 291df7cf2d138b7ba6422af5d8d7ca7530c87cc842f827d2cfd90cf7aa910c83
[INFO] running `Command { std: "docker" "start" "-a" "291df7cf2d138b7ba6422af5d8d7ca7530c87cc842f827d2cfd90cf7aa910c83", kill_on_drop: false }`
[INFO] [stderr]     Checking subtle v2.4.1
[INFO] [stderr]    Compiling num-traits v0.2.17
[INFO] [stderr]    Compiling num-integer v0.1.45
[INFO] [stderr]     Checking const-oid v0.7.1
[INFO] [stderr]     Checking getrandom v0.2.12
[INFO] [stderr]    Compiling syn v2.0.48
[INFO] [stderr]     Checking digest v0.9.0
[INFO] [stderr]    Compiling num-bigint v0.4.4
[INFO] [stderr]    Compiling num-iter v0.1.43
[INFO] [stderr]     Checking der v0.5.1
[INFO] [stderr]     Checking crypto-mac v0.11.1
[INFO] [stderr]     Checking rand_core v0.6.4
[INFO] [stderr]     Checking hmac v0.11.0
[INFO] [stderr]     Checking base16ct v0.1.1
[INFO] [stderr]     Checking block-buffer v0.9.0
[INFO] [stderr]     Checking ff v0.11.1
[INFO] [stderr]     Checking signature v1.4.0
[INFO] [stderr]     Checking rand_chacha v0.3.1
[INFO] [stderr]     Checking group v0.11.0
[INFO] [stderr]     Checking const-oid v0.9.6
[INFO] [stderr]    Compiling num-bigint-dig v0.7.1
[INFO] [stderr]     Checking sha2 v0.9.9
[INFO] [stderr]     Checking signature v2.2.0
[INFO] [stderr]     Checking digest v0.10.7
[INFO] [stderr]     Checking rand v0.8.5
[INFO] [stderr]     Checking pem v0.8.3
[INFO] [stderr]     Checking ed25519 v2.2.2
[INFO] [stderr]     Checking sha2 v0.10.8
[INFO] [stderr]     Checking ct-codecs v1.1.1
[INFO] [stderr]     Checking rustix v0.38.31
[INFO] [stderr]     Checking hex-literal v0.4.1
[INFO] [stderr]     Checking ed25519-compact v2.1.1
[INFO] [stderr]     Checking bs58 v0.5.0
[INFO] [stderr]     Checking chrono v0.4.33
[INFO] [stderr]     Checking tempfile v3.10.0
[INFO] [stderr]    Compiling zeroize_derive v1.4.2
[INFO] [stderr]    Compiling thiserror-impl v1.0.56
[INFO] [stderr]    Compiling serde_derive v1.0.196
[INFO] [stderr]     Checking zeroize v1.3.0
[INFO] [stderr]     Checking crypto-bigint v0.3.2
[INFO] [stderr]     Checking sec1 v0.2.1
[INFO] [stderr]     Checking thiserror v1.0.56
[INFO] [stderr]     Checking simple_asn1 v0.5.4
[INFO] [stderr]     Checking elliptic-curve v0.11.12
[INFO] [stderr]     Checking rfc6979 v0.1.0
[INFO] [stderr]     Checking ecdsa v0.13.4
[INFO] [stderr]     Checking rsa v0.4.1
[INFO] [stderr]     Checking k256 v0.10.4
[INFO] [stderr]     Checking p256 v0.10.1
[INFO] [stderr]     Checking serde v1.0.196
[INFO] [stderr]     Checking serde_test v1.0.176
[INFO] [stderr]     Checking serde_json v1.0.113
[INFO] [stderr]     Checking helium-crypto v0.8.3 (/opt/rustwide/workdir)
[INFO] [stdout] error[E0277]: the trait bound `ed25519_compact::Signature: signature::Signature` is not satisfied
[INFO] [stdout]    --> src/ed25519/mod.rs:103:22
[INFO] [stdout]     |
[INFO] [stdout] 103 |         Ok(Signature(signature::Signature::from_bytes(input)?))
[INFO] [stdout]     |                      ^^^^^^^^^^^^^^^^^^^^^^^^^^^^^^^^^^^^^^^ the trait `signature::Signature` is not implemented for `ed25519_compact::Signature`
[INFO] [stdout]     |
[INFO] [stdout]     = help: the following other types implement trait `signature::Signature`:
[INFO] [stdout]               ecdsa::der::Signature<C>
[INFO] [stdout]               ecdsa::Signature<C>
[INFO] [stdout]               ecc_compact::Signature
[INFO] [stdout]               ed25519::Signature
[INFO] [stdout]               secp256k1::Signature
[INFO] [stdout]               k256::ecdsa::recoverable::Signature
[INFO] [stdout] 
[INFO] [stdout] 
[INFO] [stdout] error[E0599]: no method named `as_bytes` found for struct `ed25519_compact::Signature` in the current scope
[INFO] [stdout]    --> src/ed25519/mod.rs:107:16
[INFO] [stdout]     |
[INFO] [stdout] 107 |         self.0.as_bytes()
[INFO] [stdout]     |                ^^^^^^^^ method not found in `Signature`
[INFO] [stdout] 
[INFO] [stdout] 
[INFO] [stdout] error[E0277]: the trait bound `ed25519_compact::Signature: signature::Signature` is not satisfied
[INFO] [stdout]    --> src/ed25519/mod.rs:141:22
[INFO] [stdout]     |
[INFO] [stdout] 141 |         Ok(Signature(signature::Signature::from_bytes(bytes)?))
[INFO] [stdout]     |                      ^^^^^^^^^^^^^^^^^^^^^^^^^^^^^^^^^^^^^^^ the trait `signature::Signature` is not implemented for `ed25519_compact::Signature`
[INFO] [stdout]     |
[INFO] [stdout]     = help: the following other types implement trait `signature::Signature`:
[INFO] [stdout]               ecdsa::der::Signature<C>
[INFO] [stdout]               ecdsa::Signature<C>
[INFO] [stdout]               ecc_compact::Signature
[INFO] [stdout]               ed25519::Signature
[INFO] [stdout]               secp256k1::Signature
[INFO] [stdout]               k256::ecdsa::recoverable::Signature
[INFO] [stdout] 
[INFO] [stdout] 
[INFO] [stdout] error[E0277]: the trait bound `ed25519_compact::Signature: signature::Signature` is not satisfied
[INFO] [stdout]    --> src/ed25519/mod.rs:153:9
[INFO] [stdout]     |
[INFO] [stdout] 153 |         signature::Signature::from_bytes(input)
[INFO] [stdout]     |         ^^^^^^^^^^^^^^^^^^^^^^^^^^^^^^^^^^^^^^^ the trait `signature::Signature` is not implemented for `ed25519_compact::Signature`
[INFO] [stdout]     |
[INFO] [stdout]     = help: the following other types implement trait `signature::Signature`:
[INFO] [stdout]               ecdsa::der::Signature<C>
[INFO] [stdout]               ecdsa::Signature<C>
[INFO] [stdout]               ecc_compact::Signature
[INFO] [stdout]               ed25519::Signature
[INFO] [stdout]               secp256k1::Signature
[INFO] [stdout]               k256::ecdsa::recoverable::Signature
[INFO] [stdout] 
[INFO] [stdout] 
[INFO] [stdout] error: aborting due to 4 previous errors
[INFO] [stdout] 
[INFO] [stdout] 
[INFO] [stdout] Some errors have detailed explanations: E0277, E0599.
[INFO] [stdout] 
[INFO] [stdout] For more information about an error, try `rustc --explain E0277`.
[INFO] [stdout] 
[INFO] [stderr] error: could not compile `helium-crypto` (lib) due to 5 previous errors
[INFO] [stderr] warning: build failed, waiting for other jobs to finish...
[INFO] running `Command { std: "docker" "inspect" "291df7cf2d138b7ba6422af5d8d7ca7530c87cc842f827d2cfd90cf7aa910c83", kill_on_drop: false }`
[INFO] running `Command { std: "docker" "rm" "-f" "291df7cf2d138b7ba6422af5d8d7ca7530c87cc842f827d2cfd90cf7aa910c83", kill_on_drop: false }`
[INFO] [stdout] 291df7cf2d138b7ba6422af5d8d7ca7530c87cc842f827d2cfd90cf7aa910c83
[INFO] checking helium-crypto-0.8.3 against nightly-2024-02-05+rustflags=-Dunexpected_cfgs+cargoflags=-Zcheck-cfg for check-cfg
[INFO] extracting crate helium-crypto 0.8.3 into /workspace/builds/worker-6-tc2/source
[INFO] validating manifest of crates.io crate helium-crypto 0.8.3 on toolchain nightly-2024-02-05
[INFO] running `Command { std: CARGO_HOME="/workspace/cargo-home" RUSTUP_HOME="/workspace/rustup-home" "/workspace/cargo-home/bin/cargo" "+nightly-2024-02-05" "metadata" "--manifest-path" "Cargo.toml" "--no-deps", kill_on_drop: false }`
[INFO] started tweaking crates.io crate helium-crypto 0.8.3
[INFO] finished tweaking crates.io crate helium-crypto 0.8.3
[INFO] tweaked toml for crates.io crate helium-crypto 0.8.3 written to /workspace/builds/worker-6-tc2/source/Cargo.toml
[INFO] running `Command { std: CARGO_HOME="/workspace/cargo-home" RUSTUP_HOME="/workspace/rustup-home" "/workspace/cargo-home/bin/cargo" "+nightly-2024-02-05" "generate-lockfile" "--manifest-path" "Cargo.toml", kill_on_drop: false }`
[INFO] [stderr]     Updating crates.io index
[INFO] running `Command { std: CARGO_HOME="/workspace/cargo-home" RUSTUP_HOME="/workspace/rustup-home" "/workspace/cargo-home/bin/cargo" "+nightly-2024-02-05" "fetch" "--manifest-path" "Cargo.toml", kill_on_drop: false }`
[INFO] running `Command { std: "docker" "create" "-v" "/var/lib/crater-agent-workspace/builds/worker-6-tc2/target:/opt/rustwide/target:rw,Z" "-v" "/var/lib/crater-agent-workspace/builds/worker-6-tc2/source:/opt/rustwide/workdir:ro,Z" "-v" "/var/lib/crater-agent-workspace/cargo-home:/opt/rustwide/cargo-home:ro,Z" "-v" "/var/lib/crater-agent-workspace/rustup-home:/opt/rustwide/rustup-home:ro,Z" "-e" "SOURCE_DIR=/opt/rustwide/workdir" "-e" "CARGO_TARGET_DIR=/opt/rustwide/target" "-e" "CARGO_HOME=/opt/rustwide/cargo-home" "-e" "RUSTUP_HOME=/opt/rustwide/rustup-home" "-w" "/opt/rustwide/workdir" "-m" "1610612736" "--user" "0:0" "--network" "none" "ghcr.io/rust-lang/crates-build-env/linux@sha256:2788e3201cd34a07e3172128adcd8b3090168a8e3bcc40d7c032b9dda1df7d1c" "/opt/rustwide/cargo-home/bin/cargo" "+nightly-2024-02-05" "metadata" "--no-deps" "--format-version=1", kill_on_drop: false }`
[INFO] [stdout] fe1b7b8141f9e3cb30331986e620aac77a982f6e4be82ed604f89200dd685e47
[INFO] running `Command { std: "docker" "start" "-a" "fe1b7b8141f9e3cb30331986e620aac77a982f6e4be82ed604f89200dd685e47", kill_on_drop: false }`
[INFO] running `Command { std: "docker" "inspect" "fe1b7b8141f9e3cb30331986e620aac77a982f6e4be82ed604f89200dd685e47", kill_on_drop: false }`
[INFO] running `Command { std: "docker" "rm" "-f" "fe1b7b8141f9e3cb30331986e620aac77a982f6e4be82ed604f89200dd685e47", kill_on_drop: false }`
[INFO] [stdout] fe1b7b8141f9e3cb30331986e620aac77a982f6e4be82ed604f89200dd685e47
[INFO] running `Command { std: "docker" "create" "-v" "/var/lib/crater-agent-workspace/builds/worker-6-tc2/target:/opt/rustwide/target:rw,Z" "-v" "/var/lib/crater-agent-workspace/builds/worker-6-tc2/source:/opt/rustwide/workdir:ro,Z" "-v" "/var/lib/crater-agent-workspace/cargo-home:/opt/rustwide/cargo-home:ro,Z" "-v" "/var/lib/crater-agent-workspace/rustup-home:/opt/rustwide/rustup-home:ro,Z" "-e" "SOURCE_DIR=/opt/rustwide/workdir" "-e" "CARGO_TARGET_DIR=/opt/rustwide/target" "-e" "CARGO_INCREMENTAL=0" "-e" "RUST_BACKTRACE=full" "-e" "RUSTFLAGS=--cap-lints=forbid -Dunexpected_cfgs" "-e" "RUSTDOCFLAGS=--cap-lints=forbid" "-e" "CARGO_HOME=/opt/rustwide/cargo-home" "-e" "RUSTUP_HOME=/opt/rustwide/rustup-home" "-w" "/opt/rustwide/workdir" "-m" "1610612736" "--user" "0:0" "--network" "none" "ghcr.io/rust-lang/crates-build-env/linux@sha256:2788e3201cd34a07e3172128adcd8b3090168a8e3bcc40d7c032b9dda1df7d1c" "/opt/rustwide/cargo-home/bin/cargo" "+nightly-2024-02-05" "check" "--frozen" "--all" "--all-targets" "--message-format=json" "-Zcheck-cfg", kill_on_drop: false }`
[INFO] [stdout] 17a70efb4148fc9ea522731da89a567104678224c41ce8fe4c86937f1025a2a3
[INFO] running `Command { std: "docker" "start" "-a" "17a70efb4148fc9ea522731da89a567104678224c41ce8fe4c86937f1025a2a3", kill_on_drop: false }`
[INFO] [stderr]     Checking subtle v2.4.1
[INFO] [stderr]    Compiling num-traits v0.2.17
[INFO] [stderr]    Compiling num-integer v0.1.45
[INFO] [stderr]    Compiling syn v2.0.48
[INFO] [stderr]     Checking getrandom v0.2.12
[INFO] [stderr]     Checking const-oid v0.7.1
[INFO] [stderr]     Checking digest v0.9.0
[INFO] [stderr]    Compiling num-iter v0.1.43
[INFO] [stderr]     Checking der v0.5.1
[INFO] [stderr]     Checking crypto-mac v0.11.1
[INFO] [stderr]    Compiling num-bigint v0.4.4
[INFO] [stderr]     Checking hmac v0.11.0
[INFO] [stderr]     Checking rand_core v0.6.4
[INFO] [stderr]     Checking base16ct v0.1.1
[INFO] [stderr]     Checking block-buffer v0.9.0
[INFO] [stderr]     Checking const-oid v0.9.6
[INFO] [stderr]     Checking ff v0.11.1
[INFO] [stderr]     Checking rand_chacha v0.3.1
[INFO] [stderr]     Checking signature v1.4.0
[INFO] [stderr]     Checking group v0.11.0
[INFO] [stderr]    Compiling num-bigint-dig v0.7.1
[INFO] [stderr]     Checking digest v0.10.7
[INFO] [stderr]     Checking sha2 v0.9.9
[INFO] [stderr]     Checking rand v0.8.5
[INFO] [stderr]     Checking signature v2.2.0
[INFO] [stderr]     Checking pem v0.8.3
[INFO] [stderr]     Checking sha2 v0.10.8
[INFO] [stderr]     Checking ed25519 v2.2.2
[INFO] [stderr]     Checking ct-codecs v1.1.1
[INFO] [stderr]     Checking rustix v0.38.31
[INFO] [stderr]     Checking hex-literal v0.4.1
[INFO] [stderr]     Checking ed25519-compact v2.1.1
[INFO] [stderr]     Checking bs58 v0.5.0
[INFO] [stderr]     Checking chrono v0.4.33
[INFO] [stderr]     Checking tempfile v3.10.0
[INFO] [stderr]    Compiling zeroize_derive v1.4.2
[INFO] [stderr]    Compiling serde_derive v1.0.196
[INFO] [stderr]    Compiling thiserror-impl v1.0.56
[INFO] [stderr]     Checking zeroize v1.3.0
[INFO] [stderr]     Checking crypto-bigint v0.3.2
[INFO] [stderr]     Checking sec1 v0.2.1
[INFO] [stderr]     Checking thiserror v1.0.56
[INFO] [stderr]     Checking simple_asn1 v0.5.4
[INFO] [stderr]     Checking elliptic-curve v0.11.12
[INFO] [stderr]     Checking rfc6979 v0.1.0
[INFO] [stderr]     Checking ecdsa v0.13.4
[INFO] [stderr]     Checking rsa v0.4.1
[INFO] [stderr]     Checking k256 v0.10.4
[INFO] [stderr]     Checking p256 v0.10.1
[INFO] [stderr]     Checking serde v1.0.196
[INFO] [stderr]     Checking serde_test v1.0.176
[INFO] [stderr]     Checking serde_json v1.0.113
[INFO] [stderr]     Checking helium-crypto v0.8.3 (/opt/rustwide/workdir)
[INFO] [stdout] error: unexpected `cfg` condition name: `docsrs`
[INFO] [stdout]   --> src/error.rs:23:16
[INFO] [stdout]    |
[INFO] [stdout] 23 |     #[cfg_attr(docsrs, doc(cfg(feature = "ecc608")))]
[INFO] [stdout]    |                ^^^^^^
[INFO] [stdout]    |
[INFO] [stdout]    = help: expected names are: `debug_assertions`, `doc`, `doctest`, `feature`, `miri`, `overflow_checks`, `panic`, `proc_macro`, `relocation_model`, `sanitize`, `sanitizer_cfi_generalize_pointers`, `sanitizer_cfi_normalize_integers`, `target_abi`, `target_arch`, `target_endian`, `target_env`, `target_family`, `target_feature`, `target_has_atomic`, `target_has_atomic_equal_alignment`, `target_has_atomic_load_store`, `target_os`, `target_pointer_width`, `target_thread_local`, `target_vendor`, `test`, `unix`, `windows`
[INFO] [stdout]    = help: consider using a Cargo feature instead or adding `println!("cargo:rustc-check-cfg=cfg(docsrs)");` to the top of a `build.rs`
[INFO] [stdout]    = note: see <https://doc.rust-lang.org/nightly/cargo/reference/unstable.html#check-cfg> for more information about checking conditional configuration
[INFO] [stdout]    = note: requested on the command line with `-D unexpected-cfgs`
[INFO] [stdout] 
[INFO] [stdout] 
[INFO] [stdout] error: unexpected `cfg` condition name: `docsrs`
[INFO] [stdout]   --> src/error.rs:28:16
[INFO] [stdout]    |
[INFO] [stdout] 28 |     #[cfg_attr(docsrs, doc(cfg(feature = "multisig")))]
[INFO] [stdout]    |                ^^^^^^
[INFO] [stdout]    |
[INFO] [stdout]    = help: consider using a Cargo feature instead or adding `println!("cargo:rustc-check-cfg=cfg(docsrs)");` to the top of a `build.rs`
[INFO] [stdout]    = note: see <https://doc.rust-lang.org/nightly/cargo/reference/unstable.html#check-cfg> for more information about checking conditional configuration
[INFO] [stdout] 
[INFO] [stdout] 
[INFO] [stdout] error: unexpected `cfg` condition name: `docsrs`
[INFO] [stdout]   --> src/error.rs:33:16
[INFO] [stdout]    |
[INFO] [stdout] 33 |     #[cfg_attr(docsrs, doc(cfg(feature = "tpm")))]
[INFO] [stdout]    |                ^^^^^^
[INFO] [stdout]    |
[INFO] [stdout]    = help: consider using a Cargo feature instead or adding `println!("cargo:rustc-check-cfg=cfg(docsrs)");` to the top of a `build.rs`
[INFO] [stdout]    = note: see <https://doc.rust-lang.org/nightly/cargo/reference/unstable.html#check-cfg> for more information about checking conditional configuration
[INFO] [stdout] 
[INFO] [stdout] 
[INFO] [stdout] error: unexpected `cfg` condition name: `docsrs`
[INFO] [stdout]   --> src/error.rs:38:16
[INFO] [stdout]    |
[INFO] [stdout] 38 |     #[cfg_attr(docsrs, doc(cfg(feature = "nova-tz")))]
[INFO] [stdout]    |                ^^^^^^
[INFO] [stdout]    |
[INFO] [stdout]    = help: consider using a Cargo feature instead or adding `println!("cargo:rustc-check-cfg=cfg(docsrs)");` to the top of a `build.rs`
[INFO] [stdout]    = note: see <https://doc.rust-lang.org/nightly/cargo/reference/unstable.html#check-cfg> for more information about checking conditional configuration
[INFO] [stdout] 
[INFO] [stdout] 
[INFO] [stdout] error: unexpected `cfg` condition name: `docsrs`
[INFO] [stdout]   --> src/error.rs:46:16
[INFO] [stdout]    |
[INFO] [stdout] 46 |     #[cfg_attr(docsrs, doc(cfg(feature = "rsa")))]
[INFO] [stdout]    |                ^^^^^^
[INFO] [stdout]    |
[INFO] [stdout]    = help: consider using a Cargo feature instead or adding `println!("cargo:rustc-check-cfg=cfg(docsrs)");` to the top of a `build.rs`
[INFO] [stdout]    = note: see <https://doc.rust-lang.org/nightly/cargo/reference/unstable.html#check-cfg> for more information about checking conditional configuration
[INFO] [stdout] 
[INFO] [stdout] 
[INFO] [stdout] error[E0277]: the trait bound `ed25519_compact::Signature: signature::Signature` is not satisfied
[INFO] [stdout]    --> src/ed25519/mod.rs:103:22
[INFO] [stdout]     |
[INFO] [stdout] 103 |         Ok(Signature(signature::Signature::from_bytes(input)?))
[INFO] [stdout]     |                      ^^^^^^^^^^^^^^^^^^^^^^^^^^^^^^^^^^^^^^^ the trait `signature::Signature` is not implemented for `ed25519_compact::Signature`
[INFO] [stdout]     |
[INFO] [stdout]     = help: the following other types implement trait `signature::Signature`:
[INFO] [stdout]               ecdsa::der::Signature<C>
[INFO] [stdout]               ecdsa::Signature<C>
[INFO] [stdout]               ecc_compact::Signature
[INFO] [stdout]               ed25519::Signature
[INFO] [stdout]               secp256k1::Signature
[INFO] [stdout]               k256::ecdsa::recoverable::Signature
[INFO] [stdout] 
[INFO] [stdout] 
[INFO] [stdout] error[E0599]: no method named `as_bytes` found for struct `ed25519_compact::Signature` in the current scope
[INFO] [stdout]    --> src/ed25519/mod.rs:107:16
[INFO] [stdout]     |
[INFO] [stdout] 107 |         self.0.as_bytes()
[INFO] [stdout]     |                ^^^^^^^^ method not found in `Signature`
[INFO] [stdout] 
[INFO] [stdout] 
[INFO] [stdout] error[E0277]: the trait bound `ed25519_compact::Signature: signature::Signature` is not satisfied
[INFO] [stdout]    --> src/ed25519/mod.rs:141:22
[INFO] [stdout]     |
[INFO] [stdout] 141 |         Ok(Signature(signature::Signature::from_bytes(bytes)?))
[INFO] [stdout]     |                      ^^^^^^^^^^^^^^^^^^^^^^^^^^^^^^^^^^^^^^^ the trait `signature::Signature` is not implemented for `ed25519_compact::Signature`
[INFO] [stdout]     |
[INFO] [stdout]     = help: the following other types implement trait `signature::Signature`:
[INFO] [stdout]               ecdsa::der::Signature<C>
[INFO] [stdout]               ecdsa::Signature<C>
[INFO] [stdout]               ecc_compact::Signature
[INFO] [stdout]               ed25519::Signature
[INFO] [stdout]               secp256k1::Signature
[INFO] [stdout]               k256::ecdsa::recoverable::Signature
[INFO] [stdout] 
[INFO] [stdout] 
[INFO] [stdout] error[E0277]: the trait bound `ed25519_compact::Signature: signature::Signature` is not satisfied
[INFO] [stdout]    --> src/ed25519/mod.rs:153:9
[INFO] [stdout]     |
[INFO] [stdout] 153 |         signature::Signature::from_bytes(input)
[INFO] [stdout]     |         ^^^^^^^^^^^^^^^^^^^^^^^^^^^^^^^^^^^^^^^ the trait `signature::Signature` is not implemented for `ed25519_compact::Signature`
[INFO] [stdout]     |
[INFO] [stdout]     = help: the following other types implement trait `signature::Signature`:
[INFO] [stdout]               ecdsa::der::Signature<C>
[INFO] [stdout]               ecdsa::Signature<C>
[INFO] [stdout]               ecc_compact::Signature
[INFO] [stdout]               ed25519::Signature
[INFO] [stdout]               secp256k1::Signature
[INFO] [stdout]               k256::ecdsa::recoverable::Signature
[INFO] [stdout] 
[INFO] [stdout] 
[INFO] [stdout] error: aborting due to 9 previous errors
[INFO] [stdout] 
[INFO] [stdout] 
[INFO] [stdout] Some errors have detailed explanations: E0277, E0599.
[INFO] [stdout] 
[INFO] [stdout] For more information about an error, try `rustc --explain E0277`.
[INFO] [stdout] 
[INFO] [stderr] error: could not compile `helium-crypto` (lib) due to 10 previous errors
[INFO] [stderr] warning: build failed, waiting for other jobs to finish...
[INFO] running `Command { std: "docker" "inspect" "17a70efb4148fc9ea522731da89a567104678224c41ce8fe4c86937f1025a2a3", kill_on_drop: false }`
[INFO] running `Command { std: "docker" "rm" "-f" "17a70efb4148fc9ea522731da89a567104678224c41ce8fe4c86937f1025a2a3", kill_on_drop: false }`
[INFO] [stdout] 17a70efb4148fc9ea522731da89a567104678224c41ce8fe4c86937f1025a2a3
