[INFO] fetching crate hc_iz_profile 0.2.2...
[INFO] checking hc_iz_profile-0.2.2 against nightly-2024-02-05 for check-cfg
[INFO] extracting crate hc_iz_profile 0.2.2 into /workspace/builds/worker-2-tc1/source
[INFO] validating manifest of crates.io crate hc_iz_profile 0.2.2 on toolchain nightly-2024-02-05
[INFO] running `Command { std: CARGO_HOME="/workspace/cargo-home" RUSTUP_HOME="/workspace/rustup-home" "/workspace/cargo-home/bin/cargo" "+nightly-2024-02-05" "metadata" "--manifest-path" "Cargo.toml" "--no-deps", kill_on_drop: false }`
[INFO] started tweaking crates.io crate hc_iz_profile 0.2.2
[INFO] finished tweaking crates.io crate hc_iz_profile 0.2.2
[INFO] tweaked toml for crates.io crate hc_iz_profile 0.2.2 written to /workspace/builds/worker-2-tc1/source/Cargo.toml
[INFO] running `Command { std: CARGO_HOME="/workspace/cargo-home" RUSTUP_HOME="/workspace/rustup-home" "/workspace/cargo-home/bin/cargo" "+nightly-2024-02-05" "generate-lockfile" "--manifest-path" "Cargo.toml", kill_on_drop: false }`
[INFO] [stderr]     Blocking waiting for file lock on package cache
[INFO] [stderr]     Updating crates.io index
[INFO] running `Command { std: CARGO_HOME="/workspace/cargo-home" RUSTUP_HOME="/workspace/rustup-home" "/workspace/cargo-home/bin/cargo" "+nightly-2024-02-05" "fetch" "--manifest-path" "Cargo.toml", kill_on_drop: false }`
[INFO] [stderr]     Blocking waiting for file lock on package cache
[INFO] [stderr]     Blocking waiting for file lock on package cache
[INFO] running `Command { std: "docker" "create" "-v" "/var/lib/crater-agent-workspace/builds/worker-2-tc1/target:/opt/rustwide/target:rw,Z" "-v" "/var/lib/crater-agent-workspace/builds/worker-2-tc1/source:/opt/rustwide/workdir:ro,Z" "-v" "/var/lib/crater-agent-workspace/cargo-home:/opt/rustwide/cargo-home:ro,Z" "-v" "/var/lib/crater-agent-workspace/rustup-home:/opt/rustwide/rustup-home:ro,Z" "-e" "SOURCE_DIR=/opt/rustwide/workdir" "-e" "CARGO_TARGET_DIR=/opt/rustwide/target" "-e" "CARGO_HOME=/opt/rustwide/cargo-home" "-e" "RUSTUP_HOME=/opt/rustwide/rustup-home" "-w" "/opt/rustwide/workdir" "-m" "1610612736" "--user" "0:0" "--network" "none" "ghcr.io/rust-lang/crates-build-env/linux@sha256:2788e3201cd34a07e3172128adcd8b3090168a8e3bcc40d7c032b9dda1df7d1c" "/opt/rustwide/cargo-home/bin/cargo" "+nightly-2024-02-05" "metadata" "--no-deps" "--format-version=1", kill_on_drop: false }`
[INFO] [stdout] 8d4f1142a2e9128a2c501c25845eaa658887a1561e960107da5e49f20de7c02a
[INFO] running `Command { std: "docker" "start" "-a" "8d4f1142a2e9128a2c501c25845eaa658887a1561e960107da5e49f20de7c02a", kill_on_drop: false }`
[INFO] running `Command { std: "docker" "inspect" "8d4f1142a2e9128a2c501c25845eaa658887a1561e960107da5e49f20de7c02a", kill_on_drop: false }`
[INFO] running `Command { std: "docker" "rm" "-f" "8d4f1142a2e9128a2c501c25845eaa658887a1561e960107da5e49f20de7c02a", kill_on_drop: false }`
[INFO] [stdout] 8d4f1142a2e9128a2c501c25845eaa658887a1561e960107da5e49f20de7c02a
[INFO] running `Command { std: "docker" "create" "-v" "/var/lib/crater-agent-workspace/builds/worker-2-tc1/target:/opt/rustwide/target:rw,Z" "-v" "/var/lib/crater-agent-workspace/builds/worker-2-tc1/source:/opt/rustwide/workdir:ro,Z" "-v" "/var/lib/crater-agent-workspace/cargo-home:/opt/rustwide/cargo-home:ro,Z" "-v" "/var/lib/crater-agent-workspace/rustup-home:/opt/rustwide/rustup-home:ro,Z" "-e" "SOURCE_DIR=/opt/rustwide/workdir" "-e" "CARGO_TARGET_DIR=/opt/rustwide/target" "-e" "CARGO_INCREMENTAL=0" "-e" "RUST_BACKTRACE=full" "-e" "RUSTFLAGS=--cap-lints=forbid" "-e" "RUSTDOCFLAGS=--cap-lints=forbid" "-e" "CARGO_HOME=/opt/rustwide/cargo-home" "-e" "RUSTUP_HOME=/opt/rustwide/rustup-home" "-w" "/opt/rustwide/workdir" "-m" "1610612736" "--user" "0:0" "--network" "none" "ghcr.io/rust-lang/crates-build-env/linux@sha256:2788e3201cd34a07e3172128adcd8b3090168a8e3bcc40d7c032b9dda1df7d1c" "/opt/rustwide/cargo-home/bin/cargo" "+nightly-2024-02-05" "check" "--frozen" "--all" "--all-targets" "--message-format=json", kill_on_drop: false }`
[INFO] [stdout] f64b8d1c508ebcbc41031d500cb6f70ed6c93c07f1ad85019f1ad40006089197
[INFO] running `Command { std: "docker" "start" "-a" "f64b8d1c508ebcbc41031d500cb6f70ed6c93c07f1ad85019f1ad40006089197", kill_on_drop: false }`
[INFO] [stderr]    Compiling proc-macro2 v1.0.78
[INFO] [stderr]    Compiling syn v1.0.109
[INFO] [stderr]    Compiling serde v1.0.166
[INFO] [stderr]    Compiling ahash v0.7.7
[INFO] [stderr]    Compiling libm v0.2.8
[INFO] [stderr]    Compiling num-traits v0.2.17
[INFO] [stderr]    Compiling libc v0.2.153
[INFO] [stderr]     Checking getrandom v0.2.12
[INFO] [stderr]    Compiling bytecheck v0.6.12
[INFO] [stderr]    Compiling rend v0.4.2
[INFO] [stderr]    Compiling quote v1.0.35
[INFO] [stderr]    Compiling indexmap v1.9.3
[INFO] [stderr]    Compiling cfg-if v1.0.0
[INFO] [stderr]    Compiling rkyv v0.7.44
[INFO] [stderr]    Compiling memchr v2.7.1
[INFO] [stderr]    Compiling syn v2.0.48
[INFO] [stderr]    Compiling cc v1.0.83
[INFO] [stderr]     Checking hashbrown v0.12.3
[INFO] [stderr]    Compiling crossbeam-utils v0.8.19
[INFO] [stderr]    Compiling rustversion v1.0.14
[INFO] [stderr]     Checking smallvec v1.13.1
[INFO] [stderr]    Compiling paste v1.0.14
[INFO] [stderr]    Compiling target-lexicon v0.12.13
[INFO] [stderr]    Compiling corosensei v0.1.4
[INFO] [stderr]    Compiling generic-array v0.14.7
[INFO] [stderr]    Compiling serde_json v1.0.109
[INFO] [stderr]    Compiling backtrace v0.3.69
[INFO] [stderr]     Checking simdutf8 v0.1.4
[INFO] [stderr]    Compiling hashbrown v0.14.3
[INFO] [stderr]    Compiling once_cell v1.19.0
[INFO] [stderr]    Compiling num-integer v0.1.45
[INFO] [stderr]    Compiling lock_api v0.4.11
[INFO] [stderr]    Compiling parking_lot_core v0.9.9
[INFO] [stderr]     Checking seahash v4.1.0
[INFO] [stderr]     Checking adler v1.0.2
[INFO] [stderr]     Checking gimli v0.28.1
[INFO] [stderr]     Checking miniz_oxide v0.7.2
[INFO] [stderr]     Checking object v0.32.2
[INFO] [stderr]    Compiling semver v1.0.20
[INFO] [stderr]     Checking more-asserts v0.2.2
[INFO] [stderr]     Checking rustc-demangle v0.1.23
[INFO] [stderr]    Compiling camino v1.1.6
[INFO] [stderr]    Compiling slab v0.4.9
[INFO] [stderr]    Compiling lazy_static v1.4.0
[INFO] [stderr]    Compiling rayon-core v1.12.1
[INFO] [stderr]    Compiling cranelift-isle v0.91.1
[INFO] [stderr]    Compiling memoffset v0.9.0
[INFO] [stderr]    Compiling cranelift-codegen-shared v0.91.1
[INFO] [stderr]     Checking scopeguard v1.2.0
[INFO] [stderr]    Compiling equivalent v1.0.1
[INFO] [stderr]    Compiling indexmap v2.2.2
[INFO] [stderr]    Compiling darling_core v0.20.5
[INFO] [stderr]    Compiling cranelift-codegen-meta v0.91.1
[INFO] [stderr]    Compiling proc-macro-error-attr v1.0.4
[INFO] [stderr]    Compiling test-fuzz-internal v3.0.4
[INFO] [stderr]     Checking addr2line v0.21.0
[INFO] [stderr]    Compiling ryu v1.0.16
[INFO] [stderr]    Compiling heck v0.4.1
[INFO] [stderr]    Compiling itoa v1.0.10
[INFO] [stderr]     Checking pin-project-lite v0.2.13
[INFO] [stderr]    Compiling proc-macro-error v1.0.4
[INFO] [stderr]    Compiling ucd-trie v0.1.6
[INFO] [stderr]    Compiling serde_derive v1.0.166
[INFO] [stderr]    Compiling thiserror-impl v1.0.56
[INFO] [stderr]    Compiling tracing-attributes v0.1.27
[INFO] [stderr]    Compiling futures-macro v0.3.30
[INFO] [stderr]    Compiling darling_macro v0.20.5
[INFO] [stderr]    Compiling aho-corasick v1.1.2
[INFO] [stderr]    Compiling darling v0.20.5
[INFO] [stderr]    Compiling enumset_derive v0.8.1
[INFO] [stderr]    Compiling cranelift-codegen v0.91.1
[INFO] [stderr]     Checking bitflags v1.3.2
[INFO] [stderr]    Compiling regex-syntax v0.8.2
[INFO] [stderr]     Checking thiserror v1.0.56
[INFO] [stderr]    Compiling ptr_meta_derive v0.1.4
[INFO] [stderr]    Compiling bytecheck_derive v0.6.12
[INFO] [stderr]    Compiling rkyv_derive v0.7.44
[INFO] [stderr]    Compiling enum-iterator-derive v0.7.0
[INFO] [stderr]     Checking ptr_meta v0.1.4
[INFO] [stderr]     Checking enumset v1.1.3
[INFO] [stderr]    Compiling derivative v2.2.0
[INFO] [stderr]    Compiling strum_macros v0.24.3
[INFO] [stderr]     Checking enum-iterator v0.7.0
[INFO] [stderr]    Compiling pest v2.7.7
[INFO] [stderr]    Compiling semver-parser v0.10.2
[INFO] [stderr]    Compiling regex-automata v0.4.5
[INFO] [stderr]    Compiling loupe-derive v0.1.3
[INFO] [stderr]    Compiling darling_core v0.14.4
[INFO] [stderr]     Checking region v3.0.0
[INFO] [stderr]    Compiling typenum v1.17.0
[INFO] [stderr]     Checking leb128 v0.2.5
[INFO] [stderr]    Compiling test-fuzz-runtime v3.0.4
[INFO] [stderr]    Compiling convert_case v0.4.0
[INFO] [stderr]     Checking fallible-iterator v0.2.0
[INFO] [stderr]     Checking serde_bytes v0.11.14
[INFO] [stderr]     Checking stable_deref_trait v1.2.0
[INFO] [stderr]    Compiling byteorder v1.5.0
[INFO] [stderr]    Compiling same-file v1.0.6
[INFO] [stderr]     Checking loupe v0.1.3
[INFO] [stderr]     Checking gimli v0.26.2
[INFO] [stderr]    Compiling walkdir v2.4.0
[INFO] [stderr]    Compiling derive_more v0.99.17
[INFO] [stderr]    Compiling regex v1.10.3
[INFO] [stderr]    Compiling cargo-platform v0.1.3
[INFO] [stderr]    Compiling darling_macro v0.14.4
[INFO] [stderr]    Compiling cargo_metadata v0.15.4
[INFO] [stderr]    Compiling semver v0.11.0
[INFO] [stderr]    Compiling test-fuzz-macro v3.0.4
[INFO] [stderr]    Compiling home v0.5.9
[INFO] [stderr]    Compiling toolchain_find v0.2.0
[INFO] [stderr]    Compiling darling v0.14.4
[INFO] [stderr]     Checking wasmer-types v2.3.0
[INFO] [stderr]    Compiling unzip-n v0.1.2
[INFO] [stderr]     Checking crossbeam-epoch v0.9.18
[INFO] [stderr]    Compiling subprocess v0.2.9
[INFO] [stderr]     Checking tracing-core v0.1.32
[INFO] [stderr]     Checking memmap2 v0.5.10
[INFO] [stderr]    Compiling num-rational v0.4.1
[INFO] [stderr]    Compiling matrixmultiply v0.3.8
[INFO] [stderr]    Compiling wasmer-compiler-cranelift v4.2.4
[INFO] [stderr]     Checking wasmparser v0.83.0
[INFO] [stdout] error[E0277]: the trait bound `(std::string::String, std::string::String, u32): Archive` is not satisfied
[INFO] [stdout]    --> /opt/rustwide/cargo-home/registry/src/index.crates.io-6f17d22bba15001f/wasmer-types-2.3.0/src/module.rs:142:14
[INFO] [stdout]     |
[INFO] [stdout] 142 |     imports: ArchivableIndexMap<(String, String, u32), ImportIndex>,
[INFO] [stdout]     |              ^^^^^^^^^^^^^^^^^^^^^^^^^^^^^^^^^^^^^^^^^^^^^^^^^^^^^^ the trait `Archive` is not implemented for `(std::string::String, std::string::String, u32)`
[INFO] [stdout]     |
[INFO] [stdout]     = help: the trait `Archive` is implemented for `()`
[INFO] [stdout] note: required by a bound in `ArchivableIndexMap`
[INFO] [stdout]    --> /opt/rustwide/cargo-home/registry/src/index.crates.io-6f17d22bba15001f/wasmer-types-2.3.0/src/archives.rs:10:47
[INFO] [stdout]     |
[INFO] [stdout] 10  | pub struct ArchivableIndexMap<K: Hash + Ord + Archive, V: Archive> {
[INFO] [stdout]     |                                               ^^^^^^^ required by this bound in `ArchivableIndexMap`
[INFO] [stdout] 
[INFO] [stdout] 
[INFO] [stdout] error[E0277]: the trait bound `(std::string::String, std::string::String, u32): Archive` is not satisfied
[INFO] [stdout]    --> /opt/rustwide/cargo-home/registry/src/index.crates.io-6f17d22bba15001f/wasmer-types-2.3.0/src/module.rs:139:10
[INFO] [stdout]     |
[INFO] [stdout] 139 | #[derive(RkyvSerialize, RkyvDeserialize, Archive)]
[INFO] [stdout]     |          ^^^^^^^^^^^^^ the trait `Archive` is not implemented for `(std::string::String, std::string::String, u32)`, which is required by `ArchivableIndexMap<(std::string::String, std::string::String, u32), ImportIndex>: Archive`
[INFO] [stdout]     |
[INFO] [stdout]     = help: the trait `Archive` is implemented for `()`
[INFO] [stdout] note: required for `ArchivableIndexMap<(std::string::String, std::string::String, u32), ImportIndex>` to implement `Archive`
[INFO] [stdout]    --> /opt/rustwide/cargo-home/registry/src/index.crates.io-6f17d22bba15001f/wasmer-types-2.3.0/src/archives.rs:8:34
[INFO] [stdout]     |
[INFO] [stdout] 8   | #[derive(Serialize, Deserialize, Archive)]
[INFO] [stdout]     |                                  ^^^^^^^
[INFO] [stdout] 9   | /// Rkyv Archivable IndexMap
[INFO] [stdout] 10  | pub struct ArchivableIndexMap<K: Hash + Ord + Archive, V: Archive> {
[INFO] [stdout]     |            ^^^^^^^^^^^^^^^^^^^^^^^^^^^^^^^^^^^-------^^^^^^^^^^^^^
[INFO] [stdout]     |                                               |
[INFO] [stdout]     |                                               unsatisfied trait bound introduced in this `derive` macro
[INFO] [stdout]     = help: see issue #48214
[INFO] [stdout]     = help: add `#![feature(trivial_bounds)]` to the crate attributes to enable
[INFO] [stdout]     = note: this error originates in the derive macro `RkyvSerialize` which comes from the expansion of the derive macro `Archive` (in Nightly builds, run with -Z macro-backtrace for more info)
[INFO] [stdout] 
[INFO] [stdout] 
[INFO] [stdout] error[E0277]: the trait bound `(std::string::String, CustomSectionIndex): Archive` is not satisfied
[INFO] [stdout]    --> /opt/rustwide/cargo-home/registry/src/index.crates.io-6f17d22bba15001f/wasmer-types-2.3.0/src/module.rs:139:10
[INFO] [stdout]     |
[INFO] [stdout] 139 | #[derive(RkyvSerialize, RkyvDeserialize, Archive)]
[INFO] [stdout]     |          ^^^^^^^^^^^^^ the trait `Archive` is not implemented for `(std::string::String, CustomSectionIndex)`, which is required by `ArchivableIndexMap<std::string::String, CustomSectionIndex>: Archive`
[INFO] [stdout]     |
[INFO] [stdout]     = help: the trait `Archive` is implemented for `()`
[INFO] [stdout]     = note: required for `Vec<(std::string::String, CustomSectionIndex)>` to implement `Archive`
[INFO] [stdout]     = note: 1 redundant requirement hidden
[INFO] [stdout]     = note: required for `ArchivableIndexMap<std::string::String, CustomSectionIndex>` to implement `Archive`
[INFO] [stdout]     = help: see issue #48214
[INFO] [stdout]     = help: add `#![feature(trivial_bounds)]` to the crate attributes to enable
[INFO] [stdout]     = note: this error originates in the derive macro `RkyvSerialize` (in Nightly builds, run with -Z macro-backtrace for more info)
[INFO] [stdout] 
[INFO] [stdout] 
[INFO] [stdout] error[E0277]: the trait bound `(std::string::String, ExportIndex): Archive` is not satisfied
[INFO] [stdout]    --> /opt/rustwide/cargo-home/registry/src/index.crates.io-6f17d22bba15001f/wasmer-types-2.3.0/src/module.rs:139:10
[INFO] [stdout]     |
[INFO] [stdout] 139 | #[derive(RkyvSerialize, RkyvDeserialize, Archive)]
[INFO] [stdout]     |          ^^^^^^^^^^^^^ the trait `Archive` is not implemented for `(std::string::String, ExportIndex)`, which is required by `ArchivableIndexMap<std::string::String, ExportIndex>: Archive`
[INFO] [stdout]     |
[INFO] [stdout]     = help: the trait `Archive` is implemented for `()`
[INFO] [stdout]     = note: required for `Vec<(std::string::String, ExportIndex)>` to implement `Archive`
[INFO] [stdout]     = note: 1 redundant requirement hidden
[INFO] [stdout]     = note: required for `ArchivableIndexMap<std::string::String, ExportIndex>` to implement `Archive`
[INFO] [stdout]     = help: see issue #48214
[INFO] [stdout]     = help: add `#![feature(trivial_bounds)]` to the crate attributes to enable
[INFO] [stdout]     = note: this error originates in the derive macro `RkyvSerialize` (in Nightly builds, run with -Z macro-backtrace for more info)
[INFO] [stdout] 
[INFO] [stdout] 
[INFO] [stdout] error[E0277]: the trait bound `((std::string::String, std::string::String, u32), ImportIndex): Archive` is not satisfied
[INFO] [stdout]    --> /opt/rustwide/cargo-home/registry/src/index.crates.io-6f17d22bba15001f/wasmer-types-2.3.0/src/module.rs:139:10
[INFO] [stdout]     |
[INFO] [stdout] 139 | #[derive(RkyvSerialize, RkyvDeserialize, Archive)]
[INFO] [stdout]     |          ^^^^^^^^^^^^^ the trait `Archive` is not implemented for `((std::string::String, std::string::String, u32), ImportIndex)`, which is required by `ArchivableIndexMap<(std::string::String, std::string::String, u32), ImportIndex>: Archive`
[INFO] [stdout]     |
[INFO] [stdout]     = help: the trait `Archive` is implemented for `()`
[INFO] [stdout]     = note: required for `Vec<((std::string::String, std::string::String, u32), ImportIndex)>` to implement `Archive`
[INFO] [stdout]     = note: 1 redundant requirement hidden
[INFO] [stdout]     = note: required for `ArchivableIndexMap<(std::string::String, std::string::String, u32), ImportIndex>` to implement `Archive`
[INFO] [stdout]     = help: see issue #48214
[INFO] [stdout]     = help: add `#![feature(trivial_bounds)]` to the crate attributes to enable
[INFO] [stdout]     = note: this error originates in the derive macro `RkyvSerialize` (in Nightly builds, run with -Z macro-backtrace for more info)
[INFO] [stdout] 
[INFO] [stdout] 
[INFO] [stdout] error[E0277]: the trait bound `(std::string::String, std::string::String, u32): Archive` is not satisfied
[INFO] [stdout]    --> /opt/rustwide/cargo-home/registry/src/index.crates.io-6f17d22bba15001f/wasmer-types-2.3.0/src/module.rs:139:25
[INFO] [stdout]     |
[INFO] [stdout] 139 | #[derive(RkyvSerialize, RkyvDeserialize, Archive)]
[INFO] [stdout]     |                         ^^^^^^^^^^^^^^^ the trait `Archive` is not implemented for `(std::string::String, std::string::String, u32)`, which is required by `ArchivableIndexMap<(std::string::String, std::string::String, u32), ImportIndex>: Archive`
[INFO] [stdout]     |
[INFO] [stdout]     = help: the trait `Archive` is implemented for `()`
[INFO] [stdout] note: required for `ArchivableIndexMap<(std::string::String, std::string::String, u32), ImportIndex>` to implement `Archive`
[INFO] [stdout]    --> /opt/rustwide/cargo-home/registry/src/index.crates.io-6f17d22bba15001f/wasmer-types-2.3.0/src/archives.rs:8:34
[INFO] [stdout]     |
[INFO] [stdout] 8   | #[derive(Serialize, Deserialize, Archive)]
[INFO] [stdout]     |                                  ^^^^^^^
[INFO] [stdout] 9   | /// Rkyv Archivable IndexMap
[INFO] [stdout] 10  | pub struct ArchivableIndexMap<K: Hash + Ord + Archive, V: Archive> {
[INFO] [stdout]     |            ^^^^^^^^^^^^^^^^^^^^^^^^^^^^^^^^^^^-------^^^^^^^^^^^^^
[INFO] [stdout]     |                                               |
[INFO] [stdout]     |                                               unsatisfied trait bound introduced in this `derive` macro
[INFO] [stdout]     = help: see issue #48214
[INFO] [stdout]     = help: add `#![feature(trivial_bounds)]` to the crate attributes to enable
[INFO] [stdout]     = note: this error originates in the derive macro `RkyvDeserialize` which comes from the expansion of the derive macro `Archive` (in Nightly builds, run with -Z macro-backtrace for more info)
[INFO] [stdout] 
[INFO] [stdout] 
[INFO] [stdout] error[E0277]: the trait bound `(std::string::String, CustomSectionIndex): Archive` is not satisfied
[INFO] [stdout]    --> /opt/rustwide/cargo-home/registry/src/index.crates.io-6f17d22bba15001f/wasmer-types-2.3.0/src/module.rs:139:25
[INFO] [stdout]     |
[INFO] [stdout] 139 | #[derive(RkyvSerialize, RkyvDeserialize, Archive)]
[INFO] [stdout]     |                         ^^^^^^^^^^^^^^^ the trait `Archive` is not implemented for `(std::string::String, CustomSectionIndex)`, which is required by `ArchivableIndexMap<std::string::String, CustomSectionIndex>: Archive`
[INFO] [stdout]     |
[INFO] [stdout]     = help: the trait `Archive` is implemented for `()`
[INFO] [stdout]     = note: required for `Vec<(std::string::String, CustomSectionIndex)>` to implement `Archive`
[INFO] [stdout]     = note: 1 redundant requirement hidden
[INFO] [stdout]     = note: required for `ArchivableIndexMap<std::string::String, CustomSectionIndex>` to implement `Archive`
[INFO] [stdout]     = help: see issue #48214
[INFO] [stdout]     = help: add `#![feature(trivial_bounds)]` to the crate attributes to enable
[INFO] [stdout]     = note: this error originates in the derive macro `RkyvDeserialize` (in Nightly builds, run with -Z macro-backtrace for more info)
[INFO] [stdout] 
[INFO] [stdout] 
[INFO] [stdout] error[E0277]: the trait bound `(std::string::String, ExportIndex): Archive` is not satisfied
[INFO] [stdout]    --> /opt/rustwide/cargo-home/registry/src/index.crates.io-6f17d22bba15001f/wasmer-types-2.3.0/src/module.rs:139:25
[INFO] [stdout]     |
[INFO] [stdout] 139 | #[derive(RkyvSerialize, RkyvDeserialize, Archive)]
[INFO] [stdout]     |                         ^^^^^^^^^^^^^^^ the trait `Archive` is not implemented for `(std::string::String, ExportIndex)`, which is required by `ArchivableIndexMap<std::string::String, ExportIndex>: Archive`
[INFO] [stdout]     |
[INFO] [stdout]     = help: the trait `Archive` is implemented for `()`
[INFO] [stdout]     = note: required for `Vec<(std::string::String, ExportIndex)>` to implement `Archive`
[INFO] [stdout]     = note: 1 redundant requirement hidden
[INFO] [stdout]     = note: required for `ArchivableIndexMap<std::string::String, ExportIndex>` to implement `Archive`
[INFO] [stdout]     = help: see issue #48214
[INFO] [stdout]     = help: add `#![feature(trivial_bounds)]` to the crate attributes to enable
[INFO] [stdout]     = note: this error originates in the derive macro `RkyvDeserialize` (in Nightly builds, run with -Z macro-backtrace for more info)
[INFO] [stdout] 
[INFO] [stdout] 
[INFO] [stdout] error[E0277]: the trait bound `((std::string::String, std::string::String, u32), ImportIndex): Archive` is not satisfied
[INFO] [stdout]    --> /opt/rustwide/cargo-home/registry/src/index.crates.io-6f17d22bba15001f/wasmer-types-2.3.0/src/module.rs:139:25
[INFO] [stdout]     |
[INFO] [stdout] 139 | #[derive(RkyvSerialize, RkyvDeserialize, Archive)]
[INFO] [stdout]     |                         ^^^^^^^^^^^^^^^ the trait `Archive` is not implemented for `((std::string::String, std::string::String, u32), ImportIndex)`, which is required by `ArchivableIndexMap<(std::string::String, std::string::String, u32), ImportIndex>: Archive`
[INFO] [stdout]     |
[INFO] [stdout]     = help: the trait `Archive` is implemented for `()`
[INFO] [stdout]     = note: required for `Vec<((std::string::String, std::string::String, u32), ImportIndex)>` to implement `Archive`
[INFO] [stdout]     = note: 1 redundant requirement hidden
[INFO] [stdout]     = note: required for `ArchivableIndexMap<(std::string::String, std::string::String, u32), ImportIndex>` to implement `Archive`
[INFO] [stdout]     = help: see issue #48214
[INFO] [stdout]     = help: add `#![feature(trivial_bounds)]` to the crate attributes to enable
[INFO] [stdout]     = note: this error originates in the derive macro `RkyvDeserialize` (in Nightly builds, run with -Z macro-backtrace for more info)
[INFO] [stdout] 
[INFO] [stdout] 
[INFO] [stdout] error[E0277]: the trait bound `(std::string::String, std::string::String, u32): Archive` is not satisfied
[INFO] [stdout]    --> /opt/rustwide/cargo-home/registry/src/index.crates.io-6f17d22bba15001f/wasmer-types-2.3.0/src/module.rs:139:42
[INFO] [stdout]     |
[INFO] [stdout] 139 | #[derive(RkyvSerialize, RkyvDeserialize, Archive)]
[INFO] [stdout]     |                                          ^^^^^^^ the trait `Archive` is not implemented for `(std::string::String, std::string::String, u32)`, which is required by `ArchivableIndexMap<(std::string::String, std::string::String, u32), ImportIndex>: Archive`
[INFO] [stdout]     |
[INFO] [stdout]     = help: the trait `Archive` is implemented for `()`
[INFO] [stdout] note: required for `ArchivableIndexMap<(std::string::String, std::string::String, u32), ImportIndex>` to implement `Archive`
[INFO] [stdout]    --> /opt/rustwide/cargo-home/registry/src/index.crates.io-6f17d22bba15001f/wasmer-types-2.3.0/src/archives.rs:8:34
[INFO] [stdout]     |
[INFO] [stdout] 8   | #[derive(Serialize, Deserialize, Archive)]
[INFO] [stdout]     |                                  ^^^^^^^
[INFO] [stdout] 9   | /// Rkyv Archivable IndexMap
[INFO] [stdout] 10  | pub struct ArchivableIndexMap<K: Hash + Ord + Archive, V: Archive> {
[INFO] [stdout]     |            ^^^^^^^^^^^^^^^^^^^^^^^^^^^^^^^^^^^-------^^^^^^^^^^^^^
[INFO] [stdout]     |                                               |
[INFO] [stdout]     |                                               unsatisfied trait bound introduced in this `derive` macro
[INFO] [stdout]     = help: see issue #48214
[INFO] [stdout]     = help: add `#![feature(trivial_bounds)]` to the crate attributes to enable
[INFO] [stdout]     = note: this error originates in the derive macro `Archive` (in Nightly builds, run with -Z macro-backtrace for more info)
[INFO] [stdout] 
[INFO] [stdout] 
[INFO] [stdout] error[E0277]: the trait bound `(std::string::String, CustomSectionIndex): Archive` is not satisfied
[INFO] [stdout]    --> /opt/rustwide/cargo-home/registry/src/index.crates.io-6f17d22bba15001f/wasmer-types-2.3.0/src/module.rs:139:42
[INFO] [stdout]     |
[INFO] [stdout] 139 | #[derive(RkyvSerialize, RkyvDeserialize, Archive)]
[INFO] [stdout]     |                                          ^^^^^^^ the trait `Archive` is not implemented for `(std::string::String, CustomSectionIndex)`, which is required by `ArchivableIndexMap<std::string::String, CustomSectionIndex>: Archive`
[INFO] [stdout]     |
[INFO] [stdout]     = help: the trait `Archive` is implemented for `()`
[INFO] [stdout]     = note: required for `Vec<(std::string::String, CustomSectionIndex)>` to implement `Archive`
[INFO] [stdout]     = note: 1 redundant requirement hidden
[INFO] [stdout]     = note: required for `ArchivableIndexMap<std::string::String, CustomSectionIndex>` to implement `Archive`
[INFO] [stdout]     = help: see issue #48214
[INFO] [stdout]     = help: add `#![feature(trivial_bounds)]` to the crate attributes to enable
[INFO] [stdout]     = note: this error originates in the derive macro `Archive` (in Nightly builds, run with -Z macro-backtrace for more info)
[INFO] [stdout] 
[INFO] [stdout] 
[INFO] [stdout] error[E0277]: the trait bound `(std::string::String, ExportIndex): Archive` is not satisfied
[INFO] [stdout]    --> /opt/rustwide/cargo-home/registry/src/index.crates.io-6f17d22bba15001f/wasmer-types-2.3.0/src/module.rs:139:42
[INFO] [stdout]     |
[INFO] [stdout] 139 | #[derive(RkyvSerialize, RkyvDeserialize, Archive)]
[INFO] [stdout]     |                                          ^^^^^^^ the trait `Archive` is not implemented for `(std::string::String, ExportIndex)`, which is required by `ArchivableIndexMap<std::string::String, ExportIndex>: Archive`
[INFO] [stdout]     |
[INFO] [stdout]     = help: the trait `Archive` is implemented for `()`
[INFO] [stdout]     = note: required for `Vec<(std::string::String, ExportIndex)>` to implement `Archive`
[INFO] [stdout]     = note: 1 redundant requirement hidden
[INFO] [stdout]     = note: required for `ArchivableIndexMap<std::string::String, ExportIndex>` to implement `Archive`
[INFO] [stdout]     = help: see issue #48214
[INFO] [stdout]     = help: add `#![feature(trivial_bounds)]` to the crate attributes to enable
[INFO] [stdout]     = note: this error originates in the derive macro `Archive` (in Nightly builds, run with -Z macro-backtrace for more info)
[INFO] [stdout] 
[INFO] [stdout] 
[INFO] [stdout] error[E0277]: the trait bound `((std::string::String, std::string::String, u32), ImportIndex): Archive` is not satisfied
[INFO] [stdout]    --> /opt/rustwide/cargo-home/registry/src/index.crates.io-6f17d22bba15001f/wasmer-types-2.3.0/src/module.rs:139:42
[INFO] [stdout]     |
[INFO] [stdout] 139 | #[derive(RkyvSerialize, RkyvDeserialize, Archive)]
[INFO] [stdout]     |                                          ^^^^^^^ the trait `Archive` is not implemented for `((std::string::String, std::string::String, u32), ImportIndex)`, which is required by `ArchivableIndexMap<(std::string::String, std::string::String, u32), ImportIndex>: Archive`
[INFO] [stdout]     |
[INFO] [stdout]     = help: the trait `Archive` is implemented for `()`
[INFO] [stdout]     = note: required for `Vec<((std::string::String, std::string::String, u32), ImportIndex)>` to implement `Archive`
[INFO] [stdout]     = note: 1 redundant requirement hidden
[INFO] [stdout]     = note: required for `ArchivableIndexMap<(std::string::String, std::string::String, u32), ImportIndex>` to implement `Archive`
[INFO] [stdout]     = help: see issue #48214
[INFO] [stdout]     = help: add `#![feature(trivial_bounds)]` to the crate attributes to enable
[INFO] [stdout]     = note: this error originates in the derive macro `Archive` (in Nightly builds, run with -Z macro-backtrace for more info)
[INFO] [stdout] 
[INFO] [stdout] 
[INFO] [stdout] error[E0277]: the trait bound `(std::string::String, std::string::String, u32): Archive` is not satisfied
[INFO] [stdout]    --> /opt/rustwide/cargo-home/registry/src/index.crates.io-6f17d22bba15001f/wasmer-types-2.3.0/src/module.rs:229:21
[INFO] [stdout]     |
[INFO] [stdout] 229 |     type Archived = <ArchivableModuleInfo as Archive>::Archived;
[INFO] [stdout]     |                     ^^^^^^^^^^^^^^^^^^^^^^^^^^^^^^^^^^^^^^^^^^^ the trait `Archive` is not implemented for `(std::string::String, std::string::String, u32)`, which is required by `ArchivableModuleInfo: Archive`
[INFO] [stdout]     |
[INFO] [stdout]     = help: the trait `Archive` is implemented for `()`
[INFO] [stdout] note: required for `ArchivableIndexMap<(std::string::String, std::string::String, u32), ImportIndex>` to implement `Archive`
[INFO] [stdout]    --> /opt/rustwide/cargo-home/registry/src/index.crates.io-6f17d22bba15001f/wasmer-types-2.3.0/src/archives.rs:8:34
[INFO] [stdout]     |
[INFO] [stdout] 8   | #[derive(Serialize, Deserialize, Archive)]
[INFO] [stdout]     |                                  ^^^^^^^
[INFO] [stdout] 9   | /// Rkyv Archivable IndexMap
[INFO] [stdout] 10  | pub struct ArchivableIndexMap<K: Hash + Ord + Archive, V: Archive> {
[INFO] [stdout]     |            ^^^^^^^^^^^^^^^^^^^^^^^^^^^^^^^^^^^-------^^^^^^^^^^^^^
[INFO] [stdout]     |                                               |
[INFO] [stdout]     |                                               unsatisfied trait bound introduced in this `derive` macro
[INFO] [stdout]     = note: 1 redundant requirement hidden
[INFO] [stdout]     = note: required for `ArchivableModuleInfo` to implement `Archive`
[INFO] [stdout]     = note: this error originates in the derive macro `Archive` (in Nightly builds, run with -Z macro-backtrace for more info)
[INFO] [stdout] 
[INFO] [stdout] 
[INFO] [stdout] error[E0277]: the trait bound `((std::string::String, std::string::String, u32), ImportIndex): Archive` is not satisfied
[INFO] [stdout]    --> /opt/rustwide/cargo-home/registry/src/index.crates.io-6f17d22bba15001f/wasmer-types-2.3.0/src/module.rs:229:21
[INFO] [stdout]     |
[INFO] [stdout] 229 |     type Archived = <ArchivableModuleInfo as Archive>::Archived;
[INFO] [stdout]     |                     ^^^^^^^^^^^^^^^^^^^^^^^^^^^^^^^^^^^^^^^^^^^ the trait `Archive` is not implemented for `((std::string::String, std::string::String, u32), ImportIndex)`, which is required by `ArchivableModuleInfo: Archive`
[INFO] [stdout]     |
[INFO] [stdout]     = help: the trait `Archive` is implemented for `()`
[INFO] [stdout]     = note: required for `Vec<((std::string::String, std::string::String, u32), ImportIndex)>` to implement `Archive`
[INFO] [stdout]     = note: 2 redundant requirements hidden
[INFO] [stdout]     = note: required for `ArchivableModuleInfo` to implement `Archive`
[INFO] [stdout] 
[INFO] [stdout] 
[INFO] [stdout] error[E0277]: the trait bound `(std::string::String, ExportIndex): Archive` is not satisfied
[INFO] [stdout]    --> /opt/rustwide/cargo-home/registry/src/index.crates.io-6f17d22bba15001f/wasmer-types-2.3.0/src/module.rs:229:21
[INFO] [stdout]     |
[INFO] [stdout] 229 |     type Archived = <ArchivableModuleInfo as Archive>::Archived;
[INFO] [stdout]     |                     ^^^^^^^^^^^^^^^^^^^^^^^^^^^^^^^^^^^^^^^^^^^ the trait `Archive` is not implemented for `(std::string::String, ExportIndex)`, which is required by `ArchivableModuleInfo: Archive`
[INFO] [stdout]     |
[INFO] [stdout]     = help: the trait `Archive` is implemented for `()`
[INFO] [stdout]     = note: required for `Vec<(std::string::String, ExportIndex)>` to implement `Archive`
[INFO] [stdout]     = note: 2 redundant requirements hidden
[INFO] [stdout]     = note: required for `ArchivableModuleInfo` to implement `Archive`
[INFO] [stdout] 
[INFO] [stdout] 
[INFO] [stdout] error[E0277]: the trait bound `(std::string::String, CustomSectionIndex): Archive` is not satisfied
[INFO] [stdout]    --> /opt/rustwide/cargo-home/registry/src/index.crates.io-6f17d22bba15001f/wasmer-types-2.3.0/src/module.rs:229:21
[INFO] [stdout]     |
[INFO] [stdout] 229 |     type Archived = <ArchivableModuleInfo as Archive>::Archived;
[INFO] [stdout]     |                     ^^^^^^^^^^^^^^^^^^^^^^^^^^^^^^^^^^^^^^^^^^^ the trait `Archive` is not implemented for `(std::string::String, CustomSectionIndex)`, which is required by `ArchivableModuleInfo: Archive`
[INFO] [stdout]     |
[INFO] [stdout]     = help: the trait `Archive` is implemented for `()`
[INFO] [stdout]     = note: required for `Vec<(std::string::String, CustomSectionIndex)>` to implement `Archive`
[INFO] [stdout]     = note: 2 redundant requirements hidden
[INFO] [stdout]     = note: required for `ArchivableModuleInfo` to implement `Archive`
[INFO] [stdout] 
[INFO] [stdout] 
[INFO] [stdout] error[E0277]: the trait bound `(std::string::String, std::string::String, u32): Archive` is not satisfied
[INFO] [stdout]    --> /opt/rustwide/cargo-home/registry/src/index.crates.io-6f17d22bba15001f/wasmer-types-2.3.0/src/module.rs:230:21
[INFO] [stdout]     |
[INFO] [stdout] 230 |     type Resolver = <ArchivableModuleInfo as Archive>::Resolver;
[INFO] [stdout]     |                     ^^^^^^^^^^^^^^^^^^^^^^^^^^^^^^^^^^^^^^^^^^^ the trait `Archive` is not implemented for `(std::string::String, std::string::String, u32)`, which is required by `ArchivableModuleInfo: Archive`
[INFO] [stdout]     |
[INFO] [stdout]     = help: the trait `Archive` is implemented for `()`
[INFO] [stdout] note: required for `ArchivableIndexMap<(std::string::String, std::string::String, u32), ImportIndex>` to implement `Archive`
[INFO] [stdout]    --> /opt/rustwide/cargo-home/registry/src/index.crates.io-6f17d22bba15001f/wasmer-types-2.3.0/src/archives.rs:8:34
[INFO] [stdout]     |
[INFO] [stdout] 8   | #[derive(Serialize, Deserialize, Archive)]
[INFO] [stdout]     |                                  ^^^^^^^
[INFO] [stdout] 9   | /// Rkyv Archivable IndexMap
[INFO] [stdout] 10  | pub struct ArchivableIndexMap<K: Hash + Ord + Archive, V: Archive> {
[INFO] [stdout]     |            ^^^^^^^^^^^^^^^^^^^^^^^^^^^^^^^^^^^-------^^^^^^^^^^^^^
[INFO] [stdout]     |                                               |
[INFO] [stdout]     |                                               unsatisfied trait bound introduced in this `derive` macro
[INFO] [stdout]     = note: 1 redundant requirement hidden
[INFO] [stdout]     = note: required for `ArchivableModuleInfo` to implement `Archive`
[INFO] [stdout]     = note: this error originates in the derive macro `Archive` (in Nightly builds, run with -Z macro-backtrace for more info)
[INFO] [stdout] 
[INFO] [stdout] 
[INFO] [stdout] error[E0277]: the trait bound `((std::string::String, std::string::String, u32), ImportIndex): Archive` is not satisfied
[INFO] [stdout]    --> /opt/rustwide/cargo-home/registry/src/index.crates.io-6f17d22bba15001f/wasmer-types-2.3.0/src/module.rs:230:21
[INFO] [stdout]     |
[INFO] [stdout] 230 |     type Resolver = <ArchivableModuleInfo as Archive>::Resolver;
[INFO] [stdout]     |                     ^^^^^^^^^^^^^^^^^^^^^^^^^^^^^^^^^^^^^^^^^^^ the trait `Archive` is not implemented for `((std::string::String, std::string::String, u32), ImportIndex)`, which is required by `ArchivableModuleInfo: Archive`
[INFO] [stdout]     |
[INFO] [stdout]     = help: the trait `Archive` is implemented for `()`
[INFO] [stdout]     = note: required for `Vec<((std::string::String, std::string::String, u32), ImportIndex)>` to implement `Archive`
[INFO] [stdout]     = note: 2 redundant requirements hidden
[INFO] [stdout]     = note: required for `ArchivableModuleInfo` to implement `Archive`
[INFO] [stdout] 
[INFO] [stdout] 
[INFO] [stdout] error[E0277]: the trait bound `(std::string::String, ExportIndex): Archive` is not satisfied
[INFO] [stdout]    --> /opt/rustwide/cargo-home/registry/src/index.crates.io-6f17d22bba15001f/wasmer-types-2.3.0/src/module.rs:230:21
[INFO] [stdout]     |
[INFO] [stdout] 230 |     type Resolver = <ArchivableModuleInfo as Archive>::Resolver;
[INFO] [stdout]     |                     ^^^^^^^^^^^^^^^^^^^^^^^^^^^^^^^^^^^^^^^^^^^ the trait `Archive` is not implemented for `(std::string::String, ExportIndex)`, which is required by `ArchivableModuleInfo: Archive`
[INFO] [stdout]     |
[INFO] [stdout]     = help: the trait `Archive` is implemented for `()`
[INFO] [stdout]     = note: required for `Vec<(std::string::String, ExportIndex)>` to implement `Archive`
[INFO] [stdout]     = note: 2 redundant requirements hidden
[INFO] [stdout]     = note: required for `ArchivableModuleInfo` to implement `Archive`
[INFO] [stdout] 
[INFO] [stdout] 
[INFO] [stdout] error[E0277]: the trait bound `(std::string::String, CustomSectionIndex): Archive` is not satisfied
[INFO] [stdout]    --> /opt/rustwide/cargo-home/registry/src/index.crates.io-6f17d22bba15001f/wasmer-types-2.3.0/src/module.rs:230:21
[INFO] [stdout]     |
[INFO] [stdout] 230 |     type Resolver = <ArchivableModuleInfo as Archive>::Resolver;
[INFO] [stdout]     |                     ^^^^^^^^^^^^^^^^^^^^^^^^^^^^^^^^^^^^^^^^^^^ the trait `Archive` is not implemented for `(std::string::String, CustomSectionIndex)`, which is required by `ArchivableModuleInfo: Archive`
[INFO] [stdout]     |
[INFO] [stdout]     = help: the trait `Archive` is implemented for `()`
[INFO] [stdout]     = note: required for `Vec<(std::string::String, CustomSectionIndex)>` to implement `Archive`
[INFO] [stdout]     = note: 2 redundant requirements hidden
[INFO] [stdout]     = note: required for `ArchivableModuleInfo` to implement `Archive`
[INFO] [stdout] 
[INFO] [stdout] 
[INFO] [stdout] error[E0277]: the trait bound `(std::string::String, std::string::String, u32): Archive` is not satisfied
[INFO] [stdout]    --> /opt/rustwide/cargo-home/registry/src/index.crates.io-6f17d22bba15001f/wasmer-types-2.3.0/src/module.rs:232:5
[INFO] [stdout]     |
[INFO] [stdout] 232 |     unsafe fn resolve(&self, pos: usize, resolver: Self::Resolver, out: *mut Self::Archived) {
[INFO] [stdout]     |     ^^^^^^^^^^^^^^^^^^^^^^^^^^^^^^^^^^^^^^^^^^^^^^^^^^^^^^^^^^^^^^^^^^^^^^^^^^^^^^^^^^^^^^^^ the trait `Archive` is not implemented for `(std::string::String, std::string::String, u32)`, which is required by `ArchivableModuleInfo: Archive`
[INFO] [stdout]     |
[INFO] [stdout]     = help: the trait `Archive` is implemented for `()`
[INFO] [stdout] note: required for `ArchivableIndexMap<(std::string::String, std::string::String, u32), ImportIndex>` to implement `Archive`
[INFO] [stdout]    --> /opt/rustwide/cargo-home/registry/src/index.crates.io-6f17d22bba15001f/wasmer-types-2.3.0/src/archives.rs:8:34
[INFO] [stdout]     |
[INFO] [stdout] 8   | #[derive(Serialize, Deserialize, Archive)]
[INFO] [stdout]     |                                  ^^^^^^^
[INFO] [stdout] 9   | /// Rkyv Archivable IndexMap
[INFO] [stdout] 10  | pub struct ArchivableIndexMap<K: Hash + Ord + Archive, V: Archive> {
[INFO] [stdout]     |            ^^^^^^^^^^^^^^^^^^^^^^^^^^^^^^^^^^^-------^^^^^^^^^^^^^
[INFO] [stdout]     |                                               |
[INFO] [stdout]     |                                               unsatisfied trait bound introduced in this `derive` macro
[INFO] [stdout]     = note: 1 redundant requirement hidden
[INFO] [stdout]     = note: required for `ArchivableModuleInfo` to implement `Archive`
[INFO] [stdout]     = note: this error originates in the derive macro `Archive` (in Nightly builds, run with -Z macro-backtrace for more info)
[INFO] [stdout] 
[INFO] [stdout] 
[INFO] [stdout] error[E0277]: the trait bound `((std::string::String, std::string::String, u32), ImportIndex): Archive` is not satisfied
[INFO] [stdout]    --> /opt/rustwide/cargo-home/registry/src/index.crates.io-6f17d22bba15001f/wasmer-types-2.3.0/src/module.rs:232:5
[INFO] [stdout]     |
[INFO] [stdout] 232 |     unsafe fn resolve(&self, pos: usize, resolver: Self::Resolver, out: *mut Self::Archived) {
[INFO] [stdout]     |     ^^^^^^^^^^^^^^^^^^^^^^^^^^^^^^^^^^^^^^^^^^^^^^^^^^^^^^^^^^^^^^^^^^^^^^^^^^^^^^^^^^^^^^^^ the trait `Archive` is not implemented for `((std::string::String, std::string::String, u32), ImportIndex)`, which is required by `ArchivableModuleInfo: Archive`
[INFO] [stdout]     |
[INFO] [stdout]     = help: the trait `Archive` is implemented for `()`
[INFO] [stdout]     = note: required for `Vec<((std::string::String, std::string::String, u32), ImportIndex)>` to implement `Archive`
[INFO] [stdout]     = note: 2 redundant requirements hidden
[INFO] [stdout]     = note: required for `ArchivableModuleInfo` to implement `Archive`
[INFO] [stdout] 
[INFO] [stdout] 
[INFO] [stdout] error[E0277]: the trait bound `(std::string::String, ExportIndex): Archive` is not satisfied
[INFO] [stdout]    --> /opt/rustwide/cargo-home/registry/src/index.crates.io-6f17d22bba15001f/wasmer-types-2.3.0/src/module.rs:232:5
[INFO] [stdout]     |
[INFO] [stdout] 232 |     unsafe fn resolve(&self, pos: usize, resolver: Self::Resolver, out: *mut Self::Archived) {
[INFO] [stdout]     |     ^^^^^^^^^^^^^^^^^^^^^^^^^^^^^^^^^^^^^^^^^^^^^^^^^^^^^^^^^^^^^^^^^^^^^^^^^^^^^^^^^^^^^^^^ the trait `Archive` is not implemented for `(std::string::String, ExportIndex)`, which is required by `ArchivableModuleInfo: Archive`
[INFO] [stdout]     |
[INFO] [stdout]     = help: the trait `Archive` is implemented for `()`
[INFO] [stdout]     = note: required for `Vec<(std::string::String, ExportIndex)>` to implement `Archive`
[INFO] [stdout]     = note: 2 redundant requirements hidden
[INFO] [stdout]     = note: required for `ArchivableModuleInfo` to implement `Archive`
[INFO] [stdout] 
[INFO] [stdout] 
[INFO] [stdout] error[E0277]: the trait bound `(std::string::String, CustomSectionIndex): Archive` is not satisfied
[INFO] [stdout]    --> /opt/rustwide/cargo-home/registry/src/index.crates.io-6f17d22bba15001f/wasmer-types-2.3.0/src/module.rs:232:5
[INFO] [stdout]     |
[INFO] [stdout] 232 |     unsafe fn resolve(&self, pos: usize, resolver: Self::Resolver, out: *mut Self::Archived) {
[INFO] [stdout]     |     ^^^^^^^^^^^^^^^^^^^^^^^^^^^^^^^^^^^^^^^^^^^^^^^^^^^^^^^^^^^^^^^^^^^^^^^^^^^^^^^^^^^^^^^^ the trait `Archive` is not implemented for `(std::string::String, CustomSectionIndex)`, which is required by `ArchivableModuleInfo: Archive`
[INFO] [stdout]     |
[INFO] [stdout]     = help: the trait `Archive` is implemented for `()`
[INFO] [stdout]     = note: required for `Vec<(std::string::String, CustomSectionIndex)>` to implement `Archive`
[INFO] [stdout]     = note: 2 redundant requirements hidden
[INFO] [stdout]     = note: required for `ArchivableModuleInfo` to implement `Archive`
[INFO] [stdout] 
[INFO] [stdout] 
[INFO] [stdout] error[E0277]: the trait bound `(std::string::String, std::string::String, u32): Archive` is not satisfied
[INFO] [stdout]    --> /opt/rustwide/cargo-home/registry/src/index.crates.io-6f17d22bba15001f/wasmer-types-2.3.0/src/module.rs:241:5
[INFO] [stdout]     |
[INFO] [stdout] 241 |     fn serialize(&self, serializer: &mut S) -> Result<Self::Resolver, S::Error> {
[INFO] [stdout]     |     ^^^^^^^^^^^^^^^^^^^^^^^^^^^^^^^^^^^^^^^^^^^^^^^^^^^^^^^^^^^^^^^^^^^^^^^^^^^ the trait `Archive` is not implemented for `(std::string::String, std::string::String, u32)`, which is required by `ArchivableModuleInfo: Archive`
[INFO] [stdout]     |
[INFO] [stdout]     = help: the trait `Archive` is implemented for `()`
[INFO] [stdout] note: required for `ArchivableIndexMap<(std::string::String, std::string::String, u32), ImportIndex>` to implement `Archive`
[INFO] [stdout]    --> /opt/rustwide/cargo-home/registry/src/index.crates.io-6f17d22bba15001f/wasmer-types-2.3.0/src/archives.rs:8:34
[INFO] [stdout]     |
[INFO] [stdout] 8   | #[derive(Serialize, Deserialize, Archive)]
[INFO] [stdout]     |                                  ^^^^^^^
[INFO] [stdout] 9   | /// Rkyv Archivable IndexMap
[INFO] [stdout] 10  | pub struct ArchivableIndexMap<K: Hash + Ord + Archive, V: Archive> {
[INFO] [stdout]     |            ^^^^^^^^^^^^^^^^^^^^^^^^^^^^^^^^^^^-------^^^^^^^^^^^^^
[INFO] [stdout]     |                                               |
[INFO] [stdout]     |                                               unsatisfied trait bound introduced in this `derive` macro
[INFO] [stdout]     = note: 1 redundant requirement hidden
[INFO] [stdout]     = note: required for `ArchivableModuleInfo` to implement `Archive`
[INFO] [stdout]     = note: this error originates in the derive macro `Archive` (in Nightly builds, run with -Z macro-backtrace for more info)
[INFO] [stdout] 
[INFO] [stdout] 
[INFO] [stdout] error[E0277]: the trait bound `((std::string::String, std::string::String, u32), ImportIndex): Archive` is not satisfied
[INFO] [stdout]    --> /opt/rustwide/cargo-home/registry/src/index.crates.io-6f17d22bba15001f/wasmer-types-2.3.0/src/module.rs:241:5
[INFO] [stdout]     |
[INFO] [stdout] 241 |     fn serialize(&self, serializer: &mut S) -> Result<Self::Resolver, S::Error> {
[INFO] [stdout]     |     ^^^^^^^^^^^^^^^^^^^^^^^^^^^^^^^^^^^^^^^^^^^^^^^^^^^^^^^^^^^^^^^^^^^^^^^^^^^ the trait `Archive` is not implemented for `((std::string::String, std::string::String, u32), ImportIndex)`, which is required by `ArchivableModuleInfo: Archive`
[INFO] [stdout]     |
[INFO] [stdout]     = help: the trait `Archive` is implemented for `()`
[INFO] [stdout]     = note: required for `Vec<((std::string::String, std::string::String, u32), ImportIndex)>` to implement `Archive`
[INFO] [stdout]     = note: 2 redundant requirements hidden
[INFO] [stdout]     = note: required for `ArchivableModuleInfo` to implement `Archive`
[INFO] [stdout] 
[INFO] [stdout] 
[INFO] [stdout] error[E0277]: the trait bound `(std::string::String, ExportIndex): Archive` is not satisfied
[INFO] [stdout]    --> /opt/rustwide/cargo-home/registry/src/index.crates.io-6f17d22bba15001f/wasmer-types-2.3.0/src/module.rs:241:5
[INFO] [stdout]     |
[INFO] [stdout] 241 |     fn serialize(&self, serializer: &mut S) -> Result<Self::Resolver, S::Error> {
[INFO] [stdout]     |     ^^^^^^^^^^^^^^^^^^^^^^^^^^^^^^^^^^^^^^^^^^^^^^^^^^^^^^^^^^^^^^^^^^^^^^^^^^^ the trait `Archive` is not implemented for `(std::string::String, ExportIndex)`, which is required by `ArchivableModuleInfo: Archive`
[INFO] [stdout]     |
[INFO] [stdout]     = help: the trait `Archive` is implemented for `()`
[INFO] [stdout]     = note: required for `Vec<(std::string::String, ExportIndex)>` to implement `Archive`
[INFO] [stdout]     = note: 2 redundant requirements hidden
[INFO] [stdout]     = note: required for `ArchivableModuleInfo` to implement `Archive`
[INFO] [stdout] 
[INFO] [stdout] 
[INFO] [stdout] error[E0277]: the trait bound `(std::string::String, CustomSectionIndex): Archive` is not satisfied
[INFO] [stdout]    --> /opt/rustwide/cargo-home/registry/src/index.crates.io-6f17d22bba15001f/wasmer-types-2.3.0/src/module.rs:241:5
[INFO] [stdout]     |
[INFO] [stdout] 241 |     fn serialize(&self, serializer: &mut S) -> Result<Self::Resolver, S::Error> {
[INFO] [stdout]     |     ^^^^^^^^^^^^^^^^^^^^^^^^^^^^^^^^^^^^^^^^^^^^^^^^^^^^^^^^^^^^^^^^^^^^^^^^^^^ the trait `Archive` is not implemented for `(std::string::String, CustomSectionIndex)`, which is required by `ArchivableModuleInfo: Archive`
[INFO] [stdout]     |
[INFO] [stdout]     = help: the trait `Archive` is implemented for `()`
[INFO] [stdout]     = note: required for `Vec<(std::string::String, CustomSectionIndex)>` to implement `Archive`
[INFO] [stdout]     = note: 2 redundant requirements hidden
[INFO] [stdout]     = note: required for `ArchivableModuleInfo` to implement `Archive`
[INFO] [stdout] 
[INFO] [stdout] 
[INFO] [stdout] error[E0277]: the trait bound `(std::string::String, std::string::String, u32): Archive` is not satisfied
[INFO] [stdout]    --> /opt/rustwide/cargo-home/registry/src/index.crates.io-6f17d22bba15001f/wasmer-types-2.3.0/src/module.rs:247:56
[INFO] [stdout]     |
[INFO] [stdout] 247 | impl<D: Fallible + ?Sized + SharedDeserializeRegistry> RkyvDeserialize<ModuleInfo, D>
[INFO] [stdout]     |                                                        ^^^^^^^^^^^^^^^^^^^^^^^^^^^^^^ the trait `Archive` is not implemented for `(std::string::String, std::string::String, u32)`, which is required by `ArchivableModuleInfo: Archive`
[INFO] [stdout]     |
[INFO] [stdout]     = help: the trait `Archive` is implemented for `()`
[INFO] [stdout] note: required for `ArchivableIndexMap<(std::string::String, std::string::String, u32), ImportIndex>` to implement `Archive`
[INFO] [stdout]    --> /opt/rustwide/cargo-home/registry/src/index.crates.io-6f17d22bba15001f/wasmer-types-2.3.0/src/archives.rs:8:34
[INFO] [stdout]     |
[INFO] [stdout] 8   | #[derive(Serialize, Deserialize, Archive)]
[INFO] [stdout]     |                                  ^^^^^^^
[INFO] [stdout] 9   | /// Rkyv Archivable IndexMap
[INFO] [stdout] 10  | pub struct ArchivableIndexMap<K: Hash + Ord + Archive, V: Archive> {
[INFO] [stdout]     |            ^^^^^^^^^^^^^^^^^^^^^^^^^^^^^^^^^^^-------^^^^^^^^^^^^^
[INFO] [stdout]     |                                               |
[INFO] [stdout]     |                                               unsatisfied trait bound introduced in this `derive` macro
[INFO] [stdout]     = note: 1 redundant requirement hidden
[INFO] [stdout]     = note: required for `ArchivableModuleInfo` to implement `Archive`
[INFO] [stdout]     = note: this error originates in the derive macro `Archive` (in Nightly builds, run with -Z macro-backtrace for more info)
[INFO] [stdout] 
[INFO] [stdout] 
[INFO] [stdout] error[E0277]: the trait bound `((std::string::String, std::string::String, u32), ImportIndex): Archive` is not satisfied
[INFO] [stdout]    --> /opt/rustwide/cargo-home/registry/src/index.crates.io-6f17d22bba15001f/wasmer-types-2.3.0/src/module.rs:247:56
[INFO] [stdout]     |
[INFO] [stdout] 247 | impl<D: Fallible + ?Sized + SharedDeserializeRegistry> RkyvDeserialize<ModuleInfo, D>
[INFO] [stdout]     |                                                        ^^^^^^^^^^^^^^^^^^^^^^^^^^^^^^ the trait `Archive` is not implemented for `((std::string::String, std::string::String, u32), ImportIndex)`, which is required by `ArchivableModuleInfo: Archive`
[INFO] [stdout]     |
[INFO] [stdout]     = help: the trait `Archive` is implemented for `()`
[INFO] [stdout]     = note: required for `Vec<((std::string::String, std::string::String, u32), ImportIndex)>` to implement `Archive`
[INFO] [stdout]     = note: 2 redundant requirements hidden
[INFO] [stdout]     = note: required for `ArchivableModuleInfo` to implement `Archive`
[INFO] [stdout] 
[INFO] [stdout] 
[INFO] [stdout] error[E0277]: the trait bound `(std::string::String, ExportIndex): Archive` is not satisfied
[INFO] [stdout]    --> /opt/rustwide/cargo-home/registry/src/index.crates.io-6f17d22bba15001f/wasmer-types-2.3.0/src/module.rs:247:56
[INFO] [stdout]     |
[INFO] [stdout] 247 | impl<D: Fallible + ?Sized + SharedDeserializeRegistry> RkyvDeserialize<ModuleInfo, D>
[INFO] [stdout]     |                                                        ^^^^^^^^^^^^^^^^^^^^^^^^^^^^^^ the trait `Archive` is not implemented for `(std::string::String, ExportIndex)`, which is required by `ArchivableModuleInfo: Archive`
[INFO] [stdout]     |
[INFO] [stdout]     = help: the trait `Archive` is implemented for `()`
[INFO] [stdout]     = note: required for `Vec<(std::string::String, ExportIndex)>` to implement `Archive`
[INFO] [stdout]     = note: 2 redundant requirements hidden
[INFO] [stdout]     = note: required for `ArchivableModuleInfo` to implement `Archive`
[INFO] [stdout] 
[INFO] [stdout] 
[INFO] [stdout] error[E0277]: the trait bound `(std::string::String, CustomSectionIndex): Archive` is not satisfied
[INFO] [stdout]    --> /opt/rustwide/cargo-home/registry/src/index.crates.io-6f17d22bba15001f/wasmer-types-2.3.0/src/module.rs:247:56
[INFO] [stdout]     |
[INFO] [stdout] 247 | impl<D: Fallible + ?Sized + SharedDeserializeRegistry> RkyvDeserialize<ModuleInfo, D>
[INFO] [stdout]     |                                                        ^^^^^^^^^^^^^^^^^^^^^^^^^^^^^^ the trait `Archive` is not implemented for `(std::string::String, CustomSectionIndex)`, which is required by `ArchivableModuleInfo: Archive`
[INFO] [stdout]     |
[INFO] [stdout]     = help: the trait `Archive` is implemented for `()`
[INFO] [stdout]     = note: required for `Vec<(std::string::String, CustomSectionIndex)>` to implement `Archive`
[INFO] [stdout]     = note: 2 redundant requirements hidden
[INFO] [stdout]     = note: required for `ArchivableModuleInfo` to implement `Archive`
[INFO] [stdout] 
[INFO] [stdout] 
[INFO] [stdout] error[E0277]: the trait bound `(std::string::String, std::string::String, u32): Archive` is not satisfied
[INFO] [stdout]    --> /opt/rustwide/cargo-home/registry/src/index.crates.io-6f17d22bba15001f/wasmer-types-2.3.0/src/module.rs:250:5
[INFO] [stdout]     |
[INFO] [stdout] 250 |     fn deserialize(&self, deserializer: &mut D) -> Result<ModuleInfo, D::Error> {
[INFO] [stdout]     |     ^^^^^^^^^^^^^^^^^^^^^^^^^^^^^^^^^^^^^^^^^^^^^^^^^^^^^^^^^^^^^^^^^^^^^^^^^^^ the trait `Archive` is not implemented for `(std::string::String, std::string::String, u32)`, which is required by `ArchivableModuleInfo: Archive`
[INFO] [stdout]     |
[INFO] [stdout]     = help: the trait `Archive` is implemented for `()`
[INFO] [stdout] note: required for `ArchivableIndexMap<(std::string::String, std::string::String, u32), ImportIndex>` to implement `Archive`
[INFO] [stdout]    --> /opt/rustwide/cargo-home/registry/src/index.crates.io-6f17d22bba15001f/wasmer-types-2.3.0/src/archives.rs:8:34
[INFO] [stdout]     |
[INFO] [stdout] 8   | #[derive(Serialize, Deserialize, Archive)]
[INFO] [stdout]     |                                  ^^^^^^^
[INFO] [stdout] 9   | /// Rkyv Archivable IndexMap
[INFO] [stdout] 10  | pub struct ArchivableIndexMap<K: Hash + Ord + Archive, V: Archive> {
[INFO] [stdout]     |            ^^^^^^^^^^^^^^^^^^^^^^^^^^^^^^^^^^^-------^^^^^^^^^^^^^
[INFO] [stdout]     |                                               |
[INFO] [stdout]     |                                               unsatisfied trait bound introduced in this `derive` macro
[INFO] [stdout]     = note: 1 redundant requirement hidden
[INFO] [stdout]     = note: required for `ArchivableModuleInfo` to implement `Archive`
[INFO] [stdout]     = note: this error originates in the derive macro `Archive` (in Nightly builds, run with -Z macro-backtrace for more info)
[INFO] [stdout] 
[INFO] [stdout] 
[INFO] [stdout] error[E0277]: the trait bound `((std::string::String, std::string::String, u32), ImportIndex): Archive` is not satisfied
[INFO] [stdout]    --> /opt/rustwide/cargo-home/registry/src/index.crates.io-6f17d22bba15001f/wasmer-types-2.3.0/src/module.rs:250:5
[INFO] [stdout]     |
[INFO] [stdout] 250 |     fn deserialize(&self, deserializer: &mut D) -> Result<ModuleInfo, D::Error> {
[INFO] [stdout]     |     ^^^^^^^^^^^^^^^^^^^^^^^^^^^^^^^^^^^^^^^^^^^^^^^^^^^^^^^^^^^^^^^^^^^^^^^^^^^ the trait `Archive` is not implemented for `((std::string::String, std::string::String, u32), ImportIndex)`, which is required by `ArchivableModuleInfo: Archive`
[INFO] [stdout]     |
[INFO] [stdout]     = help: the trait `Archive` is implemented for `()`
[INFO] [stdout]     = note: required for `Vec<((std::string::String, std::string::String, u32), ImportIndex)>` to implement `Archive`
[INFO] [stdout]     = note: 2 redundant requirements hidden
[INFO] [stdout]     = note: required for `ArchivableModuleInfo` to implement `Archive`
[INFO] [stdout] 
[INFO] [stdout] 
[INFO] [stdout] error[E0277]: the trait bound `(std::string::String, ExportIndex): Archive` is not satisfied
[INFO] [stdout]    --> /opt/rustwide/cargo-home/registry/src/index.crates.io-6f17d22bba15001f/wasmer-types-2.3.0/src/module.rs:250:5
[INFO] [stdout]     |
[INFO] [stdout] 250 |     fn deserialize(&self, deserializer: &mut D) -> Result<ModuleInfo, D::Error> {
[INFO] [stdout]     |     ^^^^^^^^^^^^^^^^^^^^^^^^^^^^^^^^^^^^^^^^^^^^^^^^^^^^^^^^^^^^^^^^^^^^^^^^^^^ the trait `Archive` is not implemented for `(std::string::String, ExportIndex)`, which is required by `ArchivableModuleInfo: Archive`
[INFO] [stdout]     |
[INFO] [stdout]     = help: the trait `Archive` is implemented for `()`
[INFO] [stdout]     = note: required for `Vec<(std::string::String, ExportIndex)>` to implement `Archive`
[INFO] [stdout]     = note: 2 redundant requirements hidden
[INFO] [stdout]     = note: required for `ArchivableModuleInfo` to implement `Archive`
[INFO] [stdout] 
[INFO] [stdout] 
[INFO] [stdout] error[E0277]: the trait bound `(std::string::String, CustomSectionIndex): Archive` is not satisfied
[INFO] [stdout]    --> /opt/rustwide/cargo-home/registry/src/index.crates.io-6f17d22bba15001f/wasmer-types-2.3.0/src/module.rs:250:5
[INFO] [stdout]     |
[INFO] [stdout] 250 |     fn deserialize(&self, deserializer: &mut D) -> Result<ModuleInfo, D::Error> {
[INFO] [stdout]     |     ^^^^^^^^^^^^^^^^^^^^^^^^^^^^^^^^^^^^^^^^^^^^^^^^^^^^^^^^^^^^^^^^^^^^^^^^^^^ the trait `Archive` is not implemented for `(std::string::String, CustomSectionIndex)`, which is required by `ArchivableModuleInfo: Archive`
[INFO] [stdout]     |
[INFO] [stdout]     = help: the trait `Archive` is implemented for `()`
[INFO] [stdout]     = note: required for `Vec<(std::string::String, CustomSectionIndex)>` to implement `Archive`
[INFO] [stdout]     = note: 2 redundant requirements hidden
[INFO] [stdout]     = note: required for `ArchivableModuleInfo` to implement `Archive`
[INFO] [stdout] 
[INFO] [stdout] 
[INFO] [stdout] error[E0277]: the trait bound `(std::string::String, std::string::String, u32): Archive` is not satisfied
[INFO] [stdout]    --> /opt/rustwide/cargo-home/registry/src/index.crates.io-6f17d22bba15001f/wasmer-types-2.3.0/src/module.rs:139:10
[INFO] [stdout]     |
[INFO] [stdout] 139 | #[derive(RkyvSerialize, RkyvDeserialize, Archive)]
[INFO] [stdout]     |          ^^^^^^^^^^^^^ the trait `Archive` is not implemented for `(std::string::String, std::string::String, u32)`
[INFO] [stdout]     |
[INFO] [stdout]     = help: the trait `Archive` is implemented for `()`
[INFO] [stdout] note: required by a bound in `ArchivableIndexMap`
[INFO] [stdout]    --> /opt/rustwide/cargo-home/registry/src/index.crates.io-6f17d22bba15001f/wasmer-types-2.3.0/src/archives.rs:10:47
[INFO] [stdout]     |
[INFO] [stdout] 10  | pub struct ArchivableIndexMap<K: Hash + Ord + Archive, V: Archive> {
[INFO] [stdout]     |                                               ^^^^^^^ required by this bound in `ArchivableIndexMap`
[INFO] [stdout]     = note: this error originates in the derive macro `RkyvSerialize` (in Nightly builds, run with -Z macro-backtrace for more info)
[INFO] [stdout] 
[INFO] [stdout] 
[INFO] [stdout] error[E0277]: the trait bound `(std::string::String, std::string::String, u32): Archive` is not satisfied
[INFO] [stdout]    --> /opt/rustwide/cargo-home/registry/src/index.crates.io-6f17d22bba15001f/wasmer-types-2.3.0/src/module.rs:139:25
[INFO] [stdout]     |
[INFO] [stdout] 139 | #[derive(RkyvSerialize, RkyvDeserialize, Archive)]
[INFO] [stdout]     |                         ^^^^^^^^^^^^^^^ the trait `Archive` is not implemented for `(std::string::String, std::string::String, u32)`
[INFO] [stdout]     |
[INFO] [stdout]     = help: the trait `Archive` is implemented for `()`
[INFO] [stdout] note: required by a bound in `ArchivableIndexMap`
[INFO] [stdout]    --> /opt/rustwide/cargo-home/registry/src/index.crates.io-6f17d22bba15001f/wasmer-types-2.3.0/src/archives.rs:10:47
[INFO] [stdout]     |
[INFO] [stdout] 10  | pub struct ArchivableIndexMap<K: Hash + Ord + Archive, V: Archive> {
[INFO] [stdout]     |                                               ^^^^^^^ required by this bound in `ArchivableIndexMap`
[INFO] [stdout]     = note: this error originates in the derive macro `RkyvDeserialize` (in Nightly builds, run with -Z macro-backtrace for more info)
[INFO] [stdout] 
[INFO] [stdout] 
[INFO] [stdout] error[E0277]: the trait bound `(std::string::String, std::string::String, u32): Archive` is not satisfied
[INFO] [stdout]    --> /opt/rustwide/cargo-home/registry/src/index.crates.io-6f17d22bba15001f/wasmer-types-2.3.0/src/module.rs:139:42
[INFO] [stdout]     |
[INFO] [stdout] 139 | #[derive(RkyvSerialize, RkyvDeserialize, Archive)]
[INFO] [stdout]     |                                          ^^^^^^^ the trait `Archive` is not implemented for `(std::string::String, std::string::String, u32)`
[INFO] [stdout]     |
[INFO] [stdout]     = help: the trait `Archive` is implemented for `()`
[INFO] [stdout] note: required by a bound in `ArchivableIndexMap`
[INFO] [stdout]    --> /opt/rustwide/cargo-home/registry/src/index.crates.io-6f17d22bba15001f/wasmer-types-2.3.0/src/archives.rs:10:47
[INFO] [stdout]     |
[INFO] [stdout] 10  | pub struct ArchivableIndexMap<K: Hash + Ord + Archive, V: Archive> {
[INFO] [stdout]     |                                               ^^^^^^^ required by this bound in `ArchivableIndexMap`
[INFO] [stdout]     = note: this error originates in the derive macro `Archive` (in Nightly builds, run with -Z macro-backtrace for more info)
[INFO] [stdout] 
[INFO] [stdout] 
[INFO] [stdout] error[E0277]: the trait bound `(std::string::String, std::string::String, u32): Archive` is not satisfied
[INFO] [stdout]    --> /opt/rustwide/cargo-home/registry/src/index.crates.io-6f17d22bba15001f/wasmer-types-2.3.0/src/module.rs:232:52
[INFO] [stdout]     |
[INFO] [stdout] 232 |     unsafe fn resolve(&self, pos: usize, resolver: Self::Resolver, out: *mut Self::Archived) {
[INFO] [stdout]     |                                                    ^^^^^^^^^^^^^^ the trait `Archive` is not implemented for `(std::string::String, std::string::String, u32)`, which is required by `ArchivableModuleInfo: Archive`
[INFO] [stdout]     |
[INFO] [stdout]     = help: the trait `Archive` is implemented for `()`
[INFO] [stdout] note: required for `ArchivableIndexMap<(std::string::String, std::string::String, u32), ImportIndex>` to implement `Archive`
[INFO] [stdout]    --> /opt/rustwide/cargo-home/registry/src/index.crates.io-6f17d22bba15001f/wasmer-types-2.3.0/src/archives.rs:8:34
[INFO] [stdout]     |
[INFO] [stdout] 8   | #[derive(Serialize, Deserialize, Archive)]
[INFO] [stdout]     |                                  ^^^^^^^
[INFO] [stdout] 9   | /// Rkyv Archivable IndexMap
[INFO] [stdout] 10  | pub struct ArchivableIndexMap<K: Hash + Ord + Archive, V: Archive> {
[INFO] [stdout]     |            ^^^^^^^^^^^^^^^^^^^^^^^^^^^^^^^^^^^-------^^^^^^^^^^^^^
[INFO] [stdout]     |                                               |
[INFO] [stdout]     |                                               unsatisfied trait bound introduced in this `derive` macro
[INFO] [stdout]     = note: 1 redundant requirement hidden
[INFO] [stdout]     = note: required for `ArchivableModuleInfo` to implement `Archive`
[INFO] [stdout]     = note: this error originates in the derive macro `Archive` (in Nightly builds, run with -Z macro-backtrace for more info)
[INFO] [stdout] 
[INFO] [stdout] 
[INFO] [stdout] error[E0277]: the trait bound `((std::string::String, std::string::String, u32), ImportIndex): Archive` is not satisfied
[INFO] [stdout]    --> /opt/rustwide/cargo-home/registry/src/index.crates.io-6f17d22bba15001f/wasmer-types-2.3.0/src/module.rs:232:52
[INFO] [stdout]     |
[INFO] [stdout] 232 |     unsafe fn resolve(&self, pos: usize, resolver: Self::Resolver, out: *mut Self::Archived) {
[INFO] [stdout]     |                                                    ^^^^^^^^^^^^^^ the trait `Archive` is not implemented for `((std::string::String, std::string::String, u32), ImportIndex)`, which is required by `ArchivableModuleInfo: Archive`
[INFO] [stdout]     |
[INFO] [stdout]     = help: the trait `Archive` is implemented for `()`
[INFO] [stdout]     = note: required for `Vec<((std::string::String, std::string::String, u32), ImportIndex)>` to implement `Archive`
[INFO] [stdout]     = note: 2 redundant requirements hidden
[INFO] [stdout]     = note: required for `ArchivableModuleInfo` to implement `Archive`
[INFO] [stdout] 
[INFO] [stdout] 
[INFO] [stdout] error[E0277]: the trait bound `(std::string::String, ExportIndex): Archive` is not satisfied
[INFO] [stdout]    --> /opt/rustwide/cargo-home/registry/src/index.crates.io-6f17d22bba15001f/wasmer-types-2.3.0/src/module.rs:232:52
[INFO] [stdout]     |
[INFO] [stdout] 232 |     unsafe fn resolve(&self, pos: usize, resolver: Self::Resolver, out: *mut Self::Archived) {
[INFO] [stdout]     |                                                    ^^^^^^^^^^^^^^ the trait `Archive` is not implemented for `(std::string::String, ExportIndex)`, which is required by `ArchivableModuleInfo: Archive`
[INFO] [stdout]     |
[INFO] [stdout]     = help: the trait `Archive` is implemented for `()`
[INFO] [stdout]     = note: required for `Vec<(std::string::String, ExportIndex)>` to implement `Archive`
[INFO] [stdout]     = note: 2 redundant requirements hidden
[INFO] [stdout]     = note: required for `ArchivableModuleInfo` to implement `Archive`
[INFO] [stdout] 
[INFO] [stdout] 
[INFO] [stdout] error[E0277]: the trait bound `(std::string::String, CustomSectionIndex): Archive` is not satisfied
[INFO] [stdout]    --> /opt/rustwide/cargo-home/registry/src/index.crates.io-6f17d22bba15001f/wasmer-types-2.3.0/src/module.rs:232:52
[INFO] [stdout]     |
[INFO] [stdout] 232 |     unsafe fn resolve(&self, pos: usize, resolver: Self::Resolver, out: *mut Self::Archived) {
[INFO] [stdout]     |                                                    ^^^^^^^^^^^^^^ the trait `Archive` is not implemented for `(std::string::String, CustomSectionIndex)`, which is required by `ArchivableModuleInfo: Archive`
[INFO] [stdout]     |
[INFO] [stdout]     = help: the trait `Archive` is implemented for `()`
[INFO] [stdout]     = note: required for `Vec<(std::string::String, CustomSectionIndex)>` to implement `Archive`
[INFO] [stdout]     = note: 2 redundant requirements hidden
[INFO] [stdout]     = note: required for `ArchivableModuleInfo` to implement `Archive`
[INFO] [stdout] 
[INFO] [stdout] 
[INFO] [stdout] error[E0277]: the trait bound `(std::string::String, std::string::String, u32): Archive` is not satisfied
[INFO] [stdout]    --> /opt/rustwide/cargo-home/registry/src/index.crates.io-6f17d22bba15001f/wasmer-types-2.3.0/src/module.rs:232:73
[INFO] [stdout]     |
[INFO] [stdout] 232 |     unsafe fn resolve(&self, pos: usize, resolver: Self::Resolver, out: *mut Self::Archived) {
[INFO] [stdout]     |                                                                         ^^^^^^^^^^^^^^^^^^^ the trait `Archive` is not implemented for `(std::string::String, std::string::String, u32)`, which is required by `ArchivableModuleInfo: Archive`
[INFO] [stdout]     |
[INFO] [stdout]     = help: the trait `Archive` is implemented for `()`
[INFO] [stdout] note: required for `ArchivableIndexMap<(std::string::String, std::string::String, u32), ImportIndex>` to implement `Archive`
[INFO] [stdout]    --> /opt/rustwide/cargo-home/registry/src/index.crates.io-6f17d22bba15001f/wasmer-types-2.3.0/src/archives.rs:8:34
[INFO] [stdout]     |
[INFO] [stdout] 8   | #[derive(Serialize, Deserialize, Archive)]
[INFO] [stdout]     |                                  ^^^^^^^
[INFO] [stdout] 9   | /// Rkyv Archivable IndexMap
[INFO] [stdout] 10  | pub struct ArchivableIndexMap<K: Hash + Ord + Archive, V: Archive> {
[INFO] [stdout]     |            ^^^^^^^^^^^^^^^^^^^^^^^^^^^^^^^^^^^-------^^^^^^^^^^^^^
[INFO] [stdout]     |                                               |
[INFO] [stdout]     |                                               unsatisfied trait bound introduced in this `derive` macro
[INFO] [stdout]     = note: 1 redundant requirement hidden
[INFO] [stdout]     = note: required for `ArchivableModuleInfo` to implement `Archive`
[INFO] [stdout]     = note: this error originates in the derive macro `Archive` (in Nightly builds, run with -Z macro-backtrace for more info)
[INFO] [stdout] 
[INFO] [stdout] 
[INFO] [stdout] error[E0277]: the trait bound `((std::string::String, std::string::String, u32), ImportIndex): Archive` is not satisfied
[INFO] [stdout]    --> /opt/rustwide/cargo-home/registry/src/index.crates.io-6f17d22bba15001f/wasmer-types-2.3.0/src/module.rs:232:73
[INFO] [stdout]     |
[INFO] [stdout] 232 |     unsafe fn resolve(&self, pos: usize, resolver: Self::Resolver, out: *mut Self::Archived) {
[INFO] [stdout]     |                                                                         ^^^^^^^^^^^^^^^^^^^ the trait `Archive` is not implemented for `((std::string::String, std::string::String, u32), ImportIndex)`, which is required by `ArchivableModuleInfo: Archive`
[INFO] [stdout]     |
[INFO] [stdout]     = help: the trait `Archive` is implemented for `()`
[INFO] [stdout]     = note: required for `Vec<((std::string::String, std::string::String, u32), ImportIndex)>` to implement `Archive`
[INFO] [stdout]     = note: 2 redundant requirements hidden
[INFO] [stdout]     = note: required for `ArchivableModuleInfo` to implement `Archive`
[INFO] [stdout] 
[INFO] [stdout] 
[INFO] [stdout] error[E0277]: the trait bound `(std::string::String, ExportIndex): Archive` is not satisfied
[INFO] [stdout]    --> /opt/rustwide/cargo-home/registry/src/index.crates.io-6f17d22bba15001f/wasmer-types-2.3.0/src/module.rs:232:73
[INFO] [stdout]     |
[INFO] [stdout] 232 |     unsafe fn resolve(&self, pos: usize, resolver: Self::Resolver, out: *mut Self::Archived) {
[INFO] [stdout]     |                                                                         ^^^^^^^^^^^^^^^^^^^ the trait `Archive` is not implemented for `(std::string::String, ExportIndex)`, which is required by `ArchivableModuleInfo: Archive`
[INFO] [stdout]     |
[INFO] [stdout]     = help: the trait `Archive` is implemented for `()`
[INFO] [stdout]     = note: required for `Vec<(std::string::String, ExportIndex)>` to implement `Archive`
[INFO] [stdout]     = note: 2 redundant requirements hidden
[INFO] [stdout]     = note: required for `ArchivableModuleInfo` to implement `Archive`
[INFO] [stdout] 
[INFO] [stdout] 
[INFO] [stdout] error[E0277]: the trait bound `(std::string::String, CustomSectionIndex): Archive` is not satisfied
[INFO] [stdout]    --> /opt/rustwide/cargo-home/registry/src/index.crates.io-6f17d22bba15001f/wasmer-types-2.3.0/src/module.rs:232:73
[INFO] [stdout]     |
[INFO] [stdout] 232 |     unsafe fn resolve(&self, pos: usize, resolver: Self::Resolver, out: *mut Self::Archived) {
[INFO] [stdout]     |                                                                         ^^^^^^^^^^^^^^^^^^^ the trait `Archive` is not implemented for `(std::string::String, CustomSectionIndex)`, which is required by `ArchivableModuleInfo: Archive`
[INFO] [stdout]     |
[INFO] [stdout]     = help: the trait `Archive` is implemented for `()`
[INFO] [stdout]     = note: required for `Vec<(std::string::String, CustomSectionIndex)>` to implement `Archive`
[INFO] [stdout]     = note: 2 redundant requirements hidden
[INFO] [stdout]     = note: required for `ArchivableModuleInfo` to implement `Archive`
[INFO] [stdout] 
[INFO] [stdout] 
[INFO] [stdout] error[E0277]: the trait bound `(std::string::String, std::string::String, u32): Archive` is not satisfied
[INFO] [stdout]    --> /opt/rustwide/cargo-home/registry/src/index.crates.io-6f17d22bba15001f/wasmer-types-2.3.0/src/module.rs:241:48
[INFO] [stdout]     |
[INFO] [stdout] 241 |     fn serialize(&self, serializer: &mut S) -> Result<Self::Resolver, S::Error> {
[INFO] [stdout]     |                                                ^^^^^^^^^^^^^^^^^^^^^^^^^^^^^^^^ the trait `Archive` is not implemented for `(std::string::String, std::string::String, u32)`, which is required by `ArchivableModuleInfo: Archive`
[INFO] [stdout]     |
[INFO] [stdout]     = help: the trait `Archive` is implemented for `()`
[INFO] [stdout] note: required for `ArchivableIndexMap<(std::string::String, std::string::String, u32), ImportIndex>` to implement `Archive`
[INFO] [stdout]    --> /opt/rustwide/cargo-home/registry/src/index.crates.io-6f17d22bba15001f/wasmer-types-2.3.0/src/archives.rs:8:34
[INFO] [stdout]     |
[INFO] [stdout] 8   | #[derive(Serialize, Deserialize, Archive)]
[INFO] [stdout]     |                                  ^^^^^^^
[INFO] [stdout] 9   | /// Rkyv Archivable IndexMap
[INFO] [stdout] 10  | pub struct ArchivableIndexMap<K: Hash + Ord + Archive, V: Archive> {
[INFO] [stdout]     |            ^^^^^^^^^^^^^^^^^^^^^^^^^^^^^^^^^^^-------^^^^^^^^^^^^^
[INFO] [stdout]     |                                               |
[INFO] [stdout]     |                                               unsatisfied trait bound introduced in this `derive` macro
[INFO] [stdout]     = note: 1 redundant requirement hidden
[INFO] [stdout]     = note: required for `ArchivableModuleInfo` to implement `Archive`
[INFO] [stdout]     = note: this error originates in the derive macro `Archive` (in Nightly builds, run with -Z macro-backtrace for more info)
[INFO] [stdout] 
[INFO] [stdout] 
[INFO] [stdout] error[E0277]: the trait bound `((std::string::String, std::string::String, u32), ImportIndex): Archive` is not satisfied
[INFO] [stdout]    --> /opt/rustwide/cargo-home/registry/src/index.crates.io-6f17d22bba15001f/wasmer-types-2.3.0/src/module.rs:241:48
[INFO] [stdout]     |
[INFO] [stdout] 241 |     fn serialize(&self, serializer: &mut S) -> Result<Self::Resolver, S::Error> {
[INFO] [stdout]     |                                                ^^^^^^^^^^^^^^^^^^^^^^^^^^^^^^^^ the trait `Archive` is not implemented for `((std::string::String, std::string::String, u32), ImportIndex)`, which is required by `ArchivableModuleInfo: Archive`
[INFO] [stdout]     |
[INFO] [stdout]     = help: the trait `Archive` is implemented for `()`
[INFO] [stdout]     = note: required for `Vec<((std::string::String, std::string::String, u32), ImportIndex)>` to implement `Archive`
[INFO] [stdout]     = note: 2 redundant requirements hidden
[INFO] [stdout]     = note: required for `ArchivableModuleInfo` to implement `Archive`
[INFO] [stdout] 
[INFO] [stdout] 
[INFO] [stdout] error[E0277]: the trait bound `(std::string::String, ExportIndex): Archive` is not satisfied
[INFO] [stdout]    --> /opt/rustwide/cargo-home/registry/src/index.crates.io-6f17d22bba15001f/wasmer-types-2.3.0/src/module.rs:241:48
[INFO] [stdout]     |
[INFO] [stdout] 241 |     fn serialize(&self, serializer: &mut S) -> Result<Self::Resolver, S::Error> {
[INFO] [stdout]     |                                                ^^^^^^^^^^^^^^^^^^^^^^^^^^^^^^^^ the trait `Archive` is not implemented for `(std::string::String, ExportIndex)`, which is required by `ArchivableModuleInfo: Archive`
[INFO] [stdout]     |
[INFO] [stdout]     = help: the trait `Archive` is implemented for `()`
[INFO] [stdout]     = note: required for `Vec<(std::string::String, ExportIndex)>` to implement `Archive`
[INFO] [stdout]     = note: 2 redundant requirements hidden
[INFO] [stdout]     = note: required for `ArchivableModuleInfo` to implement `Archive`
[INFO] [stdout] 
[INFO] [stdout] 
[INFO] [stdout] error[E0277]: the trait bound `(std::string::String, CustomSectionIndex): Archive` is not satisfied
[INFO] [stdout]    --> /opt/rustwide/cargo-home/registry/src/index.crates.io-6f17d22bba15001f/wasmer-types-2.3.0/src/module.rs:241:48
[INFO] [stdout]     |
[INFO] [stdout] 241 |     fn serialize(&self, serializer: &mut S) -> Result<Self::Resolver, S::Error> {
[INFO] [stdout]     |                                                ^^^^^^^^^^^^^^^^^^^^^^^^^^^^^^^^ the trait `Archive` is not implemented for `(std::string::String, CustomSectionIndex)`, which is required by `ArchivableModuleInfo: Archive`
[INFO] [stdout]     |
[INFO] [stdout]     = help: the trait `Archive` is implemented for `()`
[INFO] [stdout]     = note: required for `Vec<(std::string::String, CustomSectionIndex)>` to implement `Archive`
[INFO] [stdout]     = note: 2 redundant requirements hidden
[INFO] [stdout]     = note: required for `ArchivableModuleInfo` to implement `Archive`
[INFO] [stdout] 
[INFO] [stdout] 
[INFO] [stdout] error[E0277]: the trait bound `(std::string::String, std::string::String, u32): Archive` is not satisfied
[INFO] [stdout]    --> /opt/rustwide/cargo-home/registry/src/index.crates.io-6f17d22bba15001f/wasmer-types-2.3.0/src/module.rs:250:20
[INFO] [stdout]     |
[INFO] [stdout] 250 |     fn deserialize(&self, deserializer: &mut D) -> Result<ModuleInfo, D::Error> {
[INFO] [stdout]     |                    ^^^^^ the trait `Archive` is not implemented for `(std::string::String, std::string::String, u32)`, which is required by `ArchivableModuleInfo: Archive`
[INFO] [stdout]     |
[INFO] [stdout]     = help: the trait `Archive` is implemented for `()`
[INFO] [stdout] note: required for `ArchivableIndexMap<(std::string::String, std::string::String, u32), ImportIndex>` to implement `Archive`
[INFO] [stdout]    --> /opt/rustwide/cargo-home/registry/src/index.crates.io-6f17d22bba15001f/wasmer-types-2.3.0/src/archives.rs:8:34
[INFO] [stdout]     |
[INFO] [stdout] 8   | #[derive(Serialize, Deserialize, Archive)]
[INFO] [stdout]     |                                  ^^^^^^^
[INFO] [stdout] 9   | /// Rkyv Archivable IndexMap
[INFO] [stdout] 10  | pub struct ArchivableIndexMap<K: Hash + Ord + Archive, V: Archive> {
[INFO] [stdout]     |            ^^^^^^^^^^^^^^^^^^^^^^^^^^^^^^^^^^^-------^^^^^^^^^^^^^
[INFO] [stdout]     |                                               |
[INFO] [stdout]     |                                               unsatisfied trait bound introduced in this `derive` macro
[INFO] [stdout]     = note: 1 redundant requirement hidden
[INFO] [stdout]     = note: required for `ArchivableModuleInfo` to implement `Archive`
[INFO] [stdout]     = note: this error originates in the derive macro `Archive` (in Nightly builds, run with -Z macro-backtrace for more info)
[INFO] [stdout] 
[INFO] [stdout] 
[INFO] [stdout] error[E0277]: the trait bound `((std::string::String, std::string::String, u32), ImportIndex): Archive` is not satisfied
[INFO] [stdout]    --> /opt/rustwide/cargo-home/registry/src/index.crates.io-6f17d22bba15001f/wasmer-types-2.3.0/src/module.rs:250:20
[INFO] [stdout]     |
[INFO] [stdout] 250 |     fn deserialize(&self, deserializer: &mut D) -> Result<ModuleInfo, D::Error> {
[INFO] [stdout]     |                    ^^^^^ the trait `Archive` is not implemented for `((std::string::String, std::string::String, u32), ImportIndex)`, which is required by `ArchivableModuleInfo: Archive`
[INFO] [stdout]     |
[INFO] [stdout]     = help: the trait `Archive` is implemented for `()`
[INFO] [stdout]     = note: required for `Vec<((std::string::String, std::string::String, u32), ImportIndex)>` to implement `Archive`
[INFO] [stdout]     = note: 2 redundant requirements hidden
[INFO] [stdout]     = note: required for `ArchivableModuleInfo` to implement `Archive`
[INFO] [stdout] 
[INFO] [stdout] 
[INFO] [stdout] error[E0277]: the trait bound `(std::string::String, ExportIndex): Archive` is not satisfied
[INFO] [stdout]    --> /opt/rustwide/cargo-home/registry/src/index.crates.io-6f17d22bba15001f/wasmer-types-2.3.0/src/module.rs:250:20
[INFO] [stdout]     |
[INFO] [stdout] 250 |     fn deserialize(&self, deserializer: &mut D) -> Result<ModuleInfo, D::Error> {
[INFO] [stdout]     |                    ^^^^^ the trait `Archive` is not implemented for `(std::string::String, ExportIndex)`, which is required by `ArchivableModuleInfo: Archive`
[INFO] [stdout]     |
[INFO] [stdout]     = help: the trait `Archive` is implemented for `()`
[INFO] [stdout]     = note: required for `Vec<(std::string::String, ExportIndex)>` to implement `Archive`
[INFO] [stdout]     = note: 2 redundant requirements hidden
[INFO] [stdout]     = note: required for `ArchivableModuleInfo` to implement `Archive`
[INFO] [stdout] 
[INFO] [stdout] 
[INFO] [stdout] error[E0277]: the trait bound `(std::string::String, CustomSectionIndex): Archive` is not satisfied
[INFO] [stdout]    --> /opt/rustwide/cargo-home/registry/src/index.crates.io-6f17d22bba15001f/wasmer-types-2.3.0/src/module.rs:250:20
[INFO] [stdout]     |
[INFO] [stdout] 250 |     fn deserialize(&self, deserializer: &mut D) -> Result<ModuleInfo, D::Error> {
[INFO] [stdout]     |                    ^^^^^ the trait `Archive` is not implemented for `(std::string::String, CustomSectionIndex)`, which is required by `ArchivableModuleInfo: Archive`
[INFO] [stdout]     |
[INFO] [stdout]     = help: the trait `Archive` is implemented for `()`
[INFO] [stdout]     = note: required for `Vec<(std::string::String, CustomSectionIndex)>` to implement `Archive`
[INFO] [stdout]     = note: 2 redundant requirements hidden
[INFO] [stdout]     = note: required for `ArchivableModuleInfo` to implement `Archive`
[INFO] [stdout] 
[INFO] [stdout] 
[INFO] [stdout] error: aborting due to 56 previous errors
[INFO] [stdout] 
[INFO] [stdout] 
[INFO] [stdout] For more information about this error, try `rustc --explain E0277`.
[INFO] [stdout] 
[INFO] [stderr] error: could not compile `wasmer-types` (lib) due to 57 previous errors
[INFO] [stderr] warning: build failed, waiting for other jobs to finish...
[INFO] running `Command { std: "docker" "inspect" "f64b8d1c508ebcbc41031d500cb6f70ed6c93c07f1ad85019f1ad40006089197", kill_on_drop: false }`
[INFO] running `Command { std: "docker" "rm" "-f" "f64b8d1c508ebcbc41031d500cb6f70ed6c93c07f1ad85019f1ad40006089197", kill_on_drop: false }`
[INFO] [stdout] f64b8d1c508ebcbc41031d500cb6f70ed6c93c07f1ad85019f1ad40006089197
