[INFO] fetching crate hashira-rocket 0.0.2-alpha...
[INFO] checking hashira-rocket-0.0.2-alpha against nightly-2024-02-05 for check-cfg
[INFO] extracting crate hashira-rocket 0.0.2-alpha into /workspace/builds/worker-6-tc1/source
[INFO] validating manifest of crates.io crate hashira-rocket 0.0.2-alpha on toolchain nightly-2024-02-05
[INFO] running `Command { std: CARGO_HOME="/workspace/cargo-home" RUSTUP_HOME="/workspace/rustup-home" "/workspace/cargo-home/bin/cargo" "+nightly-2024-02-05" "metadata" "--manifest-path" "Cargo.toml" "--no-deps", kill_on_drop: false }`
[INFO] started tweaking crates.io crate hashira-rocket 0.0.2-alpha
[INFO] finished tweaking crates.io crate hashira-rocket 0.0.2-alpha
[INFO] tweaked toml for crates.io crate hashira-rocket 0.0.2-alpha written to /workspace/builds/worker-6-tc1/source/Cargo.toml
[INFO] running `Command { std: CARGO_HOME="/workspace/cargo-home" RUSTUP_HOME="/workspace/rustup-home" "/workspace/cargo-home/bin/cargo" "+nightly-2024-02-05" "generate-lockfile" "--manifest-path" "Cargo.toml", kill_on_drop: false }`
[INFO] [stderr]     Updating crates.io index
[INFO] running `Command { std: CARGO_HOME="/workspace/cargo-home" RUSTUP_HOME="/workspace/rustup-home" "/workspace/cargo-home/bin/cargo" "+nightly-2024-02-05" "fetch" "--manifest-path" "Cargo.toml", kill_on_drop: false }`
[INFO] [stderr]  Downloading crates ...
[INFO] [stderr]   Downloaded html-escape v0.2.13
[INFO] [stderr]   Downloaded binascii v0.1.4
[INFO] [stderr]   Downloaded devise v0.4.1
[INFO] [stderr]   Downloaded devise_codegen v0.4.1
[INFO] [stderr]   Downloaded multer-derive-macros v0.1.1-alpha
[INFO] [stderr]   Downloaded devise_core v0.4.1
[INFO] [stderr]   Downloaded ubyte v0.10.4
[INFO] [stderr]   Downloaded multer-derive v0.1.1-alpha
[INFO] [stderr]   Downloaded hashira-macros v0.0.2-alpha
[INFO] [stderr]   Downloaded rocket_codegen v0.5.0
[INFO] [stderr]   Downloaded stable-pattern v0.1.0
[INFO] [stderr]   Downloaded cookie v0.17.0
[INFO] [stderr]   Downloaded hashira v0.0.2-alpha
[INFO] [stderr]   Downloaded rocket_http v0.5.0
[INFO] [stderr]   Downloaded rocket v0.5.0
[INFO] running `Command { std: "docker" "create" "-v" "/var/lib/crater-agent-workspace/builds/worker-6-tc1/target:/opt/rustwide/target:rw,Z" "-v" "/var/lib/crater-agent-workspace/builds/worker-6-tc1/source:/opt/rustwide/workdir:ro,Z" "-v" "/var/lib/crater-agent-workspace/cargo-home:/opt/rustwide/cargo-home:ro,Z" "-v" "/var/lib/crater-agent-workspace/rustup-home:/opt/rustwide/rustup-home:ro,Z" "-e" "SOURCE_DIR=/opt/rustwide/workdir" "-e" "CARGO_TARGET_DIR=/opt/rustwide/target" "-e" "CARGO_HOME=/opt/rustwide/cargo-home" "-e" "RUSTUP_HOME=/opt/rustwide/rustup-home" "-w" "/opt/rustwide/workdir" "-m" "1610612736" "--user" "0:0" "--network" "none" "ghcr.io/rust-lang/crates-build-env/linux@sha256:2788e3201cd34a07e3172128adcd8b3090168a8e3bcc40d7c032b9dda1df7d1c" "/opt/rustwide/cargo-home/bin/cargo" "+nightly-2024-02-05" "metadata" "--no-deps" "--format-version=1", kill_on_drop: false }`
[INFO] [stdout] bbec349f030bb273cf7cf09f5ec2ac3e037990c0ab11ac00b919692015b2423f
[INFO] running `Command { std: "docker" "start" "-a" "bbec349f030bb273cf7cf09f5ec2ac3e037990c0ab11ac00b919692015b2423f", kill_on_drop: false }`
[INFO] running `Command { std: "docker" "inspect" "bbec349f030bb273cf7cf09f5ec2ac3e037990c0ab11ac00b919692015b2423f", kill_on_drop: false }`
[INFO] running `Command { std: "docker" "rm" "-f" "bbec349f030bb273cf7cf09f5ec2ac3e037990c0ab11ac00b919692015b2423f", kill_on_drop: false }`
[INFO] [stdout] bbec349f030bb273cf7cf09f5ec2ac3e037990c0ab11ac00b919692015b2423f
[INFO] running `Command { std: "docker" "create" "-v" "/var/lib/crater-agent-workspace/builds/worker-6-tc1/target:/opt/rustwide/target:rw,Z" "-v" "/var/lib/crater-agent-workspace/builds/worker-6-tc1/source:/opt/rustwide/workdir:ro,Z" "-v" "/var/lib/crater-agent-workspace/cargo-home:/opt/rustwide/cargo-home:ro,Z" "-v" "/var/lib/crater-agent-workspace/rustup-home:/opt/rustwide/rustup-home:ro,Z" "-e" "SOURCE_DIR=/opt/rustwide/workdir" "-e" "CARGO_TARGET_DIR=/opt/rustwide/target" "-e" "CARGO_INCREMENTAL=0" "-e" "RUST_BACKTRACE=full" "-e" "RUSTFLAGS=--cap-lints=forbid" "-e" "RUSTDOCFLAGS=--cap-lints=forbid" "-e" "CARGO_HOME=/opt/rustwide/cargo-home" "-e" "RUSTUP_HOME=/opt/rustwide/rustup-home" "-w" "/opt/rustwide/workdir" "-m" "1610612736" "--user" "0:0" "--network" "none" "ghcr.io/rust-lang/crates-build-env/linux@sha256:2788e3201cd34a07e3172128adcd8b3090168a8e3bcc40d7c032b9dda1df7d1c" "/opt/rustwide/cargo-home/bin/cargo" "+nightly-2024-02-05" "check" "--frozen" "--all" "--all-targets" "--message-format=json", kill_on_drop: false }`
[INFO] [stdout] cccd6704239cc2c8dd0b50ebc8302b3277f5dbaf9076284c68695135dd08172e
[INFO] running `Command { std: "docker" "start" "-a" "cccd6704239cc2c8dd0b50ebc8302b3277f5dbaf9076284c68695135dd08172e", kill_on_drop: false }`
[INFO] [stderr]    Compiling proc-macro2 v1.0.78
[INFO] [stderr]    Compiling unicode-ident v1.0.12
[INFO] [stderr]    Compiling serde v1.0.196
[INFO] [stderr]    Compiling libc v0.2.153
[INFO] [stderr]    Compiling once_cell v1.19.0
[INFO] [stderr]    Compiling log v0.4.20
[INFO] [stderr]    Compiling wasm-bindgen-shared v0.2.90
[INFO] [stderr]    Compiling bumpalo v3.14.0
[INFO] [stderr]     Checking itoa v1.0.10
[INFO] [stderr]    Compiling wasm-bindgen v0.2.90
[INFO] [stderr]     Checking pin-project-lite v0.2.13
[INFO] [stderr]     Checking futures-core v0.3.30
[INFO] [stderr]     Checking futures-sink v0.3.30
[INFO] [stderr]     Checking bytes v1.5.0
[INFO] [stderr]    Compiling slab v0.4.9
[INFO] [stderr]     Checking memchr v2.7.1
[INFO] [stderr]    Compiling proc-macro2-diagnostics v0.10.1
[INFO] [stderr]     Checking futures-task v0.3.30
[INFO] [stderr]     Checking futures-channel v0.3.30
[INFO] [stderr]     Checking futures-io v0.3.30
[INFO] [stderr]    Compiling thiserror v1.0.56
[INFO] [stderr]    Compiling httparse v1.8.0
[INFO] [stderr]    Compiling yansi v1.0.0-rc.1
[INFO] [stderr]    Compiling num-conv v0.1.0
[INFO] [stderr]     Checking ryu v1.0.16
[INFO] [stderr]     Checking tracing-core v0.1.32
[INFO] [stderr]    Compiling time-core v0.1.2
[INFO] [stderr]     Checking percent-encoding v2.3.1
[INFO] [stderr]    Compiling serde_json v1.0.113
[INFO] [stderr]    Compiling rustix v0.38.31
[INFO] [stderr]    Compiling time-macros v0.2.17
[INFO] [stderr]     Checking hashbrown v0.14.3
[INFO] [stderr]     Checking equivalent v1.0.1
[INFO] [stderr]     Checking http v0.2.11
[INFO] [stderr]     Checking bitflags v2.4.2
[INFO] [stderr]     Checking linux-raw-sys v0.4.13
[INFO] [stderr]    Compiling cookie v0.18.0
[INFO] [stderr]     Checking powerfmt v0.2.0
[INFO] [stderr]    Compiling ref-cast v1.0.22
[INFO] [stderr]    Compiling syn v1.0.109
[INFO] [stderr]    Compiling proc-macro-error-attr v1.0.4
[INFO] [stderr]    Compiling rustversion v1.0.14
[INFO] [stderr]     Checking deranged v0.3.11
[INFO] [stderr]    Compiling quote v1.0.35
[INFO] [stderr]    Compiling pin-utils v0.1.0
[INFO] [stderr]    Compiling fnv v1.0.7
[INFO] [stderr]    Compiling futures-util v0.3.30
[INFO] [stderr]    Compiling syn v2.0.48
[INFO] [stderr]     Checking form_urlencoded v1.2.1
[INFO] [stderr]    Compiling uncased v0.9.10
[INFO] [stderr]     Checking num_cpus v1.16.0
[INFO] [stderr]     Checking socket2 v0.5.5
[INFO] [stderr]     Checking mio v0.8.10
[INFO] [stderr]     Checking signal-hook-registry v1.4.1
[INFO] [stderr]    Compiling proc-macro-error v1.0.4
[INFO] [stderr]    Compiling multer v2.1.0
[INFO] [stderr]    Compiling indexmap v1.9.3
[INFO] [stderr]    Compiling prettyplease v0.1.25
[INFO] [stderr]    Compiling try-lock v0.2.5
[INFO] [stderr]    Compiling want v0.3.1
[INFO] [stderr]    Compiling tokio v1.36.0
[INFO] [stderr]    Compiling tracing v0.1.40
[INFO] [stderr]     Checking getrandom v0.2.12
[INFO] [stderr]    Compiling lock_api v0.4.11
[INFO] [stderr]     Checking encoding_rs v0.8.33
[INFO] [stderr]    Compiling http-body v0.4.6
[INFO] [stderr]     Checking mime v0.3.17
[INFO] [stderr]     Checking anymap2 v0.13.0
[INFO] [stderr]     Checking inlinable_string v0.1.15
[INFO] [stderr]    Compiling tower-service v0.3.2
[INFO] [stderr]     Checking winnow v0.5.37
[INFO] [stderr]     Checking spin v0.9.8
[INFO] [stderr]     Checking hashbrown v0.12.3
[INFO] [stderr]    Compiling httpdate v1.0.3
[INFO] [stderr]    Compiling parking_lot_core v0.9.9
[INFO] [stderr]     Checking smallvec v1.13.1
[INFO] [stderr]     Checking time v0.3.34
[INFO] [stderr]    Compiling async-trait v0.1.77
[INFO] [stderr]    Compiling stable-pattern v0.1.0
[INFO] [stderr]    Compiling futures v0.3.30
[INFO] [stderr]     Checking is-terminal v0.4.10
[INFO] [stderr]     Checking rand_core v0.6.4
[INFO] [stderr]    Compiling figment v0.10.14
[INFO] [stderr]    Compiling cookie v0.17.0
[INFO] [stderr]    Compiling state v0.6.0
[INFO] [stderr]    Compiling either v1.9.0
[INFO] [stderr]     Checking ppv-lite86 v0.2.17
[INFO] [stderr]    Compiling indexmap v2.2.2
[INFO] [stderr]     Checking utf8-width v0.1.7
[INFO] [stderr]     Checking scopeguard v1.2.0
[INFO] [stderr]    Compiling boolinator v2.4.0
[INFO] [stderr]     Checking html-escape v0.2.13
[INFO] [stderr]    Compiling rocket v0.5.0
[INFO] [stderr]    Compiling unicode-xid v0.2.4
[INFO] [stderr]     Checking base64ct v1.6.0
[INFO] [stderr]     Checking fastrand v2.0.1
[INFO] [stderr]    Compiling glob v0.3.1
[INFO] [stderr]     Checking atomic v0.5.3
[INFO] [stderr]     Checking rand_chacha v0.3.1
[INFO] [stderr]     Checking parking_lot v0.12.1
[INFO] [stderr]     Checking matchit v0.7.3
[INFO] [stderr]     Checking tempfile v3.10.0
[INFO] [stderr]     Checking binascii v0.1.4
[INFO] [stderr]     Checking rand v0.8.5
[INFO] [stderr]    Compiling hyper v0.14.28
[INFO] [stderr]    Compiling wasm-bindgen-backend v0.2.90
[INFO] [stderr]    Compiling devise_core v0.4.1
[INFO] [stderr]    Compiling yew-macro v0.20.0
[INFO] [stderr]    Compiling serde_derive v1.0.196
[INFO] [stderr]    Compiling futures-macro v0.3.30
[INFO] [stderr]    Compiling tokio-macros v2.2.0
[INFO] [stderr]    Compiling tracing-attributes v0.1.27
[INFO] [stderr]    Compiling thiserror-impl v1.0.56
[INFO] [stderr]    Compiling pear_codegen v0.2.8
[INFO] [stderr]    Compiling pin-project-internal v1.1.4
[INFO] [stderr]    Compiling ref-cast-impl v1.0.22
[INFO] [stderr]    Compiling multer-derive-macros v0.1.1-alpha
[INFO] [stderr]    Compiling async-stream-impl v0.3.5
[INFO] [stderr]    Compiling hashira-macros v0.0.2-alpha
[INFO] [stderr]    Compiling wasm-bindgen-macro-support v0.2.90
[INFO] [stderr]    Compiling devise_codegen v0.4.1
[INFO] [stderr]     Checking async-stream v0.3.5
[INFO] [stderr]    Compiling pear v0.2.8
[INFO] [stderr]    Compiling wasm-bindgen-macro v0.2.90
[INFO] [stderr]     Checking pin-project v1.1.4
[INFO] [stderr]    Compiling devise v0.4.1
[INFO] [stderr]    Compiling rocket_http v0.5.0
[INFO] [stderr]     Checking js-sys v0.3.67
[INFO] [stderr]     Checking console_error_panic_hook v0.1.7
[INFO] [stderr]     Checking futures-executor v0.3.30
[INFO] [stderr]     Checking pinned v0.1.0
[INFO] [stderr]    Compiling rocket_codegen v0.5.0
[INFO] [stderr]     Checking tokio-util v0.7.10
[INFO] [stderr]     Checking tokio-stream v0.1.14
[INFO] [stderr]     Checking serde_urlencoded v0.7.1
[INFO] [stderr]     Checking toml_datetime v0.6.5
[INFO] [stderr]     Checking bincode v1.3.3
[INFO] [stderr]     Checking serde_spanned v0.6.5
[INFO] [stderr]     Checking serde_qs v0.12.0
[INFO] [stderr]     Checking ubyte v0.10.4
[INFO] [stderr]     Checking multer-derive v0.1.1-alpha
[INFO] [stderr]     Checking web-sys v0.3.67
[INFO] [stderr]     Checking wasm-bindgen-futures v0.4.40
[INFO] [stderr]     Checking serde-wasm-bindgen v0.5.0
[INFO] [stderr]     Checking gloo-timers v0.2.6
[INFO] [stderr]     Checking prokio v0.1.0
[INFO] [stderr]     Checking implicit-clone v0.3.9
[INFO] [stderr]     Checking toml_edit v0.22.4
[INFO] [stderr]     Checking h2 v0.3.24
[INFO] [stderr]     Checking toml v0.8.10
[INFO] [stderr]     Checking gloo-utils v0.1.7
[INFO] [stderr]     Checking gloo-events v0.1.2
[INFO] [stderr]     Checking gloo-dialogs v0.1.1
[INFO] [stderr]     Checking gloo-render v0.1.1
[INFO] [stderr]     Checking gloo-console v0.2.3
[INFO] [stderr]     Checking gloo-storage v0.2.2
[INFO] [stderr]     Checking gloo-net v0.3.1
[INFO] [stderr]     Checking gloo-file v0.2.3
[INFO] [stderr]     Checking gloo-history v0.1.5
[INFO] [stderr]     Checking gloo-worker v0.2.1
[INFO] [stderr]     Checking gloo v0.8.1
[INFO] [stderr]     Checking yew v0.20.0
[INFO] [stderr]     Checking hashira v0.0.2-alpha
[INFO] [stderr]     Checking hashira-rocket v0.0.2-alpha (/opt/rustwide/workdir)
[INFO] [stdout] error[E0599]: no variant or associated item named `Failure` found for enum `Outcome` in the current scope
[INFO] [stdout]   --> src/core.rs:56:31
[INFO] [stdout]    |
[INFO] [stdout] 56 |             outcome::Outcome::Failure((status, err)) => {
[INFO] [stdout]    |                               ^^^^^^^ variant or associated item not found in `Outcome<_, _, _>`
[INFO] [stdout] 
[INFO] [stdout] 
[INFO] [stdout] error[E0599]: no variant or associated item named `Failure` found for enum `Outcome` in the current scope
[INFO] [stdout]   --> src/core.rs:56:31
[INFO] [stdout]    |
[INFO] [stdout] 56 |             outcome::Outcome::Failure((status, err)) => {
[INFO] [stdout]    |                               ^^^^^^^ variant or associated item not found in `Outcome<_, _, _>`
[INFO] [stdout] 
[INFO] [stdout] 
[INFO] [stdout] error[E0599]: no variant or associated item named `Failure` found for enum `Outcome` in the current scope
[INFO] [stdout]    --> src/core.rs:58:40
[INFO] [stdout]     |
[INFO] [stdout] 58  |                 return route::Outcome::Failure(status);
[INFO] [stdout]     |                                        ^^^^^^^ variant or associated item not found in `Outcome<Response<'_>, Status, (Data<'_>, Status)>`
[INFO] [stdout]     |
[INFO] [stdout] note: if you're trying to build a new `Outcome<rocket::Response<'_>, Status, (rocket::Data<'_>, Status)>` consider using one of the following associated functions:
[INFO] [stdout]       route::handler::<impl Outcome<rocket::Response<'o>, Status, (rocket::Data<'o>, Status)>>::from
[INFO] [stdout]       route::handler::<impl Outcome<rocket::Response<'o>, Status, (rocket::Data<'o>, Status)>>::try_from
[INFO] [stdout]       route::handler::<impl Outcome<rocket::Response<'o>, Status, (rocket::Data<'o>, Status)>>::error
[INFO] [stdout]       route::handler::<impl Outcome<rocket::Response<'o>, Status, (rocket::Data<'o>, Status)>>::forward
[INFO] [stdout]    --> /opt/rustwide/cargo-home/registry/src/index.crates.io-6f17d22bba15001f/rocket-0.5.0/src/route/handler.rs:188:5
[INFO] [stdout]     |
[INFO] [stdout] 188 |       pub fn from<R: Responder<'r, 'o>>(req: &'r Request<'_>, responder: R) -> Outcome<'r> {
[INFO] [stdout]     |       ^^^^^^^^^^^^^^^^^^^^^^^^^^^^^^^^^^^^^^^^^^^^^^^^^^^^^^^^^^^^^^^^^^^^^^^^^^^^^^^^^^^^
[INFO] [stdout] ...
[INFO] [stdout] 211 | /     pub fn try_from<R, E>(req: &'r Request<'_>, result: Result<R, E>) -> Outcome<'r>
[INFO] [stdout] 212 | |         where R: Responder<'r, 'o>, E: std::fmt::Debug
[INFO] [stdout]     | |______________________________________________________^
[INFO] [stdout] ...
[INFO] [stdout] 237 |       pub fn error(code: Status) -> Outcome<'r> {
[INFO] [stdout]     |       ^^^^^^^^^^^^^^^^^^^^^^^^^^^^^^^^^^^^^^^^^
[INFO] [stdout] ...
[INFO] [stdout] 257 |       pub fn forward(data: Data<'r>, status: Status) -> Outcome<'r> {
[INFO] [stdout]     |       ^^^^^^^^^^^^^^^^^^^^^^^^^^^^^^^^^^^^^^^^^^^^^^^^^^^^^^^^^^^^^
[INFO] [stdout] 
[INFO] [stdout] 
[INFO] [stdout] error[E0599]: no variant or associated item named `Failure` found for enum `Outcome` in the current scope
[INFO] [stdout]    --> src/core.rs:58:40
[INFO] [stdout]     |
[INFO] [stdout] 58  |                 return route::Outcome::Failure(status);
[INFO] [stdout]     |                                        ^^^^^^^ variant or associated item not found in `Outcome<Response<'_>, Status, (Data<'_>, Status)>`
[INFO] [stdout]     |
[INFO] [stdout] note: if you're trying to build a new `Outcome<rocket::Response<'_>, Status, (rocket::Data<'_>, Status)>` consider using one of the following associated functions:
[INFO] [stdout]       route::handler::<impl Outcome<rocket::Response<'o>, Status, (rocket::Data<'o>, Status)>>::from
[INFO] [stdout]       route::handler::<impl Outcome<rocket::Response<'o>, Status, (rocket::Data<'o>, Status)>>::try_from
[INFO] [stdout]       route::handler::<impl Outcome<rocket::Response<'o>, Status, (rocket::Data<'o>, Status)>>::error
[INFO] [stdout]       route::handler::<impl Outcome<rocket::Response<'o>, Status, (rocket::Data<'o>, Status)>>::forward
[INFO] [stdout]    --> /opt/rustwide/cargo-home/registry/src/index.crates.io-6f17d22bba15001f/rocket-0.5.0/src/route/handler.rs:188:5
[INFO] [stdout]     |
[INFO] [stdout] 188 |       pub fn from<R: Responder<'r, 'o>>(req: &'r Request<'_>, responder: R) -> Outcome<'r> {
[INFO] [stdout]     |       ^^^^^^^^^^^^^^^^^^^^^^^^^^^^^^^^^^^^^^^^^^^^^^^^^^^^^^^^^^^^^^^^^^^^^^^^^^^^^^^^^^^^
[INFO] [stdout] ...
[INFO] [stdout] 211 | /     pub fn try_from<R, E>(req: &'r Request<'_>, result: Result<R, E>) -> Outcome<'r>
[INFO] [stdout] 212 | |         where R: Responder<'r, 'o>, E: std::fmt::Debug
[INFO] [stdout]     | |______________________________________________________^
[INFO] [stdout] ...
[INFO] [stdout] 237 |       pub fn error(code: Status) -> Outcome<'r> {
[INFO] [stdout]     |       ^^^^^^^^^^^^^^^^^^^^^^^^^^^^^^^^^^^^^^^^^
[INFO] [stdout] ...
[INFO] [stdout] 257 |       pub fn forward(data: Data<'r>, status: Status) -> Outcome<'r> {
[INFO] [stdout]     |       ^^^^^^^^^^^^^^^^^^^^^^^^^^^^^^^^^^^^^^^^^^^^^^^^^^^^^^^^^^^^^
[INFO] [stdout] 
[INFO] [stdout] 
[INFO] [stdout] error[E0308]: mismatched types
[INFO] [stdout]    --> src/core.rs:60:76
[INFO] [stdout]     |
[INFO] [stdout] 60  |             outcome::Outcome::Forward(_) => return route::Outcome::Forward(data),
[INFO] [stdout]     |                                                    ----------------------- ^^^^ expected `(Data<'_>, Status)`, found `Data<'_>`
[INFO] [stdout]     |                                                    |
[INFO] [stdout]     |                                                    arguments to this enum variant are incorrect
[INFO] [stdout]     |
[INFO] [stdout]     = note: expected tuple `(rocket::Data<'_>, Status)`
[INFO] [stdout]               found struct `rocket::Data<'r>`
[INFO] [stdout] note: tuple variant defined here
[INFO] [stdout]    --> /opt/rustwide/cargo-home/registry/src/index.crates.io-6f17d22bba15001f/rocket-0.5.0/src/outcome.rs:111:5
[INFO] [stdout]     |
[INFO] [stdout] 111 |     Forward(F),
[INFO] [stdout]     |     ^^^^^^^
[INFO] [stdout] 
[INFO] [stdout] 
[INFO] [stdout] error[E0308]: mismatched types
[INFO] [stdout]    --> src/core.rs:60:76
[INFO] [stdout]     |
[INFO] [stdout] 60  |             outcome::Outcome::Forward(_) => return route::Outcome::Forward(data),
[INFO] [stdout]     |                                                    ----------------------- ^^^^ expected `(Data<'_>, Status)`, found `Data<'_>`
[INFO] [stdout]     |                                                    |
[INFO] [stdout]     |                                                    arguments to this enum variant are incorrect
[INFO] [stdout]     |
[INFO] [stdout]     = note: expected tuple `(rocket::Data<'_>, Status)`
[INFO] [stdout]               found struct `rocket::Data<'r>`
[INFO] [stdout] note: tuple variant defined here
[INFO] [stdout]    --> /opt/rustwide/cargo-home/registry/src/index.crates.io-6f17d22bba15001f/rocket-0.5.0/src/outcome.rs:111:5
[INFO] [stdout]     |
[INFO] [stdout] 111 |     Forward(F),
[INFO] [stdout]     |     ^^^^^^^
[INFO] [stdout] 
[INFO] [stdout] 
[INFO] [stdout] error[E0599]: no variant or associated item named `Failure` found for enum `Outcome` in the current scope
[INFO] [stdout]   --> src/core.rs:65:31
[INFO] [stdout]    |
[INFO] [stdout] 65 |             outcome::Outcome::Failure((status, _)) => return route::Outcome::Failure(status),
[INFO] [stdout]    |                               ^^^^^^^ variant or associated item not found in `Outcome<_, _, _>`
[INFO] [stdout] 
[INFO] [stdout] 
[INFO] [stdout] error[E0599]: no variant or associated item named `Failure` found for enum `Outcome` in the current scope
[INFO] [stdout]   --> src/core.rs:65:31
[INFO] [stdout]    |
[INFO] [stdout] 65 |             outcome::Outcome::Failure((status, _)) => return route::Outcome::Failure(status),
[INFO] [stdout]    |                               ^^^^^^^ variant or associated item not found in `Outcome<_, _, _>`
[INFO] [stdout] 
[INFO] [stdout] 
[INFO] [stdout] error[E0599]: no variant or associated item named `Failure` found for enum `Outcome` in the current scope
[INFO] [stdout]    --> src/core.rs:65:78
[INFO] [stdout]     |
[INFO] [stdout] 65  |             outcome::Outcome::Failure((status, _)) => return route::Outcome::Failure(status),
[INFO] [stdout]     |                                                                              ^^^^^^^ variant or associated item not found in `Outcome<Response<'_>, Status, (Data<'_>, Status)>`
[INFO] [stdout]     |
[INFO] [stdout] note: if you're trying to build a new `Outcome<rocket::Response<'_>, Status, (rocket::Data<'_>, Status)>` consider using one of the following associated functions:
[INFO] [stdout]       route::handler::<impl Outcome<rocket::Response<'o>, Status, (rocket::Data<'o>, Status)>>::from
[INFO] [stdout]       route::handler::<impl Outcome<rocket::Response<'o>, Status, (rocket::Data<'o>, Status)>>::try_from
[INFO] [stdout]       route::handler::<impl Outcome<rocket::Response<'o>, Status, (rocket::Data<'o>, Status)>>::error
[INFO] [stdout]       route::handler::<impl Outcome<rocket::Response<'o>, Status, (rocket::Data<'o>, Status)>>::forward
[INFO] [stdout]    --> /opt/rustwide/cargo-home/registry/src/index.crates.io-6f17d22bba15001f/rocket-0.5.0/src/route/handler.rs:188:5
[INFO] [stdout]     |
[INFO] [stdout] 188 |       pub fn from<R: Responder<'r, 'o>>(req: &'r Request<'_>, responder: R) -> Outcome<'r> {
[INFO] [stdout]     |       ^^^^^^^^^^^^^^^^^^^^^^^^^^^^^^^^^^^^^^^^^^^^^^^^^^^^^^^^^^^^^^^^^^^^^^^^^^^^^^^^^^^^
[INFO] [stdout] ...
[INFO] [stdout] 211 | /     pub fn try_from<R, E>(req: &'r Request<'_>, result: Result<R, E>) -> Outcome<'r>
[INFO] [stdout] 212 | |         where R: Responder<'r, 'o>, E: std::fmt::Debug
[INFO] [stdout]     | |______________________________________________________^
[INFO] [stdout] ...
[INFO] [stdout] 237 |       pub fn error(code: Status) -> Outcome<'r> {
[INFO] [stdout]     |       ^^^^^^^^^^^^^^^^^^^^^^^^^^^^^^^^^^^^^^^^^
[INFO] [stdout] ...
[INFO] [stdout] 257 |       pub fn forward(data: Data<'r>, status: Status) -> Outcome<'r> {
[INFO] [stdout]     |       ^^^^^^^^^^^^^^^^^^^^^^^^^^^^^^^^^^^^^^^^^^^^^^^^^^^^^^^^^^^^^
[INFO] [stdout] 
[INFO] [stdout] 
[INFO] [stdout] error[E0599]: no variant or associated item named `Failure` found for enum `Outcome` in the current scope
[INFO] [stdout]    --> src/core.rs:65:78
[INFO] [stdout]     |
[INFO] [stdout] 65  |             outcome::Outcome::Failure((status, _)) => return route::Outcome::Failure(status),
[INFO] [stdout]     |                                                                              ^^^^^^^ variant or associated item not found in `Outcome<Response<'_>, Status, (Data<'_>, Status)>`
[INFO] [stdout]     |
[INFO] [stdout] note: if you're trying to build a new `Outcome<rocket::Response<'_>, Status, (rocket::Data<'_>, Status)>` consider using one of the following associated functions:
[INFO] [stdout]       route::handler::<impl Outcome<rocket::Response<'o>, Status, (rocket::Data<'o>, Status)>>::from
[INFO] [stdout]       route::handler::<impl Outcome<rocket::Response<'o>, Status, (rocket::Data<'o>, Status)>>::try_from
[INFO] [stdout]       route::handler::<impl Outcome<rocket::Response<'o>, Status, (rocket::Data<'o>, Status)>>::error
[INFO] [stdout]       route::handler::<impl Outcome<rocket::Response<'o>, Status, (rocket::Data<'o>, Status)>>::forward
[INFO] [stdout]    --> /opt/rustwide/cargo-home/registry/src/index.crates.io-6f17d22bba15001f/rocket-0.5.0/src/route/handler.rs:188:5
[INFO] [stdout]     |
[INFO] [stdout] 188 |       pub fn from<R: Responder<'r, 'o>>(req: &'r Request<'_>, responder: R) -> Outcome<'r> {
[INFO] [stdout]     |       ^^^^^^^^^^^^^^^^^^^^^^^^^^^^^^^^^^^^^^^^^^^^^^^^^^^^^^^^^^^^^^^^^^^^^^^^^^^^^^^^^^^^
[INFO] [stdout] ...
[INFO] [stdout] 211 | /     pub fn try_from<R, E>(req: &'r Request<'_>, result: Result<R, E>) -> Outcome<'r>
[INFO] [stdout] 212 | |         where R: Responder<'r, 'o>, E: std::fmt::Debug
[INFO] [stdout]     | |______________________________________________________^
[INFO] [stdout] ...
[INFO] [stdout] 237 |       pub fn error(code: Status) -> Outcome<'r> {
[INFO] [stdout]     |       ^^^^^^^^^^^^^^^^^^^^^^^^^^^^^^^^^^^^^^^^^
[INFO] [stdout] ...
[INFO] [stdout] 257 |       pub fn forward(data: Data<'r>, status: Status) -> Outcome<'r> {
[INFO] [stdout]     |       ^^^^^^^^^^^^^^^^^^^^^^^^^^^^^^^^^^^^^^^^^^^^^^^^^^^^^^^^^^^^^
[INFO] [stdout] 
[INFO] [stdout] 
[INFO] [stdout] error[E0308]: mismatched types
[INFO] [stdout]    --> src/core.rs:66:76
[INFO] [stdout]     |
[INFO] [stdout] 66  |             outcome::Outcome::Forward(_) => return route::Outcome::Forward(data),
[INFO] [stdout]     |                                                    ----------------------- ^^^^ expected `(Data<'_>, Status)`, found `Data<'_>`
[INFO] [stdout]     |                                                    |
[INFO] [stdout]     |                                                    arguments to this enum variant are incorrect
[INFO] [stdout]     |
[INFO] [stdout]     = note: expected tuple `(rocket::Data<'_>, Status)`
[INFO] [stdout]               found struct `rocket::Data<'r>`
[INFO] [stdout] note: tuple variant defined here
[INFO] [stdout]    --> /opt/rustwide/cargo-home/registry/src/index.crates.io-6f17d22bba15001f/rocket-0.5.0/src/outcome.rs:111:5
[INFO] [stdout]     |
[INFO] [stdout] 111 |     Forward(F),
[INFO] [stdout]     |     ^^^^^^^
[INFO] [stdout] 
[INFO] [stdout] 
[INFO] [stdout] error[E0308]: mismatched types
[INFO] [stdout]    --> src/core.rs:66:76
[INFO] [stdout]     |
[INFO] [stdout] 66  |             outcome::Outcome::Forward(_) => return route::Outcome::Forward(data),
[INFO] [stdout]     |                                                    ----------------------- ^^^^ expected `(Data<'_>, Status)`, found `Data<'_>`
[INFO] [stdout]     |                                                    |
[INFO] [stdout]     |                                                    arguments to this enum variant are incorrect
[INFO] [stdout]     |
[INFO] [stdout]     = note: expected tuple `(rocket::Data<'_>, Status)`
[INFO] [stdout]               found struct `rocket::Data<'r>`
[INFO] [stdout] note: tuple variant defined here
[INFO] [stdout]    --> /opt/rustwide/cargo-home/registry/src/index.crates.io-6f17d22bba15001f/rocket-0.5.0/src/outcome.rs:111:5
[INFO] [stdout]     |
[INFO] [stdout] 111 |     Forward(F),
[INFO] [stdout]     |     ^^^^^^^
[INFO] [stdout] 
[INFO] [stdout] 
[INFO] [stdout] error[E0599]: no variant or associated item named `Failure` found for enum `Outcome` in the current scope
[INFO] [stdout]   --> src/core.rs:71:31
[INFO] [stdout]    |
[INFO] [stdout] 71 |             outcome::Outcome::Failure((status, err)) => {
[INFO] [stdout]    |                               ^^^^^^^ variant or associated item not found in `Outcome<_, _, _>`
[INFO] [stdout] 
[INFO] [stdout] 
[INFO] [stdout] error[E0599]: no variant or associated item named `Failure` found for enum `Outcome` in the current scope
[INFO] [stdout]   --> src/core.rs:71:31
[INFO] [stdout]    |
[INFO] [stdout] 71 |             outcome::Outcome::Failure((status, err)) => {
[INFO] [stdout]    |                               ^^^^^^^ variant or associated item not found in `Outcome<_, _, _>`
[INFO] [stdout] 
[INFO] [stdout] 
[INFO] [stdout] error[E0599]: no variant or associated item named `Failure` found for enum `Outcome` in the current scope
[INFO] [stdout]    --> src/core.rs:73:40
[INFO] [stdout]     |
[INFO] [stdout] 73  |                 return route::Outcome::Failure(status);
[INFO] [stdout]     |                                        ^^^^^^^ variant or associated item not found in `Outcome<Response<'_>, Status, (Data<'_>, Status)>`
[INFO] [stdout]     |
[INFO] [stdout] note: if you're trying to build a new `Outcome<rocket::Response<'_>, Status, (rocket::Data<'_>, Status)>` consider using one of the following associated functions:
[INFO] [stdout]       route::handler::<impl Outcome<rocket::Response<'o>, Status, (rocket::Data<'o>, Status)>>::from
[INFO] [stdout]       route::handler::<impl Outcome<rocket::Response<'o>, Status, (rocket::Data<'o>, Status)>>::try_from
[INFO] [stdout]       route::handler::<impl Outcome<rocket::Response<'o>, Status, (rocket::Data<'o>, Status)>>::error
[INFO] [stdout]       route::handler::<impl Outcome<rocket::Response<'o>, Status, (rocket::Data<'o>, Status)>>::forward
[INFO] [stdout]    --> /opt/rustwide/cargo-home/registry/src/index.crates.io-6f17d22bba15001f/rocket-0.5.0/src/route/handler.rs:188:5
[INFO] [stdout]     |
[INFO] [stdout] 188 |       pub fn from<R: Responder<'r, 'o>>(req: &'r Request<'_>, responder: R) -> Outcome<'r> {
[INFO] [stdout]     |       ^^^^^^^^^^^^^^^^^^^^^^^^^^^^^^^^^^^^^^^^^^^^^^^^^^^^^^^^^^^^^^^^^^^^^^^^^^^^^^^^^^^^
[INFO] [stdout] ...
[INFO] [stdout] 211 | /     pub fn try_from<R, E>(req: &'r Request<'_>, result: Result<R, E>) -> Outcome<'r>
[INFO] [stdout] 212 | |         where R: Responder<'r, 'o>, E: std::fmt::Debug
[INFO] [stdout]     | |______________________________________________________^
[INFO] [stdout] ...
[INFO] [stdout] 237 |       pub fn error(code: Status) -> Outcome<'r> {
[INFO] [stdout]     |       ^^^^^^^^^^^^^^^^^^^^^^^^^^^^^^^^^^^^^^^^^
[INFO] [stdout] ...
[INFO] [stdout] 257 |       pub fn forward(data: Data<'r>, status: Status) -> Outcome<'r> {
[INFO] [stdout]     |       ^^^^^^^^^^^^^^^^^^^^^^^^^^^^^^^^^^^^^^^^^^^^^^^^^^^^^^^^^^^^^
[INFO] [stdout] 
[INFO] [stdout] 
[INFO] [stdout] error[E0599]: no variant or associated item named `Failure` found for enum `Outcome` in the current scope
[INFO] [stdout]    --> src/core.rs:73:40
[INFO] [stdout]     |
[INFO] [stdout] 73  |                 return route::Outcome::Failure(status);
[INFO] [stdout]     |                                        ^^^^^^^ variant or associated item not found in `Outcome<Response<'_>, Status, (Data<'_>, Status)>`
[INFO] [stdout]     |
[INFO] [stdout] note: if you're trying to build a new `Outcome<rocket::Response<'_>, Status, (rocket::Data<'_>, Status)>` consider using one of the following associated functions:
[INFO] [stdout]       route::handler::<impl Outcome<rocket::Response<'o>, Status, (rocket::Data<'o>, Status)>>::from
[INFO] [stdout]       route::handler::<impl Outcome<rocket::Response<'o>, Status, (rocket::Data<'o>, Status)>>::try_from
[INFO] [stdout]       route::handler::<impl Outcome<rocket::Response<'o>, Status, (rocket::Data<'o>, Status)>>::error
[INFO] [stdout]       route::handler::<impl Outcome<rocket::Response<'o>, Status, (rocket::Data<'o>, Status)>>::forward
[INFO] [stdout]    --> /opt/rustwide/cargo-home/registry/src/index.crates.io-6f17d22bba15001f/rocket-0.5.0/src/route/handler.rs:188:5
[INFO] [stdout]     |
[INFO] [stdout] 188 |       pub fn from<R: Responder<'r, 'o>>(req: &'r Request<'_>, responder: R) -> Outcome<'r> {
[INFO] [stdout]     |       ^^^^^^^^^^^^^^^^^^^^^^^^^^^^^^^^^^^^^^^^^^^^^^^^^^^^^^^^^^^^^^^^^^^^^^^^^^^^^^^^^^^^
[INFO] [stdout] ...
[INFO] [stdout] 211 | /     pub fn try_from<R, E>(req: &'r Request<'_>, result: Result<R, E>) -> Outcome<'r>
[INFO] [stdout] 212 | |         where R: Responder<'r, 'o>, E: std::fmt::Debug
[INFO] [stdout]     | |______________________________________________________^
[INFO] [stdout] ...
[INFO] [stdout] 237 |       pub fn error(code: Status) -> Outcome<'r> {
[INFO] [stdout]     |       ^^^^^^^^^^^^^^^^^^^^^^^^^^^^^^^^^^^^^^^^^
[INFO] [stdout] ...
[INFO] [stdout] 257 |       pub fn forward(data: Data<'r>, status: Status) -> Outcome<'r> {
[INFO] [stdout]     |       ^^^^^^^^^^^^^^^^^^^^^^^^^^^^^^^^^^^^^^^^^^^^^^^^^^^^^^^^^^^^^
[INFO] [stdout] 
[INFO] [stdout] 
[INFO] [stdout] error[E0599]: no variant or associated item named `Failure` found for enum `Outcome` in the current scope
[INFO] [stdout]    --> src/core.rs:128:50
[INFO] [stdout]     |
[INFO] [stdout] 128 |                 return rocket::request::Outcome::Failure((
[INFO] [stdout]     |                                                  ^^^^^^^ variant or associated item not found in `Outcome<_, (Status, _), Status>`
[INFO] [stdout] 
[INFO] [stdout] 
[INFO] [stdout] error[E0599]: no variant or associated item named `Failure` found for enum `Outcome` in the current scope
[INFO] [stdout]    --> src/core.rs:128:50
[INFO] [stdout]     |
[INFO] [stdout] 128 |                 return rocket::request::Outcome::Failure((
[INFO] [stdout]     |                                                  ^^^^^^^ variant or associated item not found in `Outcome<_, (Status, _), Status>`
[INFO] [stdout] 
[INFO] [stdout] 
[INFO] [stdout] error: aborting due to 9 previous errors
[INFO] [stdout] 
[INFO] [stdout] 
[INFO] [stdout] Some errors have detailed explanations: E0308, E0599.
[INFO] [stdout] 
[INFO] [stdout] For more information about an error, try `rustc --explain E0308`.
[INFO] [stdout] 
[INFO] [stdout] error: aborting due to 9 previous errors
[INFO] [stdout] 
[INFO] [stdout] 
[INFO] [stdout] Some errors have detailed explanations: E0308, E0599.
[INFO] [stdout] 
[INFO] [stdout] For more information about an error, try `rustc --explain E0308`.
[INFO] [stdout] 
[INFO] [stderr] error: could not compile `hashira-rocket` (lib) due to 10 previous errors
[INFO] [stderr] warning: build failed, waiting for other jobs to finish...
[INFO] [stderr] error: could not compile `hashira-rocket` (lib test) due to 10 previous errors
[INFO] running `Command { std: "docker" "inspect" "cccd6704239cc2c8dd0b50ebc8302b3277f5dbaf9076284c68695135dd08172e", kill_on_drop: false }`
[INFO] running `Command { std: "docker" "rm" "-f" "cccd6704239cc2c8dd0b50ebc8302b3277f5dbaf9076284c68695135dd08172e", kill_on_drop: false }`
[INFO] [stdout] cccd6704239cc2c8dd0b50ebc8302b3277f5dbaf9076284c68695135dd08172e
