[INFO] fetching crate han 0.1.1...
[INFO] checking han-0.1.1 against nightly-2024-02-05 for check-cfg
[INFO] extracting crate han 0.1.1 into /workspace/builds/worker-1-tc1/source
[INFO] validating manifest of crates.io crate han 0.1.1 on toolchain nightly-2024-02-05
[INFO] running `Command { std: CARGO_HOME="/workspace/cargo-home" RUSTUP_HOME="/workspace/rustup-home" "/workspace/cargo-home/bin/cargo" "+nightly-2024-02-05" "metadata" "--manifest-path" "Cargo.toml" "--no-deps", kill_on_drop: false }`
[INFO] started tweaking crates.io crate han 0.1.1
[INFO] finished tweaking crates.io crate han 0.1.1
[INFO] tweaked toml for crates.io crate han 0.1.1 written to /workspace/builds/worker-1-tc1/source/Cargo.toml
[INFO] running `Command { std: CARGO_HOME="/workspace/cargo-home" RUSTUP_HOME="/workspace/rustup-home" "/workspace/cargo-home/bin/cargo" "+nightly-2024-02-05" "generate-lockfile" "--manifest-path" "Cargo.toml", kill_on_drop: false }`
[INFO] [stderr]     Updating crates.io index
[INFO] running `Command { std: CARGO_HOME="/workspace/cargo-home" RUSTUP_HOME="/workspace/rustup-home" "/workspace/cargo-home/bin/cargo" "+nightly-2024-02-05" "fetch" "--manifest-path" "Cargo.toml", kill_on_drop: false }`
[INFO] [stderr]  Downloading crates ...
[INFO] [stderr]   Downloaded crc16 v0.4.0
[INFO] running `Command { std: "docker" "create" "-v" "/var/lib/crater-agent-workspace/builds/worker-1-tc1/target:/opt/rustwide/target:rw,Z" "-v" "/var/lib/crater-agent-workspace/builds/worker-1-tc1/source:/opt/rustwide/workdir:ro,Z" "-v" "/var/lib/crater-agent-workspace/cargo-home:/opt/rustwide/cargo-home:ro,Z" "-v" "/var/lib/crater-agent-workspace/rustup-home:/opt/rustwide/rustup-home:ro,Z" "-e" "SOURCE_DIR=/opt/rustwide/workdir" "-e" "CARGO_TARGET_DIR=/opt/rustwide/target" "-e" "CARGO_HOME=/opt/rustwide/cargo-home" "-e" "RUSTUP_HOME=/opt/rustwide/rustup-home" "-w" "/opt/rustwide/workdir" "-m" "1610612736" "--user" "0:0" "--network" "none" "ghcr.io/rust-lang/crates-build-env/linux@sha256:2788e3201cd34a07e3172128adcd8b3090168a8e3bcc40d7c032b9dda1df7d1c" "/opt/rustwide/cargo-home/bin/cargo" "+nightly-2024-02-05" "metadata" "--no-deps" "--format-version=1", kill_on_drop: false }`
[INFO] [stdout] d50c6768cc97feec376c470fe0ffb5033ea8cceaa134ba4786a8489a1db7c72c
[INFO] running `Command { std: "docker" "start" "-a" "d50c6768cc97feec376c470fe0ffb5033ea8cceaa134ba4786a8489a1db7c72c", kill_on_drop: false }`
[INFO] running `Command { std: "docker" "inspect" "d50c6768cc97feec376c470fe0ffb5033ea8cceaa134ba4786a8489a1db7c72c", kill_on_drop: false }`
[INFO] running `Command { std: "docker" "rm" "-f" "d50c6768cc97feec376c470fe0ffb5033ea8cceaa134ba4786a8489a1db7c72c", kill_on_drop: false }`
[INFO] [stdout] d50c6768cc97feec376c470fe0ffb5033ea8cceaa134ba4786a8489a1db7c72c
[INFO] running `Command { std: "docker" "create" "-v" "/var/lib/crater-agent-workspace/builds/worker-1-tc1/target:/opt/rustwide/target:rw,Z" "-v" "/var/lib/crater-agent-workspace/builds/worker-1-tc1/source:/opt/rustwide/workdir:ro,Z" "-v" "/var/lib/crater-agent-workspace/cargo-home:/opt/rustwide/cargo-home:ro,Z" "-v" "/var/lib/crater-agent-workspace/rustup-home:/opt/rustwide/rustup-home:ro,Z" "-e" "SOURCE_DIR=/opt/rustwide/workdir" "-e" "CARGO_TARGET_DIR=/opt/rustwide/target" "-e" "CARGO_INCREMENTAL=0" "-e" "RUST_BACKTRACE=full" "-e" "RUSTFLAGS=--cap-lints=forbid" "-e" "RUSTDOCFLAGS=--cap-lints=forbid" "-e" "CARGO_HOME=/opt/rustwide/cargo-home" "-e" "RUSTUP_HOME=/opt/rustwide/rustup-home" "-w" "/opt/rustwide/workdir" "-m" "1610612736" "--user" "0:0" "--network" "none" "ghcr.io/rust-lang/crates-build-env/linux@sha256:2788e3201cd34a07e3172128adcd8b3090168a8e3bcc40d7c032b9dda1df7d1c" "/opt/rustwide/cargo-home/bin/cargo" "+nightly-2024-02-05" "check" "--frozen" "--all" "--all-targets" "--message-format=json", kill_on_drop: false }`
[INFO] [stdout] b9be1f1c06a1777a71e767e2779bd5af044b41df43410eaf01344449733d1d80
[INFO] running `Command { std: "docker" "start" "-a" "b9be1f1c06a1777a71e767e2779bd5af044b41df43410eaf01344449733d1d80", kill_on_drop: false }`
[INFO] [stderr]    Compiling crc16 v0.4.0
[INFO] [stderr]    Compiling time-core v0.1.2
[INFO] [stderr]    Compiling num-conv v0.1.0
[INFO] [stderr]     Checking deranged v0.3.11
[INFO] [stderr]    Compiling time-macros v0.2.17
[INFO] [stderr]     Checking time v0.3.34
[INFO] [stderr]     Checking han v0.1.1 (/opt/rustwide/workdir)
[INFO] [stdout] error[E0133]: call to unsafe function `UtcOffset::__from_hms_unchecked` is unsafe and requires unsafe function or block
[INFO] [stdout]    --> src/obis.rs:224:22
[INFO] [stdout]     |
[INFO] [stdout] 224 |         Some("W") => UtcOffset::__from_hms_unchecked(1, 0, 0),
[INFO] [stdout]     |                      ^^^^^^^^^^^^^^^^^^^^^^^^^^^^^^^^^^^^^^^^ call to unsafe function
[INFO] [stdout]     |
[INFO] [stdout]     = note: consult the function's documentation for information on how to avoid undefined behavior
[INFO] [stdout] 
[INFO] [stdout] 
[INFO] [stdout] error[E0133]: call to unsafe function `UtcOffset::__from_hms_unchecked` is unsafe and requires unsafe function or block
[INFO] [stdout]    --> src/obis.rs:225:22
[INFO] [stdout]     |
[INFO] [stdout] 225 |         Some("S") => UtcOffset::__from_hms_unchecked(2, 0, 0),
[INFO] [stdout]     |                      ^^^^^^^^^^^^^^^^^^^^^^^^^^^^^^^^^^^^^^^^ call to unsafe function
[INFO] [stdout]     |
[INFO] [stdout]     = note: consult the function's documentation for information on how to avoid undefined behavior
[INFO] [stdout] 
[INFO] [stdout] 
[INFO] [stdout] error: aborting due to 2 previous errors
[INFO] [stdout] 
[INFO] [stdout] 
[INFO] [stdout] For more information about this error, try `rustc --explain E0133`.
[INFO] [stdout] 
[INFO] [stdout] error[E0133]: call to unsafe function `UtcOffset::__from_hms_unchecked` is unsafe and requires unsafe function or block
[INFO] [stdout]    --> src/obis.rs:224:22
[INFO] [stdout]     |
[INFO] [stdout] 224 |         Some("W") => UtcOffset::__from_hms_unchecked(1, 0, 0),
[INFO] [stdout]     |                      ^^^^^^^^^^^^^^^^^^^^^^^^^^^^^^^^^^^^^^^^ call to unsafe function
[INFO] [stdout]     |
[INFO] [stdout]     = note: consult the function's documentation for information on how to avoid undefined behavior
[INFO] [stdout] 
[INFO] [stdout] 
[INFO] [stdout] error[E0133]: call to unsafe function `UtcOffset::__from_hms_unchecked` is unsafe and requires unsafe function or block
[INFO] [stdout]    --> src/obis.rs:225:22
[INFO] [stdout]     |
[INFO] [stdout] 225 |         Some("S") => UtcOffset::__from_hms_unchecked(2, 0, 0),
[INFO] [stdout]     |                      ^^^^^^^^^^^^^^^^^^^^^^^^^^^^^^^^^^^^^^^^ call to unsafe function
[INFO] [stdout]     |
[INFO] [stdout]     = note: consult the function's documentation for information on how to avoid undefined behavior
[INFO] [stdout] 
[INFO] [stdout] 
[INFO] [stderr] error: could not compile `han` (lib) due to 3 previous errors
[INFO] [stderr] warning: build failed, waiting for other jobs to finish...
[INFO] [stdout] error: aborting due to 2 previous errors
[INFO] [stdout] 
[INFO] [stdout] 
[INFO] [stdout] For more information about this error, try `rustc --explain E0133`.
[INFO] [stdout] 
[INFO] [stderr] error: could not compile `han` (lib test) due to 3 previous errors
[INFO] running `Command { std: "docker" "inspect" "b9be1f1c06a1777a71e767e2779bd5af044b41df43410eaf01344449733d1d80", kill_on_drop: false }`
[INFO] running `Command { std: "docker" "rm" "-f" "b9be1f1c06a1777a71e767e2779bd5af044b41df43410eaf01344449733d1d80", kill_on_drop: false }`
[INFO] [stdout] b9be1f1c06a1777a71e767e2779bd5af044b41df43410eaf01344449733d1d80
[INFO] checking han-0.1.1 against nightly-2024-02-05+rustflags=-Dunexpected_cfgs+cargoflags=-Zcheck-cfg for check-cfg
[INFO] extracting crate han 0.1.1 into /workspace/builds/worker-1-tc2/source
[INFO] validating manifest of crates.io crate han 0.1.1 on toolchain nightly-2024-02-05
[INFO] running `Command { std: CARGO_HOME="/workspace/cargo-home" RUSTUP_HOME="/workspace/rustup-home" "/workspace/cargo-home/bin/cargo" "+nightly-2024-02-05" "metadata" "--manifest-path" "Cargo.toml" "--no-deps", kill_on_drop: false }`
[INFO] started tweaking crates.io crate han 0.1.1
[INFO] finished tweaking crates.io crate han 0.1.1
[INFO] tweaked toml for crates.io crate han 0.1.1 written to /workspace/builds/worker-1-tc2/source/Cargo.toml
[INFO] running `Command { std: CARGO_HOME="/workspace/cargo-home" RUSTUP_HOME="/workspace/rustup-home" "/workspace/cargo-home/bin/cargo" "+nightly-2024-02-05" "generate-lockfile" "--manifest-path" "Cargo.toml", kill_on_drop: false }`
[INFO] [stderr]     Updating crates.io index
[INFO] running `Command { std: CARGO_HOME="/workspace/cargo-home" RUSTUP_HOME="/workspace/rustup-home" "/workspace/cargo-home/bin/cargo" "+nightly-2024-02-05" "fetch" "--manifest-path" "Cargo.toml", kill_on_drop: false }`
[INFO] running `Command { std: "docker" "create" "-v" "/var/lib/crater-agent-workspace/builds/worker-1-tc2/target:/opt/rustwide/target:rw,Z" "-v" "/var/lib/crater-agent-workspace/builds/worker-1-tc2/source:/opt/rustwide/workdir:ro,Z" "-v" "/var/lib/crater-agent-workspace/cargo-home:/opt/rustwide/cargo-home:ro,Z" "-v" "/var/lib/crater-agent-workspace/rustup-home:/opt/rustwide/rustup-home:ro,Z" "-e" "SOURCE_DIR=/opt/rustwide/workdir" "-e" "CARGO_TARGET_DIR=/opt/rustwide/target" "-e" "CARGO_HOME=/opt/rustwide/cargo-home" "-e" "RUSTUP_HOME=/opt/rustwide/rustup-home" "-w" "/opt/rustwide/workdir" "-m" "1610612736" "--user" "0:0" "--network" "none" "ghcr.io/rust-lang/crates-build-env/linux@sha256:2788e3201cd34a07e3172128adcd8b3090168a8e3bcc40d7c032b9dda1df7d1c" "/opt/rustwide/cargo-home/bin/cargo" "+nightly-2024-02-05" "metadata" "--no-deps" "--format-version=1", kill_on_drop: false }`
[INFO] [stdout] 5f478bdd2a9e21b51fa139b4bcf9ca0fa62f009fc3ee257f6a12952ac523a4f3
[INFO] running `Command { std: "docker" "start" "-a" "5f478bdd2a9e21b51fa139b4bcf9ca0fa62f009fc3ee257f6a12952ac523a4f3", kill_on_drop: false }`
[INFO] running `Command { std: "docker" "inspect" "5f478bdd2a9e21b51fa139b4bcf9ca0fa62f009fc3ee257f6a12952ac523a4f3", kill_on_drop: false }`
[INFO] running `Command { std: "docker" "rm" "-f" "5f478bdd2a9e21b51fa139b4bcf9ca0fa62f009fc3ee257f6a12952ac523a4f3", kill_on_drop: false }`
[INFO] [stdout] 5f478bdd2a9e21b51fa139b4bcf9ca0fa62f009fc3ee257f6a12952ac523a4f3
[INFO] running `Command { std: "docker" "create" "-v" "/var/lib/crater-agent-workspace/builds/worker-1-tc2/target:/opt/rustwide/target:rw,Z" "-v" "/var/lib/crater-agent-workspace/builds/worker-1-tc2/source:/opt/rustwide/workdir:ro,Z" "-v" "/var/lib/crater-agent-workspace/cargo-home:/opt/rustwide/cargo-home:ro,Z" "-v" "/var/lib/crater-agent-workspace/rustup-home:/opt/rustwide/rustup-home:ro,Z" "-e" "SOURCE_DIR=/opt/rustwide/workdir" "-e" "CARGO_TARGET_DIR=/opt/rustwide/target" "-e" "CARGO_INCREMENTAL=0" "-e" "RUST_BACKTRACE=full" "-e" "RUSTFLAGS=--cap-lints=forbid -Dunexpected_cfgs" "-e" "RUSTDOCFLAGS=--cap-lints=forbid" "-e" "CARGO_HOME=/opt/rustwide/cargo-home" "-e" "RUSTUP_HOME=/opt/rustwide/rustup-home" "-w" "/opt/rustwide/workdir" "-m" "1610612736" "--user" "0:0" "--network" "none" "ghcr.io/rust-lang/crates-build-env/linux@sha256:2788e3201cd34a07e3172128adcd8b3090168a8e3bcc40d7c032b9dda1df7d1c" "/opt/rustwide/cargo-home/bin/cargo" "+nightly-2024-02-05" "check" "--frozen" "--all" "--all-targets" "--message-format=json" "-Zcheck-cfg", kill_on_drop: false }`
[INFO] [stdout] 1e2f61b1a21a687f87810d01840481b95b6eac5356cf564e856914499d9e4ce1
[INFO] running `Command { std: "docker" "start" "-a" "1e2f61b1a21a687f87810d01840481b95b6eac5356cf564e856914499d9e4ce1", kill_on_drop: false }`
[INFO] [stderr]    Compiling time-core v0.1.2
[INFO] [stderr]    Compiling crc16 v0.4.0
[INFO] [stderr]    Compiling num-conv v0.1.0
[INFO] [stderr]     Checking deranged v0.3.11
[INFO] [stderr]    Compiling time-macros v0.2.17
[INFO] [stderr]     Checking time v0.3.34
[INFO] [stderr]     Checking han v0.1.1 (/opt/rustwide/workdir)
[INFO] [stdout] error[E0133]: call to unsafe function `UtcOffset::__from_hms_unchecked` is unsafe and requires unsafe function or block
[INFO] [stdout]    --> src/obis.rs:224:22
[INFO] [stdout]     |
[INFO] [stdout] 224 |         Some("W") => UtcOffset::__from_hms_unchecked(1, 0, 0),
[INFO] [stdout]     |                      ^^^^^^^^^^^^^^^^^^^^^^^^^^^^^^^^^^^^^^^^ call to unsafe function
[INFO] [stdout]     |
[INFO] [stdout]     = note: consult the function's documentation for information on how to avoid undefined behavior
[INFO] [stdout] 
[INFO] [stdout] 
[INFO] [stdout] error[E0133]: call to unsafe function `UtcOffset::__from_hms_unchecked` is unsafe and requires unsafe function or block
[INFO] [stdout]    --> src/obis.rs:225:22
[INFO] [stdout]     |
[INFO] [stdout] 225 |         Some("S") => UtcOffset::__from_hms_unchecked(2, 0, 0),
[INFO] [stdout]     |                      ^^^^^^^^^^^^^^^^^^^^^^^^^^^^^^^^^^^^^^^^ call to unsafe function
[INFO] [stdout]     |
[INFO] [stdout]     = note: consult the function's documentation for information on how to avoid undefined behavior
[INFO] [stdout] 
[INFO] [stdout] 
[INFO] [stdout] error: aborting due to 2 previous errors
[INFO] [stdout] 
[INFO] [stdout] 
[INFO] [stdout] For more information about this error, try `rustc --explain E0133`.
[INFO] [stdout] 
[INFO] [stderr] error: could not compile `han` (lib) due to 3 previous errors
[INFO] [stderr] warning: build failed, waiting for other jobs to finish...
[INFO] [stdout] error[E0133]: call to unsafe function `UtcOffset::__from_hms_unchecked` is unsafe and requires unsafe function or block
[INFO] [stdout]    --> src/obis.rs:224:22
[INFO] [stdout]     |
[INFO] [stdout] 224 |         Some("W") => UtcOffset::__from_hms_unchecked(1, 0, 0),
[INFO] [stdout]     |                      ^^^^^^^^^^^^^^^^^^^^^^^^^^^^^^^^^^^^^^^^ call to unsafe function
[INFO] [stdout]     |
[INFO] [stdout]     = note: consult the function's documentation for information on how to avoid undefined behavior
[INFO] [stdout] 
[INFO] [stdout] 
[INFO] [stdout] error[E0133]: call to unsafe function `UtcOffset::__from_hms_unchecked` is unsafe and requires unsafe function or block
[INFO] [stdout]    --> src/obis.rs:225:22
[INFO] [stdout]     |
[INFO] [stdout] 225 |         Some("S") => UtcOffset::__from_hms_unchecked(2, 0, 0),
[INFO] [stdout]     |                      ^^^^^^^^^^^^^^^^^^^^^^^^^^^^^^^^^^^^^^^^ call to unsafe function
[INFO] [stdout]     |
[INFO] [stdout]     = note: consult the function's documentation for information on how to avoid undefined behavior
[INFO] [stdout] 
[INFO] [stdout] 
[INFO] [stdout] error: aborting due to 2 previous errors
[INFO] [stdout] 
[INFO] [stdout] 
[INFO] [stdout] For more information about this error, try `rustc --explain E0133`.
[INFO] [stdout] 
[INFO] [stderr] error: could not compile `han` (lib test) due to 3 previous errors
[INFO] running `Command { std: "docker" "inspect" "1e2f61b1a21a687f87810d01840481b95b6eac5356cf564e856914499d9e4ce1", kill_on_drop: false }`
[INFO] running `Command { std: "docker" "rm" "-f" "1e2f61b1a21a687f87810d01840481b95b6eac5356cf564e856914499d9e4ce1", kill_on_drop: false }`
[INFO] [stdout] 1e2f61b1a21a687f87810d01840481b95b6eac5356cf564e856914499d9e4ce1
