[INFO] fetching crate hadead 0.2.0...
[INFO] checking hadead-0.2.0 against nightly-2024-02-05 for check-cfg
[INFO] extracting crate hadead 0.2.0 into /workspace/builds/worker-7-tc1/source
[INFO] validating manifest of crates.io crate hadead 0.2.0 on toolchain nightly-2024-02-05
[INFO] running `Command { std: CARGO_HOME="/workspace/cargo-home" RUSTUP_HOME="/workspace/rustup-home" "/workspace/cargo-home/bin/cargo" "+nightly-2024-02-05" "metadata" "--manifest-path" "Cargo.toml" "--no-deps", kill_on_drop: false }`
[INFO] started tweaking crates.io crate hadead 0.2.0
[INFO] finished tweaking crates.io crate hadead 0.2.0
[INFO] tweaked toml for crates.io crate hadead 0.2.0 written to /workspace/builds/worker-7-tc1/source/Cargo.toml
[INFO] running `Command { std: CARGO_HOME="/workspace/cargo-home" RUSTUP_HOME="/workspace/rustup-home" "/workspace/cargo-home/bin/cargo" "+nightly-2024-02-05" "generate-lockfile" "--manifest-path" "Cargo.toml", kill_on_drop: false }`
[INFO] [stderr]     Updating crates.io index
[INFO] running `Command { std: CARGO_HOME="/workspace/cargo-home" RUSTUP_HOME="/workspace/rustup-home" "/workspace/cargo-home/bin/cargo" "+nightly-2024-02-05" "fetch" "--manifest-path" "Cargo.toml", kill_on_drop: false }`
[INFO] [stderr]     Blocking waiting for file lock on package cache
[INFO] [stderr]     Blocking waiting for file lock on package cache
[INFO] [stderr]  Downloading crates ...
[INFO] [stderr]   Downloaded tiny-bip39 v1.0.0
[INFO] [stderr]   Downloaded libthemis-sys v0.14.0
[INFO] [stderr]   Downloaded web3-async-native-tls v0.4.0
[INFO] [stderr]   Downloaded secp256k1 v0.28.2
[INFO] [stderr]   Downloaded secp256k1-sys v0.9.2
[INFO] [stderr]   Downloaded aes256ctr_poly1305aes v0.2.0
[INFO] [stderr]   Downloaded themis v0.14.0
[INFO] [stderr]   Downloaded wallexerr v0.2.8
[INFO] running `Command { std: "docker" "create" "-v" "/var/lib/crater-agent-workspace/builds/worker-7-tc1/target:/opt/rustwide/target:rw,Z" "-v" "/var/lib/crater-agent-workspace/builds/worker-7-tc1/source:/opt/rustwide/workdir:ro,Z" "-v" "/var/lib/crater-agent-workspace/cargo-home:/opt/rustwide/cargo-home:ro,Z" "-v" "/var/lib/crater-agent-workspace/rustup-home:/opt/rustwide/rustup-home:ro,Z" "-e" "SOURCE_DIR=/opt/rustwide/workdir" "-e" "CARGO_TARGET_DIR=/opt/rustwide/target" "-e" "CARGO_HOME=/opt/rustwide/cargo-home" "-e" "RUSTUP_HOME=/opt/rustwide/rustup-home" "-w" "/opt/rustwide/workdir" "-m" "1610612736" "--user" "0:0" "--network" "none" "ghcr.io/rust-lang/crates-build-env/linux@sha256:2788e3201cd34a07e3172128adcd8b3090168a8e3bcc40d7c032b9dda1df7d1c" "/opt/rustwide/cargo-home/bin/cargo" "+nightly-2024-02-05" "metadata" "--no-deps" "--format-version=1", kill_on_drop: false }`
[INFO] [stdout] fab7c3cd26a7c0cd3724c99625ec36aea86d5c9afc198d990e2d5bf7b47fb6d7
[INFO] running `Command { std: "docker" "start" "-a" "fab7c3cd26a7c0cd3724c99625ec36aea86d5c9afc198d990e2d5bf7b47fb6d7", kill_on_drop: false }`
[INFO] running `Command { std: "docker" "inspect" "fab7c3cd26a7c0cd3724c99625ec36aea86d5c9afc198d990e2d5bf7b47fb6d7", kill_on_drop: false }`
[INFO] running `Command { std: "docker" "rm" "-f" "fab7c3cd26a7c0cd3724c99625ec36aea86d5c9afc198d990e2d5bf7b47fb6d7", kill_on_drop: false }`
[INFO] [stdout] fab7c3cd26a7c0cd3724c99625ec36aea86d5c9afc198d990e2d5bf7b47fb6d7
[INFO] running `Command { std: "docker" "create" "-v" "/var/lib/crater-agent-workspace/builds/worker-7-tc1/target:/opt/rustwide/target:rw,Z" "-v" "/var/lib/crater-agent-workspace/builds/worker-7-tc1/source:/opt/rustwide/workdir:ro,Z" "-v" "/var/lib/crater-agent-workspace/cargo-home:/opt/rustwide/cargo-home:ro,Z" "-v" "/var/lib/crater-agent-workspace/rustup-home:/opt/rustwide/rustup-home:ro,Z" "-e" "SOURCE_DIR=/opt/rustwide/workdir" "-e" "CARGO_TARGET_DIR=/opt/rustwide/target" "-e" "CARGO_INCREMENTAL=0" "-e" "RUST_BACKTRACE=full" "-e" "RUSTFLAGS=--cap-lints=forbid" "-e" "RUSTDOCFLAGS=--cap-lints=forbid" "-e" "CARGO_HOME=/opt/rustwide/cargo-home" "-e" "RUSTUP_HOME=/opt/rustwide/rustup-home" "-w" "/opt/rustwide/workdir" "-m" "1610612736" "--user" "0:0" "--network" "none" "ghcr.io/rust-lang/crates-build-env/linux@sha256:2788e3201cd34a07e3172128adcd8b3090168a8e3bcc40d7c032b9dda1df7d1c" "/opt/rustwide/cargo-home/bin/cargo" "+nightly-2024-02-05" "check" "--frozen" "--all" "--all-targets" "--message-format=json", kill_on_drop: false }`
[INFO] [stdout] 1b2b66be4d8dba614acb51d306afe740b8d920eff9634a03b168530ba4187fa8
[INFO] running `Command { std: "docker" "start" "-a" "1b2b66be4d8dba614acb51d306afe740b8d920eff9634a03b168530ba4187fa8", kill_on_drop: false }`
[INFO] [stderr]     Checking futures-core v0.3.30
[INFO] [stderr]    Compiling parking_lot_core v0.9.9
[INFO] [stderr]    Compiling lock_api v0.4.11
[INFO] [stderr]     Checking futures-io v0.3.30
[INFO] [stderr]    Compiling vcpkg v0.2.15
[INFO] [stderr]     Checking futures-task v0.3.30
[INFO] [stderr]     Checking getrandom v0.2.12
[INFO] [stderr]     Checking num_cpus v1.16.0
[INFO] [stderr]     Checking log v0.4.20
[INFO] [stderr]    Compiling crunchy v0.2.2
[INFO] [stderr]     Checking rustc-hex v2.1.0
[INFO] [stderr]    Compiling openssl v0.10.63
[INFO] [stderr]    Compiling openssl-macros v0.1.1
[INFO] [stderr]     Checking static_assertions v1.1.0
[INFO] [stderr]     Checking byteorder v1.5.0
[INFO] [stderr]    Compiling native-tls v0.2.11
[INFO] [stderr]     Checking futures-channel v0.3.30
[INFO] [stderr]    Compiling tiny-keccak v2.0.2
[INFO] [stderr]     Checking idna v0.5.0
[INFO] [stderr]     Checking impl-serde v0.4.0
[INFO] [stderr]     Checking rlp v0.5.2
[INFO] [stderr]     Checking hex v0.4.3
[INFO] [stderr]     Checking rand_core v0.6.4
[INFO] [stderr]    Compiling secp256k1-sys v0.8.1
[INFO] [stderr]     Checking zeroize v1.7.0
[INFO] [stderr]     Checking rand_chacha v0.3.1
[INFO] [stderr]     Checking digest v0.9.0
[INFO] [stderr]    Compiling libthemis-sys v0.14.0
[INFO] [stderr]     Checking futures-util v0.3.30
[INFO] [stderr]    Compiling secp256k1-sys v0.9.2
[INFO] [stderr]     Checking impl-rlp v0.3.0
[INFO] [stderr]     Checking block-buffer v0.9.0
[INFO] [stderr]    Compiling rustix v0.38.31
[INFO] [stderr]     Checking rand v0.8.5
[INFO] [stderr]     Checking sha3 v0.10.8
[INFO] [stderr]    Compiling syn v1.0.109
[INFO] [stderr]     Checking serde_urlencoded v0.7.1
[INFO] [stderr]     Checking headers-core v0.2.0
[INFO] [stderr]     Checking sha-1 v0.9.8
[INFO] [stderr]     Checking universal-hash v0.5.1
[INFO] [stderr]     Checking uint v0.9.5
[INFO] [stderr]     Checking parking_lot v0.12.1
[INFO] [stderr]     Checking url v2.5.0
[INFO] [stderr]    Compiling ring v0.17.7
[INFO] [stderr]     Checking encoding_rs v0.8.33
[INFO] [stderr]    Compiling crc16 v0.4.0
[INFO] [stderr]     Checking sync_wrapper v0.1.2
[INFO] [stderr] The following warnings were emitted during compilation:
[INFO] [stderr] 
[INFO] [stderr] warning: libthemis-sys@0.14.0: src/dummy.c:17:10: fatal error: themis/themis.h: No such file or directory
[INFO] [stderr] warning: libthemis-sys@0.14.0:    17 | #include <themis/themis.h>
[INFO] [stderr] warning: libthemis-sys@0.14.0:       |          ^~~~~~~~~~~~~~~~~
[INFO] [stderr] warning: libthemis-sys@0.14.0: compilation terminated.
[INFO] [stderr] 
[INFO] [stderr] error: failed to run custom build command for `libthemis-sys v0.14.0`
[INFO] [stderr] note: To improve backtraces for build dependencies, set the CARGO_PROFILE_DEV_BUILD_OVERRIDE_DEBUG=true environment variable to enable debug information generation.
[INFO] [stderr] 
[INFO] [stderr] Caused by:
[INFO] [stderr]   process didn't exit successfully: `/opt/rustwide/target/debug/build/libthemis-sys-707c4de48ce2194d/build-script-build` (exit status: 101)
[INFO] [stderr]   --- stdout
[INFO] [stderr]   cargo:rerun-if-env-changed=LIBTHEMIS_NO_PKG_CONFIG
[INFO] [stderr]   cargo:rerun-if-env-changed=PKG_CONFIG_x86_64-unknown-linux-gnu
[INFO] [stderr]   cargo:rerun-if-env-changed=PKG_CONFIG_x86_64_unknown_linux_gnu
[INFO] [stderr]   cargo:rerun-if-env-changed=HOST_PKG_CONFIG
[INFO] [stderr]   cargo:rerun-if-env-changed=PKG_CONFIG
[INFO] [stderr]   cargo:rerun-if-env-changed=LIBTHEMIS_STATIC
[INFO] [stderr]   cargo:rerun-if-env-changed=LIBTHEMIS_DYNAMIC
[INFO] [stderr]   cargo:rerun-if-env-changed=PKG_CONFIG_ALL_STATIC
[INFO] [stderr]   cargo:rerun-if-env-changed=PKG_CONFIG_ALL_DYNAMIC
[INFO] [stderr]   cargo:rerun-if-env-changed=PKG_CONFIG_PATH_x86_64-unknown-linux-gnu
[INFO] [stderr]   cargo:rerun-if-env-changed=PKG_CONFIG_PATH_x86_64_unknown_linux_gnu
[INFO] [stderr]   cargo:rerun-if-env-changed=HOST_PKG_CONFIG_PATH
[INFO] [stderr]   cargo:rerun-if-env-changed=PKG_CONFIG_PATH
[INFO] [stderr]   cargo:rerun-if-env-changed=PKG_CONFIG_LIBDIR_x86_64-unknown-linux-gnu
[INFO] [stderr]   cargo:rerun-if-env-changed=PKG_CONFIG_LIBDIR_x86_64_unknown_linux_gnu
[INFO] [stderr]   cargo:rerun-if-env-changed=HOST_PKG_CONFIG_LIBDIR
[INFO] [stderr]   cargo:rerun-if-env-changed=PKG_CONFIG_LIBDIR
[INFO] [stderr]   cargo:rerun-if-env-changed=PKG_CONFIG_SYSROOT_DIR_x86_64-unknown-linux-gnu
[INFO] [stderr]   cargo:rerun-if-env-changed=PKG_CONFIG_SYSROOT_DIR_x86_64_unknown_linux_gnu
[INFO] [stderr]   cargo:rerun-if-env-changed=HOST_PKG_CONFIG_SYSROOT_DIR
[INFO] [stderr]   cargo:rerun-if-env-changed=PKG_CONFIG_SYSROOT_DIR
[INFO] [stderr]   TARGET = Some("x86_64-unknown-linux-gnu")
[INFO] [stderr]   OPT_LEVEL = Some("0")
[INFO] [stderr]   HOST = Some("x86_64-unknown-linux-gnu")
[INFO] [stderr]   cargo:rerun-if-env-changed=CC_x86_64-unknown-linux-gnu
[INFO] [stderr]   CC_x86_64-unknown-linux-gnu = None
[INFO] [stderr]   cargo:rerun-if-env-changed=CC_x86_64_unknown_linux_gnu
[INFO] [stderr]   CC_x86_64_unknown_linux_gnu = None
[INFO] [stderr]   cargo:rerun-if-env-changed=HOST_CC
[INFO] [stderr]   HOST_CC = None
[INFO] [stderr]   cargo:rerun-if-env-changed=CC
[INFO] [stderr]   CC = None
[INFO] [stderr]   cargo:rerun-if-env-changed=CRATE_CC_NO_DEFAULTS
[INFO] [stderr]   CRATE_CC_NO_DEFAULTS = None
[INFO] [stderr]   DEBUG = Some("true")
[INFO] [stderr]   CARGO_CFG_TARGET_FEATURE = Some("fxsr,sse,sse2")
[INFO] [stderr]   cargo:rerun-if-env-changed=CFLAGS_x86_64-unknown-linux-gnu
[INFO] [stderr]   CFLAGS_x86_64-unknown-linux-gnu = None
[INFO] [stderr]   cargo:rerun-if-env-changed=CFLAGS_x86_64_unknown_linux_gnu
[INFO] [stderr]   CFLAGS_x86_64_unknown_linux_gnu = None
[INFO] [stderr]   cargo:rerun-if-env-changed=HOST_CFLAGS
[INFO] [stderr]   HOST_CFLAGS = None
[INFO] [stderr]   cargo:rerun-if-env-changed=CFLAGS
[INFO] [stderr]   CFLAGS = None
[INFO] [stderr]   running: "cc" "-O0" "-ffunction-sections" "-fdata-sections" "-fPIC" "-gdwarf-4" "-fno-omit-frame-pointer" "-m64" "-Wall" "-Wextra" "-lthemis" "-o" "/opt/rustwide/target/debug/build/libthemis-sys-d8e9ee29a2dba30f/out/src/dummy.o" "-c" "src/dummy.c"
[INFO] [stderr]   cargo:warning=src/dummy.c:17:10: fatal error: themis/themis.h: No such file or directory
[INFO] [stderr] 
[INFO] [stderr]   cargo:warning=   17 | #include <themis/themis.h>
[INFO] [stderr] 
[INFO] [stderr]   cargo:warning=      |          ^~~~~~~~~~~~~~~~~
[INFO] [stderr] 
[INFO] [stderr]   cargo:warning=compilation terminated.
[INFO] [stderr] 
[INFO] [stderr]   exit status: 1
[INFO] [stderr] 
[INFO] [stderr]   --- stderr
[INFO] [stderr] 
[INFO] [stderr]   `libthemis-sys` could not find Themis installation in your system.
[INFO] [stderr] 
[INFO] [stderr]   Please make sure you have appropriate development package installed.
[INFO] [stderr]   On Linux it's called `libthemis-dev`, not just `libthemis`.
[INFO] [stderr]   On macOS Homebrew formula is called `libthemis`.
[INFO] [stderr] 
[INFO] [stderr]   Please refer to the documentation for installation instructions:
[INFO] [stderr] 
[INFO] [stderr]       https://github.com/cossacklabs/themis#quickstart
[INFO] [stderr] 
[INFO] [stderr]   This crate uses `pkg-config` to locate the library. If you use
[INFO] [stderr]   non-standard installation of Themis then you can help pkg-config
[INFO] [stderr]   to locate your library by setting the PKG_CONFIG_PATH environment
[INFO] [stderr]   variable to the path where `libthemis.pc` file is located.
[INFO] [stderr] 
[INFO] [stderr] 
[INFO] [stderr]   pkg-config exited with status code 1
[INFO] [stderr]   > PKG_CONFIG_ALLOW_SYSTEM_LIBS=1 PKG_CONFIG_ALLOW_SYSTEM_CFLAGS=1 pkg-config --libs --cflags libthemis
[INFO] [stderr] 
[INFO] [stderr]   The system library `libthemis` required by crate `libthemis-sys` was not found.
[INFO] [stderr]   The file `libthemis.pc` needs to be installed and the PKG_CONFIG_PATH environment variable must contain its parent directory.
[INFO] [stderr]   The PKG_CONFIG_PATH environment variable is not set.
[INFO] [stderr] 
[INFO] [stderr]   HINT: if you have installed the library, try setting PKG_CONFIG_PATH to the directory containing `libthemis.pc`.
[INFO] [stderr] 
[INFO] [stderr]   `libthemis-sys` also tried to use standard system paths, but without success.
[INFO] [stderr]   It seems that Themis is really not installed in your system.
[INFO] [stderr] 
[INFO] [stderr]   thread 'main' panicked at /opt/rustwide/cargo-home/registry/src/index.crates.io-6f17d22bba15001f/libthemis-sys-0.14.0/build.rs:66:17:
[INFO] [stderr]   Themis Core not installed
[INFO] [stderr]   stack backtrace:
[INFO] [stderr]      0:     0x55d92e558e16 - std::backtrace_rs::backtrace::libunwind::trace::heebc7766b165eb2a
[INFO] [stderr]                                  at /rustc/268dbbbc4b3fd71c5f360a4d0728295252430b5b/library/std/src/../../backtrace/src/backtrace/libunwind.rs:104:5
[INFO] [stderr]      1:     0x55d92e558e16 - std::backtrace_rs::backtrace::trace_unsynchronized::ha677020d8fc0296d
[INFO] [stderr]                                  at /rustc/268dbbbc4b3fd71c5f360a4d0728295252430b5b/library/std/src/../../backtrace/src/backtrace/mod.rs:66:5
[INFO] [stderr]      2:     0x55d92e558e16 - std::sys_common::backtrace::_print_fmt::hcaff2fd86a1aeaa3
[INFO] [stderr]                                  at /rustc/268dbbbc4b3fd71c5f360a4d0728295252430b5b/library/std/src/sys_common/backtrace.rs:68:5
[INFO] [stderr]      3:     0x55d92e558e16 - <std::sys_common::backtrace::_print::DisplayBacktrace as core::fmt::Display>::fmt::hc2446d8aa0059188
[INFO] [stderr]                                  at /rustc/268dbbbc4b3fd71c5f360a4d0728295252430b5b/library/std/src/sys_common/backtrace.rs:44:22
[INFO] [stderr]      4:     0x55d92e57ee50 - core::fmt::rt::Argument::fmt::h2fbb6454da37999b
[INFO] [stderr]                                  at /rustc/268dbbbc4b3fd71c5f360a4d0728295252430b5b/library/core/src/fmt/rt.rs:142:9
[INFO] [stderr]      5:     0x55d92e57ee50 - core::fmt::write::had96bdeda7d49d3a
[INFO] [stderr]                                  at /rustc/268dbbbc4b3fd71c5f360a4d0728295252430b5b/library/core/src/fmt/mod.rs:1120:17
[INFO] [stderr]      6:     0x55d92e555c7f - std::io::Write::write_fmt::h30b1f36eea05b391
[INFO] [stderr]                                  at /rustc/268dbbbc4b3fd71c5f360a4d0728295252430b5b/library/std/src/io/mod.rs:1849:15
[INFO] [stderr]      7:     0x55d92e558bf4 - std::sys_common::backtrace::_print::hc333bb91ae972137
[INFO] [stderr]                                  at /rustc/268dbbbc4b3fd71c5f360a4d0728295252430b5b/library/std/src/sys_common/backtrace.rs:47:5
[INFO] [stderr]      8:     0x55d92e558bf4 - std::sys_common::backtrace::print::h18fd3c71a95a3169
[INFO] [stderr]                                  at /rustc/268dbbbc4b3fd71c5f360a4d0728295252430b5b/library/std/src/sys_common/backtrace.rs:34:9
[INFO] [stderr]      9:     0x55d92e55ab27 - std::panicking::default_hook::{{closure}}::ha3473f9bcb4e9a37
[INFO] [stderr]     10:     0x55d92e55a889 - std::panicking::default_hook::h23d9d43185db6584
[INFO] [stderr]                                  at /rustc/268dbbbc4b3fd71c5f360a4d0728295252430b5b/library/std/src/panicking.rs:292:9
[INFO] [stderr]     11:     0x55d92e55afb8 - std::panicking::rust_panic_with_hook::h94aceaa7df3a6edd
[INFO] [stderr]                                  at /rustc/268dbbbc4b3fd71c5f360a4d0728295252430b5b/library/std/src/panicking.rs:781:13
[INFO] [stderr]     12:     0x55d92e4f12ee - std::panicking::begin_panic::{{closure}}::h91f7f031461922c7
[INFO] [stderr]     13:     0x55d92e4ff40a - std::sys_common::backtrace::__rust_end_short_backtrace::h79be1c03c4a316e2
[INFO] [stderr]     14:     0x55d92e4f129b - std::panicking::begin_panic::h0978df9c09818b08
[INFO] [stderr]     15:     0x55d92e4b4e8f - build_script_build::main::h0bd42bd5b400ca25
[INFO] [stderr]     16:     0x55d92e4b42d3 - core::ops::function::FnOnce::call_once::h8328a0a016badce9
[INFO] [stderr]     17:     0x55d92e4b3fa6 - std::sys_common::backtrace::__rust_begin_short_backtrace::h8349d2ad222f1b39
[INFO] [stderr]     18:     0x55d92e4b3ff9 - std::rt::lang_start::{{closure}}::h260646aed68d32b1
[INFO] [stderr]     19:     0x55d92e5518b1 - core::ops::function::impls::<impl core::ops::function::FnOnce<A> for &F>::call_once::h298d8ff12ebcec8c
[INFO] [stderr]                                  at /rustc/268dbbbc4b3fd71c5f360a4d0728295252430b5b/library/core/src/ops/function.rs:284:13
[INFO] [stderr]     20:     0x55d92e5518b1 - std::panicking::try::do_call::hbd0ffb05da5bd343
[INFO] [stderr]                                  at /rustc/268dbbbc4b3fd71c5f360a4d0728295252430b5b/library/std/src/panicking.rs:554:40
[INFO] [stderr]     21:     0x55d92e5518b1 - std::panicking::try::h11c9a152defd5d2a
[INFO] [stderr]                                  at /rustc/268dbbbc4b3fd71c5f360a4d0728295252430b5b/library/std/src/panicking.rs:518:19
[INFO] [stderr]     22:     0x55d92e5518b1 - std::panic::catch_unwind::h0d6db2fa902b4d64
[INFO] [stderr]                                  at /rustc/268dbbbc4b3fd71c5f360a4d0728295252430b5b/library/std/src/panic.rs:142:14
[INFO] [stderr]     23:     0x55d92e5518b1 - std::rt::lang_start_internal::{{closure}}::hdcc09b4aad7ef821
[INFO] [stderr]                                  at /rustc/268dbbbc4b3fd71c5f360a4d0728295252430b5b/library/std/src/rt.rs:148:48
[INFO] [stderr]     24:     0x55d92e5518b1 - std::panicking::try::do_call::h3ffd2f162d60900f
[INFO] [stderr]                                  at /rustc/268dbbbc4b3fd71c5f360a4d0728295252430b5b/library/std/src/panicking.rs:554:40
[INFO] [stderr]     25:     0x55d92e5518b1 - std::panicking::try::heeba82b9c3e190fb
[INFO] [stderr]                                  at /rustc/268dbbbc4b3fd71c5f360a4d0728295252430b5b/library/std/src/panicking.rs:518:19
[INFO] [stderr]     26:     0x55d92e5518b1 - std::panic::catch_unwind::hdaab8f1c188f387f
[INFO] [stderr]                                  at /rustc/268dbbbc4b3fd71c5f360a4d0728295252430b5b/library/std/src/panic.rs:142:14
[INFO] [stderr]     27:     0x55d92e5518b1 - std::rt::lang_start_internal::h9989e088c48b7903
[INFO] [stderr]                                  at /rustc/268dbbbc4b3fd71c5f360a4d0728295252430b5b/library/std/src/rt.rs:148:20
[INFO] [stderr]     28:     0x55d92e4b3fd7 - std::rt::lang_start::h7ea6e6d19cfed4b3
[INFO] [stderr]     29:     0x55d92e4b5115 - main
[INFO] [stderr]     30:     0x7f5b4a267d90 - <unknown>
[INFO] [stderr]     31:     0x7f5b4a267e40 - __libc_start_main
[INFO] [stderr]     32:     0x55d92e4b3e35 - _start
[INFO] [stderr]     33:                0x0 - <unknown>
[INFO] [stderr] warning: build failed, waiting for other jobs to finish...
[INFO] running `Command { std: "docker" "inspect" "1b2b66be4d8dba614acb51d306afe740b8d920eff9634a03b168530ba4187fa8", kill_on_drop: false }`
[INFO] running `Command { std: "docker" "rm" "-f" "1b2b66be4d8dba614acb51d306afe740b8d920eff9634a03b168530ba4187fa8", kill_on_drop: false }`
[INFO] [stdout] 1b2b66be4d8dba614acb51d306afe740b8d920eff9634a03b168530ba4187fa8
[INFO] checking hadead-0.2.0 against nightly-2024-02-05+rustflags=-Dunexpected_cfgs+cargoflags=-Zcheck-cfg for check-cfg
[INFO] extracting crate hadead 0.2.0 into /workspace/builds/worker-7-tc2/source
[INFO] validating manifest of crates.io crate hadead 0.2.0 on toolchain nightly-2024-02-05
[INFO] running `Command { std: CARGO_HOME="/workspace/cargo-home" RUSTUP_HOME="/workspace/rustup-home" "/workspace/cargo-home/bin/cargo" "+nightly-2024-02-05" "metadata" "--manifest-path" "Cargo.toml" "--no-deps", kill_on_drop: false }`
[INFO] started tweaking crates.io crate hadead 0.2.0
[INFO] finished tweaking crates.io crate hadead 0.2.0
[INFO] tweaked toml for crates.io crate hadead 0.2.0 written to /workspace/builds/worker-7-tc2/source/Cargo.toml
[INFO] running `Command { std: CARGO_HOME="/workspace/cargo-home" RUSTUP_HOME="/workspace/rustup-home" "/workspace/cargo-home/bin/cargo" "+nightly-2024-02-05" "generate-lockfile" "--manifest-path" "Cargo.toml", kill_on_drop: false }`
[INFO] [stderr]     Blocking waiting for file lock on package cache
[INFO] [stderr]     Updating crates.io index
[INFO] running `Command { std: CARGO_HOME="/workspace/cargo-home" RUSTUP_HOME="/workspace/rustup-home" "/workspace/cargo-home/bin/cargo" "+nightly-2024-02-05" "fetch" "--manifest-path" "Cargo.toml", kill_on_drop: false }`
[INFO] running `Command { std: "docker" "create" "-v" "/var/lib/crater-agent-workspace/builds/worker-7-tc2/target:/opt/rustwide/target:rw,Z" "-v" "/var/lib/crater-agent-workspace/builds/worker-7-tc2/source:/opt/rustwide/workdir:ro,Z" "-v" "/var/lib/crater-agent-workspace/cargo-home:/opt/rustwide/cargo-home:ro,Z" "-v" "/var/lib/crater-agent-workspace/rustup-home:/opt/rustwide/rustup-home:ro,Z" "-e" "SOURCE_DIR=/opt/rustwide/workdir" "-e" "CARGO_TARGET_DIR=/opt/rustwide/target" "-e" "CARGO_HOME=/opt/rustwide/cargo-home" "-e" "RUSTUP_HOME=/opt/rustwide/rustup-home" "-w" "/opt/rustwide/workdir" "-m" "1610612736" "--user" "0:0" "--network" "none" "ghcr.io/rust-lang/crates-build-env/linux@sha256:2788e3201cd34a07e3172128adcd8b3090168a8e3bcc40d7c032b9dda1df7d1c" "/opt/rustwide/cargo-home/bin/cargo" "+nightly-2024-02-05" "metadata" "--no-deps" "--format-version=1", kill_on_drop: false }`
[INFO] [stdout] 1f3645e9ba9ed767fbae97ce2a2d6c3c0181521b86dfb9b37a667afba1e40075
[INFO] running `Command { std: "docker" "start" "-a" "1f3645e9ba9ed767fbae97ce2a2d6c3c0181521b86dfb9b37a667afba1e40075", kill_on_drop: false }`
[INFO] running `Command { std: "docker" "inspect" "1f3645e9ba9ed767fbae97ce2a2d6c3c0181521b86dfb9b37a667afba1e40075", kill_on_drop: false }`
[INFO] running `Command { std: "docker" "rm" "-f" "1f3645e9ba9ed767fbae97ce2a2d6c3c0181521b86dfb9b37a667afba1e40075", kill_on_drop: false }`
[INFO] [stdout] 1f3645e9ba9ed767fbae97ce2a2d6c3c0181521b86dfb9b37a667afba1e40075
[INFO] running `Command { std: "docker" "create" "-v" "/var/lib/crater-agent-workspace/builds/worker-7-tc2/target:/opt/rustwide/target:rw,Z" "-v" "/var/lib/crater-agent-workspace/builds/worker-7-tc2/source:/opt/rustwide/workdir:ro,Z" "-v" "/var/lib/crater-agent-workspace/cargo-home:/opt/rustwide/cargo-home:ro,Z" "-v" "/var/lib/crater-agent-workspace/rustup-home:/opt/rustwide/rustup-home:ro,Z" "-e" "SOURCE_DIR=/opt/rustwide/workdir" "-e" "CARGO_TARGET_DIR=/opt/rustwide/target" "-e" "CARGO_INCREMENTAL=0" "-e" "RUST_BACKTRACE=full" "-e" "RUSTFLAGS=--cap-lints=forbid -Dunexpected_cfgs" "-e" "RUSTDOCFLAGS=--cap-lints=forbid" "-e" "CARGO_HOME=/opt/rustwide/cargo-home" "-e" "RUSTUP_HOME=/opt/rustwide/rustup-home" "-w" "/opt/rustwide/workdir" "-m" "1610612736" "--user" "0:0" "--network" "none" "ghcr.io/rust-lang/crates-build-env/linux@sha256:2788e3201cd34a07e3172128adcd8b3090168a8e3bcc40d7c032b9dda1df7d1c" "/opt/rustwide/cargo-home/bin/cargo" "+nightly-2024-02-05" "check" "--frozen" "--all" "--all-targets" "--message-format=json" "-Zcheck-cfg", kill_on_drop: false }`
[INFO] [stdout] 7421a3414d964ea23d5c401779bfdd4db4c1f84ab8a0bd40867cf97908f0eadb
[INFO] running `Command { std: "docker" "start" "-a" "7421a3414d964ea23d5c401779bfdd4db4c1f84ab8a0bd40867cf97908f0eadb", kill_on_drop: false }`
[INFO] [stderr]    Compiling parking_lot_core v0.9.9
[INFO] [stderr]     Checking futures-core v0.3.30
[INFO] [stderr]    Compiling lock_api v0.4.11
[INFO] [stderr]     Checking futures-io v0.3.30
[INFO] [stderr]    Compiling vcpkg v0.2.15
[INFO] [stderr]     Checking futures-task v0.3.30
[INFO] [stderr]     Checking log v0.4.20
[INFO] [stderr]     Checking getrandom v0.2.12
[INFO] [stderr]     Checking num_cpus v1.16.0
[INFO] [stderr]    Compiling crunchy v0.2.2
[INFO] [stderr]     Checking rustc-hex v2.1.0
[INFO] [stderr]    Compiling openssl v0.10.63
[INFO] [stderr]    Compiling openssl-macros v0.1.1
[INFO] [stderr]    Compiling native-tls v0.2.11
[INFO] [stderr]     Checking static_assertions v1.1.0
[INFO] [stderr]     Checking byteorder v1.5.0
[INFO] [stderr]    Compiling tiny-keccak v2.0.2
[INFO] [stderr]     Checking idna v0.5.0
[INFO] [stderr]     Checking impl-serde v0.4.0
[INFO] [stderr]     Checking futures-channel v0.3.30
[INFO] [stderr]     Checking hex v0.4.3
[INFO] [stderr]    Compiling secp256k1-sys v0.8.1
[INFO] [stderr]     Checking rlp v0.5.2
[INFO] [stderr]     Checking zeroize v1.7.0
[INFO] [stderr]     Checking rand_core v0.6.4
[INFO] [stderr]    Compiling libthemis-sys v0.14.0
[INFO] [stderr]     Checking block-buffer v0.9.0
[INFO] [stderr]    Compiling secp256k1-sys v0.9.2
[INFO] [stderr]     Checking impl-rlp v0.3.0
[INFO] [stderr]     Checking digest v0.9.0
[INFO] [stderr]     Checking futures-util v0.3.30
[INFO] [stderr]    Compiling rustix v0.38.31
[INFO] [stderr]     Checking sha3 v0.10.8
[INFO] [stderr]    Compiling syn v1.0.109
[INFO] [stderr]     Checking rand_chacha v0.3.1
[INFO] [stderr]     Checking serde_urlencoded v0.7.1
[INFO] [stderr]     Checking sha-1 v0.9.8
[INFO] [stderr]     Checking headers-core v0.2.0
[INFO] [stderr]     Checking uint v0.9.5
[INFO] [stderr]     Checking parking_lot v0.12.1
[INFO] [stderr]     Checking url v2.5.0
[INFO] [stderr]     Checking universal-hash v0.5.1
[INFO] [stderr]    Compiling ring v0.17.7
[INFO] [stderr]     Checking encoding_rs v0.8.33
[INFO] [stderr]     Checking rand v0.8.5
[INFO] [stderr]    Compiling crc16 v0.4.0
[INFO] [stderr]     Checking base64 v0.13.1
[INFO] [stderr]     Checking ipnet v2.9.0
[INFO] [stderr] The following warnings were emitted during compilation:
[INFO] [stderr] 
[INFO] [stderr] warning: libthemis-sys@0.14.0: src/dummy.c:17:10: fatal error: themis/themis.h: No such file or directory
[INFO] [stderr] warning: libthemis-sys@0.14.0:    17 | #include <themis/themis.h>
[INFO] [stderr] warning: libthemis-sys@0.14.0:       |          ^~~~~~~~~~~~~~~~~
[INFO] [stderr] warning: libthemis-sys@0.14.0: compilation terminated.
[INFO] [stderr] 
[INFO] [stderr] error: failed to run custom build command for `libthemis-sys v0.14.0`
[INFO] [stderr] note: To improve backtraces for build dependencies, set the CARGO_PROFILE_DEV_BUILD_OVERRIDE_DEBUG=true environment variable to enable debug information generation.
[INFO] [stderr] 
[INFO] [stderr] Caused by:
[INFO] [stderr]   process didn't exit successfully: `/opt/rustwide/target/debug/build/libthemis-sys-707c4de48ce2194d/build-script-build` (exit status: 101)
[INFO] [stderr]   --- stdout
[INFO] [stderr]   cargo:rerun-if-env-changed=LIBTHEMIS_NO_PKG_CONFIG
[INFO] [stderr]   cargo:rerun-if-env-changed=PKG_CONFIG_x86_64-unknown-linux-gnu
[INFO] [stderr]   cargo:rerun-if-env-changed=PKG_CONFIG_x86_64_unknown_linux_gnu
[INFO] [stderr]   cargo:rerun-if-env-changed=HOST_PKG_CONFIG
[INFO] [stderr]   cargo:rerun-if-env-changed=PKG_CONFIG
[INFO] [stderr]   cargo:rerun-if-env-changed=LIBTHEMIS_STATIC
[INFO] [stderr]   cargo:rerun-if-env-changed=LIBTHEMIS_DYNAMIC
[INFO] [stderr]   cargo:rerun-if-env-changed=PKG_CONFIG_ALL_STATIC
[INFO] [stderr]   cargo:rerun-if-env-changed=PKG_CONFIG_ALL_DYNAMIC
[INFO] [stderr]   cargo:rerun-if-env-changed=PKG_CONFIG_PATH_x86_64-unknown-linux-gnu
[INFO] [stderr]   cargo:rerun-if-env-changed=PKG_CONFIG_PATH_x86_64_unknown_linux_gnu
[INFO] [stderr]   cargo:rerun-if-env-changed=HOST_PKG_CONFIG_PATH
[INFO] [stderr]   cargo:rerun-if-env-changed=PKG_CONFIG_PATH
[INFO] [stderr]   cargo:rerun-if-env-changed=PKG_CONFIG_LIBDIR_x86_64-unknown-linux-gnu
[INFO] [stderr]   cargo:rerun-if-env-changed=PKG_CONFIG_LIBDIR_x86_64_unknown_linux_gnu
[INFO] [stderr]   cargo:rerun-if-env-changed=HOST_PKG_CONFIG_LIBDIR
[INFO] [stderr]   cargo:rerun-if-env-changed=PKG_CONFIG_LIBDIR
[INFO] [stderr]   cargo:rerun-if-env-changed=PKG_CONFIG_SYSROOT_DIR_x86_64-unknown-linux-gnu
[INFO] [stderr]   cargo:rerun-if-env-changed=PKG_CONFIG_SYSROOT_DIR_x86_64_unknown_linux_gnu
[INFO] [stderr]   cargo:rerun-if-env-changed=HOST_PKG_CONFIG_SYSROOT_DIR
[INFO] [stderr]   cargo:rerun-if-env-changed=PKG_CONFIG_SYSROOT_DIR
[INFO] [stderr]   TARGET = Some("x86_64-unknown-linux-gnu")
[INFO] [stderr]   OPT_LEVEL = Some("0")
[INFO] [stderr]   HOST = Some("x86_64-unknown-linux-gnu")
[INFO] [stderr]   cargo:rerun-if-env-changed=CC_x86_64-unknown-linux-gnu
[INFO] [stderr]   CC_x86_64-unknown-linux-gnu = None
[INFO] [stderr]   cargo:rerun-if-env-changed=CC_x86_64_unknown_linux_gnu
[INFO] [stderr]   CC_x86_64_unknown_linux_gnu = None
[INFO] [stderr]   cargo:rerun-if-env-changed=HOST_CC
[INFO] [stderr]   HOST_CC = None
[INFO] [stderr]   cargo:rerun-if-env-changed=CC
[INFO] [stderr]   CC = None
[INFO] [stderr]   cargo:rerun-if-env-changed=CRATE_CC_NO_DEFAULTS
[INFO] [stderr]   CRATE_CC_NO_DEFAULTS = None
[INFO] [stderr]   DEBUG = Some("true")
[INFO] [stderr]   CARGO_CFG_TARGET_FEATURE = Some("fxsr,sse,sse2")
[INFO] [stderr]   cargo:rerun-if-env-changed=CFLAGS_x86_64-unknown-linux-gnu
[INFO] [stderr]   CFLAGS_x86_64-unknown-linux-gnu = None
[INFO] [stderr]   cargo:rerun-if-env-changed=CFLAGS_x86_64_unknown_linux_gnu
[INFO] [stderr]   CFLAGS_x86_64_unknown_linux_gnu = None
[INFO] [stderr]   cargo:rerun-if-env-changed=HOST_CFLAGS
[INFO] [stderr]   HOST_CFLAGS = None
[INFO] [stderr]   cargo:rerun-if-env-changed=CFLAGS
[INFO] [stderr]   CFLAGS = None
[INFO] [stderr]   running: "cc" "-O0" "-ffunction-sections" "-fdata-sections" "-fPIC" "-gdwarf-4" "-fno-omit-frame-pointer" "-m64" "-Wall" "-Wextra" "-lthemis" "-o" "/opt/rustwide/target/debug/build/libthemis-sys-d8e9ee29a2dba30f/out/src/dummy.o" "-c" "src/dummy.c"
[INFO] [stderr]   cargo:warning=src/dummy.c:17:10: fatal error: themis/themis.h: No such file or directory
[INFO] [stderr] 
[INFO] [stderr]   cargo:warning=   17 | #include <themis/themis.h>
[INFO] [stderr] 
[INFO] [stderr]   cargo:warning=      |          ^~~~~~~~~~~~~~~~~
[INFO] [stderr] 
[INFO] [stderr]   cargo:warning=compilation terminated.
[INFO] [stderr] 
[INFO] [stderr]   exit status: 1
[INFO] [stderr] 
[INFO] [stderr]   --- stderr
[INFO] [stderr] 
[INFO] [stderr]   `libthemis-sys` could not find Themis installation in your system.
[INFO] [stderr] 
[INFO] [stderr]   Please make sure you have appropriate development package installed.
[INFO] [stderr]   On Linux it's called `libthemis-dev`, not just `libthemis`.
[INFO] [stderr]   On macOS Homebrew formula is called `libthemis`.
[INFO] [stderr] 
[INFO] [stderr]   Please refer to the documentation for installation instructions:
[INFO] [stderr] 
[INFO] [stderr]       https://github.com/cossacklabs/themis#quickstart
[INFO] [stderr] 
[INFO] [stderr]   This crate uses `pkg-config` to locate the library. If you use
[INFO] [stderr]   non-standard installation of Themis then you can help pkg-config
[INFO] [stderr]   to locate your library by setting the PKG_CONFIG_PATH environment
[INFO] [stderr]   variable to the path where `libthemis.pc` file is located.
[INFO] [stderr] 
[INFO] [stderr] 
[INFO] [stderr]   pkg-config exited with status code 1
[INFO] [stderr]   > PKG_CONFIG_ALLOW_SYSTEM_LIBS=1 PKG_CONFIG_ALLOW_SYSTEM_CFLAGS=1 pkg-config --libs --cflags libthemis
[INFO] [stderr] 
[INFO] [stderr]   The system library `libthemis` required by crate `libthemis-sys` was not found.
[INFO] [stderr]   The file `libthemis.pc` needs to be installed and the PKG_CONFIG_PATH environment variable must contain its parent directory.
[INFO] [stderr]   The PKG_CONFIG_PATH environment variable is not set.
[INFO] [stderr] 
[INFO] [stderr]   HINT: if you have installed the library, try setting PKG_CONFIG_PATH to the directory containing `libthemis.pc`.
[INFO] [stderr] 
[INFO] [stderr]   `libthemis-sys` also tried to use standard system paths, but without success.
[INFO] [stderr]   It seems that Themis is really not installed in your system.
[INFO] [stderr] 
[INFO] [stderr]   thread 'main' panicked at /opt/rustwide/cargo-home/registry/src/index.crates.io-6f17d22bba15001f/libthemis-sys-0.14.0/build.rs:66:17:
[INFO] [stderr]   Themis Core not installed
[INFO] [stderr]   stack backtrace:
[INFO] [stderr]      0:     0x561aca4c6e16 - std::backtrace_rs::backtrace::libunwind::trace::heebc7766b165eb2a
[INFO] [stderr]                                  at /rustc/268dbbbc4b3fd71c5f360a4d0728295252430b5b/library/std/src/../../backtrace/src/backtrace/libunwind.rs:104:5
[INFO] [stderr]      1:     0x561aca4c6e16 - std::backtrace_rs::backtrace::trace_unsynchronized::ha677020d8fc0296d
[INFO] [stderr]                                  at /rustc/268dbbbc4b3fd71c5f360a4d0728295252430b5b/library/std/src/../../backtrace/src/backtrace/mod.rs:66:5
[INFO] [stderr]      2:     0x561aca4c6e16 - std::sys_common::backtrace::_print_fmt::hcaff2fd86a1aeaa3
[INFO] [stderr]                                  at /rustc/268dbbbc4b3fd71c5f360a4d0728295252430b5b/library/std/src/sys_common/backtrace.rs:68:5
[INFO] [stderr]      3:     0x561aca4c6e16 - <std::sys_common::backtrace::_print::DisplayBacktrace as core::fmt::Display>::fmt::hc2446d8aa0059188
[INFO] [stderr]                                  at /rustc/268dbbbc4b3fd71c5f360a4d0728295252430b5b/library/std/src/sys_common/backtrace.rs:44:22
[INFO] [stderr]      4:     0x561aca4ece50 - core::fmt::rt::Argument::fmt::h2fbb6454da37999b
[INFO] [stderr]                                  at /rustc/268dbbbc4b3fd71c5f360a4d0728295252430b5b/library/core/src/fmt/rt.rs:142:9
[INFO] [stderr]      5:     0x561aca4ece50 - core::fmt::write::had96bdeda7d49d3a
[INFO] [stderr]                                  at /rustc/268dbbbc4b3fd71c5f360a4d0728295252430b5b/library/core/src/fmt/mod.rs:1120:17
[INFO] [stderr]      6:     0x561aca4c3c7f - std::io::Write::write_fmt::h30b1f36eea05b391
[INFO] [stderr]                                  at /rustc/268dbbbc4b3fd71c5f360a4d0728295252430b5b/library/std/src/io/mod.rs:1849:15
[INFO] [stderr]      7:     0x561aca4c6bf4 - std::sys_common::backtrace::_print::hc333bb91ae972137
[INFO] [stderr]                                  at /rustc/268dbbbc4b3fd71c5f360a4d0728295252430b5b/library/std/src/sys_common/backtrace.rs:47:5
[INFO] [stderr]      8:     0x561aca4c6bf4 - std::sys_common::backtrace::print::h18fd3c71a95a3169
[INFO] [stderr]                                  at /rustc/268dbbbc4b3fd71c5f360a4d0728295252430b5b/library/std/src/sys_common/backtrace.rs:34:9
[INFO] [stderr]      9:     0x561aca4c8b27 - std::panicking::default_hook::{{closure}}::ha3473f9bcb4e9a37
[INFO] [stderr]     10:     0x561aca4c8889 - std::panicking::default_hook::h23d9d43185db6584
[INFO] [stderr]                                  at /rustc/268dbbbc4b3fd71c5f360a4d0728295252430b5b/library/std/src/panicking.rs:292:9
[INFO] [stderr]     11:     0x561aca4c8fb8 - std::panicking::rust_panic_with_hook::h94aceaa7df3a6edd
[INFO] [stderr]                                  at /rustc/268dbbbc4b3fd71c5f360a4d0728295252430b5b/library/std/src/panicking.rs:781:13
[INFO] [stderr]     12:     0x561aca45f2ee - std::panicking::begin_panic::{{closure}}::h91f7f031461922c7
[INFO] [stderr]     13:     0x561aca46d40a - std::sys_common::backtrace::__rust_end_short_backtrace::h79be1c03c4a316e2
[INFO] [stderr]     14:     0x561aca45f29b - std::panicking::begin_panic::h0978df9c09818b08
[INFO] [stderr]     15:     0x561aca422e8f - build_script_build::main::h0bd42bd5b400ca25
[INFO] [stderr]     16:     0x561aca4222d3 - core::ops::function::FnOnce::call_once::h8328a0a016badce9
[INFO] [stderr]     17:     0x561aca421fa6 - std::sys_common::backtrace::__rust_begin_short_backtrace::h8349d2ad222f1b39
[INFO] [stderr]     18:     0x561aca421ff9 - std::rt::lang_start::{{closure}}::h260646aed68d32b1
[INFO] [stderr]     19:     0x561aca4bf8b1 - core::ops::function::impls::<impl core::ops::function::FnOnce<A> for &F>::call_once::h298d8ff12ebcec8c
[INFO] [stderr]                                  at /rustc/268dbbbc4b3fd71c5f360a4d0728295252430b5b/library/core/src/ops/function.rs:284:13
[INFO] [stderr]     20:     0x561aca4bf8b1 - std::panicking::try::do_call::hbd0ffb05da5bd343
[INFO] [stderr]                                  at /rustc/268dbbbc4b3fd71c5f360a4d0728295252430b5b/library/std/src/panicking.rs:554:40
[INFO] [stderr]     21:     0x561aca4bf8b1 - std::panicking::try::h11c9a152defd5d2a
[INFO] [stderr]                                  at /rustc/268dbbbc4b3fd71c5f360a4d0728295252430b5b/library/std/src/panicking.rs:518:19
[INFO] [stderr]     22:     0x561aca4bf8b1 - std::panic::catch_unwind::h0d6db2fa902b4d64
[INFO] [stderr]                                  at /rustc/268dbbbc4b3fd71c5f360a4d0728295252430b5b/library/std/src/panic.rs:142:14
[INFO] [stderr]     23:     0x561aca4bf8b1 - std::rt::lang_start_internal::{{closure}}::hdcc09b4aad7ef821
[INFO] [stderr]                                  at /rustc/268dbbbc4b3fd71c5f360a4d0728295252430b5b/library/std/src/rt.rs:148:48
[INFO] [stderr]     24:     0x561aca4bf8b1 - std::panicking::try::do_call::h3ffd2f162d60900f
[INFO] [stderr]                                  at /rustc/268dbbbc4b3fd71c5f360a4d0728295252430b5b/library/std/src/panicking.rs:554:40
[INFO] [stderr]     25:     0x561aca4bf8b1 - std::panicking::try::heeba82b9c3e190fb
[INFO] [stderr]                                  at /rustc/268dbbbc4b3fd71c5f360a4d0728295252430b5b/library/std/src/panicking.rs:518:19
[INFO] [stderr]     26:     0x561aca4bf8b1 - std::panic::catch_unwind::hdaab8f1c188f387f
[INFO] [stderr]                                  at /rustc/268dbbbc4b3fd71c5f360a4d0728295252430b5b/library/std/src/panic.rs:142:14
[INFO] [stderr]     27:     0x561aca4bf8b1 - std::rt::lang_start_internal::h9989e088c48b7903
[INFO] [stderr]                                  at /rustc/268dbbbc4b3fd71c5f360a4d0728295252430b5b/library/std/src/rt.rs:148:20
[INFO] [stderr]     28:     0x561aca421fd7 - std::rt::lang_start::h7ea6e6d19cfed4b3
[INFO] [stderr]     29:     0x561aca423115 - main
[INFO] [stderr]     30:     0x7f4084cc7d90 - <unknown>
[INFO] [stderr]     31:     0x7f4084cc7e40 - __libc_start_main
[INFO] [stderr]     32:     0x561aca421e35 - _start
[INFO] [stderr]     33:                0x0 - <unknown>
[INFO] [stderr] warning: build failed, waiting for other jobs to finish...
[INFO] running `Command { std: "docker" "inspect" "7421a3414d964ea23d5c401779bfdd4db4c1f84ab8a0bd40867cf97908f0eadb", kill_on_drop: false }`
[INFO] running `Command { std: "docker" "rm" "-f" "7421a3414d964ea23d5c401779bfdd4db4c1f84ab8a0bd40867cf97908f0eadb", kill_on_drop: false }`
[INFO] [stdout] 7421a3414d964ea23d5c401779bfdd4db4c1f84ab8a0bd40867cf97908f0eadb
