[INFO] fetching crate grrs-cli-book-demo-deploy-test 0.1.1...
[INFO] checking grrs-cli-book-demo-deploy-test-0.1.1 against nightly-2024-02-05 for check-cfg
[INFO] extracting crate grrs-cli-book-demo-deploy-test 0.1.1 into /workspace/builds/worker-1-tc1/source
[INFO] validating manifest of crates.io crate grrs-cli-book-demo-deploy-test 0.1.1 on toolchain nightly-2024-02-05
[INFO] running `Command { std: CARGO_HOME="/workspace/cargo-home" RUSTUP_HOME="/workspace/rustup-home" "/workspace/cargo-home/bin/cargo" "+nightly-2024-02-05" "metadata" "--manifest-path" "Cargo.toml" "--no-deps", kill_on_drop: false }`
[INFO] started tweaking crates.io crate grrs-cli-book-demo-deploy-test 0.1.1
[INFO] finished tweaking crates.io crate grrs-cli-book-demo-deploy-test 0.1.1
[INFO] tweaked toml for crates.io crate grrs-cli-book-demo-deploy-test 0.1.1 written to /workspace/builds/worker-1-tc1/source/Cargo.toml
[INFO] crate crates.io crate grrs-cli-book-demo-deploy-test 0.1.1 already has a lockfile, it will not be regenerated
[INFO] running `Command { std: CARGO_HOME="/workspace/cargo-home" RUSTUP_HOME="/workspace/rustup-home" "/workspace/cargo-home/bin/cargo" "+nightly-2024-02-05" "fetch" "--manifest-path" "Cargo.toml", kill_on_drop: false }`
[INFO] [stderr]     Blocking waiting for file lock on package cache
[INFO] [stderr]     Updating crates.io index
[INFO] [stderr]  Downloading crates ...
[INFO] [stderr]   Downloaded globset v0.4.9
[INFO] [stderr]   Downloaded os_str_bytes v6.1.0
[INFO] [stderr]   Downloaded assert_fs v1.0.7
[INFO] [stderr]   Downloaded either v1.7.0
[INFO] [stderr]   Downloaded anyhow v1.0.58
[INFO] [stderr]   Downloaded clap_derive v3.2.7
[INFO] [stderr]   Downloaded ignore v0.4.18
[INFO] [stderr]   Downloaded hashbrown v0.12.2
[INFO] [stderr]   Downloaded clap v3.2.8
[INFO] running `Command { std: "docker" "create" "-v" "/var/lib/crater-agent-workspace/builds/worker-1-tc1/target:/opt/rustwide/target:rw,Z" "-v" "/var/lib/crater-agent-workspace/builds/worker-1-tc1/source:/opt/rustwide/workdir:ro,Z" "-v" "/var/lib/crater-agent-workspace/cargo-home:/opt/rustwide/cargo-home:ro,Z" "-v" "/var/lib/crater-agent-workspace/rustup-home:/opt/rustwide/rustup-home:ro,Z" "-e" "SOURCE_DIR=/opt/rustwide/workdir" "-e" "CARGO_TARGET_DIR=/opt/rustwide/target" "-e" "CARGO_HOME=/opt/rustwide/cargo-home" "-e" "RUSTUP_HOME=/opt/rustwide/rustup-home" "-w" "/opt/rustwide/workdir" "-m" "1610612736" "--user" "0:0" "--network" "none" "ghcr.io/rust-lang/crates-build-env/linux@sha256:2788e3201cd34a07e3172128adcd8b3090168a8e3bcc40d7c032b9dda1df7d1c" "/opt/rustwide/cargo-home/bin/cargo" "+nightly-2024-02-05" "metadata" "--no-deps" "--format-version=1", kill_on_drop: false }`
[INFO] [stdout] e4e93dee1b6025fe4640cd4721ddc6092367ba1cebfe92bb00daa935c46fdc7c
[INFO] running `Command { std: "docker" "start" "-a" "e4e93dee1b6025fe4640cd4721ddc6092367ba1cebfe92bb00daa935c46fdc7c", kill_on_drop: false }`
[INFO] running `Command { std: "docker" "inspect" "e4e93dee1b6025fe4640cd4721ddc6092367ba1cebfe92bb00daa935c46fdc7c", kill_on_drop: false }`
[INFO] running `Command { std: "docker" "rm" "-f" "e4e93dee1b6025fe4640cd4721ddc6092367ba1cebfe92bb00daa935c46fdc7c", kill_on_drop: false }`
[INFO] [stdout] e4e93dee1b6025fe4640cd4721ddc6092367ba1cebfe92bb00daa935c46fdc7c
[INFO] running `Command { std: "docker" "create" "-v" "/var/lib/crater-agent-workspace/builds/worker-1-tc1/target:/opt/rustwide/target:rw,Z" "-v" "/var/lib/crater-agent-workspace/builds/worker-1-tc1/source:/opt/rustwide/workdir:ro,Z" "-v" "/var/lib/crater-agent-workspace/cargo-home:/opt/rustwide/cargo-home:ro,Z" "-v" "/var/lib/crater-agent-workspace/rustup-home:/opt/rustwide/rustup-home:ro,Z" "-e" "SOURCE_DIR=/opt/rustwide/workdir" "-e" "CARGO_TARGET_DIR=/opt/rustwide/target" "-e" "CARGO_INCREMENTAL=0" "-e" "RUST_BACKTRACE=full" "-e" "RUSTFLAGS=--cap-lints=forbid" "-e" "RUSTDOCFLAGS=--cap-lints=forbid" "-e" "CARGO_HOME=/opt/rustwide/cargo-home" "-e" "RUSTUP_HOME=/opt/rustwide/rustup-home" "-w" "/opt/rustwide/workdir" "-m" "1610612736" "--user" "0:0" "--network" "none" "ghcr.io/rust-lang/crates-build-env/linux@sha256:2788e3201cd34a07e3172128adcd8b3090168a8e3bcc40d7c032b9dda1df7d1c" "/opt/rustwide/cargo-home/bin/cargo" "+nightly-2024-02-05" "check" "--frozen" "--all" "--all-targets" "--message-format=json", kill_on_drop: false }`
[INFO] [stdout] 23bb84fea51d9e3f15f385902c795b5439ba7be2ab775278935c888023f575a4
[INFO] running `Command { std: "docker" "start" "-a" "23bb84fea51d9e3f15f385902c795b5439ba7be2ab775278935c888023f575a4", kill_on_drop: false }`
[INFO] [stderr]    Compiling libc v0.2.126
[INFO] [stderr]     Checking once_cell v1.13.0
[INFO] [stderr]    Compiling proc-macro2 v1.0.40
[INFO] [stderr]    Compiling unicode-ident v1.0.1
[INFO] [stderr]    Compiling quote v1.0.20
[INFO] [stderr]    Compiling syn v1.0.98
[INFO] [stderr]    Compiling num-traits v0.2.15
[INFO] [stderr]    Compiling crossbeam-utils v0.8.10
[INFO] [stderr]     Checking os_str_bytes v6.1.0
[INFO] [stderr]     Checking either v1.7.0
[INFO] [stderr]     Checking hashbrown v0.12.2
[INFO] [stderr]    Compiling anyhow v1.0.58
[INFO] [stderr]     Checking clap_lex v0.2.4
[INFO] [stderr]     Checking itertools v0.10.3
[INFO] [stderr]     Checking globset v0.4.9
[INFO] [stderr]     Checking thread_local v1.1.4
[INFO] [stderr]     Checking walkdir v2.3.2
[INFO] [stderr]     Checking number_prefix v0.4.0
[INFO] [stderr]     Checking indexmap v1.9.1
[INFO] [stderr]     Checking ignore v0.4.18
[INFO] [stderr]     Checking atty v0.2.14
[INFO] [stderr]     Checking terminal_size v0.1.17
[INFO] [stderr]     Checking env_logger v0.9.0
[INFO] [stderr]     Checking console v0.15.0
[INFO] [stderr]     Checking remove_dir_all v0.5.3
[INFO] [stderr]    Compiling proc-macro-error-attr v1.0.4
[INFO] [stderr]     Checking fastrand v1.7.0
[INFO] [stderr]     Checking globwalk v0.8.1
[INFO] [stderr]     Checking wait-timeout v0.2.0
[INFO] [stderr]     Checking tempfile v3.3.0
[INFO] [stderr]     Checking indicatif v0.16.2
[INFO] [stderr]     Checking float-cmp v0.9.0
[INFO] [stderr]     Checking predicates v2.1.1
[INFO] [stderr]     Checking assert_fs v1.0.7
[INFO] [stderr]     Checking assert_cmd v2.0.4
[INFO] [stderr]    Compiling proc-macro-error v1.0.4
[INFO] [stderr]    Compiling clap_derive v3.2.7
[INFO] [stderr]     Checking clap v3.2.8
[INFO] [stderr]     Checking grrs-cli-book-demo-deploy-test v0.1.1 (/opt/rustwide/workdir)
[INFO] [stdout] error[E0635]: unknown feature `option_result_contains`
[INFO] [stdout]  --> src/main.rs:2:12
[INFO] [stdout]   |
[INFO] [stdout] 2 | #![feature(option_result_contains)]
[INFO] [stdout]   |            ^^^^^^^^^^^^^^^^^^^^^^
[INFO] [stdout] 
[INFO] [stdout] 
[INFO] [stdout] error[E0635]: unknown feature `option_result_contains`
[INFO] [stdout]  --> src/main.rs:2:12
[INFO] [stdout]   |
[INFO] [stdout] 2 | #![feature(option_result_contains)]
[INFO] [stdout]   |            ^^^^^^^^^^^^^^^^^^^^^^
[INFO] [stdout] 
[INFO] [stdout] 
[INFO] [stdout] error: aborting due to 1 previous error
[INFO] [stdout] 
[INFO] [stdout] 
[INFO] [stdout] For more information about this error, try `rustc --explain E0635`.
[INFO] [stdout] 
[INFO] [stderr] error: could not compile `grrs-cli-book-demo-deploy-test` (bin "grrs-cli-book-demo-deploy-test") due to 2 previous errors
[INFO] [stderr] warning: build failed, waiting for other jobs to finish...
[INFO] [stdout] error: aborting due to 1 previous error
[INFO] [stdout] 
[INFO] [stdout] 
[INFO] [stdout] For more information about this error, try `rustc --explain E0635`.
[INFO] [stdout] 
[INFO] [stderr] error: could not compile `grrs-cli-book-demo-deploy-test` (bin "grrs-cli-book-demo-deploy-test" test) due to 2 previous errors
[INFO] running `Command { std: "docker" "inspect" "23bb84fea51d9e3f15f385902c795b5439ba7be2ab775278935c888023f575a4", kill_on_drop: false }`
[INFO] running `Command { std: "docker" "rm" "-f" "23bb84fea51d9e3f15f385902c795b5439ba7be2ab775278935c888023f575a4", kill_on_drop: false }`
[INFO] [stdout] 23bb84fea51d9e3f15f385902c795b5439ba7be2ab775278935c888023f575a4
[INFO] checking grrs-cli-book-demo-deploy-test-0.1.1 against nightly-2024-02-05+rustflags=-Dunexpected_cfgs+cargoflags=-Zcheck-cfg for check-cfg
[INFO] extracting crate grrs-cli-book-demo-deploy-test 0.1.1 into /workspace/builds/worker-1-tc2/source
[INFO] validating manifest of crates.io crate grrs-cli-book-demo-deploy-test 0.1.1 on toolchain nightly-2024-02-05
[INFO] running `Command { std: CARGO_HOME="/workspace/cargo-home" RUSTUP_HOME="/workspace/rustup-home" "/workspace/cargo-home/bin/cargo" "+nightly-2024-02-05" "metadata" "--manifest-path" "Cargo.toml" "--no-deps", kill_on_drop: false }`
[INFO] started tweaking crates.io crate grrs-cli-book-demo-deploy-test 0.1.1
[INFO] finished tweaking crates.io crate grrs-cli-book-demo-deploy-test 0.1.1
[INFO] tweaked toml for crates.io crate grrs-cli-book-demo-deploy-test 0.1.1 written to /workspace/builds/worker-1-tc2/source/Cargo.toml
[INFO] crate crates.io crate grrs-cli-book-demo-deploy-test 0.1.1 already has a lockfile, it will not be regenerated
[INFO] running `Command { std: CARGO_HOME="/workspace/cargo-home" RUSTUP_HOME="/workspace/rustup-home" "/workspace/cargo-home/bin/cargo" "+nightly-2024-02-05" "fetch" "--manifest-path" "Cargo.toml", kill_on_drop: false }`
[INFO] running `Command { std: "docker" "create" "-v" "/var/lib/crater-agent-workspace/builds/worker-1-tc2/target:/opt/rustwide/target:rw,Z" "-v" "/var/lib/crater-agent-workspace/builds/worker-1-tc2/source:/opt/rustwide/workdir:ro,Z" "-v" "/var/lib/crater-agent-workspace/cargo-home:/opt/rustwide/cargo-home:ro,Z" "-v" "/var/lib/crater-agent-workspace/rustup-home:/opt/rustwide/rustup-home:ro,Z" "-e" "SOURCE_DIR=/opt/rustwide/workdir" "-e" "CARGO_TARGET_DIR=/opt/rustwide/target" "-e" "CARGO_HOME=/opt/rustwide/cargo-home" "-e" "RUSTUP_HOME=/opt/rustwide/rustup-home" "-w" "/opt/rustwide/workdir" "-m" "1610612736" "--user" "0:0" "--network" "none" "ghcr.io/rust-lang/crates-build-env/linux@sha256:2788e3201cd34a07e3172128adcd8b3090168a8e3bcc40d7c032b9dda1df7d1c" "/opt/rustwide/cargo-home/bin/cargo" "+nightly-2024-02-05" "metadata" "--no-deps" "--format-version=1", kill_on_drop: false }`
[INFO] [stdout] a03f0d423ce48b0a378a82bfd68f7ab5f0c481e087bd5c5ee5ced9cff16b3877
[INFO] running `Command { std: "docker" "start" "-a" "a03f0d423ce48b0a378a82bfd68f7ab5f0c481e087bd5c5ee5ced9cff16b3877", kill_on_drop: false }`
[INFO] running `Command { std: "docker" "inspect" "a03f0d423ce48b0a378a82bfd68f7ab5f0c481e087bd5c5ee5ced9cff16b3877", kill_on_drop: false }`
[INFO] running `Command { std: "docker" "rm" "-f" "a03f0d423ce48b0a378a82bfd68f7ab5f0c481e087bd5c5ee5ced9cff16b3877", kill_on_drop: false }`
[INFO] [stdout] a03f0d423ce48b0a378a82bfd68f7ab5f0c481e087bd5c5ee5ced9cff16b3877
[INFO] running `Command { std: "docker" "create" "-v" "/var/lib/crater-agent-workspace/builds/worker-1-tc2/target:/opt/rustwide/target:rw,Z" "-v" "/var/lib/crater-agent-workspace/builds/worker-1-tc2/source:/opt/rustwide/workdir:ro,Z" "-v" "/var/lib/crater-agent-workspace/cargo-home:/opt/rustwide/cargo-home:ro,Z" "-v" "/var/lib/crater-agent-workspace/rustup-home:/opt/rustwide/rustup-home:ro,Z" "-e" "SOURCE_DIR=/opt/rustwide/workdir" "-e" "CARGO_TARGET_DIR=/opt/rustwide/target" "-e" "CARGO_INCREMENTAL=0" "-e" "RUST_BACKTRACE=full" "-e" "RUSTFLAGS=--cap-lints=forbid -Dunexpected_cfgs" "-e" "RUSTDOCFLAGS=--cap-lints=forbid" "-e" "CARGO_HOME=/opt/rustwide/cargo-home" "-e" "RUSTUP_HOME=/opt/rustwide/rustup-home" "-w" "/opt/rustwide/workdir" "-m" "1610612736" "--user" "0:0" "--network" "none" "ghcr.io/rust-lang/crates-build-env/linux@sha256:2788e3201cd34a07e3172128adcd8b3090168a8e3bcc40d7c032b9dda1df7d1c" "/opt/rustwide/cargo-home/bin/cargo" "+nightly-2024-02-05" "check" "--frozen" "--all" "--all-targets" "--message-format=json" "-Zcheck-cfg", kill_on_drop: false }`
[INFO] [stdout] 2f584dcadb0d1c3e40762196a4343ec8a33e747f922171d4ea021c2a8b08f24e
[INFO] running `Command { std: "docker" "start" "-a" "2f584dcadb0d1c3e40762196a4343ec8a33e747f922171d4ea021c2a8b08f24e", kill_on_drop: false }`
[INFO] [stderr]    Compiling libc v0.2.126
[INFO] [stderr]    Compiling proc-macro2 v1.0.40
[INFO] [stderr]     Checking once_cell v1.13.0
[INFO] [stderr]    Compiling unicode-ident v1.0.1
[INFO] [stderr]    Compiling quote v1.0.20
[INFO] [stderr]    Compiling syn v1.0.98
[INFO] [stderr]    Compiling num-traits v0.2.15
[INFO] [stderr]    Compiling crossbeam-utils v0.8.10
[INFO] [stderr]     Checking os_str_bytes v6.1.0
[INFO] [stderr]    Compiling anyhow v1.0.58
[INFO] [stderr]     Checking either v1.7.0
[INFO] [stderr]     Checking hashbrown v0.12.2
[INFO] [stderr]     Checking itertools v0.10.3
[INFO] [stderr]     Checking walkdir v2.3.2
[INFO] [stderr]     Checking clap_lex v0.2.4
[INFO] [stderr]     Checking thread_local v1.1.4
[INFO] [stderr]     Checking globset v0.4.9
[INFO] [stderr]     Checking number_prefix v0.4.0
[INFO] [stderr]     Checking indexmap v1.9.1
[INFO] [stderr]     Checking remove_dir_all v0.5.3
[INFO] [stderr]     Checking ignore v0.4.18
[INFO] [stderr]     Checking fastrand v1.7.0
[INFO] [stderr]     Checking atty v0.2.14
[INFO] [stderr]     Checking terminal_size v0.1.17
[INFO] [stderr]     Checking env_logger v0.9.0
[INFO] [stderr]     Checking tempfile v3.3.0
[INFO] [stderr]     Checking console v0.15.0
[INFO] [stderr]    Compiling proc-macro-error-attr v1.0.4
[INFO] [stderr]     Checking globwalk v0.8.1
[INFO] [stderr]     Checking wait-timeout v0.2.0
[INFO] [stderr]     Checking float-cmp v0.9.0
[INFO] [stderr]     Checking indicatif v0.16.2
[INFO] [stderr]     Checking predicates v2.1.1
[INFO] [stderr]     Checking assert_cmd v2.0.4
[INFO] [stderr]     Checking assert_fs v1.0.7
[INFO] [stderr]    Compiling proc-macro-error v1.0.4
[INFO] [stderr]    Compiling clap_derive v3.2.7
[INFO] [stderr]     Checking clap v3.2.8
[INFO] [stderr]     Checking grrs-cli-book-demo-deploy-test v0.1.1 (/opt/rustwide/workdir)
[INFO] [stdout] error[E0635]: unknown feature `option_result_contains`
[INFO] [stdout]  --> src/main.rs:2:12
[INFO] [stdout]   |
[INFO] [stdout] 2 | #![feature(option_result_contains)]
[INFO] [stdout]   |            ^^^^^^^^^^^^^^^^^^^^^^
[INFO] [stdout] 
[INFO] [stdout] 
[INFO] [stdout] error[E0635]: unknown feature `option_result_contains`
[INFO] [stdout]  --> src/main.rs:2:12
[INFO] [stdout]   |
[INFO] [stdout] 2 | #![feature(option_result_contains)]
[INFO] [stdout]   |            ^^^^^^^^^^^^^^^^^^^^^^
[INFO] [stdout] 
[INFO] [stdout] 
[INFO] [stdout] error: aborting due to 1 previous error
[INFO] [stdout] 
[INFO] [stdout] 
[INFO] [stdout] For more information about this error, try `rustc --explain E0635`.
[INFO] [stdout] 
[INFO] [stdout] error: aborting due to 1 previous error
[INFO] [stdout] 
[INFO] [stdout] 
[INFO] [stdout] For more information about this error, try `rustc --explain E0635`.
[INFO] [stdout] 
[INFO] [stderr] error: could not compile `grrs-cli-book-demo-deploy-test` (bin "grrs-cli-book-demo-deploy-test") due to 2 previous errors
[INFO] [stderr] warning: build failed, waiting for other jobs to finish...
[INFO] [stderr] error: could not compile `grrs-cli-book-demo-deploy-test` (bin "grrs-cli-book-demo-deploy-test" test) due to 2 previous errors
[INFO] running `Command { std: "docker" "inspect" "2f584dcadb0d1c3e40762196a4343ec8a33e747f922171d4ea021c2a8b08f24e", kill_on_drop: false }`
[INFO] running `Command { std: "docker" "rm" "-f" "2f584dcadb0d1c3e40762196a4343ec8a33e747f922171d4ea021c2a8b08f24e", kill_on_drop: false }`
[INFO] [stdout] 2f584dcadb0d1c3e40762196a4343ec8a33e747f922171d4ea021c2a8b08f24e
