[INFO] fetching crate grin_pool 5.1.2...
[INFO] checking grin_pool-5.1.2 against nightly-2024-02-05 for check-cfg
[INFO] extracting crate grin_pool 5.1.2 into /workspace/builds/worker-6-tc1/source
[INFO] validating manifest of crates.io crate grin_pool 5.1.2 on toolchain nightly-2024-02-05
[INFO] running `Command { std: CARGO_HOME="/workspace/cargo-home" RUSTUP_HOME="/workspace/rustup-home" "/workspace/cargo-home/bin/cargo" "+nightly-2024-02-05" "metadata" "--manifest-path" "Cargo.toml" "--no-deps", kill_on_drop: false }`
[INFO] started tweaking crates.io crate grin_pool 5.1.2
[INFO] finished tweaking crates.io crate grin_pool 5.1.2
[INFO] tweaked toml for crates.io crate grin_pool 5.1.2 written to /workspace/builds/worker-6-tc1/source/Cargo.toml
[INFO] running `Command { std: CARGO_HOME="/workspace/cargo-home" RUSTUP_HOME="/workspace/rustup-home" "/workspace/cargo-home/bin/cargo" "+nightly-2024-02-05" "generate-lockfile" "--manifest-path" "Cargo.toml", kill_on_drop: false }`
[INFO] [stderr]     Updating crates.io index
[INFO] running `Command { std: CARGO_HOME="/workspace/cargo-home" RUSTUP_HOME="/workspace/rustup-home" "/workspace/cargo-home/bin/cargo" "+nightly-2024-02-05" "fetch" "--manifest-path" "Cargo.toml", kill_on_drop: false }`
[INFO] [stderr]  Downloading crates ...
[INFO] [stderr]   Downloaded serde-value v0.6.0
[INFO] [stderr]   Downloaded typemap v0.3.3
[INFO] [stderr]   Downloaded lmdb-zero v0.4.4
[INFO] [stderr]   Downloaded croaring v0.5.2
[INFO] [stderr]   Downloaded grin_util v5.2.0
[INFO] [stderr]   Downloaded grin_keychain v5.2.0
[INFO] [stderr]   Downloaded supercow v0.1.0
[INFO] [stderr]   Downloaded grin_store v5.2.0
[INFO] [stderr]   Downloaded liblmdb-sys v0.2.2
[INFO] [stderr]   Downloaded croaring-sys v0.5.2
[INFO] [stderr]   Downloaded grin_core v5.2.0
[INFO] [stderr]   Downloaded grin_secp256k1zkp v0.7.12
[INFO] [stderr]   Downloaded log4rs v0.12.0
[INFO] [stderr]   Downloaded arc-swap v0.4.8
[INFO] [stderr]   Downloaded grin_chain v5.2.0
[INFO] [stderr]   Downloaded password-hash v0.2.3
[INFO] running `Command { std: "docker" "create" "-v" "/var/lib/crater-agent-workspace/builds/worker-6-tc1/target:/opt/rustwide/target:rw,Z" "-v" "/var/lib/crater-agent-workspace/builds/worker-6-tc1/source:/opt/rustwide/workdir:ro,Z" "-v" "/var/lib/crater-agent-workspace/cargo-home:/opt/rustwide/cargo-home:ro,Z" "-v" "/var/lib/crater-agent-workspace/rustup-home:/opt/rustwide/rustup-home:ro,Z" "-e" "SOURCE_DIR=/opt/rustwide/workdir" "-e" "CARGO_TARGET_DIR=/opt/rustwide/target" "-e" "CARGO_HOME=/opt/rustwide/cargo-home" "-e" "RUSTUP_HOME=/opt/rustwide/rustup-home" "-w" "/opt/rustwide/workdir" "-m" "1610612736" "--user" "0:0" "--network" "none" "ghcr.io/rust-lang/crates-build-env/linux@sha256:2788e3201cd34a07e3172128adcd8b3090168a8e3bcc40d7c032b9dda1df7d1c" "/opt/rustwide/cargo-home/bin/cargo" "+nightly-2024-02-05" "metadata" "--no-deps" "--format-version=1", kill_on_drop: false }`
[INFO] [stdout] 75f6877989de66a91437d161178bcdcd0c6ed0c723492e7eade6e80bdb19ac55
[INFO] running `Command { std: "docker" "start" "-a" "75f6877989de66a91437d161178bcdcd0c6ed0c723492e7eade6e80bdb19ac55", kill_on_drop: false }`
[INFO] running `Command { std: "docker" "inspect" "75f6877989de66a91437d161178bcdcd0c6ed0c723492e7eade6e80bdb19ac55", kill_on_drop: false }`
[INFO] running `Command { std: "docker" "rm" "-f" "75f6877989de66a91437d161178bcdcd0c6ed0c723492e7eade6e80bdb19ac55", kill_on_drop: false }`
[INFO] [stdout] 75f6877989de66a91437d161178bcdcd0c6ed0c723492e7eade6e80bdb19ac55
[INFO] running `Command { std: "docker" "create" "-v" "/var/lib/crater-agent-workspace/builds/worker-6-tc1/target:/opt/rustwide/target:rw,Z" "-v" "/var/lib/crater-agent-workspace/builds/worker-6-tc1/source:/opt/rustwide/workdir:ro,Z" "-v" "/var/lib/crater-agent-workspace/cargo-home:/opt/rustwide/cargo-home:ro,Z" "-v" "/var/lib/crater-agent-workspace/rustup-home:/opt/rustwide/rustup-home:ro,Z" "-e" "SOURCE_DIR=/opt/rustwide/workdir" "-e" "CARGO_TARGET_DIR=/opt/rustwide/target" "-e" "CARGO_INCREMENTAL=0" "-e" "RUST_BACKTRACE=full" "-e" "RUSTFLAGS=--cap-lints=forbid" "-e" "RUSTDOCFLAGS=--cap-lints=forbid" "-e" "CARGO_HOME=/opt/rustwide/cargo-home" "-e" "RUSTUP_HOME=/opt/rustwide/rustup-home" "-w" "/opt/rustwide/workdir" "-m" "1610612736" "--user" "0:0" "--network" "none" "ghcr.io/rust-lang/crates-build-env/linux@sha256:2788e3201cd34a07e3172128adcd8b3090168a8e3bcc40d7c032b9dda1df7d1c" "/opt/rustwide/cargo-home/bin/cargo" "+nightly-2024-02-05" "check" "--frozen" "--all" "--all-targets" "--message-format=json", kill_on_drop: false }`
[INFO] [stdout] 8277aceff399a8f2f770c81a9503d0671549206e657d473e0d361ea907866b16
[INFO] running `Command { std: "docker" "start" "-a" "8277aceff399a8f2f770c81a9503d0671549206e657d473e0d361ea907866b16", kill_on_drop: false }`
[INFO] [stderr]    Compiling num-traits v0.2.17
[INFO] [stderr]     Checking rand_core v0.4.2
[INFO] [stderr]    Compiling autocfg v0.1.8
[INFO] [stderr]    Compiling minimal-lexical v0.2.1
[INFO] [stderr]     Checking adler v1.0.2
[INFO] [stderr]    Compiling crc32fast v1.3.2
[INFO] [stderr]    Compiling generic-array v0.14.7
[INFO] [stderr]    Compiling num-integer v0.1.45
[INFO] [stderr]     Checking nodrop v0.1.14
[INFO] [stderr]    Compiling syn v2.0.48
[INFO] [stderr]    Compiling bindgen v0.59.2
[INFO] [stderr]    Compiling backtrace v0.3.69
[INFO] [stderr]    Compiling clang-sys v1.7.0
[INFO] [stderr]     Checking traitobject v0.1.0
[INFO] [stderr]    Compiling shlex v1.3.0
[INFO] [stderr]     Checking subtle v2.4.1
[INFO] [stderr]    Compiling rand_chacha v0.1.1
[INFO] [stderr]    Compiling rand_pcg v0.1.2
[INFO] [stderr]     Checking miniz_oxide v0.7.2
[INFO] [stderr]     Checking gimli v0.28.1
[INFO] [stderr]     Checking rand_core v0.3.1
[INFO] [stderr]     Checking parking_lot_core v0.7.3
[INFO] [stderr]     Checking unsafe-any v0.4.2
[INFO] [stderr]    Compiling rand v0.6.5
[INFO] [stderr]     Checking lock_api v0.3.4
[INFO] [stderr]    Compiling nom v7.1.3
[INFO] [stderr]     Checking object v0.32.2
[INFO] [stderr]    Compiling grin_secp256k1zkp v0.7.12
[INFO] [stderr]    Compiling num-bigint v0.2.6
[INFO] [stderr]     Checking odds v0.2.26
[INFO] [stderr]     Checking rustc-demangle v0.1.23
[INFO] [stderr]     Checking quick-error v1.2.3
[INFO] [stderr]    Compiling arrayvec v0.4.12
[INFO] [stderr]     Checking parking_lot v0.10.2
[INFO] [stderr]     Checking humantime v1.3.0
[INFO] [stderr]     Checking flate2 v1.0.28
[INFO] [stderr]     Checking arrayvec v0.3.25
[INFO] [stderr]     Checking typemap v0.3.3
[INFO] [stderr]     Checking digest v0.9.0
[INFO] [stderr]     Checking block-buffer v0.9.0
[INFO] [stderr]     Checking crypto-mac v0.11.1
[INFO] [stderr]     Checking rand v0.5.6
[INFO] [stderr]     Checking rand_hc v0.1.0
[INFO] [stderr]     Checking rand_isaac v0.1.1
[INFO] [stderr]     Checking rand_xorshift v0.1.1
[INFO] [stderr]     Checking rand_jitter v0.1.4
[INFO] [stderr]     Checking rand_os v0.1.3
[INFO] [stderr]     Checking thread-id v3.3.0
[INFO] [stderr]    Compiling num-rational v0.2.4
[INFO] [stderr]    Compiling num-iter v0.1.43
[INFO] [stderr]    Compiling num-complex v0.2.4
[INFO] [stderr]     Checking arc-swap v0.4.8
[INFO] [stderr]     Checking base64ct v1.6.0
[INFO] [stderr]     Checking log-mdc v0.1.0
[INFO] [stderr]     Checking rand_core v0.6.4
[INFO] [stderr]     Checking rustc-serialize v0.3.25
[INFO] [stderr]     Checking sha2 v0.9.9
[INFO] [stderr]     Checking password-hash v0.2.3
[INFO] [stderr]     Checking hmac v0.11.0
[INFO] [stderr]     Checking constant_time_eq v0.1.5
[INFO] [stderr]    Compiling syn v1.0.109
[INFO] [stderr]    Compiling gcc v0.3.55
[INFO] [stderr]     Checking ripemd160 v0.9.1
[INFO] [stderr]     Checking blake2-rfc v0.2.18
[INFO] [stderr]     Checking ordered-float v1.1.1
[INFO] [stderr]     Checking pbkdf2 v0.8.0
[INFO] [stderr]     Checking num-traits v0.1.43
[INFO] [stderr]    Compiling rustix v0.38.31
[INFO] [stderr]     Checking enum_primitive v0.1.1
[INFO] [stderr]     Checking lru-cache v0.1.2
[INFO] [stderr]    Compiling unicode-xid v0.2.4
[INFO] [stderr]    Compiling failure_derive v0.1.8
[INFO] [stderr]     Checking bytes v0.5.6
[INFO] [stderr]     Checking linux-raw-sys v0.4.13
[INFO] [stderr]     Checking bitflags v0.9.1
[INFO] [stderr]     Checking supercow v0.1.0
[INFO] [stderr]     Checking memmap v0.7.0
[INFO] [stderr]     Checking bit-vec v0.6.3
[INFO] [stderr]    Compiling liblmdb-sys v0.2.2
[INFO] [stderr]    Compiling cexpr v0.6.0
[INFO] [stderr]     Checking addr2line v0.21.0
[INFO] [stderr]     Checking num v0.2.1
[INFO] [stderr]    Compiling synstructure v0.12.6
[INFO] [stderr]     Checking tempfile v3.10.0
[INFO] [stderr]    Compiling serde_derive v1.0.196
[INFO] [stderr]    Compiling zeroize_derive v1.4.2
[INFO] [stderr]    Compiling thiserror-impl v1.0.56
[INFO] [stderr]     Checking failure v0.1.8
[INFO] [stderr]     Checking lmdb-zero v0.4.4
[INFO] [stderr]     Checking zeroize v1.7.0
[INFO] [stderr]     Checking thiserror v1.0.56
[INFO] [stderr]     Checking zip v0.5.13
[INFO] [stderr]    Compiling croaring-sys v0.5.2
[INFO] [stderr]     Checking serde v1.0.196
[INFO] [stderr]     Checking serde_json v1.0.113
[INFO] [stderr]     Checking serde_yaml v0.8.26
[INFO] [stderr]     Checking serde-value v0.6.0
[INFO] [stderr]     Checking log v0.4.20
[INFO] [stderr]     Checking chrono v0.4.33
[INFO] [stderr]     Checking log4rs v0.12.0
[INFO] [stderr]     Checking grin_util v5.2.0
[INFO] [stderr]     Checking grin_keychain v5.2.0
[INFO] [stderr]     Checking croaring v0.5.2
[INFO] [stderr]     Checking grin_core v5.2.0
[INFO] [stderr]     Checking grin_store v5.2.0
[INFO] [stderr]     Checking grin_pool v5.1.2 (/opt/rustwide/workdir)
[INFO] [stderr]     Checking grin_chain v5.2.0
[INFO] [stdout] error[E0433]: failed to resolve: could not find `ErrorKind` in `chain`
[INFO] [stdout]    --> tests/common.rs:129:11
[INFO] [stdout]     |
[INFO] [stdout] 129 |             chain::ErrorKind::Transaction(txe) => txe.into(),
[INFO] [stdout]     |                    ^^^^^^^^^ could not find `ErrorKind` in `chain`
[INFO] [stdout]     |
[INFO] [stdout] help: consider importing one of these items
[INFO] [stdout]     |
[INFO] [stdout] 17  + use rand::ErrorKind;
[INFO] [stdout]     |
[INFO] [stdout] 17  + use std::io::ErrorKind;
[INFO] [stdout]     |
[INFO] [stdout] help: if you import `ErrorKind`, refer to it directly
[INFO] [stdout]     |
[INFO] [stdout] 129 -             chain::ErrorKind::Transaction(txe) => txe.into(),
[INFO] [stdout] 129 +             ErrorKind::Transaction(txe) => txe.into(),
[INFO] [stdout]     |
[INFO] [stdout] 
[INFO] [stdout] 
[INFO] [stdout] error[E0433]: failed to resolve: could not find `ErrorKind` in `chain`
[INFO] [stdout]    --> tests/common.rs:130:11
[INFO] [stdout]     |
[INFO] [stdout] 130 |             chain::ErrorKind::NRDRelativeHeight => PoolError::NRDKernelRelativeHeight,
[INFO] [stdout]     |                    ^^^^^^^^^ could not find `ErrorKind` in `chain`
[INFO] [stdout]     |
[INFO] [stdout] help: consider importing one of these items
[INFO] [stdout]     |
[INFO] [stdout] 17  + use rand::ErrorKind;
[INFO] [stdout]     |
[INFO] [stdout] 17  + use std::io::ErrorKind;
[INFO] [stdout]     |
[INFO] [stdout] help: if you import `ErrorKind`, refer to it directly
[INFO] [stdout]     |
[INFO] [stdout] 130 -             chain::ErrorKind::NRDRelativeHeight => PoolError::NRDKernelRelativeHeight,
[INFO] [stdout] 130 +             ErrorKind::NRDRelativeHeight => PoolError::NRDKernelRelativeHeight,
[INFO] [stdout]     |
[INFO] [stdout] 
[INFO] [stdout] 
[INFO] [stdout] error[E0433]: failed to resolve: could not find `ErrorKind` in `chain`
[INFO] [stdout]    --> tests/common.rs:129:11
[INFO] [stdout]     |
[INFO] [stdout] 129 |             chain::ErrorKind::Transaction(txe) => txe.into(),
[INFO] [stdout]     |                    ^^^^^^^^^ could not find `ErrorKind` in `chain`
[INFO] [stdout]     |
[INFO] [stdout] help: consider importing one of these items
[INFO] [stdout]     |
[INFO] [stdout] 17  + use rand::ErrorKind;
[INFO] [stdout]     |
[INFO] [stdout] 17  + use std::io::ErrorKind;
[INFO] [stdout]     |
[INFO] [stdout] help: if you import `ErrorKind`, refer to it directly
[INFO] [stdout]     |
[INFO] [stdout] 129 -             chain::ErrorKind::Transaction(txe) => txe.into(),
[INFO] [stdout] 129 +             ErrorKind::Transaction(txe) => txe.into(),
[INFO] [stdout]     |
[INFO] [stdout] 
[INFO] [stdout] 
[INFO] [stdout] error[E0433]: failed to resolve: could not find `ErrorKind` in `chain`
[INFO] [stdout]    --> tests/common.rs:130:11
[INFO] [stdout]     |
[INFO] [stdout] 130 |             chain::ErrorKind::NRDRelativeHeight => PoolError::NRDKernelRelativeHeight,
[INFO] [stdout]     |                    ^^^^^^^^^ could not find `ErrorKind` in `chain`
[INFO] [stdout]     |
[INFO] [stdout] help: consider importing one of these items
[INFO] [stdout]     |
[INFO] [stdout] 17  + use rand::ErrorKind;
[INFO] [stdout]     |
[INFO] [stdout] 17  + use std::io::ErrorKind;
[INFO] [stdout]     |
[INFO] [stdout] help: if you import `ErrorKind`, refer to it directly
[INFO] [stdout]     |
[INFO] [stdout] 130 -             chain::ErrorKind::NRDRelativeHeight => PoolError::NRDKernelRelativeHeight,
[INFO] [stdout] 130 +             ErrorKind::NRDRelativeHeight => PoolError::NRDKernelRelativeHeight,
[INFO] [stdout]     |
[INFO] [stdout] 
[INFO] [stdout] 
[INFO] [stdout] error[E0433]: failed to resolve: could not find `ErrorKind` in `chain`
[INFO] [stdout]    --> tests/common.rs:129:11
[INFO] [stdout]     |
[INFO] [stdout] 129 |             chain::ErrorKind::Transaction(txe) => txe.into(),
[INFO] [stdout]     |                    ^^^^^^^^^ could not find `ErrorKind` in `chain`
[INFO] [stdout]     |
[INFO] [stdout] help: consider importing one of these items
[INFO] [stdout]     |
[INFO] [stdout] 17  + use rand::ErrorKind;
[INFO] [stdout]     |
[INFO] [stdout] 17  + use std::io::ErrorKind;
[INFO] [stdout]     |
[INFO] [stdout] help: if you import `ErrorKind`, refer to it directly
[INFO] [stdout]     |
[INFO] [stdout] 129 -             chain::ErrorKind::Transaction(txe) => txe.into(),
[INFO] [stdout] 129 +             ErrorKind::Transaction(txe) => txe.into(),
[INFO] [stdout]     |
[INFO] [stdout] 
[INFO] [stdout] 
[INFO] [stdout] error[E0433]: failed to resolve: could not find `ErrorKind` in `chain`
[INFO] [stdout]    --> tests/common.rs:129:11
[INFO] [stdout]     |
[INFO] [stdout] 129 |             chain::ErrorKind::Transaction(txe) => txe.into(),
[INFO] [stdout]     |                    ^^^^^^^^^ could not find `ErrorKind` in `chain`
[INFO] [stdout]     |
[INFO] [stdout] help: consider importing one of these items
[INFO] [stdout]     |
[INFO] [stdout] 17  + use rand::ErrorKind;
[INFO] [stdout]     |
[INFO] [stdout] 17  + use std::io::ErrorKind;
[INFO] [stdout]     |
[INFO] [stdout] help: if you import `ErrorKind`, refer to it directly
[INFO] [stdout]     |
[INFO] [stdout] 129 -             chain::ErrorKind::Transaction(txe) => txe.into(),
[INFO] [stdout] 129 +             ErrorKind::Transaction(txe) => txe.into(),
[INFO] [stdout]     |
[INFO] [stdout] 
[INFO] [stdout] 
[INFO] [stdout] error[E0433]: failed to resolve: could not find `ErrorKind` in `chain`
[INFO] [stdout]    --> tests/common.rs:130:11
[INFO] [stdout]     |
[INFO] [stdout] 130 |             chain::ErrorKind::NRDRelativeHeight => PoolError::NRDKernelRelativeHeight,
[INFO] [stdout]     |                    ^^^^^^^^^ could not find `ErrorKind` in `chain`
[INFO] [stdout]     |
[INFO] [stdout] help: consider importing one of these items
[INFO] [stdout]     |
[INFO] [stdout] 17  + use rand::ErrorKind;
[INFO] [stdout]     |
[INFO] [stdout] 17  + use std::io::ErrorKind;
[INFO] [stdout]     |
[INFO] [stdout] help: if you import `ErrorKind`, refer to it directly
[INFO] [stdout]     |
[INFO] [stdout] 130 -             chain::ErrorKind::NRDRelativeHeight => PoolError::NRDKernelRelativeHeight,
[INFO] [stdout] 130 +             ErrorKind::NRDRelativeHeight => PoolError::NRDKernelRelativeHeight,
[INFO] [stdout]     |
[INFO] [stdout] 
[INFO] [stdout] 
[INFO] [stdout] error[E0433]: failed to resolve: could not find `ErrorKind` in `chain`
[INFO] [stdout]    --> tests/common.rs:130:11
[INFO] [stdout]     |
[INFO] [stdout] 130 |             chain::ErrorKind::NRDRelativeHeight => PoolError::NRDKernelRelativeHeight,
[INFO] [stdout]     |                    ^^^^^^^^^ could not find `ErrorKind` in `chain`
[INFO] [stdout]     |
[INFO] [stdout] help: consider importing one of these items
[INFO] [stdout]     |
[INFO] [stdout] 17  + use rand::ErrorKind;
[INFO] [stdout]     |
[INFO] [stdout] 17  + use std::io::ErrorKind;
[INFO] [stdout]     |
[INFO] [stdout] help: if you import `ErrorKind`, refer to it directly
[INFO] [stdout]     |
[INFO] [stdout] 130 -             chain::ErrorKind::NRDRelativeHeight => PoolError::NRDKernelRelativeHeight,
[INFO] [stdout] 130 +             ErrorKind::NRDRelativeHeight => PoolError::NRDKernelRelativeHeight,
[INFO] [stdout]     |
[INFO] [stdout] 
[INFO] [stdout] 
[INFO] [stdout] error[E0433]: failed to resolve: could not find `ErrorKind` in `chain`
[INFO] [stdout]    --> tests/common.rs:129:11
[INFO] [stdout]     |
[INFO] [stdout] 129 |             chain::ErrorKind::Transaction(txe) => txe.into(),
[INFO] [stdout]     |                    ^^^^^^^^^ could not find `ErrorKind` in `chain`
[INFO] [stdout]     |
[INFO] [stdout] help: consider importing one of these items
[INFO] [stdout]     |
[INFO] [stdout] 17  + use rand::ErrorKind;
[INFO] [stdout]     |
[INFO] [stdout] 17  + use std::io::ErrorKind;
[INFO] [stdout]     |
[INFO] [stdout] help: if you import `ErrorKind`, refer to it directly
[INFO] [stdout]     |
[INFO] [stdout] 129 -             chain::ErrorKind::Transaction(txe) => txe.into(),
[INFO] [stdout] 129 +             ErrorKind::Transaction(txe) => txe.into(),
[INFO] [stdout]     |
[INFO] [stdout] 
[INFO] [stdout] 
[INFO] [stdout] error[E0433]: failed to resolve: could not find `ErrorKind` in `chain`
[INFO] [stdout]    --> tests/common.rs:130:11
[INFO] [stdout]     |
[INFO] [stdout] 130 |             chain::ErrorKind::NRDRelativeHeight => PoolError::NRDKernelRelativeHeight,
[INFO] [stdout]     |                    ^^^^^^^^^ could not find `ErrorKind` in `chain`
[INFO] [stdout]     |
[INFO] [stdout] help: consider importing one of these items
[INFO] [stdout]     |
[INFO] [stdout] 17  + use rand::ErrorKind;
[INFO] [stdout]     |
[INFO] [stdout] 17  + use std::io::ErrorKind;
[INFO] [stdout]     |
[INFO] [stdout] help: if you import `ErrorKind`, refer to it directly
[INFO] [stdout]     |
[INFO] [stdout] 130 -             chain::ErrorKind::NRDRelativeHeight => PoolError::NRDKernelRelativeHeight,
[INFO] [stdout] 130 +             ErrorKind::NRDRelativeHeight => PoolError::NRDKernelRelativeHeight,
[INFO] [stdout]     |
[INFO] [stdout] 
[INFO] [stdout] 
[INFO] [stdout] error[E0433]: failed to resolve: could not find `ErrorKind` in `chain`
[INFO] [stdout]    --> tests/common.rs:129:11
[INFO] [stdout]     |
[INFO] [stdout] 129 |             chain::ErrorKind::Transaction(txe) => txe.into(),
[INFO] [stdout]     |                    ^^^^^^^^^ could not find `ErrorKind` in `chain`
[INFO] [stdout]     |
[INFO] [stdout] help: consider importing one of these items
[INFO] [stdout]     |
[INFO] [stdout] 17  + use rand::ErrorKind;
[INFO] [stdout]     |
[INFO] [stdout] 17  + use std::io::ErrorKind;
[INFO] [stdout]     |
[INFO] [stdout] help: if you import `ErrorKind`, refer to it directly
[INFO] [stdout]     |
[INFO] [stdout] 129 -             chain::ErrorKind::Transaction(txe) => txe.into(),
[INFO] [stdout] 129 +             ErrorKind::Transaction(txe) => txe.into(),
[INFO] [stdout]     |
[INFO] [stdout] 
[INFO] [stdout] 
[INFO] [stdout] error[E0433]: failed to resolve: could not find `ErrorKind` in `chain`
[INFO] [stdout]    --> tests/common.rs:130:11
[INFO] [stdout]     |
[INFO] [stdout] 130 |             chain::ErrorKind::NRDRelativeHeight => PoolError::NRDKernelRelativeHeight,
[INFO] [stdout]     |                    ^^^^^^^^^ could not find `ErrorKind` in `chain`
[INFO] [stdout]     |
[INFO] [stdout] help: consider importing one of these items
[INFO] [stdout]     |
[INFO] [stdout] 17  + use rand::ErrorKind;
[INFO] [stdout]     |
[INFO] [stdout] 17  + use std::io::ErrorKind;
[INFO] [stdout]     |
[INFO] [stdout] help: if you import `ErrorKind`, refer to it directly
[INFO] [stdout]     |
[INFO] [stdout] 130 -             chain::ErrorKind::NRDRelativeHeight => PoolError::NRDKernelRelativeHeight,
[INFO] [stdout] 130 +             ErrorKind::NRDRelativeHeight => PoolError::NRDKernelRelativeHeight,
[INFO] [stdout]     |
[INFO] [stdout] 
[INFO] [stdout] 
[INFO] [stdout] error[E0433]: failed to resolve: could not find `ErrorKind` in `chain`
[INFO] [stdout]    --> tests/common.rs:129:11
[INFO] [stdout]     |
[INFO] [stdout] 129 |             chain::ErrorKind::Transaction(txe) => txe.into(),
[INFO] [stdout]     |                    ^^^^^^^^^ could not find `ErrorKind` in `chain`
[INFO] [stdout]     |
[INFO] [stdout] help: consider importing one of these items
[INFO] [stdout]     |
[INFO] [stdout] 17  + use rand::ErrorKind;
[INFO] [stdout]     |
[INFO] [stdout] 17  + use std::io::ErrorKind;
[INFO] [stdout]     |
[INFO] [stdout] help: if you import `ErrorKind`, refer to it directly
[INFO] [stdout]     |
[INFO] [stdout] 129 -             chain::ErrorKind::Transaction(txe) => txe.into(),
[INFO] [stdout] 129 +             ErrorKind::Transaction(txe) => txe.into(),
[INFO] [stdout]     |
[INFO] [stdout] 
[INFO] [stdout] 
[INFO] [stdout] error[E0433]: failed to resolve: could not find `ErrorKind` in `chain`
[INFO] [stdout]    --> tests/common.rs:130:11
[INFO] [stdout]     |
[INFO] [stdout] 130 |             chain::ErrorKind::NRDRelativeHeight => PoolError::NRDKernelRelativeHeight,
[INFO] [stdout]     |                    ^^^^^^^^^ could not find `ErrorKind` in `chain`
[INFO] [stdout]     |
[INFO] [stdout] help: consider importing one of these items
[INFO] [stdout]     |
[INFO] [stdout] 17  + use rand::ErrorKind;
[INFO] [stdout]     |
[INFO] [stdout] 17  + use std::io::ErrorKind;
[INFO] [stdout]     |
[INFO] [stdout] help: if you import `ErrorKind`, refer to it directly
[INFO] [stdout]     |
[INFO] [stdout] 130 -             chain::ErrorKind::NRDRelativeHeight => PoolError::NRDKernelRelativeHeight,
[INFO] [stdout] 130 +             ErrorKind::NRDRelativeHeight => PoolError::NRDKernelRelativeHeight,
[INFO] [stdout]     |
[INFO] [stdout] 
[INFO] [stdout] 
[INFO] [stdout] error[E0433]: failed to resolve: could not find `ErrorKind` in `chain`
[INFO] [stdout]    --> tests/common.rs:129:11
[INFO] [stdout]     |
[INFO] [stdout] 129 |             chain::ErrorKind::Transaction(txe) => txe.into(),
[INFO] [stdout]     |                    ^^^^^^^^^ could not find `ErrorKind` in `chain`
[INFO] [stdout]     |
[INFO] [stdout] help: consider importing one of these items
[INFO] [stdout]     |
[INFO] [stdout] 17  + use rand::ErrorKind;
[INFO] [stdout]     |
[INFO] [stdout] 17  + use std::io::ErrorKind;
[INFO] [stdout]     |
[INFO] [stdout] help: if you import `ErrorKind`, refer to it directly
[INFO] [stdout]     |
[INFO] [stdout] 129 -             chain::ErrorKind::Transaction(txe) => txe.into(),
[INFO] [stdout] 129 +             ErrorKind::Transaction(txe) => txe.into(),
[INFO] [stdout]     |
[INFO] [stdout] 
[INFO] [stdout] 
[INFO] [stdout] error[E0433]: failed to resolve: could not find `ErrorKind` in `chain`
[INFO] [stdout]    --> tests/common.rs:130:11
[INFO] [stdout]     |
[INFO] [stdout] 130 |             chain::ErrorKind::NRDRelativeHeight => PoolError::NRDKernelRelativeHeight,
[INFO] [stdout]     |                    ^^^^^^^^^ could not find `ErrorKind` in `chain`
[INFO] [stdout]     |
[INFO] [stdout] help: consider importing one of these items
[INFO] [stdout]     |
[INFO] [stdout] 17  + use rand::ErrorKind;
[INFO] [stdout]     |
[INFO] [stdout] 17  + use std::io::ErrorKind;
[INFO] [stdout]     |
[INFO] [stdout] help: if you import `ErrorKind`, refer to it directly
[INFO] [stdout]     |
[INFO] [stdout] 130 -             chain::ErrorKind::NRDRelativeHeight => PoolError::NRDKernelRelativeHeight,
[INFO] [stdout] 130 +             ErrorKind::NRDRelativeHeight => PoolError::NRDKernelRelativeHeight,
[INFO] [stdout]     |
[INFO] [stdout] 
[INFO] [stdout] 
[INFO] [stdout] error[E0433]: failed to resolve: could not find `ErrorKind` in `chain`
[INFO] [stdout]    --> tests/common.rs:129:11
[INFO] [stdout]     |
[INFO] [stdout] 129 |             chain::ErrorKind::Transaction(txe) => txe.into(),
[INFO] [stdout]     |                    ^^^^^^^^^ could not find `ErrorKind` in `chain`
[INFO] [stdout]     |
[INFO] [stdout] help: consider importing one of these items
[INFO] [stdout]     |
[INFO] [stdout] 17  + use rand::ErrorKind;
[INFO] [stdout]     |
[INFO] [stdout] 17  + use std::io::ErrorKind;
[INFO] [stdout]     |
[INFO] [stdout] help: if you import `ErrorKind`, refer to it directly
[INFO] [stdout]     |
[INFO] [stdout] 129 -             chain::ErrorKind::Transaction(txe) => txe.into(),
[INFO] [stdout] 129 +             ErrorKind::Transaction(txe) => txe.into(),
[INFO] [stdout]     |
[INFO] [stdout] 
[INFO] [stdout] 
[INFO] [stdout] error[E0433]: failed to resolve: could not find `ErrorKind` in `chain`
[INFO] [stdout]    --> tests/common.rs:130:11
[INFO] [stdout]     |
[INFO] [stdout] 130 |             chain::ErrorKind::NRDRelativeHeight => PoolError::NRDKernelRelativeHeight,
[INFO] [stdout]     |                    ^^^^^^^^^ could not find `ErrorKind` in `chain`
[INFO] [stdout]     |
[INFO] [stdout] help: consider importing one of these items
[INFO] [stdout]     |
[INFO] [stdout] 17  + use rand::ErrorKind;
[INFO] [stdout]     |
[INFO] [stdout] 17  + use std::io::ErrorKind;
[INFO] [stdout]     |
[INFO] [stdout] help: if you import `ErrorKind`, refer to it directly
[INFO] [stdout]     |
[INFO] [stdout] 130 -             chain::ErrorKind::NRDRelativeHeight => PoolError::NRDKernelRelativeHeight,
[INFO] [stdout] 130 +             ErrorKind::NRDRelativeHeight => PoolError::NRDKernelRelativeHeight,
[INFO] [stdout]     |
[INFO] [stdout] 
[INFO] [stdout] 
[INFO] [stdout] error[E0599]: no method named `kind` found for enum `grin_chain::Error` in the current scope
[INFO] [stdout]    --> tests/common.rs:128:50
[INFO] [stdout]     |
[INFO] [stdout] 128 |         self.chain.validate_tx(tx).map_err(|e| match e.kind() {
[INFO] [stdout]     |                                                        ^^^^ method not found in `Error`
[INFO] [stdout] 
[INFO] [stdout] 
[INFO] [stdout] error[E0599]: no method named `kind` found for enum `grin_chain::Error` in the current scope
[INFO] [stdout]    --> tests/common.rs:128:50
[INFO] [stdout]     |
[INFO] [stdout] 128 |         self.chain.validate_tx(tx).map_err(|e| match e.kind() {
[INFO] [stdout]     |                                                        ^^^^ method not found in `Error`
[INFO] [stdout] 
[INFO] [stdout] 
[INFO] [stdout] error[E0599]: no method named `kind` found for enum `grin_chain::Error` in the current scope
[INFO] [stdout]    --> tests/common.rs:128:50
[INFO] [stdout]     |
[INFO] [stdout] 128 |         self.chain.validate_tx(tx).map_err(|e| match e.kind() {
[INFO] [stdout]     |                                                        ^^^^ method not found in `Error`
[INFO] [stdout] 
[INFO] [stdout] 
[INFO] [stdout] error[E0599]: no method named `kind` found for enum `grin_chain::Error` in the current scope
[INFO] [stdout]    --> tests/common.rs:128:50
[INFO] [stdout]     |
[INFO] [stdout] 128 |         self.chain.validate_tx(tx).map_err(|e| match e.kind() {
[INFO] [stdout]     |                                                        ^^^^ method not found in `Error`
[INFO] [stdout] 
[INFO] [stdout] 
[INFO] [stdout] error[E0599]: no method named `kind` found for enum `grin_chain::Error` in the current scope
[INFO] [stdout]    --> tests/common.rs:128:50
[INFO] [stdout]     |
[INFO] [stdout] 128 |         self.chain.validate_tx(tx).map_err(|e| match e.kind() {
[INFO] [stdout]     |                                                        ^^^^ method not found in `Error`
[INFO] [stdout] 
[INFO] [stdout] 
[INFO] [stdout] error[E0599]: no method named `kind` found for enum `grin_chain::Error` in the current scope
[INFO] [stdout]    --> tests/common.rs:128:50
[INFO] [stdout]     |
[INFO] [stdout] 128 |         self.chain.validate_tx(tx).map_err(|e| match e.kind() {
[INFO] [stdout]     |                                                        ^^^^ method not found in `Error`
[INFO] [stdout] 
[INFO] [stdout] 
[INFO] [stdout] error[E0599]: no method named `kind` found for enum `grin_chain::Error` in the current scope
[INFO] [stdout]    --> tests/common.rs:128:50
[INFO] [stdout]     |
[INFO] [stdout] 128 |         self.chain.validate_tx(tx).map_err(|e| match e.kind() {
[INFO] [stdout]     |                                                        ^^^^ method not found in `Error`
[INFO] [stdout] 
[INFO] [stdout] 
[INFO] [stdout] error: aborting due to 3 previous errors
[INFO] [stdout] 
[INFO] [stdout] 
[INFO] [stdout] Some errors have detailed explanations: E0433, E0599.
[INFO] [stdout] 
[INFO] [stdout] For more information about an error, try `rustc --explain E0433`.
[INFO] [stdout] 
[INFO] [stdout] error: aborting due to 3 previous errors
[INFO] [stdout] 
[INFO] [stdout] 
[INFO] [stdout] Some errors have detailed explanations: E0433, E0599.
[INFO] [stdout] 
[INFO] [stdout] For more information about an error, try `rustc --explain E0433`.
[INFO] [stdout] 
[INFO] [stdout] error[E0599]: no method named `kind` found for enum `grin_chain::Error` in the current scope
[INFO] [stdout]    --> tests/common.rs:128:50
[INFO] [stdout]     |
[INFO] [stdout] 128 |         self.chain.validate_tx(tx).map_err(|e| match e.kind() {
[INFO] [stdout]     |                                                        ^^^^ method not found in `Error`
[INFO] [stdout] 
[INFO] [stdout] 
[INFO] [stdout] error: aborting due to 3 previous errors
[INFO] [stdout] 
[INFO] [stdout] 
[INFO] [stdout] Some errors have detailed explanations: E0433, E0599.
[INFO] [stdout] 
[INFO] [stdout] For more information about an error, try `rustc --explain E0433`.
[INFO] [stdout] 
[INFO] [stdout] error: aborting due to 3 previous errors
[INFO] [stdout] 
[INFO] [stdout] 
[INFO] [stdout] Some errors have detailed explanations: E0433, E0599.
[INFO] [stdout] 
[INFO] [stdout] For more information about an error, try `rustc --explain E0433`.
[INFO] [stdout] 
[INFO] [stderr] error: could not compile `grin_pool` (test "transaction_pool") due to 4 previous errors
[INFO] [stderr] warning: build failed, waiting for other jobs to finish...
[INFO] [stderr] error: could not compile `grin_pool` (test "block_max_weight") due to 4 previous errors
[INFO] [stdout] error: aborting due to 3 previous errors
[INFO] [stdout] 
[INFO] [stdout] 
[INFO] [stdout] Some errors have detailed explanations: E0433, E0599.
[INFO] [stdout] 
[INFO] [stdout] For more information about an error, try `rustc --explain E0433`.
[INFO] [stdout] 
[INFO] [stdout] error[E0599]: no method named `kind` found for enum `grin_chain::Error` in the current scope
[INFO] [stdout]    --> tests/common.rs:128:50
[INFO] [stdout]     |
[INFO] [stdout] 128 |         self.chain.validate_tx(tx).map_err(|e| match e.kind() {
[INFO] [stdout]     |                                                        ^^^^ method not found in `Error`
[INFO] [stdout] 
[INFO] [stdout] 
[INFO] [stderr] error: could not compile `grin_pool` (test "coinbase_maturity") due to 4 previous errors
[INFO] [stderr] error: could not compile `grin_pool` (test "nrd_kernel_relative_height") due to 4 previous errors
[INFO] [stderr] error: could not compile `grin_pool` (test "nrd_kernels_enabled") due to 4 previous errors
[INFO] [stdout] error: aborting due to 3 previous errors
[INFO] [stdout] 
[INFO] [stdout] 
[INFO] [stdout] Some errors have detailed explanations: E0433, E0599.
[INFO] [stdout] 
[INFO] [stdout] For more information about an error, try `rustc --explain E0433`.
[INFO] [stdout] 
[INFO] [stdout] error: aborting due to 3 previous errors
[INFO] [stdout] 
[INFO] [stdout] 
[INFO] [stdout] Some errors have detailed explanations: E0433, E0599.
[INFO] [stdout] 
[INFO] [stdout] For more information about an error, try `rustc --explain E0433`.
[INFO] [stdout] 
[INFO] [stdout] error: aborting due to 3 previous errors
[INFO] [stdout] 
[INFO] [stdout] 
[INFO] [stdout] Some errors have detailed explanations: E0433, E0599.
[INFO] [stdout] 
[INFO] [stdout] For more information about an error, try `rustc --explain E0433`.
[INFO] [stdout] 
[INFO] [stdout] error: aborting due to 3 previous errors
[INFO] [stdout] 
[INFO] [stdout] 
[INFO] [stdout] Some errors have detailed explanations: E0433, E0599.
[INFO] [stdout] 
[INFO] [stdout] For more information about an error, try `rustc --explain E0433`.
[INFO] [stdout] 
[INFO] [stderr] error: could not compile `grin_pool` (test "block_reconciliation") due to 4 previous errors
[INFO] [stderr] error: could not compile `grin_pool` (test "common") due to 4 previous errors
[INFO] [stderr] error: could not compile `grin_pool` (test "nrd_kernels_disabled") due to 4 previous errors
[INFO] [stderr] error: could not compile `grin_pool` (test "block_building") due to 4 previous errors
[INFO] running `Command { std: "docker" "inspect" "8277aceff399a8f2f770c81a9503d0671549206e657d473e0d361ea907866b16", kill_on_drop: false }`
[INFO] running `Command { std: "docker" "rm" "-f" "8277aceff399a8f2f770c81a9503d0671549206e657d473e0d361ea907866b16", kill_on_drop: false }`
[INFO] [stdout] 8277aceff399a8f2f770c81a9503d0671549206e657d473e0d361ea907866b16
[INFO] checking grin_pool-5.1.2 against nightly-2024-02-05+rustflags=-Dunexpected_cfgs+cargoflags=-Zcheck-cfg for check-cfg
[INFO] extracting crate grin_pool 5.1.2 into /workspace/builds/worker-6-tc2/source
[INFO] validating manifest of crates.io crate grin_pool 5.1.2 on toolchain nightly-2024-02-05
[INFO] running `Command { std: CARGO_HOME="/workspace/cargo-home" RUSTUP_HOME="/workspace/rustup-home" "/workspace/cargo-home/bin/cargo" "+nightly-2024-02-05" "metadata" "--manifest-path" "Cargo.toml" "--no-deps", kill_on_drop: false }`
[INFO] started tweaking crates.io crate grin_pool 5.1.2
[INFO] finished tweaking crates.io crate grin_pool 5.1.2
[INFO] tweaked toml for crates.io crate grin_pool 5.1.2 written to /workspace/builds/worker-6-tc2/source/Cargo.toml
[INFO] running `Command { std: CARGO_HOME="/workspace/cargo-home" RUSTUP_HOME="/workspace/rustup-home" "/workspace/cargo-home/bin/cargo" "+nightly-2024-02-05" "generate-lockfile" "--manifest-path" "Cargo.toml", kill_on_drop: false }`
[INFO] [stderr]     Updating crates.io index
[INFO] running `Command { std: CARGO_HOME="/workspace/cargo-home" RUSTUP_HOME="/workspace/rustup-home" "/workspace/cargo-home/bin/cargo" "+nightly-2024-02-05" "fetch" "--manifest-path" "Cargo.toml", kill_on_drop: false }`
[INFO] running `Command { std: "docker" "create" "-v" "/var/lib/crater-agent-workspace/builds/worker-6-tc2/target:/opt/rustwide/target:rw,Z" "-v" "/var/lib/crater-agent-workspace/builds/worker-6-tc2/source:/opt/rustwide/workdir:ro,Z" "-v" "/var/lib/crater-agent-workspace/cargo-home:/opt/rustwide/cargo-home:ro,Z" "-v" "/var/lib/crater-agent-workspace/rustup-home:/opt/rustwide/rustup-home:ro,Z" "-e" "SOURCE_DIR=/opt/rustwide/workdir" "-e" "CARGO_TARGET_DIR=/opt/rustwide/target" "-e" "CARGO_HOME=/opt/rustwide/cargo-home" "-e" "RUSTUP_HOME=/opt/rustwide/rustup-home" "-w" "/opt/rustwide/workdir" "-m" "1610612736" "--user" "0:0" "--network" "none" "ghcr.io/rust-lang/crates-build-env/linux@sha256:2788e3201cd34a07e3172128adcd8b3090168a8e3bcc40d7c032b9dda1df7d1c" "/opt/rustwide/cargo-home/bin/cargo" "+nightly-2024-02-05" "metadata" "--no-deps" "--format-version=1", kill_on_drop: false }`
[INFO] [stdout] d480224801e9f522c84bdad8502eab0e02b3c1cff2c1ba5d3cfe368fe67feed3
[INFO] running `Command { std: "docker" "start" "-a" "d480224801e9f522c84bdad8502eab0e02b3c1cff2c1ba5d3cfe368fe67feed3", kill_on_drop: false }`
[INFO] running `Command { std: "docker" "inspect" "d480224801e9f522c84bdad8502eab0e02b3c1cff2c1ba5d3cfe368fe67feed3", kill_on_drop: false }`
[INFO] running `Command { std: "docker" "rm" "-f" "d480224801e9f522c84bdad8502eab0e02b3c1cff2c1ba5d3cfe368fe67feed3", kill_on_drop: false }`
[INFO] [stdout] d480224801e9f522c84bdad8502eab0e02b3c1cff2c1ba5d3cfe368fe67feed3
[INFO] running `Command { std: "docker" "create" "-v" "/var/lib/crater-agent-workspace/builds/worker-6-tc2/target:/opt/rustwide/target:rw,Z" "-v" "/var/lib/crater-agent-workspace/builds/worker-6-tc2/source:/opt/rustwide/workdir:ro,Z" "-v" "/var/lib/crater-agent-workspace/cargo-home:/opt/rustwide/cargo-home:ro,Z" "-v" "/var/lib/crater-agent-workspace/rustup-home:/opt/rustwide/rustup-home:ro,Z" "-e" "SOURCE_DIR=/opt/rustwide/workdir" "-e" "CARGO_TARGET_DIR=/opt/rustwide/target" "-e" "CARGO_INCREMENTAL=0" "-e" "RUST_BACKTRACE=full" "-e" "RUSTFLAGS=--cap-lints=forbid -Dunexpected_cfgs" "-e" "RUSTDOCFLAGS=--cap-lints=forbid" "-e" "CARGO_HOME=/opt/rustwide/cargo-home" "-e" "RUSTUP_HOME=/opt/rustwide/rustup-home" "-w" "/opt/rustwide/workdir" "-m" "1610612736" "--user" "0:0" "--network" "none" "ghcr.io/rust-lang/crates-build-env/linux@sha256:2788e3201cd34a07e3172128adcd8b3090168a8e3bcc40d7c032b9dda1df7d1c" "/opt/rustwide/cargo-home/bin/cargo" "+nightly-2024-02-05" "check" "--frozen" "--all" "--all-targets" "--message-format=json" "-Zcheck-cfg", kill_on_drop: false }`
[INFO] [stdout] 17e2f3496ac8065900382c12118dbbd14b2d633c320b3ee14c2de25fbedab088
[INFO] running `Command { std: "docker" "start" "-a" "17e2f3496ac8065900382c12118dbbd14b2d633c320b3ee14c2de25fbedab088", kill_on_drop: false }`
[INFO] [stderr]     Checking rand_core v0.4.2
[INFO] [stderr]    Compiling autocfg v0.1.8
[INFO] [stderr]    Compiling crc32fast v1.3.2
[INFO] [stderr]    Compiling minimal-lexical v0.2.1
[INFO] [stderr]    Compiling num-traits v0.2.17
[INFO] [stderr]    Compiling generic-array v0.14.7
[INFO] [stderr]     Checking adler v1.0.2
[INFO] [stderr]    Compiling num-integer v0.1.45
[INFO] [stderr]     Checking nodrop v0.1.14
[INFO] [stderr]    Compiling bindgen v0.59.2
[INFO] [stderr]    Compiling clang-sys v1.7.0
[INFO] [stderr]    Compiling syn v2.0.48
[INFO] [stderr]    Compiling backtrace v0.3.69
[INFO] [stderr]    Compiling shlex v1.3.0
[INFO] [stderr]     Checking subtle v2.4.1
[INFO] [stderr]     Checking gimli v0.28.1
[INFO] [stderr]    Compiling rand_chacha v0.1.1
[INFO] [stderr]    Compiling rand_pcg v0.1.2
[INFO] [stderr]     Checking miniz_oxide v0.7.2
[INFO] [stderr]     Checking rand_core v0.3.1
[INFO] [stderr]     Checking traitobject v0.1.0
[INFO] [stderr]     Checking parking_lot_core v0.7.3
[INFO] [stderr]    Compiling rand v0.6.5
[INFO] [stderr]     Checking unsafe-any v0.4.2
[INFO] [stderr]    Compiling nom v7.1.3
[INFO] [stderr]     Checking lock_api v0.3.4
[INFO] [stderr]     Checking object v0.32.2
[INFO] [stderr]    Compiling grin_secp256k1zkp v0.7.12
[INFO] [stderr]    Compiling num-bigint v0.2.6
[INFO] [stderr]     Checking rustc-demangle v0.1.23
[INFO] [stderr]     Checking quick-error v1.2.3
[INFO] [stderr]     Checking odds v0.2.26
[INFO] [stderr]    Compiling arrayvec v0.4.12
[INFO] [stderr]     Checking parking_lot v0.10.2
[INFO] [stderr]     Checking humantime v1.3.0
[INFO] [stderr]     Checking flate2 v1.0.28
[INFO] [stderr]     Checking digest v0.9.0
[INFO] [stderr]     Checking block-buffer v0.9.0
[INFO] [stderr]     Checking crypto-mac v0.11.1
[INFO] [stderr]     Checking typemap v0.3.3
[INFO] [stderr]     Checking arrayvec v0.3.25
[INFO] [stderr]     Checking rand v0.5.6
[INFO] [stderr]     Checking rand_xorshift v0.1.1
[INFO] [stderr]     Checking rand_isaac v0.1.1
[INFO] [stderr]     Checking rand_hc v0.1.0
[INFO] [stderr]     Checking rand_os v0.1.3
[INFO] [stderr]     Checking rand_jitter v0.1.4
[INFO] [stderr]     Checking thread-id v3.3.0
[INFO] [stderr]    Compiling num-rational v0.2.4
[INFO] [stderr]    Compiling num-complex v0.2.4
[INFO] [stderr]    Compiling num-iter v0.1.43
[INFO] [stderr]     Checking base64ct v1.6.0
[INFO] [stderr]     Checking log-mdc v0.1.0
[INFO] [stderr]     Checking arc-swap v0.4.8
[INFO] [stderr]     Checking rand_core v0.6.4
[INFO] [stderr]     Checking rustc-serialize v0.3.25
[INFO] [stderr]     Checking sha2 v0.9.9
[INFO] [stderr]     Checking password-hash v0.2.3
[INFO] [stderr]     Checking hmac v0.11.0
[INFO] [stderr]     Checking ordered-float v1.1.1
[INFO] [stderr]     Checking constant_time_eq v0.1.5
[INFO] [stderr]    Compiling syn v1.0.109
[INFO] [stderr]    Compiling gcc v0.3.55
[INFO] [stderr]     Checking pbkdf2 v0.8.0
[INFO] [stderr]     Checking blake2-rfc v0.2.18
[INFO] [stderr]     Checking num-traits v0.1.43
[INFO] [stderr]     Checking ripemd160 v0.9.1
[INFO] [stderr]    Compiling rustix v0.38.31
[INFO] [stderr]     Checking enum_primitive v0.1.1
[INFO] [stderr]     Checking lru-cache v0.1.2
[INFO] [stderr]     Checking linux-raw-sys v0.4.13
[INFO] [stderr]     Checking bytes v0.5.6
[INFO] [stderr]    Compiling failure_derive v0.1.8
[INFO] [stderr]    Compiling unicode-xid v0.2.4
[INFO] [stderr]     Checking bitflags v0.9.1
[INFO] [stderr]     Checking supercow v0.1.0
[INFO] [stderr]     Checking memmap v0.7.0
[INFO] [stderr]     Checking bit-vec v0.6.3
[INFO] [stderr]    Compiling liblmdb-sys v0.2.2
[INFO] [stderr]    Compiling cexpr v0.6.0
[INFO] [stderr]     Checking addr2line v0.21.0
[INFO] [stderr]     Checking num v0.2.1
[INFO] [stderr]     Checking tempfile v3.10.0
[INFO] [stderr]    Compiling synstructure v0.12.6
[INFO] [stderr]    Compiling serde_derive v1.0.196
[INFO] [stderr]    Compiling thiserror-impl v1.0.56
[INFO] [stderr]    Compiling zeroize_derive v1.4.2
[INFO] [stderr]     Checking failure v0.1.8
[INFO] [stderr]     Checking lmdb-zero v0.4.4
[INFO] [stderr]     Checking zeroize v1.7.0
[INFO] [stderr]     Checking thiserror v1.0.56
[INFO] [stderr]     Checking zip v0.5.13
[INFO] [stderr]    Compiling croaring-sys v0.5.2
[INFO] [stderr]     Checking serde v1.0.196
[INFO] [stderr]     Checking serde_json v1.0.113
[INFO] [stderr]     Checking log v0.4.20
[INFO] [stderr]     Checking serde-value v0.6.0
[INFO] [stderr]     Checking chrono v0.4.33
[INFO] [stderr]     Checking serde_yaml v0.8.26
[INFO] [stderr]     Checking croaring v0.5.2
[INFO] [stderr]     Checking log4rs v0.12.0
[INFO] [stderr]     Checking grin_util v5.2.0
[INFO] [stderr]     Checking grin_keychain v5.2.0
[INFO] [stderr]     Checking grin_core v5.2.0
[INFO] [stderr]     Checking grin_store v5.2.0
[INFO] [stderr]     Checking grin_pool v5.1.2 (/opt/rustwide/workdir)
[INFO] [stderr]     Checking grin_chain v5.2.0
[INFO] [stdout] error[E0433]: failed to resolve: could not find `ErrorKind` in `chain`
[INFO] [stdout]    --> tests/common.rs:129:11
[INFO] [stdout]     |
[INFO] [stdout] 129 |             chain::ErrorKind::Transaction(txe) => txe.into(),
[INFO] [stdout]     |                    ^^^^^^^^^ could not find `ErrorKind` in `chain`
[INFO] [stdout]     |
[INFO] [stdout] help: consider importing one of these items
[INFO] [stdout]     |
[INFO] [stdout] 17  + use rand::ErrorKind;
[INFO] [stdout]     |
[INFO] [stdout] 17  + use std::io::ErrorKind;
[INFO] [stdout]     |
[INFO] [stdout] help: if you import `ErrorKind`, refer to it directly
[INFO] [stdout]     |
[INFO] [stdout] 129 -             chain::ErrorKind::Transaction(txe) => txe.into(),
[INFO] [stdout] 129 +             ErrorKind::Transaction(txe) => txe.into(),
[INFO] [stdout]     |
[INFO] [stdout] 
[INFO] [stdout] 
[INFO] [stdout] error[E0433]: failed to resolve: could not find `ErrorKind` in `chain`
[INFO] [stdout]    --> tests/common.rs:129:11
[INFO] [stdout]     |
[INFO] [stdout] 129 |             chain::ErrorKind::Transaction(txe) => txe.into(),
[INFO] [stdout]     |                    ^^^^^^^^^ could not find `ErrorKind` in `chain`
[INFO] [stdout]     |
[INFO] [stdout] help: consider importing one of these items
[INFO] [stdout]     |
[INFO] [stdout] 17  + use rand::ErrorKind;
[INFO] [stdout]     |
[INFO] [stdout] 17  + use std::io::ErrorKind;
[INFO] [stdout]     |
[INFO] [stdout] help: if you import `ErrorKind`, refer to it directly
[INFO] [stdout]     |
[INFO] [stdout] 129 -             chain::ErrorKind::Transaction(txe) => txe.into(),
[INFO] [stdout] 129 +             ErrorKind::Transaction(txe) => txe.into(),
[INFO] [stdout]     |
[INFO] [stdout] 
[INFO] [stdout] 
[INFO] [stdout] error[E0433]: failed to resolve: could not find `ErrorKind` in `chain`
[INFO] [stdout]    --> tests/common.rs:130:11
[INFO] [stdout]     |
[INFO] [stdout] 130 |             chain::ErrorKind::NRDRelativeHeight => PoolError::NRDKernelRelativeHeight,
[INFO] [stdout]     |                    ^^^^^^^^^ could not find `ErrorKind` in `chain`
[INFO] [stdout]     |
[INFO] [stdout] help: consider importing one of these items
[INFO] [stdout]     |
[INFO] [stdout] 17  + use rand::ErrorKind;
[INFO] [stdout]     |
[INFO] [stdout] 17  + use std::io::ErrorKind;
[INFO] [stdout]     |
[INFO] [stdout] help: if you import `ErrorKind`, refer to it directly
[INFO] [stdout]     |
[INFO] [stdout] 130 -             chain::ErrorKind::NRDRelativeHeight => PoolError::NRDKernelRelativeHeight,
[INFO] [stdout] 130 +             ErrorKind::NRDRelativeHeight => PoolError::NRDKernelRelativeHeight,
[INFO] [stdout]     |
[INFO] [stdout] 
[INFO] [stdout] 
[INFO] [stdout] error[E0433]: failed to resolve: could not find `ErrorKind` in `chain`
[INFO] [stdout]    --> tests/common.rs:130:11
[INFO] [stdout]     |
[INFO] [stdout] 130 |             chain::ErrorKind::NRDRelativeHeight => PoolError::NRDKernelRelativeHeight,
[INFO] [stdout]     |                    ^^^^^^^^^ could not find `ErrorKind` in `chain`
[INFO] [stdout]     |
[INFO] [stdout] help: consider importing one of these items
[INFO] [stdout]     |
[INFO] [stdout] 17  + use rand::ErrorKind;
[INFO] [stdout]     |
[INFO] [stdout] 17  + use std::io::ErrorKind;
[INFO] [stdout]     |
[INFO] [stdout] help: if you import `ErrorKind`, refer to it directly
[INFO] [stdout]     |
[INFO] [stdout] 130 -             chain::ErrorKind::NRDRelativeHeight => PoolError::NRDKernelRelativeHeight,
[INFO] [stdout] 130 +             ErrorKind::NRDRelativeHeight => PoolError::NRDKernelRelativeHeight,
[INFO] [stdout]     |
[INFO] [stdout] 
[INFO] [stdout] 
[INFO] [stdout] error[E0433]: failed to resolve: could not find `ErrorKind` in `chain`
[INFO] [stdout]    --> tests/common.rs:129:11
[INFO] [stdout]     |
[INFO] [stdout] 129 |             chain::ErrorKind::Transaction(txe) => txe.into(),
[INFO] [stdout]     |                    ^^^^^^^^^ could not find `ErrorKind` in `chain`
[INFO] [stdout]     |
[INFO] [stdout] help: consider importing one of these items
[INFO] [stdout]     |
[INFO] [stdout] 17  + use rand::ErrorKind;
[INFO] [stdout]     |
[INFO] [stdout] 17  + use std::io::ErrorKind;
[INFO] [stdout]     |
[INFO] [stdout] help: if you import `ErrorKind`, refer to it directly
[INFO] [stdout]     |
[INFO] [stdout] 129 -             chain::ErrorKind::Transaction(txe) => txe.into(),
[INFO] [stdout] 129 +             ErrorKind::Transaction(txe) => txe.into(),
[INFO] [stdout]     |
[INFO] [stdout] 
[INFO] [stdout] 
[INFO] [stdout] error[E0433]: failed to resolve: could not find `ErrorKind` in `chain`
[INFO] [stdout]    --> tests/common.rs:130:11
[INFO] [stdout]     |
[INFO] [stdout] 130 |             chain::ErrorKind::NRDRelativeHeight => PoolError::NRDKernelRelativeHeight,
[INFO] [stdout]     |                    ^^^^^^^^^ could not find `ErrorKind` in `chain`
[INFO] [stdout]     |
[INFO] [stdout] help: consider importing one of these items
[INFO] [stdout]     |
[INFO] [stdout] 17  + use rand::ErrorKind;
[INFO] [stdout]     |
[INFO] [stdout] 17  + use std::io::ErrorKind;
[INFO] [stdout]     |
[INFO] [stdout] help: if you import `ErrorKind`, refer to it directly
[INFO] [stdout]     |
[INFO] [stdout] 130 -             chain::ErrorKind::NRDRelativeHeight => PoolError::NRDKernelRelativeHeight,
[INFO] [stdout] 130 +             ErrorKind::NRDRelativeHeight => PoolError::NRDKernelRelativeHeight,
[INFO] [stdout]     |
[INFO] [stdout] 
[INFO] [stdout] 
[INFO] [stdout] error[E0433]: failed to resolve: could not find `ErrorKind` in `chain`
[INFO] [stdout]    --> tests/common.rs:129:11
[INFO] [stdout]     |
[INFO] [stdout] 129 |             chain::ErrorKind::Transaction(txe) => txe.into(),
[INFO] [stdout]     |                    ^^^^^^^^^ could not find `ErrorKind` in `chain`
[INFO] [stdout]     |
[INFO] [stdout] help: consider importing one of these items
[INFO] [stdout]     |
[INFO] [stdout] 17  + use rand::ErrorKind;
[INFO] [stdout]     |
[INFO] [stdout] 17  + use std::io::ErrorKind;
[INFO] [stdout]     |
[INFO] [stdout] help: if you import `ErrorKind`, refer to it directly
[INFO] [stdout]     |
[INFO] [stdout] 129 -             chain::ErrorKind::Transaction(txe) => txe.into(),
[INFO] [stdout] 129 +             ErrorKind::Transaction(txe) => txe.into(),
[INFO] [stdout]     |
[INFO] [stdout] 
[INFO] [stdout] 
[INFO] [stdout] error[E0433]: failed to resolve: could not find `ErrorKind` in `chain`
[INFO] [stdout]    --> tests/common.rs:130:11
[INFO] [stdout]     |
[INFO] [stdout] 130 |             chain::ErrorKind::NRDRelativeHeight => PoolError::NRDKernelRelativeHeight,
[INFO] [stdout]     |                    ^^^^^^^^^ could not find `ErrorKind` in `chain`
[INFO] [stdout]     |
[INFO] [stdout] help: consider importing one of these items
[INFO] [stdout]     |
[INFO] [stdout] 17  + use rand::ErrorKind;
[INFO] [stdout]     |
[INFO] [stdout] 17  + use std::io::ErrorKind;
[INFO] [stdout]     |
[INFO] [stdout] help: if you import `ErrorKind`, refer to it directly
[INFO] [stdout]     |
[INFO] [stdout] 130 -             chain::ErrorKind::NRDRelativeHeight => PoolError::NRDKernelRelativeHeight,
[INFO] [stdout] 130 +             ErrorKind::NRDRelativeHeight => PoolError::NRDKernelRelativeHeight,
[INFO] [stdout]     |
[INFO] [stdout] 
[INFO] [stdout] 
[INFO] [stdout] error[E0433]: failed to resolve: could not find `ErrorKind` in `chain`
[INFO] [stdout]    --> tests/common.rs:129:11
[INFO] [stdout]     |
[INFO] [stdout] 129 |             chain::ErrorKind::Transaction(txe) => txe.into(),
[INFO] [stdout]     |                    ^^^^^^^^^ could not find `ErrorKind` in `chain`
[INFO] [stdout]     |
[INFO] [stdout] help: consider importing one of these items
[INFO] [stdout]     |
[INFO] [stdout] 17  + use rand::ErrorKind;
[INFO] [stdout]     |
[INFO] [stdout] 17  + use std::io::ErrorKind;
[INFO] [stdout]     |
[INFO] [stdout] help: if you import `ErrorKind`, refer to it directly
[INFO] [stdout]     |
[INFO] [stdout] 129 -             chain::ErrorKind::Transaction(txe) => txe.into(),
[INFO] [stdout] 129 +             ErrorKind::Transaction(txe) => txe.into(),
[INFO] [stdout]     |
[INFO] [stdout] 
[INFO] [stdout] 
[INFO] [stdout] error[E0433]: failed to resolve: could not find `ErrorKind` in `chain`
[INFO] [stdout]    --> tests/common.rs:130:11
[INFO] [stdout]     |
[INFO] [stdout] 130 |             chain::ErrorKind::NRDRelativeHeight => PoolError::NRDKernelRelativeHeight,
[INFO] [stdout]     |                    ^^^^^^^^^ could not find `ErrorKind` in `chain`
[INFO] [stdout]     |
[INFO] [stdout] help: consider importing one of these items
[INFO] [stdout]     |
[INFO] [stdout] 17  + use rand::ErrorKind;
[INFO] [stdout]     |
[INFO] [stdout] 17  + use std::io::ErrorKind;
[INFO] [stdout]     |
[INFO] [stdout] help: if you import `ErrorKind`, refer to it directly
[INFO] [stdout]     |
[INFO] [stdout] 130 -             chain::ErrorKind::NRDRelativeHeight => PoolError::NRDKernelRelativeHeight,
[INFO] [stdout] 130 +             ErrorKind::NRDRelativeHeight => PoolError::NRDKernelRelativeHeight,
[INFO] [stdout]     |
[INFO] [stdout] 
[INFO] [stdout] 
[INFO] [stdout] error[E0433]: failed to resolve: could not find `ErrorKind` in `chain`
[INFO] [stdout]    --> tests/common.rs:129:11
[INFO] [stdout]     |
[INFO] [stdout] 129 |             chain::ErrorKind::Transaction(txe) => txe.into(),
[INFO] [stdout]     |                    ^^^^^^^^^ could not find `ErrorKind` in `chain`
[INFO] [stdout]     |
[INFO] [stdout] help: consider importing one of these items
[INFO] [stdout]     |
[INFO] [stdout] 17  + use rand::ErrorKind;
[INFO] [stdout]     |
[INFO] [stdout] 17  + use std::io::ErrorKind;
[INFO] [stdout]     |
[INFO] [stdout] help: if you import `ErrorKind`, refer to it directly
[INFO] [stdout]     |
[INFO] [stdout] 129 -             chain::ErrorKind::Transaction(txe) => txe.into(),
[INFO] [stdout] 129 +             ErrorKind::Transaction(txe) => txe.into(),
[INFO] [stdout]     |
[INFO] [stdout] 
[INFO] [stdout] 
[INFO] [stdout] error[E0433]: failed to resolve: could not find `ErrorKind` in `chain`
[INFO] [stdout]    --> tests/common.rs:130:11
[INFO] [stdout]     |
[INFO] [stdout] 130 |             chain::ErrorKind::NRDRelativeHeight => PoolError::NRDKernelRelativeHeight,
[INFO] [stdout]     |                    ^^^^^^^^^ could not find `ErrorKind` in `chain`
[INFO] [stdout]     |
[INFO] [stdout] help: consider importing one of these items
[INFO] [stdout]     |
[INFO] [stdout] 17  + use rand::ErrorKind;
[INFO] [stdout]     |
[INFO] [stdout] 17  + use std::io::ErrorKind;
[INFO] [stdout]     |
[INFO] [stdout] help: if you import `ErrorKind`, refer to it directly
[INFO] [stdout]     |
[INFO] [stdout] 130 -             chain::ErrorKind::NRDRelativeHeight => PoolError::NRDKernelRelativeHeight,
[INFO] [stdout] 130 +             ErrorKind::NRDRelativeHeight => PoolError::NRDKernelRelativeHeight,
[INFO] [stdout]     |
[INFO] [stdout] 
[INFO] [stdout] 
[INFO] [stdout] error[E0433]: failed to resolve: could not find `ErrorKind` in `chain`
[INFO] [stdout]    --> tests/common.rs:129:11
[INFO] [stdout]     |
[INFO] [stdout] 129 |             chain::ErrorKind::Transaction(txe) => txe.into(),
[INFO] [stdout]     |                    ^^^^^^^^^ could not find `ErrorKind` in `chain`
[INFO] [stdout]     |
[INFO] [stdout] help: consider importing one of these items
[INFO] [stdout]     |
[INFO] [stdout] 17  + use rand::ErrorKind;
[INFO] [stdout]     |
[INFO] [stdout] 17  + use std::io::ErrorKind;
[INFO] [stdout]     |
[INFO] [stdout] help: if you import `ErrorKind`, refer to it directly
[INFO] [stdout]     |
[INFO] [stdout] 129 -             chain::ErrorKind::Transaction(txe) => txe.into(),
[INFO] [stdout] 129 +             ErrorKind::Transaction(txe) => txe.into(),
[INFO] [stdout]     |
[INFO] [stdout] 
[INFO] [stdout] 
[INFO] [stdout] error[E0433]: failed to resolve: could not find `ErrorKind` in `chain`
[INFO] [stdout]    --> tests/common.rs:129:11
[INFO] [stdout]     |
[INFO] [stdout] 129 |             chain::ErrorKind::Transaction(txe) => txe.into(),
[INFO] [stdout]     |                    ^^^^^^^^^ could not find `ErrorKind` in `chain`
[INFO] [stdout]     |
[INFO] [stdout] help: consider importing one of these items
[INFO] [stdout]     |
[INFO] [stdout] 17  + use rand::ErrorKind;
[INFO] [stdout]     |
[INFO] [stdout] 17  + use std::io::ErrorKind;
[INFO] [stdout]     |
[INFO] [stdout] help: if you import `ErrorKind`, refer to it directly
[INFO] [stdout]     |
[INFO] [stdout] 129 -             chain::ErrorKind::Transaction(txe) => txe.into(),
[INFO] [stdout] 129 +             ErrorKind::Transaction(txe) => txe.into(),
[INFO] [stdout]     |
[INFO] [stdout] 
[INFO] [stdout] 
[INFO] [stdout] error[E0433]: failed to resolve: could not find `ErrorKind` in `chain`
[INFO] [stdout]    --> tests/common.rs:130:11
[INFO] [stdout]     |
[INFO] [stdout] 130 |             chain::ErrorKind::NRDRelativeHeight => PoolError::NRDKernelRelativeHeight,
[INFO] [stdout]     |                    ^^^^^^^^^ could not find `ErrorKind` in `chain`
[INFO] [stdout]     |
[INFO] [stdout] help: consider importing one of these items
[INFO] [stdout]     |
[INFO] [stdout] 17  + use rand::ErrorKind;
[INFO] [stdout]     |
[INFO] [stdout] 17  + use std::io::ErrorKind;
[INFO] [stdout]     |
[INFO] [stdout] help: if you import `ErrorKind`, refer to it directly
[INFO] [stdout]     |
[INFO] [stdout] 130 -             chain::ErrorKind::NRDRelativeHeight => PoolError::NRDKernelRelativeHeight,
[INFO] [stdout] 130 +             ErrorKind::NRDRelativeHeight => PoolError::NRDKernelRelativeHeight,
[INFO] [stdout]     |
[INFO] [stdout] 
[INFO] [stdout] 
[INFO] [stdout] error[E0433]: failed to resolve: could not find `ErrorKind` in `chain`
[INFO] [stdout]    --> tests/common.rs:130:11
[INFO] [stdout]     |
[INFO] [stdout] 130 |             chain::ErrorKind::NRDRelativeHeight => PoolError::NRDKernelRelativeHeight,
[INFO] [stdout]     |                    ^^^^^^^^^ could not find `ErrorKind` in `chain`
[INFO] [stdout]     |
[INFO] [stdout] help: consider importing one of these items
[INFO] [stdout]     |
[INFO] [stdout] 17  + use rand::ErrorKind;
[INFO] [stdout]     |
[INFO] [stdout] 17  + use std::io::ErrorKind;
[INFO] [stdout]     |
[INFO] [stdout] help: if you import `ErrorKind`, refer to it directly
[INFO] [stdout]     |
[INFO] [stdout] 130 -             chain::ErrorKind::NRDRelativeHeight => PoolError::NRDKernelRelativeHeight,
[INFO] [stdout] 130 +             ErrorKind::NRDRelativeHeight => PoolError::NRDKernelRelativeHeight,
[INFO] [stdout]     |
[INFO] [stdout] 
[INFO] [stdout] 
[INFO] [stdout] error[E0433]: failed to resolve: could not find `ErrorKind` in `chain`
[INFO] [stdout]    --> tests/common.rs:129:11
[INFO] [stdout]     |
[INFO] [stdout] 129 |             chain::ErrorKind::Transaction(txe) => txe.into(),
[INFO] [stdout]     |                    ^^^^^^^^^ could not find `ErrorKind` in `chain`
[INFO] [stdout]     |
[INFO] [stdout] help: consider importing one of these items
[INFO] [stdout]     |
[INFO] [stdout] 17  + use rand::ErrorKind;
[INFO] [stdout]     |
[INFO] [stdout] 17  + use std::io::ErrorKind;
[INFO] [stdout]     |
[INFO] [stdout] help: if you import `ErrorKind`, refer to it directly
[INFO] [stdout]     |
[INFO] [stdout] 129 -             chain::ErrorKind::Transaction(txe) => txe.into(),
[INFO] [stdout] 129 +             ErrorKind::Transaction(txe) => txe.into(),
[INFO] [stdout]     |
[INFO] [stdout] 
[INFO] [stdout] 
[INFO] [stdout] error[E0433]: failed to resolve: could not find `ErrorKind` in `chain`
[INFO] [stdout]    --> tests/common.rs:130:11
[INFO] [stdout]     |
[INFO] [stdout] 130 |             chain::ErrorKind::NRDRelativeHeight => PoolError::NRDKernelRelativeHeight,
[INFO] [stdout]     |                    ^^^^^^^^^ could not find `ErrorKind` in `chain`
[INFO] [stdout]     |
[INFO] [stdout] help: consider importing one of these items
[INFO] [stdout]     |
[INFO] [stdout] 17  + use rand::ErrorKind;
[INFO] [stdout]     |
[INFO] [stdout] 17  + use std::io::ErrorKind;
[INFO] [stdout]     |
[INFO] [stdout] help: if you import `ErrorKind`, refer to it directly
[INFO] [stdout]     |
[INFO] [stdout] 130 -             chain::ErrorKind::NRDRelativeHeight => PoolError::NRDKernelRelativeHeight,
[INFO] [stdout] 130 +             ErrorKind::NRDRelativeHeight => PoolError::NRDKernelRelativeHeight,
[INFO] [stdout]     |
[INFO] [stdout] 
[INFO] [stdout] 
[INFO] [stdout] error[E0599]: no method named `kind` found for enum `grin_chain::Error` in the current scope
[INFO] [stdout]    --> tests/common.rs:128:50
[INFO] [stdout]     |
[INFO] [stdout] 128 |         self.chain.validate_tx(tx).map_err(|e| match e.kind() {
[INFO] [stdout]     |                                                        ^^^^ method not found in `Error`
[INFO] [stdout] 
[INFO] [stdout] 
[INFO] [stdout] error[E0599]: no method named `kind` found for enum `grin_chain::Error` in the current scope
[INFO] [stdout]    --> tests/common.rs:128:50
[INFO] [stdout]     |
[INFO] [stdout] 128 |         self.chain.validate_tx(tx).map_err(|e| match e.kind() {
[INFO] [stdout]     |                                                        ^^^^ method not found in `Error`
[INFO] [stdout] 
[INFO] [stdout] 
[INFO] [stdout] error[E0599]: no method named `kind` found for enum `grin_chain::Error` in the current scope
[INFO] [stdout]    --> tests/common.rs:128:50
[INFO] [stdout]     |
[INFO] [stdout] 128 |         self.chain.validate_tx(tx).map_err(|e| match e.kind() {
[INFO] [stdout]     |                                                        ^^^^ method not found in `Error`
[INFO] [stdout] 
[INFO] [stdout] 
[INFO] [stdout] error[E0599]: no method named `kind` found for enum `grin_chain::Error` in the current scope
[INFO] [stdout]    --> tests/common.rs:128:50
[INFO] [stdout]     |
[INFO] [stdout] 128 |         self.chain.validate_tx(tx).map_err(|e| match e.kind() {
[INFO] [stdout]     |                                                        ^^^^ method not found in `Error`
[INFO] [stdout] 
[INFO] [stdout] 
[INFO] [stdout] error: aborting due to 3 previous errors
[INFO] [stdout] 
[INFO] [stdout] 
[INFO] [stdout] Some errors have detailed explanations: E0433, E0599.
[INFO] [stdout] 
[INFO] [stdout] For more information about an error, try `rustc --explain E0433`.
[INFO] [stdout] 
[INFO] [stdout] error: aborting due to 3 previous errors
[INFO] [stdout] 
[INFO] [stdout] 
[INFO] [stdout] Some errors have detailed explanations: E0433, E0599.
[INFO] [stdout] 
[INFO] [stdout] For more information about an error, try `rustc --explain E0433`.
[INFO] [stdout] 
[INFO] [stderr] error: could not compile `grin_pool` (test "nrd_kernels_enabled") due to 4 previous errors
[INFO] [stderr] warning: build failed, waiting for other jobs to finish...
[INFO] [stdout] error: aborting due to 3 previous errors
[INFO] [stdout] 
[INFO] [stdout] 
[INFO] [stdout] Some errors have detailed explanations: E0433, E0599.
[INFO] [stdout] 
[INFO] [stdout] For more information about an error, try `rustc --explain E0433`.
[INFO] [stdout] 
[INFO] [stderr] error: could not compile `grin_pool` (test "block_reconciliation") due to 4 previous errors
[INFO] [stdout] error: aborting due to 3 previous errors
[INFO] [stdout] 
[INFO] [stdout] 
[INFO] [stdout] Some errors have detailed explanations: E0433, E0599.
[INFO] [stdout] 
[INFO] [stdout] For more information about an error, try `rustc --explain E0433`.
[INFO] [stdout] 
[INFO] [stderr] error: could not compile `grin_pool` (test "block_max_weight") due to 4 previous errors
[INFO] [stdout] error[E0599]: no method named `kind` found for enum `grin_chain::Error` in the current scope
[INFO] [stdout]    --> tests/common.rs:128:50
[INFO] [stdout]     |
[INFO] [stdout] 128 |         self.chain.validate_tx(tx).map_err(|e| match e.kind() {
[INFO] [stdout]     |                                                        ^^^^ method not found in `Error`
[INFO] [stdout] 
[INFO] [stdout] 
[INFO] [stdout] error[E0599]: no method named `kind` found for enum `grin_chain::Error` in the current scope
[INFO] [stdout]    --> tests/common.rs:128:50
[INFO] [stdout]     |
[INFO] [stdout] 128 |         self.chain.validate_tx(tx).map_err(|e| match e.kind() {
[INFO] [stdout]     |                                                        ^^^^ method not found in `Error`
[INFO] [stdout] 
[INFO] [stdout] 
[INFO] [stderr] error: could not compile `grin_pool` (test "nrd_kernel_relative_height") due to 4 previous errors
[INFO] [stdout] error: aborting due to 3 previous errors
[INFO] [stdout] 
[INFO] [stdout] 
[INFO] [stdout] Some errors have detailed explanations: E0433, E0599.
[INFO] [stdout] 
[INFO] [stdout] For more information about an error, try `rustc --explain E0433`.
[INFO] [stdout] 
[INFO] [stdout] error[E0599]: no method named `kind` found for enum `grin_chain::Error` in the current scope
[INFO] [stdout]    --> tests/common.rs:128:50
[INFO] [stdout]     |
[INFO] [stdout] 128 |         self.chain.validate_tx(tx).map_err(|e| match e.kind() {
[INFO] [stdout]     |                                                        ^^^^ method not found in `Error`
[INFO] [stdout] 
[INFO] [stdout] 
[INFO] [stderr] error: could not compile `grin_pool` (test "common") due to 4 previous errors
[INFO] [stdout] error[E0599]: no method named `kind` found for enum `grin_chain::Error` in the current scope
[INFO] [stdout]    --> tests/common.rs:128:50
[INFO] [stdout]     |
[INFO] [stdout] 128 |         self.chain.validate_tx(tx).map_err(|e| match e.kind() {
[INFO] [stdout]     |                                                        ^^^^ method not found in `Error`
[INFO] [stdout] 
[INFO] [stdout] 
[INFO] [stdout] error[E0599]: no method named `kind` found for enum `grin_chain::Error` in the current scope
[INFO] [stdout]    --> tests/common.rs:128:50
[INFO] [stdout]     |
[INFO] [stdout] 128 |         self.chain.validate_tx(tx).map_err(|e| match e.kind() {
[INFO] [stdout]     |                                                        ^^^^ method not found in `Error`
[INFO] [stdout] 
[INFO] [stdout] 
[INFO] [stdout] error: aborting due to 3 previous errors
[INFO] [stdout] 
[INFO] [stdout] 
[INFO] [stdout] Some errors have detailed explanations: E0433, E0599.
[INFO] [stdout] 
[INFO] [stdout] For more information about an error, try `rustc --explain E0433`.
[INFO] [stdout] 
[INFO] [stderr] error: could not compile `grin_pool` (test "transaction_pool") due to 4 previous errors
[INFO] [stdout] error: aborting due to 3 previous errors
[INFO] [stdout] 
[INFO] [stdout] 
[INFO] [stdout] Some errors have detailed explanations: E0433, E0599.
[INFO] [stdout] 
[INFO] [stdout] error: aborting due to 3 previous errors
[INFO] [stdout] 
[INFO] [stdout] 
[INFO] [stdout] For more information about an error, try `rustc --explain E0433`.
[INFO] [stdout] 
[INFO] [stdout] Some errors have detailed explanations: E0433, E0599.
[INFO] [stdout] 
[INFO] [stdout] For more information about an error, try `rustc --explain E0433`.
[INFO] [stdout] 
[INFO] [stdout] error: aborting due to 3 previous errors
[INFO] [stdout] 
[INFO] [stdout] 
[INFO] [stdout] Some errors have detailed explanations: E0433, E0599.
[INFO] [stdout] 
[INFO] [stdout] For more information about an error, try `rustc --explain E0433`.
[INFO] [stdout] 
[INFO] [stderr] error: could not compile `grin_pool` (test "coinbase_maturity") due to 4 previous errors
[INFO] [stderr] error: could not compile `grin_pool` (test "block_building") due to 4 previous errors
[INFO] [stderr] error: could not compile `grin_pool` (test "nrd_kernels_disabled") due to 4 previous errors
[INFO] running `Command { std: "docker" "inspect" "17e2f3496ac8065900382c12118dbbd14b2d633c320b3ee14c2de25fbedab088", kill_on_drop: false }`
[INFO] running `Command { std: "docker" "rm" "-f" "17e2f3496ac8065900382c12118dbbd14b2d633c320b3ee14c2de25fbedab088", kill_on_drop: false }`
[INFO] [stdout] 17e2f3496ac8065900382c12118dbbd14b2d633c320b3ee14c2de25fbedab088
