[INFO] fetching crate graph-store 0.4.0...
[INFO] checking graph-store-0.4.0 against nightly-2024-02-05 for check-cfg
[INFO] extracting crate graph-store 0.4.0 into /workspace/builds/worker-4-tc1/source
[INFO] validating manifest of crates.io crate graph-store 0.4.0 on toolchain nightly-2024-02-05
[INFO] running `Command { std: CARGO_HOME="/workspace/cargo-home" RUSTUP_HOME="/workspace/rustup-home" "/workspace/cargo-home/bin/cargo" "+nightly-2024-02-05" "metadata" "--manifest-path" "Cargo.toml" "--no-deps", kill_on_drop: false }`
[INFO] started tweaking crates.io crate graph-store 0.4.0
[INFO] finished tweaking crates.io crate graph-store 0.4.0
[INFO] tweaked toml for crates.io crate graph-store 0.4.0 written to /workspace/builds/worker-4-tc1/source/Cargo.toml
[INFO] running `Command { std: CARGO_HOME="/workspace/cargo-home" RUSTUP_HOME="/workspace/rustup-home" "/workspace/cargo-home/bin/cargo" "+nightly-2024-02-05" "generate-lockfile" "--manifest-path" "Cargo.toml", kill_on_drop: false }`
[INFO] [stderr]     Updating crates.io index
[INFO] running `Command { std: CARGO_HOME="/workspace/cargo-home" RUSTUP_HOME="/workspace/rustup-home" "/workspace/cargo-home/bin/cargo" "+nightly-2024-02-05" "fetch" "--manifest-path" "Cargo.toml", kill_on_drop: false }`
[INFO] [stderr]  Downloading crates ...
[INFO] [stderr]   Downloaded mio-named-pipes v0.1.7
[INFO] [stderr]   Downloaded typed-html-macros v0.2.2
[INFO] [stderr]   Downloaded typed-html v0.2.2
[INFO] [stderr]   Downloaded mockito v0.25.3
[INFO] [stderr]   Downloaded rdf v0.1.4
[INFO] running `Command { std: "docker" "create" "-v" "/var/lib/crater-agent-workspace/builds/worker-4-tc1/target:/opt/rustwide/target:rw,Z" "-v" "/var/lib/crater-agent-workspace/builds/worker-4-tc1/source:/opt/rustwide/workdir:ro,Z" "-v" "/var/lib/crater-agent-workspace/cargo-home:/opt/rustwide/cargo-home:ro,Z" "-v" "/var/lib/crater-agent-workspace/rustup-home:/opt/rustwide/rustup-home:ro,Z" "-e" "SOURCE_DIR=/opt/rustwide/workdir" "-e" "CARGO_TARGET_DIR=/opt/rustwide/target" "-e" "CARGO_HOME=/opt/rustwide/cargo-home" "-e" "RUSTUP_HOME=/opt/rustwide/rustup-home" "-w" "/opt/rustwide/workdir" "-m" "1610612736" "--user" "0:0" "--network" "none" "ghcr.io/rust-lang/crates-build-env/linux@sha256:2788e3201cd34a07e3172128adcd8b3090168a8e3bcc40d7c032b9dda1df7d1c" "/opt/rustwide/cargo-home/bin/cargo" "+nightly-2024-02-05" "metadata" "--no-deps" "--format-version=1", kill_on_drop: false }`
[INFO] [stdout] b6ad12df97ca36d57cc7bf5cfd08f1f8fdf48b2e64f0f2164c718614d942121e
[INFO] running `Command { std: "docker" "start" "-a" "b6ad12df97ca36d57cc7bf5cfd08f1f8fdf48b2e64f0f2164c718614d942121e", kill_on_drop: false }`
[INFO] running `Command { std: "docker" "inspect" "b6ad12df97ca36d57cc7bf5cfd08f1f8fdf48b2e64f0f2164c718614d942121e", kill_on_drop: false }`
[INFO] running `Command { std: "docker" "rm" "-f" "b6ad12df97ca36d57cc7bf5cfd08f1f8fdf48b2e64f0f2164c718614d942121e", kill_on_drop: false }`
[INFO] [stdout] b6ad12df97ca36d57cc7bf5cfd08f1f8fdf48b2e64f0f2164c718614d942121e
[INFO] running `Command { std: "docker" "create" "-v" "/var/lib/crater-agent-workspace/builds/worker-4-tc1/target:/opt/rustwide/target:rw,Z" "-v" "/var/lib/crater-agent-workspace/builds/worker-4-tc1/source:/opt/rustwide/workdir:ro,Z" "-v" "/var/lib/crater-agent-workspace/cargo-home:/opt/rustwide/cargo-home:ro,Z" "-v" "/var/lib/crater-agent-workspace/rustup-home:/opt/rustwide/rustup-home:ro,Z" "-e" "SOURCE_DIR=/opt/rustwide/workdir" "-e" "CARGO_TARGET_DIR=/opt/rustwide/target" "-e" "CARGO_INCREMENTAL=0" "-e" "RUST_BACKTRACE=full" "-e" "RUSTFLAGS=--cap-lints=forbid" "-e" "RUSTDOCFLAGS=--cap-lints=forbid" "-e" "CARGO_HOME=/opt/rustwide/cargo-home" "-e" "RUSTUP_HOME=/opt/rustwide/rustup-home" "-w" "/opt/rustwide/workdir" "-m" "1610612736" "--user" "0:0" "--network" "none" "ghcr.io/rust-lang/crates-build-env/linux@sha256:2788e3201cd34a07e3172128adcd8b3090168a8e3bcc40d7c032b9dda1df7d1c" "/opt/rustwide/cargo-home/bin/cargo" "+nightly-2024-02-05" "check" "--frozen" "--all" "--all-targets" "--message-format=json", kill_on_drop: false }`
[INFO] [stdout] 91c197333250d401282c9265c331ffb691dc191714c8d6876069b95017fa5f41
[INFO] running `Command { std: "docker" "start" "-a" "91c197333250d401282c9265c331ffb691dc191714c8d6876069b95017fa5f41", kill_on_drop: false }`
[INFO] [stderr]    Compiling libc v0.2.153
[INFO] [stderr]    Compiling proc-macro2 v1.0.78
[INFO] [stderr]    Compiling vcpkg v0.2.15
[INFO] [stderr]    Compiling openssl v0.10.63
[INFO] [stderr]     Checking tracing v0.1.40
[INFO] [stderr]     Checking futures-task v0.3.30
[INFO] [stderr]     Checking unicode-bidi v0.3.15
[INFO] [stderr]     Checking itoa v0.4.8
[INFO] [stderr]    Compiling getrandom v0.1.16
[INFO] [stderr]    Compiling rustix v0.38.31
[INFO] [stderr]     Checking http-body v0.3.1
[INFO] [stderr]     Checking futures-channel v0.3.30
[INFO] [stderr]    Compiling proc-macro-nested v0.1.7
[INFO] [stderr]     Checking httpdate v0.3.2
[INFO] [stderr]    Compiling unicode-segmentation v1.10.1
[INFO] [stderr]    Compiling ansi_term v0.12.1
[INFO] [stderr]     Checking futures-util v0.3.30
[INFO] [stderr]     Checking regex-automata v0.4.5
[INFO] [stderr]     Checking encoding_rs v0.8.33
[INFO] [stderr]     Checking dtoa v0.4.8
[INFO] [stderr]     Checking htmlescape v0.3.1
[INFO] [stderr]     Checking language-tags v0.2.2
[INFO] [stderr]     Checking ipnet v2.9.0
[INFO] [stderr]     Checking strum v0.17.1
[INFO] [stderr]     Checking difference v2.0.0
[INFO] [stderr]     Checking rdf v0.1.4
[INFO] [stderr]     Checking idna v0.5.0
[INFO] [stderr]    Compiling heck v0.3.3
[INFO] [stderr]     Checking url v2.5.0
[INFO] [stderr]    Compiling quote v1.0.35
[INFO] [stderr]    Compiling syn v2.0.48
[INFO] [stderr]    Compiling syn v1.0.109
[INFO] [stderr]    Compiling proc-macro-error-attr v1.0.4
[INFO] [stderr]    Compiling rand_os v0.1.3
[INFO] [stderr]    Compiling cc v1.0.83
[INFO] [stderr]    Compiling dirs v1.0.5
[INFO] [stderr]    Compiling atty v0.2.14
[INFO] [stderr]     Checking iovec v0.1.4
[INFO] [stderr]     Checking net2 v0.2.39
[INFO] [stderr]     Checking signal-hook-registry v1.4.1
[INFO] [stderr]     Checking num_cpus v1.16.0
[INFO] [stderr]     Checking socket2 v0.3.19
[INFO] [stderr]     Checking getrandom v0.2.12
[INFO] [stderr]    Compiling term v0.5.2
[INFO] [stderr]    Compiling rand v0.6.5
[INFO] [stderr]     Checking uuid v0.8.2
[INFO] [stderr]     Checking rand_core v0.5.1
[INFO] [stderr]     Checking mio v0.6.23
[INFO] [stderr]     Checking rand_chacha v0.2.2
[INFO] [stderr]     Checking regex v1.10.3
[INFO] [stderr]    Compiling ascii-canvas v2.0.0
[INFO] [stderr]     Checking rand v0.7.3
[INFO] [stderr]     Checking is-terminal v0.4.10
[INFO] [stderr]     Checking colored v1.9.4
[INFO] [stderr]     Checking mio-uds v0.6.8
[INFO] [stderr]    Compiling openssl-sys v0.9.99
[INFO] [stderr]    Compiling phf_generator v0.7.24
[INFO] [stderr]    Compiling string_cache_codegen v0.4.4
[INFO] [stderr]    Compiling string_cache v0.7.5
[INFO] [stderr]    Compiling native-tls v0.2.11
[INFO] [stderr]    Compiling proc-macro-error v1.0.4
[INFO] [stderr]    Compiling serde_derive v1.0.196
[INFO] [stderr]    Compiling pin-project-internal v1.1.4
[INFO] [stderr]    Compiling openssl-macros v0.1.1
[INFO] [stderr]    Compiling async-trait v0.1.77
[INFO] [stderr]    Compiling tokio-macros v0.2.6
[INFO] [stderr]    Compiling extend v0.1.2
[INFO] [stderr]    Compiling strum_macros v0.17.1
[INFO] [stderr]     Checking pin-project v1.1.4
[INFO] [stderr]     Checking tracing-futures v0.2.5
[INFO] [stderr]     Checking tokio v0.2.25
[INFO] [stderr]    Compiling serde v1.0.196
[INFO] [stderr]     Checking tokio-util v0.3.1
[INFO] [stderr]     Checking tokio-tls v0.3.1
[INFO] [stderr]     Checking tokio-test v0.2.1
[INFO] [stderr]     Checking h2 v0.2.7
[INFO] [stderr]     Checking serde_json v1.0.113
[INFO] [stderr]     Checking serde_urlencoded v0.7.1
[INFO] [stderr]     Checking serde_urlencoded v0.6.1
[INFO] [stderr]    Compiling docopt v1.1.1
[INFO] [stderr]     Checking assert-json-diff v1.1.0
[INFO] [stderr]    Compiling lalrpop v0.17.2
[INFO] [stderr]     Checking mockito v0.25.3
[INFO] [stderr]     Checking hyper v0.13.10
[INFO] [stderr]     Checking hyper-tls v0.4.3
[INFO] [stderr]     Checking reqwest v0.10.10
[INFO] [stderr]    Compiling typed-html-macros v0.2.2
[INFO] [stdout] error[E0615]: attempted to take value of method `line` on type `proc_macro::Span`
[INFO] [stdout]    --> /opt/rustwide/cargo-home/registry/src/index.crates.io-6f17d22bba15001f/typed-html-macros-0.2.2/src/html.rs:213:53
[INFO] [stdout]     |
[INFO] [stdout] 213 | ...                   span.unstable().start().line,
[INFO] [stdout]     |                                               ^^^^ method, not a field
[INFO] [stdout]     |
[INFO] [stdout] help: use parentheses to call the method
[INFO] [stdout]     |
[INFO] [stdout] 213 |                             span.unstable().start().line(),
[INFO] [stdout]     |                                                         ++
[INFO] [stdout] 
[INFO] [stdout] 
[INFO] [stdout] error[E0615]: attempted to take value of method `column` on type `proc_macro::Span`
[INFO] [stdout]    --> /opt/rustwide/cargo-home/registry/src/index.crates.io-6f17d22bba15001f/typed-html-macros-0.2.2/src/html.rs:214:53
[INFO] [stdout]     |
[INFO] [stdout] 214 | ...                   span.unstable().start().column
[INFO] [stdout]     |                                               ^^^^^^ method, not a field
[INFO] [stdout]     |
[INFO] [stdout] help: use parentheses to call the method
[INFO] [stdout]     |
[INFO] [stdout] 214 |                             span.unstable().start().column()
[INFO] [stdout]     |                                                           ++
[INFO] [stdout] 
[INFO] [stdout] 
[INFO] [stdout] error: aborting due to 2 previous errors
[INFO] [stdout] 
[INFO] [stdout] 
[INFO] [stdout] For more information about this error, try `rustc --explain E0615`.
[INFO] [stdout] 
[INFO] [stderr] error: could not compile `typed-html-macros` (lib) due to 3 previous errors
[INFO] running `Command { std: "docker" "inspect" "91c197333250d401282c9265c331ffb691dc191714c8d6876069b95017fa5f41", kill_on_drop: false }`
[INFO] running `Command { std: "docker" "rm" "-f" "91c197333250d401282c9265c331ffb691dc191714c8d6876069b95017fa5f41", kill_on_drop: false }`
[INFO] [stdout] 91c197333250d401282c9265c331ffb691dc191714c8d6876069b95017fa5f41
[INFO] checking graph-store-0.4.0 against nightly-2024-02-05+rustflags=-Dunexpected_cfgs+cargoflags=-Zcheck-cfg for check-cfg
[INFO] extracting crate graph-store 0.4.0 into /workspace/builds/worker-4-tc2/source
[INFO] validating manifest of crates.io crate graph-store 0.4.0 on toolchain nightly-2024-02-05
[INFO] running `Command { std: CARGO_HOME="/workspace/cargo-home" RUSTUP_HOME="/workspace/rustup-home" "/workspace/cargo-home/bin/cargo" "+nightly-2024-02-05" "metadata" "--manifest-path" "Cargo.toml" "--no-deps", kill_on_drop: false }`
[INFO] started tweaking crates.io crate graph-store 0.4.0
[INFO] finished tweaking crates.io crate graph-store 0.4.0
[INFO] tweaked toml for crates.io crate graph-store 0.4.0 written to /workspace/builds/worker-4-tc2/source/Cargo.toml
[INFO] running `Command { std: CARGO_HOME="/workspace/cargo-home" RUSTUP_HOME="/workspace/rustup-home" "/workspace/cargo-home/bin/cargo" "+nightly-2024-02-05" "generate-lockfile" "--manifest-path" "Cargo.toml", kill_on_drop: false }`
[INFO] [stderr]     Updating crates.io index
[INFO] running `Command { std: CARGO_HOME="/workspace/cargo-home" RUSTUP_HOME="/workspace/rustup-home" "/workspace/cargo-home/bin/cargo" "+nightly-2024-02-05" "fetch" "--manifest-path" "Cargo.toml", kill_on_drop: false }`
[INFO] [stderr]     Blocking waiting for file lock on package cache
[INFO] running `Command { std: "docker" "create" "-v" "/var/lib/crater-agent-workspace/builds/worker-4-tc2/target:/opt/rustwide/target:rw,Z" "-v" "/var/lib/crater-agent-workspace/builds/worker-4-tc2/source:/opt/rustwide/workdir:ro,Z" "-v" "/var/lib/crater-agent-workspace/cargo-home:/opt/rustwide/cargo-home:ro,Z" "-v" "/var/lib/crater-agent-workspace/rustup-home:/opt/rustwide/rustup-home:ro,Z" "-e" "SOURCE_DIR=/opt/rustwide/workdir" "-e" "CARGO_TARGET_DIR=/opt/rustwide/target" "-e" "CARGO_HOME=/opt/rustwide/cargo-home" "-e" "RUSTUP_HOME=/opt/rustwide/rustup-home" "-w" "/opt/rustwide/workdir" "-m" "1610612736" "--user" "0:0" "--network" "none" "ghcr.io/rust-lang/crates-build-env/linux@sha256:2788e3201cd34a07e3172128adcd8b3090168a8e3bcc40d7c032b9dda1df7d1c" "/opt/rustwide/cargo-home/bin/cargo" "+nightly-2024-02-05" "metadata" "--no-deps" "--format-version=1", kill_on_drop: false }`
[INFO] [stdout] 16897a9a2b41a4ed0c07a6ec41134bd4f79c153cd7c4ba6314fade839c946436
[INFO] running `Command { std: "docker" "start" "-a" "16897a9a2b41a4ed0c07a6ec41134bd4f79c153cd7c4ba6314fade839c946436", kill_on_drop: false }`
[INFO] running `Command { std: "docker" "inspect" "16897a9a2b41a4ed0c07a6ec41134bd4f79c153cd7c4ba6314fade839c946436", kill_on_drop: false }`
[INFO] running `Command { std: "docker" "rm" "-f" "16897a9a2b41a4ed0c07a6ec41134bd4f79c153cd7c4ba6314fade839c946436", kill_on_drop: false }`
[INFO] [stdout] 16897a9a2b41a4ed0c07a6ec41134bd4f79c153cd7c4ba6314fade839c946436
[INFO] running `Command { std: "docker" "create" "-v" "/var/lib/crater-agent-workspace/builds/worker-4-tc2/target:/opt/rustwide/target:rw,Z" "-v" "/var/lib/crater-agent-workspace/builds/worker-4-tc2/source:/opt/rustwide/workdir:ro,Z" "-v" "/var/lib/crater-agent-workspace/cargo-home:/opt/rustwide/cargo-home:ro,Z" "-v" "/var/lib/crater-agent-workspace/rustup-home:/opt/rustwide/rustup-home:ro,Z" "-e" "SOURCE_DIR=/opt/rustwide/workdir" "-e" "CARGO_TARGET_DIR=/opt/rustwide/target" "-e" "CARGO_INCREMENTAL=0" "-e" "RUST_BACKTRACE=full" "-e" "RUSTFLAGS=--cap-lints=forbid -Dunexpected_cfgs" "-e" "RUSTDOCFLAGS=--cap-lints=forbid" "-e" "CARGO_HOME=/opt/rustwide/cargo-home" "-e" "RUSTUP_HOME=/opt/rustwide/rustup-home" "-w" "/opt/rustwide/workdir" "-m" "1610612736" "--user" "0:0" "--network" "none" "ghcr.io/rust-lang/crates-build-env/linux@sha256:2788e3201cd34a07e3172128adcd8b3090168a8e3bcc40d7c032b9dda1df7d1c" "/opt/rustwide/cargo-home/bin/cargo" "+nightly-2024-02-05" "check" "--frozen" "--all" "--all-targets" "--message-format=json" "-Zcheck-cfg", kill_on_drop: false }`
[INFO] [stdout] bc5ffa8866b7e66be984e1013083095718b46f2219a74c9e8c47e457f9204fc7
[INFO] running `Command { std: "docker" "start" "-a" "bc5ffa8866b7e66be984e1013083095718b46f2219a74c9e8c47e457f9204fc7", kill_on_drop: false }`
[INFO] [stderr]    Compiling libc v0.2.153
[INFO] [stderr]    Compiling proc-macro2 v1.0.78
[INFO] [stderr]    Compiling vcpkg v0.2.15
[INFO] [stderr]    Compiling openssl v0.10.63
[INFO] [stderr]     Checking tracing v0.1.40
[INFO] [stderr]     Checking futures-task v0.3.30
[INFO] [stderr]     Checking unicode-bidi v0.3.15
[INFO] [stderr]     Checking itoa v0.4.8
[INFO] [stderr]    Compiling getrandom v0.1.16
[INFO] [stderr]    Compiling rustix v0.38.31
[INFO] [stderr]     Checking http-body v0.3.1
[INFO] [stderr]     Checking futures-channel v0.3.30
[INFO] [stderr]    Compiling unicode-segmentation v1.10.1
[INFO] [stderr]    Compiling proc-macro-nested v0.1.7
[INFO] [stderr]     Checking httpdate v0.3.2
[INFO] [stderr]    Compiling ansi_term v0.12.1
[INFO] [stderr]     Checking futures-util v0.3.30
[INFO] [stderr]     Checking regex-automata v0.4.5
[INFO] [stderr]     Checking encoding_rs v0.8.33
[INFO] [stderr]     Checking language-tags v0.2.2
[INFO] [stderr]     Checking strum v0.17.1
[INFO] [stderr]     Checking ipnet v2.9.0
[INFO] [stderr]     Checking htmlescape v0.3.1
[INFO] [stderr]     Checking dtoa v0.4.8
[INFO] [stderr]     Checking difference v2.0.0
[INFO] [stderr]    Compiling heck v0.3.3
[INFO] [stderr]     Checking rdf v0.1.4
[INFO] [stderr]     Checking idna v0.5.0
[INFO] [stderr]    Compiling quote v1.0.35
[INFO] [stderr]     Checking url v2.5.0
[INFO] [stderr]    Compiling syn v2.0.48
[INFO] [stderr]    Compiling syn v1.0.109
[INFO] [stderr]    Compiling proc-macro-error-attr v1.0.4
[INFO] [stderr]     Checking iovec v0.1.4
[INFO] [stderr]     Checking net2 v0.2.39
[INFO] [stderr]     Checking num_cpus v1.16.0
[INFO] [stderr]     Checking signal-hook-registry v1.4.1
[INFO] [stderr]     Checking socket2 v0.3.19
[INFO] [stderr]     Checking getrandom v0.2.12
[INFO] [stderr]     Checking uuid v0.8.2
[INFO] [stderr]     Checking rand_core v0.5.1
[INFO] [stderr]     Checking mio v0.6.23
[INFO] [stderr]    Compiling rand_os v0.1.3
[INFO] [stderr]    Compiling cc v1.0.83
[INFO] [stderr]    Compiling dirs v1.0.5
[INFO] [stderr]    Compiling atty v0.2.14
[INFO] [stderr]    Compiling term v0.5.2
[INFO] [stderr]    Compiling rand v0.6.5
[INFO] [stderr]     Checking rand_chacha v0.2.2
[INFO] [stderr]     Checking regex v1.10.3
[INFO] [stderr]     Checking rand v0.7.3
[INFO] [stderr]    Compiling ascii-canvas v2.0.0
[INFO] [stderr]     Checking mio-uds v0.6.8
[INFO] [stderr]     Checking is-terminal v0.4.10
[INFO] [stderr]     Checking colored v1.9.4
[INFO] [stderr]    Compiling openssl-sys v0.9.99
[INFO] [stderr]    Compiling phf_generator v0.7.24
[INFO] [stderr]    Compiling string_cache_codegen v0.4.4
[INFO] [stderr]    Compiling string_cache v0.7.5
[INFO] [stderr]    Compiling native-tls v0.2.11
[INFO] [stderr]    Compiling proc-macro-error v1.0.4
[INFO] [stderr]    Compiling serde_derive v1.0.196
[INFO] [stderr]    Compiling pin-project-internal v1.1.4
[INFO] [stderr]    Compiling openssl-macros v0.1.1
[INFO] [stderr]    Compiling async-trait v0.1.77
[INFO] [stderr]    Compiling tokio-macros v0.2.6
[INFO] [stderr]    Compiling strum_macros v0.17.1
[INFO] [stderr]    Compiling extend v0.1.2
[INFO] [stderr]     Checking tokio v0.2.25
[INFO] [stderr]     Checking pin-project v1.1.4
[INFO] [stderr]     Checking tracing-futures v0.2.5
[INFO] [stderr]    Compiling serde v1.0.196
[INFO] [stderr]     Checking tokio-util v0.3.1
[INFO] [stderr]     Checking tokio-tls v0.3.1
[INFO] [stderr]     Checking tokio-test v0.2.1
[INFO] [stderr]     Checking h2 v0.2.7
[INFO] [stderr]     Checking serde_json v1.0.113
[INFO] [stderr]     Checking serde_urlencoded v0.7.1
[INFO] [stderr]     Checking serde_urlencoded v0.6.1
[INFO] [stderr]    Compiling docopt v1.1.1
[INFO] [stderr]     Checking assert-json-diff v1.1.0
[INFO] [stderr]     Checking mockito v0.25.3
[INFO] [stderr]    Compiling lalrpop v0.17.2
[INFO] [stderr]     Checking hyper v0.13.10
[INFO] [stderr]     Checking hyper-tls v0.4.3
[INFO] [stderr]     Checking reqwest v0.10.10
[INFO] [stderr]    Compiling typed-html-macros v0.2.2
[INFO] [stdout] error[E0615]: attempted to take value of method `line` on type `proc_macro::Span`
[INFO] [stdout]    --> /opt/rustwide/cargo-home/registry/src/index.crates.io-6f17d22bba15001f/typed-html-macros-0.2.2/src/html.rs:213:53
[INFO] [stdout]     |
[INFO] [stdout] 213 | ...                   span.unstable().start().line,
[INFO] [stdout]     |                                               ^^^^ method, not a field
[INFO] [stdout]     |
[INFO] [stdout] help: use parentheses to call the method
[INFO] [stdout]     |
[INFO] [stdout] 213 |                             span.unstable().start().line(),
[INFO] [stdout]     |                                                         ++
[INFO] [stdout] 
[INFO] [stdout] 
[INFO] [stdout] error[E0615]: attempted to take value of method `column` on type `proc_macro::Span`
[INFO] [stdout]    --> /opt/rustwide/cargo-home/registry/src/index.crates.io-6f17d22bba15001f/typed-html-macros-0.2.2/src/html.rs:214:53
[INFO] [stdout]     |
[INFO] [stdout] 214 | ...                   span.unstable().start().column
[INFO] [stdout]     |                                               ^^^^^^ method, not a field
[INFO] [stdout]     |
[INFO] [stdout] help: use parentheses to call the method
[INFO] [stdout]     |
[INFO] [stdout] 214 |                             span.unstable().start().column()
[INFO] [stdout]     |                                                           ++
[INFO] [stdout] 
[INFO] [stdout] 
[INFO] [stdout] error: aborting due to 2 previous errors
[INFO] [stdout] 
[INFO] [stdout] 
[INFO] [stdout] For more information about this error, try `rustc --explain E0615`.
[INFO] [stdout] 
[INFO] [stderr] error: could not compile `typed-html-macros` (lib) due to 3 previous errors
[INFO] running `Command { std: "docker" "inspect" "bc5ffa8866b7e66be984e1013083095718b46f2219a74c9e8c47e457f9204fc7", kill_on_drop: false }`
[INFO] running `Command { std: "docker" "rm" "-f" "bc5ffa8866b7e66be984e1013083095718b46f2219a74c9e8c47e457f9204fc7", kill_on_drop: false }`
[INFO] [stdout] bc5ffa8866b7e66be984e1013083095718b46f2219a74c9e8c47e457f9204fc7
