[INFO] fetching crate grandeur_gdnative 0.1.0...
[INFO] checking grandeur_gdnative-0.1.0 against nightly-2024-02-05 for check-cfg
[INFO] extracting crate grandeur_gdnative 0.1.0 into /workspace/builds/worker-4-tc1/source
[INFO] validating manifest of crates.io crate grandeur_gdnative 0.1.0 on toolchain nightly-2024-02-05
[INFO] running `Command { std: CARGO_HOME="/workspace/cargo-home" RUSTUP_HOME="/workspace/rustup-home" "/workspace/cargo-home/bin/cargo" "+nightly-2024-02-05" "metadata" "--manifest-path" "Cargo.toml" "--no-deps", kill_on_drop: false }`
[INFO] started tweaking crates.io crate grandeur_gdnative 0.1.0
[INFO] finished tweaking crates.io crate grandeur_gdnative 0.1.0
[INFO] tweaked toml for crates.io crate grandeur_gdnative 0.1.0 written to /workspace/builds/worker-4-tc1/source/Cargo.toml
[INFO] running `Command { std: CARGO_HOME="/workspace/cargo-home" RUSTUP_HOME="/workspace/rustup-home" "/workspace/cargo-home/bin/cargo" "+nightly-2024-02-05" "generate-lockfile" "--manifest-path" "Cargo.toml", kill_on_drop: false }`
[INFO] [stderr]     Updating crates.io index
[INFO] running `Command { std: CARGO_HOME="/workspace/cargo-home" RUSTUP_HOME="/workspace/rustup-home" "/workspace/cargo-home/bin/cargo" "+nightly-2024-02-05" "fetch" "--manifest-path" "Cargo.toml", kill_on_drop: false }`
[INFO] [stderr]  Downloading crates ...
[INFO] [stderr]   Downloaded gdnative-impl-proc-macros v0.11.3
[INFO] [stderr]   Downloaded gdnative v0.11.3
[INFO] [stderr]   Downloaded mini-internal v0.1.36
[INFO] [stderr]   Downloaded unindent v0.2.3
[INFO] [stderr]   Downloaded gdnative-derive v0.11.3
[INFO] [stderr]   Downloaded grandeur v0.1.0
[INFO] [stderr]   Downloaded atomic-take v1.1.0
[INFO] [stderr]   Downloaded syn-rsx v0.9.0
[INFO] [stderr]   Downloaded gdnative_bindings_generator v0.11.3
[INFO] [stderr]   Downloaded miniserde v0.1.36
[INFO] [stderr]   Downloaded roxmltree v0.17.0
[INFO] [stderr]   Downloaded glam v0.22.0
[INFO] [stderr]   Downloaded bindgen v0.63.0
[INFO] [stderr]   Downloaded gdnative-core v0.11.3
[INFO] [stderr]   Downloaded gdnative-bindings v0.11.3
[INFO] [stderr]   Downloaded gdnative-sys v0.11.3
[INFO] [stderr]   Downloaded grandeur_gdnative_macros v0.1.1
[INFO] running `Command { std: "docker" "create" "-v" "/var/lib/crater-agent-workspace/builds/worker-4-tc1/target:/opt/rustwide/target:rw,Z" "-v" "/var/lib/crater-agent-workspace/builds/worker-4-tc1/source:/opt/rustwide/workdir:ro,Z" "-v" "/var/lib/crater-agent-workspace/cargo-home:/opt/rustwide/cargo-home:ro,Z" "-v" "/var/lib/crater-agent-workspace/rustup-home:/opt/rustwide/rustup-home:ro,Z" "-e" "SOURCE_DIR=/opt/rustwide/workdir" "-e" "CARGO_TARGET_DIR=/opt/rustwide/target" "-e" "CARGO_HOME=/opt/rustwide/cargo-home" "-e" "RUSTUP_HOME=/opt/rustwide/rustup-home" "-w" "/opt/rustwide/workdir" "-m" "1610612736" "--user" "0:0" "--network" "none" "ghcr.io/rust-lang/crates-build-env/linux@sha256:2788e3201cd34a07e3172128adcd8b3090168a8e3bcc40d7c032b9dda1df7d1c" "/opt/rustwide/cargo-home/bin/cargo" "+nightly-2024-02-05" "metadata" "--no-deps" "--format-version=1", kill_on_drop: false }`
[INFO] [stdout] 04cf8d388b550d2545e05d266a55462ad0f111a42f41bfd22953d17d8a78e0c1
[INFO] running `Command { std: "docker" "start" "-a" "04cf8d388b550d2545e05d266a55462ad0f111a42f41bfd22953d17d8a78e0c1", kill_on_drop: false }`
[INFO] running `Command { std: "docker" "inspect" "04cf8d388b550d2545e05d266a55462ad0f111a42f41bfd22953d17d8a78e0c1", kill_on_drop: false }`
[INFO] running `Command { std: "docker" "rm" "-f" "04cf8d388b550d2545e05d266a55462ad0f111a42f41bfd22953d17d8a78e0c1", kill_on_drop: false }`
[INFO] [stdout] 04cf8d388b550d2545e05d266a55462ad0f111a42f41bfd22953d17d8a78e0c1
[INFO] running `Command { std: "docker" "create" "-v" "/var/lib/crater-agent-workspace/builds/worker-4-tc1/target:/opt/rustwide/target:rw,Z" "-v" "/var/lib/crater-agent-workspace/builds/worker-4-tc1/source:/opt/rustwide/workdir:ro,Z" "-v" "/var/lib/crater-agent-workspace/cargo-home:/opt/rustwide/cargo-home:ro,Z" "-v" "/var/lib/crater-agent-workspace/rustup-home:/opt/rustwide/rustup-home:ro,Z" "-e" "SOURCE_DIR=/opt/rustwide/workdir" "-e" "CARGO_TARGET_DIR=/opt/rustwide/target" "-e" "CARGO_INCREMENTAL=0" "-e" "RUST_BACKTRACE=full" "-e" "RUSTFLAGS=--cap-lints=forbid" "-e" "RUSTDOCFLAGS=--cap-lints=forbid" "-e" "CARGO_HOME=/opt/rustwide/cargo-home" "-e" "RUSTUP_HOME=/opt/rustwide/rustup-home" "-w" "/opt/rustwide/workdir" "-m" "1610612736" "--user" "0:0" "--network" "none" "ghcr.io/rust-lang/crates-build-env/linux@sha256:2788e3201cd34a07e3172128adcd8b3090168a8e3bcc40d7c032b9dda1df7d1c" "/opt/rustwide/cargo-home/bin/cargo" "+nightly-2024-02-05" "check" "--frozen" "--all" "--all-targets" "--message-format=json", kill_on_drop: false }`
[INFO] [stdout] 468a0e05b5468f2454b3ae5651d5e19ab58dd6306616a22051a4d85854b08a3d
[INFO] running `Command { std: "docker" "start" "-a" "468a0e05b5468f2454b3ae5651d5e19ab58dd6306616a22051a4d85854b08a3d", kill_on_drop: false }`
[INFO] [stderr]    Compiling syn v1.0.109
[INFO] [stderr]    Compiling regex-syntax v0.8.2
[INFO] [stderr]    Compiling glob v0.3.1
[INFO] [stderr]    Compiling itoa v1.0.10
[INFO] [stderr]    Compiling ryu v1.0.16
[INFO] [stderr]    Compiling cfg-if v1.0.0
[INFO] [stderr]    Compiling memchr v2.7.1
[INFO] [stderr]    Compiling minimal-lexical v0.2.1
[INFO] [stderr]    Compiling bindgen v0.63.0
[INFO] [stderr]    Compiling semver v1.0.21
[INFO] [stderr]    Compiling ahash v0.8.7
[INFO] [stderr]    Compiling rustc-hash v1.1.0
[INFO] [stderr]    Compiling lazycell v1.3.0
[INFO] [stderr]    Compiling syn v2.0.48
[INFO] [stderr]    Compiling peeking_take_while v0.1.2
[INFO] [stderr]    Compiling hashbrown v0.14.3
[INFO] [stderr]    Compiling libloading v0.8.1
[INFO] [stderr]    Compiling shlex v1.3.0
[INFO] [stderr]    Compiling lazy_static v1.4.0
[INFO] [stderr]    Compiling equivalent v1.0.1
[INFO] [stderr]    Compiling bitflags v1.3.2
[INFO] [stderr]    Compiling lock_api v0.4.11
[INFO] [stderr]    Compiling xmlparser v0.13.6
[INFO] [stderr]    Compiling winnow v0.5.37
[INFO] [stderr]    Compiling parking_lot_core v0.9.9
[INFO] [stderr]     Checking zerocopy v0.7.32
[INFO] [stderr]    Compiling toml_datetime v0.6.5
[INFO] [stderr]    Compiling indexmap v1.9.3
[INFO] [stderr]    Compiling heck v0.4.1
[INFO] [stderr]    Compiling unindent v0.2.3
[INFO] [stderr]    Compiling clang-sys v1.7.0
[INFO] [stderr]     Checking scopeguard v1.2.0
[INFO] [stderr]     Checking smallvec v1.13.1
[INFO] [stderr]    Compiling once_cell v1.19.0
[INFO] [stderr]    Compiling roxmltree v0.17.0
[INFO] [stderr]     Checking hashbrown v0.12.3
[INFO] [stderr]    Compiling nom v7.1.3
[INFO] [stderr]     Checking approx v0.5.1
[INFO] [stderr]    Compiling ahash v0.7.7
[INFO] [stderr]     Checking glam v0.22.0
[INFO] [stderr]    Compiling indexmap v2.2.2
[INFO] [stderr]    Compiling crossbeam-utils v0.8.19
[INFO] [stderr]     Checking atomic-take v1.1.0
[INFO] [stderr]    Compiling thiserror v1.0.56
[INFO] [stderr]     Checking parking_lot v0.12.1
[INFO] [stderr]     Checking hashbrown v0.13.2
[INFO] [stderr]     Checking hashbrown v0.11.2
[INFO] [stderr]     Checking grandeur v0.1.0
[INFO] [stdout] error[E0658]: the `!` type is experimental
[INFO] [stdout]   --> /opt/rustwide/cargo-home/registry/src/index.crates.io-6f17d22bba15001f/grandeur-0.1.0/src/node.rs:64:30
[INFO] [stdout]    |
[INFO] [stdout] 64 |         self.try_map::<_, _, !>(|d| Ok(f(d))).unwrap()
[INFO] [stdout]    |                              ^
[INFO] [stdout]    |
[INFO] [stdout]    = note: see issue #35121 <https://github.com/rust-lang/rust/issues/35121> for more information
[INFO] [stdout]    = help: add `#![feature(never_type)]` to the crate attributes to enable
[INFO] [stdout]    = note: this compiler was built on 2024-02-04; consider upgrading it if it is out of date
[INFO] [stdout] 
[INFO] [stdout] 
[INFO] [stdout] error[E0658]: the `!` type is experimental
[INFO] [stdout]    --> /opt/rustwide/cargo-home/registry/src/index.crates.io-6f17d22bba15001f/grandeur-0.1.0/src/node.rs:128:36
[INFO] [stdout]     |
[INFO] [stdout] 128 |         self.try_visit_map::<_, _, !>(|e| Ok(f(e))).unwrap()
[INFO] [stdout]     |                                    ^
[INFO] [stdout]     |
[INFO] [stdout]     = note: see issue #35121 <https://github.com/rust-lang/rust/issues/35121> for more information
[INFO] [stdout]     = help: add `#![feature(never_type)]` to the crate attributes to enable
[INFO] [stdout]     = note: this compiler was built on 2024-02-04; consider upgrading it if it is out of date
[INFO] [stdout] 
[INFO] [stdout] 
[INFO] [stdout] error[E0658]: the `!` type is experimental
[INFO] [stdout]    --> /opt/rustwide/cargo-home/registry/src/index.crates.io-6f17d22bba15001f/grandeur-0.1.0/src/node.rs:149:41
[INFO] [stdout]     |
[INFO] [stdout] 149 |         self.try_visit_apply::<_, _, _, !>(other, |a, b| Ok(f(a, b)))
[INFO] [stdout]     |                                         ^
[INFO] [stdout]     |
[INFO] [stdout]     = note: see issue #35121 <https://github.com/rust-lang/rust/issues/35121> for more information
[INFO] [stdout]     = help: add `#![feature(never_type)]` to the crate attributes to enable
[INFO] [stdout]     = note: this compiler was built on 2024-02-04; consider upgrading it if it is out of date
[INFO] [stdout] 
[INFO] [stdout] 
[INFO] [stdout] error[E0658]: the `!` type is experimental
[INFO] [stdout]    --> /opt/rustwide/cargo-home/registry/src/index.crates.io-6f17d22bba15001f/grandeur-0.1.0/src/node.rs:219:40
[INFO] [stdout]     |
[INFO] [stdout] 219 |         self.try_apply_prod::<_, _, _, !>(other, |a, b| Ok(f(a, b)))
[INFO] [stdout]     |                                        ^
[INFO] [stdout]     |
[INFO] [stdout]     = note: see issue #35121 <https://github.com/rust-lang/rust/issues/35121> for more information
[INFO] [stdout]     = help: add `#![feature(never_type)]` to the crate attributes to enable
[INFO] [stdout]     = note: this compiler was built on 2024-02-04; consider upgrading it if it is out of date
[INFO] [stdout] 
[INFO] [stdout] 
[INFO] [stdout] error: aborting due to 4 previous errors
[INFO] [stdout] 
[INFO] [stdout] 
[INFO] [stdout] For more information about this error, try `rustc --explain E0658`.
[INFO] [stdout] 
[INFO] [stderr] error: could not compile `grandeur` (lib) due to 5 previous errors
[INFO] [stderr] warning: build failed, waiting for other jobs to finish...
[INFO] running `Command { std: "docker" "inspect" "468a0e05b5468f2454b3ae5651d5e19ab58dd6306616a22051a4d85854b08a3d", kill_on_drop: false }`
[INFO] running `Command { std: "docker" "rm" "-f" "468a0e05b5468f2454b3ae5651d5e19ab58dd6306616a22051a4d85854b08a3d", kill_on_drop: false }`
[INFO] [stdout] 468a0e05b5468f2454b3ae5651d5e19ab58dd6306616a22051a4d85854b08a3d
