[INFO] fetching crate got-ya-id 0.1.4...
[INFO] checking got-ya-id-0.1.4 against nightly-2024-02-05 for check-cfg
[INFO] extracting crate got-ya-id 0.1.4 into /workspace/builds/worker-3-tc1/source
[INFO] validating manifest of crates.io crate got-ya-id 0.1.4 on toolchain nightly-2024-02-05
[INFO] running `Command { std: CARGO_HOME="/workspace/cargo-home" RUSTUP_HOME="/workspace/rustup-home" "/workspace/cargo-home/bin/cargo" "+nightly-2024-02-05" "metadata" "--manifest-path" "Cargo.toml" "--no-deps", kill_on_drop: false }`
[INFO] removed /workspace/builds/worker-3-tc1/source/rust-toolchain
[INFO] started tweaking crates.io crate got-ya-id 0.1.4
[INFO] finished tweaking crates.io crate got-ya-id 0.1.4
[INFO] tweaked toml for crates.io crate got-ya-id 0.1.4 written to /workspace/builds/worker-3-tc1/source/Cargo.toml
[INFO] crate crates.io crate got-ya-id 0.1.4 already has a lockfile, it will not be regenerated
[INFO] running `Command { std: CARGO_HOME="/workspace/cargo-home" RUSTUP_HOME="/workspace/rustup-home" "/workspace/cargo-home/bin/cargo" "+nightly-2024-02-05" "fetch" "--manifest-path" "Cargo.toml", kill_on_drop: false }`
[INFO] [stderr]     Updating crates.io index
[INFO] [stderr]  Downloading crates ...
[INFO] [stderr]   Downloaded actix-multipart v0.2.0
[INFO] [stderr]   Downloaded js-sys v0.3.37
[INFO] [stderr]   Downloaded autocfg v0.1.6
[INFO] [stderr]   Downloaded dotenv v0.14.1
[INFO] [stderr]   Downloaded wasm-bindgen-macro v0.2.60
[INFO] [stderr]   Downloaded wasm-bindgen-shared v0.2.60
[INFO] [stderr]   Downloaded futures-task v0.3.8
[INFO] [stderr]   Downloaded termcolor v1.0.5
[INFO] [stderr]   Downloaded smallvec v1.3.0
[INFO] [stderr]   Downloaded proc-macro-nested v0.1.4
[INFO] [stderr]   Downloaded ryu v1.0.0
[INFO] [stderr]   Downloaded hyper-tls v0.4.1
[INFO] [stderr]   Downloaded futures-channel v0.3.8
[INFO] [stderr]   Downloaded object v0.22.0
[INFO] [stderr]   Downloaded wincolor v1.0.2
[INFO] [stderr]   Downloaded futures-core v0.3.8
[INFO] [stderr]   Downloaded counter v0.4.3
[INFO] [stderr]   Downloaded bytestring v0.1.5
[INFO] [stderr]   Downloaded backtrace v0.3.55
[INFO] [stderr]   Downloaded chrono-tz v0.5.1
[INFO] [stderr]   Downloaded libsqlite3-sys v0.17.3
[INFO] [stderr]   Downloaded hyper v0.13.4
[INFO] [stderr]   Downloaded bumpalo v3.2.1
[INFO] [stderr]   Downloaded wasm-bindgen v0.2.60
[INFO] [stderr]   Downloaded regex-syntax v0.6.17
[INFO] [stderr]   Downloaded libc v0.2.68
[INFO] [stderr]   Downloaded reqwest v0.10.4
[INFO] [stderr]   Downloaded openssl v0.10.24
[INFO] [stderr]   Downloaded mio-named-pipes v0.1.6
[INFO] [stderr]   Downloaded futures-util v0.3.8
[INFO] [stderr]   Downloaded web-sys v0.3.37
[INFO] [stderr]   Downloaded parking_lot_core v0.7.1
[INFO] [stderr]   Downloaded validator v0.9.0
[INFO] [stderr]   Downloaded derive_more v0.99.5
[INFO] [stderr]   Downloaded arc-swap v0.4.2
[INFO] [stderr]   Downloaded actix-web-httpauth v0.4.1
[INFO] [stderr]   Downloaded lettre_email v0.9.2
[INFO] [stderr]   Downloaded actix-testing v1.0.0
[INFO] [stderr]   Downloaded globwalk v0.8.0
[INFO] [stderr]   Downloaded tokio-tls v0.3.0
[INFO] [stderr]   Downloaded bcrypt v0.1.6
[INFO] [stderr]   Downloaded actix-web-codegen v0.2.1
[INFO] [stderr]   Downloaded unindent v0.1.5
[INFO] [stderr]   Downloaded actix-cors v0.2.0
[INFO] [stderr]   Downloaded ctor v0.1.12
[INFO] [stderr]   Downloaded mysqlclient-sys v0.2.4
[INFO] [stderr]   Downloaded diesel_derives v1.4.0
[INFO] [stderr]   Downloaded jsonwebtoken v6.0.1
[INFO] [stderr]   Downloaded oauth2 v2.0.0
[INFO] [stderr]   Downloaded envy v0.4.0
[INFO] [stderr]   Downloaded indoc-impl v0.3.4
[INFO] [stderr]   Downloaded indoc v0.3.4
[INFO] [stderr]   Downloaded ignore v0.4.14
[INFO] [stderr]   Downloaded safemem v0.3.2
[INFO] [stderr]   Downloaded if_chain v1.0.0
[INFO] [stderr]   Downloaded async-trait v0.1.30
[INFO] [stderr]   Downloaded inventory-impl v0.1.4
[INFO] [stderr]   Downloaded ghost v0.1.1
[INFO] [stderr]   Downloaded inventory v0.1.4
[INFO] [stderr]   Downloaded diesel_geometry v1.4.0
[INFO] [stderr]   Downloaded validator_derive v0.9.0
[INFO] [stderr]   Downloaded futures-macro v0.3.8
[INFO] [stderr]   Downloaded unchecked-index v0.2.2
[INFO] [stderr]   Downloaded futures-executor v0.3.8
[INFO] [stderr]   Downloaded miow v0.3.3
[INFO] [stderr]   Downloaded enum-as-inner v0.3.2
[INFO] [stderr]   Downloaded getrandom v0.1.12
[INFO] [stderr]   Downloaded parse-zoneinfo v0.2.1
[INFO] [stderr]   Downloaded pin-project v1.0.2
[INFO] [stderr]   Downloaded utf8-ranges v1.0.4
[INFO] [stderr]   Downloaded migrations_internals v1.4.1
[INFO] [stderr]   Downloaded c2-chacha v0.2.2
[INFO] [stderr]   Downloaded actix-server v1.0.2
[INFO] [stderr]   Downloaded pin-project-internal v1.0.2
[INFO] [stderr]   Downloaded globset v0.4.5
[INFO] [stderr]   Downloaded tokio-openssl v0.4.0
[INFO] [stderr]   Downloaded serde_json v1.0.40
[INFO] [stderr]   Downloaded curl v0.4.28
[INFO] [stderr]   Downloaded pyo3cls v0.9.2
[INFO] [stderr]   Downloaded diesel_cli v1.4.1
[INFO] [stderr]   Downloaded pq-sys v0.4.6
[INFO] [stderr]   Downloaded wasm-bindgen-futures v0.4.10
[INFO] [stderr]   Downloaded ppv-lite86 v0.2.5
[INFO] [stderr]   Downloaded futures-io v0.3.8
[INFO] [stderr]   Downloaded derive-error-chain v0.10.1
[INFO] [stderr]   Downloaded futures-sink v0.3.8
[INFO] [stderr]   Downloaded futures v0.3.8
[INFO] [stderr]   Downloaded pyo3-derive-backend v0.9.2
[INFO] [stderr]   Downloaded humansize v1.1.0
[INFO] [stderr]   Downloaded wasm-bindgen-backend v0.2.60
[INFO] [stderr]   Downloaded actix-router v0.2.4
[INFO] [stderr]   Downloaded twoway v0.2.1
[INFO] [stderr]   Downloaded addr2line v0.14.0
[INFO] [stderr]   Downloaded actix-threadpool v0.3.1
[INFO] [stderr]   Downloaded ucd-util v0.1.8
[INFO] [stderr]   Downloaded indexmap v1.3.2
[INFO] [stderr]   Downloaded pyo3 v0.9.2
[INFO] [stderr]   Downloaded diesel v1.4.4
[INFO] [stderr]   Downloaded h2 v0.2.4
[INFO] [stderr]   Downloaded syn v1.0.54
[INFO] [stderr]   Downloaded dotenv v0.10.1
[INFO] [stderr]   Downloaded lettre v0.9.2
[INFO] [stderr]   Downloaded openssl-sys v0.9.49
[INFO] [stderr]   Downloaded email v0.0.20
[INFO] [stderr]   Downloaded actix-macros v0.1.1
[INFO] [stderr]   Downloaded cc v1.0.45
[INFO] [stderr]   Downloaded tera v1.2.0
[INFO] [stderr]   Downloaded tokio v0.2.18
[INFO] [stderr]   Downloaded listenfd v0.3.3
[INFO] [stderr]   Downloaded hermit-abi v0.1.10
[INFO] [stderr]   Downloaded wasm-bindgen-macro-support v0.2.60
[INFO] [stderr]   Downloaded regex v1.3.7
[INFO] [stderr]   Downloaded curl-sys v0.4.30+curl-7.69.1
[INFO] running `Command { std: "docker" "create" "-v" "/var/lib/crater-agent-workspace/builds/worker-3-tc1/target:/opt/rustwide/target:rw,Z" "-v" "/var/lib/crater-agent-workspace/builds/worker-3-tc1/source:/opt/rustwide/workdir:ro,Z" "-v" "/var/lib/crater-agent-workspace/cargo-home:/opt/rustwide/cargo-home:ro,Z" "-v" "/var/lib/crater-agent-workspace/rustup-home:/opt/rustwide/rustup-home:ro,Z" "-e" "SOURCE_DIR=/opt/rustwide/workdir" "-e" "CARGO_TARGET_DIR=/opt/rustwide/target" "-e" "CARGO_HOME=/opt/rustwide/cargo-home" "-e" "RUSTUP_HOME=/opt/rustwide/rustup-home" "-w" "/opt/rustwide/workdir" "-m" "1610612736" "--user" "0:0" "--network" "none" "ghcr.io/rust-lang/crates-build-env/linux@sha256:2788e3201cd34a07e3172128adcd8b3090168a8e3bcc40d7c032b9dda1df7d1c" "/opt/rustwide/cargo-home/bin/cargo" "+nightly-2024-02-05" "metadata" "--no-deps" "--format-version=1", kill_on_drop: false }`
[INFO] [stdout] 91256460cf4ca2c7cb4f7ebe694f9b4bc9804066a25f8aacc07ac935bf78e430
[INFO] running `Command { std: "docker" "start" "-a" "91256460cf4ca2c7cb4f7ebe694f9b4bc9804066a25f8aacc07ac935bf78e430", kill_on_drop: false }`
[INFO] running `Command { std: "docker" "inspect" "91256460cf4ca2c7cb4f7ebe694f9b4bc9804066a25f8aacc07ac935bf78e430", kill_on_drop: false }`
[INFO] running `Command { std: "docker" "rm" "-f" "91256460cf4ca2c7cb4f7ebe694f9b4bc9804066a25f8aacc07ac935bf78e430", kill_on_drop: false }`
[INFO] [stdout] 91256460cf4ca2c7cb4f7ebe694f9b4bc9804066a25f8aacc07ac935bf78e430
[INFO] running `Command { std: "docker" "create" "-v" "/var/lib/crater-agent-workspace/builds/worker-3-tc1/target:/opt/rustwide/target:rw,Z" "-v" "/var/lib/crater-agent-workspace/builds/worker-3-tc1/source:/opt/rustwide/workdir:ro,Z" "-v" "/var/lib/crater-agent-workspace/cargo-home:/opt/rustwide/cargo-home:ro,Z" "-v" "/var/lib/crater-agent-workspace/rustup-home:/opt/rustwide/rustup-home:ro,Z" "-e" "SOURCE_DIR=/opt/rustwide/workdir" "-e" "CARGO_TARGET_DIR=/opt/rustwide/target" "-e" "CARGO_INCREMENTAL=0" "-e" "RUST_BACKTRACE=full" "-e" "RUSTFLAGS=--cap-lints=forbid" "-e" "RUSTDOCFLAGS=--cap-lints=forbid" "-e" "CARGO_HOME=/opt/rustwide/cargo-home" "-e" "RUSTUP_HOME=/opt/rustwide/rustup-home" "-w" "/opt/rustwide/workdir" "-m" "1610612736" "--user" "0:0" "--network" "none" "ghcr.io/rust-lang/crates-build-env/linux@sha256:2788e3201cd34a07e3172128adcd8b3090168a8e3bcc40d7c032b9dda1df7d1c" "/opt/rustwide/cargo-home/bin/cargo" "+nightly-2024-02-05" "check" "--frozen" "--all" "--all-targets" "--message-format=json", kill_on_drop: false }`
[INFO] [stdout] 265dd8fec993fd3b6498551a9650e26e9b86b36a7a2dadac7029149d0654dad6
[INFO] running `Command { std: "docker" "start" "-a" "265dd8fec993fd3b6498551a9650e26e9b86b36a7a2dadac7029149d0654dad6", kill_on_drop: false }`
[INFO] [stderr] warning: got-ya-id v0.1.4 (/opt/rustwide/workdir) ignoring invalid dependency `diesel_cli` which is missing a lib target
[INFO] [stderr]    Compiling proc-macro2 v1.0.24
[INFO] [stderr]    Compiling libc v0.2.68
[INFO] [stderr]    Compiling syn v1.0.54
[INFO] [stderr]    Compiling memchr v2.2.1
[INFO] [stderr]     Checking cfg-if v0.1.9
[INFO] [stderr]    Compiling autocfg v0.1.6
[INFO] [stderr]    Compiling log v0.4.8
[INFO] [stderr]    Compiling cc v1.0.45
[INFO] [stderr]    Compiling pkg-config v0.3.16
[INFO] [stderr]     Checking fnv v1.0.6
[INFO] [stderr]    Compiling serde v1.0.106
[INFO] [stderr]     Checking slab v0.4.2
[INFO] [stderr]    Compiling proc-macro-hack v0.5.19
[INFO] [stderr]     Checking futures-core v0.3.8
[INFO] [stderr]     Checking bytes v0.5.4
[INFO] [stderr]     Checking futures-sink v0.3.8
[INFO] [stderr]     Checking arc-swap v0.4.2
[INFO] [stderr]     Checking pin-project-lite v0.1.4
[INFO] [stderr]    Compiling proc-macro-nested v0.1.4
[INFO] [stderr]     Checking futures-channel v0.3.8
[INFO] [stderr]     Checking once_cell v1.5.2
[INFO] [stderr]    Compiling ryu v1.0.0
[INFO] [stderr]     Checking futures-task v0.3.8
[INFO] [stderr]     Checking futures-io v0.3.8
[INFO] [stderr]    Compiling proc-macro2 v0.4.30
[INFO] [stderr]     Checking itoa v0.4.4
[INFO] [stderr]    Compiling unicode-xid v0.1.0
[INFO] [stderr]    Compiling syn v0.15.44
[INFO] [stderr]     Checking smallvec v0.6.10
[INFO] [stderr]    Compiling num-traits v0.2.8
[INFO] [stderr]    Compiling byteorder v1.3.2
[INFO] [stderr]     Checking smallvec v1.3.0
[INFO] [stderr]    Compiling pin-project-internal v0.4.27
[INFO] [stderr]    Compiling openssl v0.10.24
[INFO] [stderr]    Compiling num-integer v0.1.41
[INFO] [stderr]     Checking scopeguard v1.0.0
[INFO] [stderr]     Checking rustc-serialize v0.3.24
[INFO] [stderr]     Checking lock_api v0.3.4
[INFO] [stderr]     Checking unicode-normalization v0.1.9
[INFO] [stderr]    Compiling miniz_oxide v0.4.3
[INFO] [stdout] error[E0557]: feature has been removed
[INFO] [stdout]   --> /opt/rustwide/cargo-home/registry/src/index.crates.io-6f17d22bba15001f/lock_api-0.3.4/src/lib.rs:91:42
[INFO] [stdout]    |
[INFO] [stdout] 91 | #![cfg_attr(feature = "nightly", feature(const_fn))]
[INFO] [stdout]    |                                          ^^^^^^^^ feature has been removed
[INFO] [stdout]    |
[INFO] [stdout]    = note: split into finer-grained feature gates
[INFO] [stdout] 
[INFO] [stdout] 
[INFO] [stderr]     Checking aho-corasick v0.7.6
[INFO] [stdout] error: aborting due to 1 previous error
[INFO] [stdout] 
[INFO] [stdout] 
[INFO] [stdout] For more information about this error, try `rustc --explain E0557`.
[INFO] [stdout] 
[INFO] [stderr] error: could not compile `lock_api` (lib) due to 2 previous errors
[INFO] [stderr] warning: build failed, waiting for other jobs to finish...
[INFO] [stdout] error[E0310]: the parameter type `T` may not live long enough
[INFO] [stdout]     --> /opt/rustwide/cargo-home/registry/src/index.crates.io-6f17d22bba15001f/rustc-serialize-0.3.24/src/serialize.rs:1155:5
[INFO] [stdout]      |
[INFO] [stdout] 1155 |     fn decode<D: Decoder>(d: &mut D) -> Result<Cow<'static, T>, D::Error> {
[INFO] [stdout]      |     ^^^^^^^^^^^^^^^^^^^^^^^^^^^^^^^^^^^^^^^^^^^^^^^^^^^^^^^^^^^^^^^^^^^^^
[INFO] [stdout]      |     |
[INFO] [stdout]      |     the parameter type `T` must be valid for the static lifetime...
[INFO] [stdout]      |     ...so that the type `T` will meet its required lifetime bounds...
[INFO] [stdout]      |
[INFO] [stdout] note: ...that is required by this bound
[INFO] [stdout]     --> /rustc/268dbbbc4b3fd71c5f360a4d0728295252430b5b/library/alloc/src/borrow.rs:180:30
[INFO] [stdout] help: consider adding an explicit lifetime bound
[INFO] [stdout]      |
[INFO] [stdout] 1151 | impl<'a, T: ?Sized + 'static> Decodable for Cow<'a, T>
[INFO] [stdout]      |                    +++++++++
[INFO] [stdout] 
[INFO] [stdout] 
[INFO] [stdout] error: aborting due to 1 previous error
[INFO] [stdout] 
[INFO] [stdout] 
[INFO] [stdout] For more information about this error, try `rustc --explain E0310`.
[INFO] [stdout] 
[INFO] [stderr] error: could not compile `rustc-serialize` (lib) due to 2 previous errors
[INFO] running `Command { std: "docker" "inspect" "265dd8fec993fd3b6498551a9650e26e9b86b36a7a2dadac7029149d0654dad6", kill_on_drop: false }`
[INFO] running `Command { std: "docker" "rm" "-f" "265dd8fec993fd3b6498551a9650e26e9b86b36a7a2dadac7029149d0654dad6", kill_on_drop: false }`
[INFO] [stdout] 265dd8fec993fd3b6498551a9650e26e9b86b36a7a2dadac7029149d0654dad6
[INFO] checking got-ya-id-0.1.4 against nightly-2024-02-05+rustflags=-Dunexpected_cfgs+cargoflags=-Zcheck-cfg for check-cfg
[INFO] extracting crate got-ya-id 0.1.4 into /workspace/builds/worker-3-tc2/source
[INFO] validating manifest of crates.io crate got-ya-id 0.1.4 on toolchain nightly-2024-02-05
[INFO] running `Command { std: CARGO_HOME="/workspace/cargo-home" RUSTUP_HOME="/workspace/rustup-home" "/workspace/cargo-home/bin/cargo" "+nightly-2024-02-05" "metadata" "--manifest-path" "Cargo.toml" "--no-deps", kill_on_drop: false }`
[INFO] removed /workspace/builds/worker-3-tc2/source/rust-toolchain
[INFO] started tweaking crates.io crate got-ya-id 0.1.4
[INFO] finished tweaking crates.io crate got-ya-id 0.1.4
[INFO] tweaked toml for crates.io crate got-ya-id 0.1.4 written to /workspace/builds/worker-3-tc2/source/Cargo.toml
[INFO] crate crates.io crate got-ya-id 0.1.4 already has a lockfile, it will not be regenerated
[INFO] running `Command { std: CARGO_HOME="/workspace/cargo-home" RUSTUP_HOME="/workspace/rustup-home" "/workspace/cargo-home/bin/cargo" "+nightly-2024-02-05" "fetch" "--manifest-path" "Cargo.toml", kill_on_drop: false }`
[INFO] running `Command { std: "docker" "create" "-v" "/var/lib/crater-agent-workspace/builds/worker-3-tc2/target:/opt/rustwide/target:rw,Z" "-v" "/var/lib/crater-agent-workspace/builds/worker-3-tc2/source:/opt/rustwide/workdir:ro,Z" "-v" "/var/lib/crater-agent-workspace/cargo-home:/opt/rustwide/cargo-home:ro,Z" "-v" "/var/lib/crater-agent-workspace/rustup-home:/opt/rustwide/rustup-home:ro,Z" "-e" "SOURCE_DIR=/opt/rustwide/workdir" "-e" "CARGO_TARGET_DIR=/opt/rustwide/target" "-e" "CARGO_HOME=/opt/rustwide/cargo-home" "-e" "RUSTUP_HOME=/opt/rustwide/rustup-home" "-w" "/opt/rustwide/workdir" "-m" "1610612736" "--user" "0:0" "--network" "none" "ghcr.io/rust-lang/crates-build-env/linux@sha256:2788e3201cd34a07e3172128adcd8b3090168a8e3bcc40d7c032b9dda1df7d1c" "/opt/rustwide/cargo-home/bin/cargo" "+nightly-2024-02-05" "metadata" "--no-deps" "--format-version=1", kill_on_drop: false }`
[INFO] [stdout] 64c4ba6bb3cfa3c658a4baa89fc9ccce3cf80ebf3ae6b93eff34e9f17769c316
[INFO] running `Command { std: "docker" "start" "-a" "64c4ba6bb3cfa3c658a4baa89fc9ccce3cf80ebf3ae6b93eff34e9f17769c316", kill_on_drop: false }`
[INFO] running `Command { std: "docker" "inspect" "64c4ba6bb3cfa3c658a4baa89fc9ccce3cf80ebf3ae6b93eff34e9f17769c316", kill_on_drop: false }`
[INFO] running `Command { std: "docker" "rm" "-f" "64c4ba6bb3cfa3c658a4baa89fc9ccce3cf80ebf3ae6b93eff34e9f17769c316", kill_on_drop: false }`
[INFO] [stdout] 64c4ba6bb3cfa3c658a4baa89fc9ccce3cf80ebf3ae6b93eff34e9f17769c316
[INFO] running `Command { std: "docker" "create" "-v" "/var/lib/crater-agent-workspace/builds/worker-3-tc2/target:/opt/rustwide/target:rw,Z" "-v" "/var/lib/crater-agent-workspace/builds/worker-3-tc2/source:/opt/rustwide/workdir:ro,Z" "-v" "/var/lib/crater-agent-workspace/cargo-home:/opt/rustwide/cargo-home:ro,Z" "-v" "/var/lib/crater-agent-workspace/rustup-home:/opt/rustwide/rustup-home:ro,Z" "-e" "SOURCE_DIR=/opt/rustwide/workdir" "-e" "CARGO_TARGET_DIR=/opt/rustwide/target" "-e" "CARGO_INCREMENTAL=0" "-e" "RUST_BACKTRACE=full" "-e" "RUSTFLAGS=--cap-lints=forbid -Dunexpected_cfgs" "-e" "RUSTDOCFLAGS=--cap-lints=forbid" "-e" "CARGO_HOME=/opt/rustwide/cargo-home" "-e" "RUSTUP_HOME=/opt/rustwide/rustup-home" "-w" "/opt/rustwide/workdir" "-m" "1610612736" "--user" "0:0" "--network" "none" "ghcr.io/rust-lang/crates-build-env/linux@sha256:2788e3201cd34a07e3172128adcd8b3090168a8e3bcc40d7c032b9dda1df7d1c" "/opt/rustwide/cargo-home/bin/cargo" "+nightly-2024-02-05" "check" "--frozen" "--all" "--all-targets" "--message-format=json" "-Zcheck-cfg", kill_on_drop: false }`
[INFO] [stdout] 2f392fefd466fc62f54959f0bab7dc8f15aae508a86ce7aa3cba65c0e87b574e
[INFO] running `Command { std: "docker" "start" "-a" "2f392fefd466fc62f54959f0bab7dc8f15aae508a86ce7aa3cba65c0e87b574e", kill_on_drop: false }`
[INFO] [stderr] warning: got-ya-id v0.1.4 (/opt/rustwide/workdir) ignoring invalid dependency `diesel_cli` which is missing a lib target
[INFO] [stderr]    Compiling proc-macro2 v1.0.24
[INFO] [stderr]    Compiling libc v0.2.68
[INFO] [stderr]    Compiling syn v1.0.54
[INFO] [stderr]    Compiling memchr v2.2.1
[INFO] [stderr]     Checking cfg-if v0.1.9
[INFO] [stderr]    Compiling autocfg v0.1.6
[INFO] [stderr]    Compiling log v0.4.8
[INFO] [stderr]    Compiling cc v1.0.45
[INFO] [stderr]    Compiling pkg-config v0.3.16
[INFO] [stderr]    Compiling serde v1.0.106
[INFO] [stderr]     Checking fnv v1.0.6
[INFO] [stderr]    Compiling proc-macro-hack v0.5.19
[INFO] [stderr]     Checking futures-core v0.3.8
[INFO] [stderr]     Checking slab v0.4.2
[INFO] [stderr]     Checking bytes v0.5.4
[INFO] [stderr]     Checking futures-sink v0.3.8
[INFO] [stderr]     Checking arc-swap v0.4.2
[INFO] [stderr]    Compiling proc-macro-nested v0.1.4
[INFO] [stderr]     Checking pin-project-lite v0.1.4
[INFO] [stderr]     Checking futures-channel v0.3.8
[INFO] [stderr]    Compiling ryu v1.0.0
[INFO] [stderr]     Checking once_cell v1.5.2
[INFO] [stderr]     Checking futures-io v0.3.8
[INFO] [stderr]     Checking futures-task v0.3.8
[INFO] [stderr]     Checking itoa v0.4.4
[INFO] [stderr]    Compiling proc-macro2 v0.4.30
[INFO] [stderr]    Compiling unicode-xid v0.1.0
[INFO] [stderr]     Checking smallvec v0.6.10
[INFO] [stderr]    Compiling syn v0.15.44
[INFO] [stderr]    Compiling num-traits v0.2.8
[INFO] [stderr]    Compiling byteorder v1.3.2
[INFO] [stderr]     Checking smallvec v1.3.0
[INFO] [stderr]    Compiling pin-project-internal v0.4.27
[INFO] [stderr]    Compiling openssl v0.10.24
[INFO] [stderr]    Compiling num-integer v0.1.41
[INFO] [stderr]     Checking scopeguard v1.0.0
[INFO] [stderr]     Checking rustc-serialize v0.3.24
[INFO] [stderr]     Checking unicode-normalization v0.1.9
[INFO] [stderr]     Checking lock_api v0.3.4
[INFO] [stderr]    Compiling miniz_oxide v0.4.3
[INFO] [stdout] error[E0557]: feature has been removed
[INFO] [stdout]   --> /opt/rustwide/cargo-home/registry/src/index.crates.io-6f17d22bba15001f/lock_api-0.3.4/src/lib.rs:91:42
[INFO] [stdout]    |
[INFO] [stdout] 91 | #![cfg_attr(feature = "nightly", feature(const_fn))]
[INFO] [stdout]    |                                          ^^^^^^^^ feature has been removed
[INFO] [stdout]    |
[INFO] [stdout]    = note: split into finer-grained feature gates
[INFO] [stdout] 
[INFO] [stdout] 
[INFO] [stderr]     Checking aho-corasick v0.7.6
[INFO] [stderr]     Checking regex-syntax v0.6.17
[INFO] [stdout] error: aborting due to 1 previous error
[INFO] [stdout] 
[INFO] [stdout] 
[INFO] [stdout] For more information about this error, try `rustc --explain E0557`.
[INFO] [stdout] 
[INFO] [stderr] error: could not compile `lock_api` (lib) due to 2 previous errors
[INFO] [stderr] warning: build failed, waiting for other jobs to finish...
[INFO] [stdout] error[E0310]: the parameter type `T` may not live long enough
[INFO] [stdout]     --> /opt/rustwide/cargo-home/registry/src/index.crates.io-6f17d22bba15001f/rustc-serialize-0.3.24/src/serialize.rs:1155:5
[INFO] [stdout]      |
[INFO] [stdout] 1155 |     fn decode<D: Decoder>(d: &mut D) -> Result<Cow<'static, T>, D::Error> {
[INFO] [stdout]      |     ^^^^^^^^^^^^^^^^^^^^^^^^^^^^^^^^^^^^^^^^^^^^^^^^^^^^^^^^^^^^^^^^^^^^^
[INFO] [stdout]      |     |
[INFO] [stdout]      |     the parameter type `T` must be valid for the static lifetime...
[INFO] [stdout]      |     ...so that the type `T` will meet its required lifetime bounds...
[INFO] [stdout]      |
[INFO] [stdout] note: ...that is required by this bound
[INFO] [stdout]     --> /rustc/268dbbbc4b3fd71c5f360a4d0728295252430b5b/library/alloc/src/borrow.rs:180:30
[INFO] [stdout] help: consider adding an explicit lifetime bound
[INFO] [stdout]      |
[INFO] [stdout] 1151 | impl<'a, T: ?Sized + 'static> Decodable for Cow<'a, T>
[INFO] [stdout]      |                    +++++++++
[INFO] [stdout] 
[INFO] [stdout] 
[INFO] [stdout] error: aborting due to 1 previous error
[INFO] [stdout] 
[INFO] [stdout] 
[INFO] [stdout] For more information about this error, try `rustc --explain E0310`.
[INFO] [stdout] 
[INFO] [stderr] error: could not compile `rustc-serialize` (lib) due to 2 previous errors
[INFO] running `Command { std: "docker" "inspect" "2f392fefd466fc62f54959f0bab7dc8f15aae508a86ce7aa3cba65c0e87b574e", kill_on_drop: false }`
[INFO] running `Command { std: "docker" "rm" "-f" "2f392fefd466fc62f54959f0bab7dc8f15aae508a86ce7aa3cba65c0e87b574e", kill_on_drop: false }`
[INFO] [stdout] 2f392fefd466fc62f54959f0bab7dc8f15aae508a86ce7aa3cba65c0e87b574e
