[INFO] fetching crate gosh-adaptor 0.2.0...
[INFO] checking gosh-adaptor-0.2.0 against nightly-2024-02-05 for check-cfg
[INFO] extracting crate gosh-adaptor 0.2.0 into /workspace/builds/worker-5-tc1/source
[INFO] validating manifest of crates.io crate gosh-adaptor 0.2.0 on toolchain nightly-2024-02-05
[INFO] running `Command { std: CARGO_HOME="/workspace/cargo-home" RUSTUP_HOME="/workspace/rustup-home" "/workspace/cargo-home/bin/cargo" "+nightly-2024-02-05" "metadata" "--manifest-path" "Cargo.toml" "--no-deps", kill_on_drop: false }`
[INFO] started tweaking crates.io crate gosh-adaptor 0.2.0
[INFO] finished tweaking crates.io crate gosh-adaptor 0.2.0
[INFO] tweaked toml for crates.io crate gosh-adaptor 0.2.0 written to /workspace/builds/worker-5-tc1/source/Cargo.toml
[INFO] crate crates.io crate gosh-adaptor 0.2.0 already has a lockfile, it will not be regenerated
[INFO] running `Command { std: CARGO_HOME="/workspace/cargo-home" RUSTUP_HOME="/workspace/rustup-home" "/workspace/cargo-home/bin/cargo" "+nightly-2024-02-05" "fetch" "--manifest-path" "Cargo.toml", kill_on_drop: false }`
[INFO] [stderr]     Updating crates.io index
[INFO] [stderr]  Downloading crates ...
[INFO] [stderr]   Downloaded gchemol-gut v0.3.1
[INFO] [stderr]   Downloaded pest_derive v2.5.5
[INFO] [stderr]   Downloaded handlebars v4.0.1
[INFO] [stderr]   Downloaded derive_builder_macro v0.11.2
[INFO] [stderr]   Downloaded vecfx v0.1.6
[INFO] [stderr]   Downloaded rustyline-derive v0.8.0
[INFO] [stderr]   Downloaded lazy-regex v2.4.1
[INFO] [stderr]   Downloaded envfile v0.2.1
[INFO] [stderr]   Downloaded snailquote v0.2.0
[INFO] [stderr]   Downloaded gchemol-lattice v0.1.2
[INFO] [stderr]   Downloaded grep v0.2.11
[INFO] [stderr]   Downloaded derive_builder v0.11.2
[INFO] [stderr]   Downloaded bimap v0.6.2
[INFO] [stderr]   Downloaded xmlparser v0.13.5
[INFO] [stderr]   Downloaded ropey v1.6.0
[INFO] [stderr]   Downloaded bstr v1.3.0
[INFO] [stderr]   Downloaded octree v0.1.0
[INFO] [stderr]   Downloaded tuikit v0.5.0
[INFO] [stderr]   Downloaded skim v0.10.4
[INFO] [stderr]   Downloaded nix v0.20.0
[INFO] [stderr]   Downloaded pest v2.5.5
[INFO] [stderr]   Downloaded uom v0.33.0
[INFO] [stderr]   Downloaded wide v0.7.8
[INFO] [stderr]   Downloaded winnow v0.4.4
[INFO] [stderr]   Downloaded crossbeam-channel v0.5.7
[INFO] [stderr]   Downloaded gchemol-graph v0.1.5
[INFO] [stderr]   Downloaded pest_meta v2.5.5
[INFO] [stderr]   Downloaded roxmltree v0.18.0
[INFO] [stderr]   Downloaded derive_builder_core v0.11.2
[INFO] [stderr]   Downloaded edip v0.1.1
[INFO] [stderr]   Downloaded gchemol-geometry v0.1.1
[INFO] [stderr]   Downloaded vte v0.11.0
[INFO] [stderr]   Downloaded pest_generator v2.5.5
[INFO] [stderr]   Downloaded os_pipe v1.1.3
[INFO] [stderr]   Downloaded gchemol-parser v0.4.5
[INFO] [stderr]   Downloaded gchemol-gut v0.4.4
[INFO] [stderr]   Downloaded str_indices v0.4.1
[INFO] [stderr]   Downloaded gosh-core v0.2.0
[INFO] [stderr]   Downloaded is-terminal v0.4.4
[INFO] [stderr]   Downloaded defer-drop v1.3.0
[INFO] [stderr]   Downloaded grep-cli v0.1.7
[INFO] [stderr]   Downloaded timer v0.2.0
[INFO] [stderr]   Downloaded gosh-model v0.2.0
[INFO] [stderr]   Downloaded gosh-repl v0.1.3
[INFO] [stderr]   Downloaded gchemol-core v0.1.4
[INFO] [stderr]   Downloaded gchemol-readwrite v0.1.7
[INFO] [stderr]   Downloaded gchemol v0.1.4
[INFO] [stderr]   Downloaded minijinja v0.26.0
[INFO] [stderr]   Downloaded gchemol-parser v0.3.2
[INFO] [stderr]   Downloaded gchemol-neighbors v0.1.2
[INFO] running `Command { std: "docker" "create" "-v" "/var/lib/crater-agent-workspace/builds/worker-5-tc1/target:/opt/rustwide/target:rw,Z" "-v" "/var/lib/crater-agent-workspace/builds/worker-5-tc1/source:/opt/rustwide/workdir:ro,Z" "-v" "/var/lib/crater-agent-workspace/cargo-home:/opt/rustwide/cargo-home:ro,Z" "-v" "/var/lib/crater-agent-workspace/rustup-home:/opt/rustwide/rustup-home:ro,Z" "-e" "SOURCE_DIR=/opt/rustwide/workdir" "-e" "CARGO_TARGET_DIR=/opt/rustwide/target" "-e" "CARGO_HOME=/opt/rustwide/cargo-home" "-e" "RUSTUP_HOME=/opt/rustwide/rustup-home" "-w" "/opt/rustwide/workdir" "-m" "1610612736" "--user" "0:0" "--network" "none" "ghcr.io/rust-lang/crates-build-env/linux@sha256:2788e3201cd34a07e3172128adcd8b3090168a8e3bcc40d7c032b9dda1df7d1c" "/opt/rustwide/cargo-home/bin/cargo" "+nightly-2024-02-05" "metadata" "--no-deps" "--format-version=1", kill_on_drop: false }`
[INFO] [stdout] 5a652cd52808406d46fe323e75c4b7e6317034571e3b76302efebef6dcd70b9b
[INFO] running `Command { std: "docker" "start" "-a" "5a652cd52808406d46fe323e75c4b7e6317034571e3b76302efebef6dcd70b9b", kill_on_drop: false }`
[INFO] running `Command { std: "docker" "inspect" "5a652cd52808406d46fe323e75c4b7e6317034571e3b76302efebef6dcd70b9b", kill_on_drop: false }`
[INFO] running `Command { std: "docker" "rm" "-f" "5a652cd52808406d46fe323e75c4b7e6317034571e3b76302efebef6dcd70b9b", kill_on_drop: false }`
[INFO] [stdout] 5a652cd52808406d46fe323e75c4b7e6317034571e3b76302efebef6dcd70b9b
[INFO] running `Command { std: "docker" "create" "-v" "/var/lib/crater-agent-workspace/builds/worker-5-tc1/target:/opt/rustwide/target:rw,Z" "-v" "/var/lib/crater-agent-workspace/builds/worker-5-tc1/source:/opt/rustwide/workdir:ro,Z" "-v" "/var/lib/crater-agent-workspace/cargo-home:/opt/rustwide/cargo-home:ro,Z" "-v" "/var/lib/crater-agent-workspace/rustup-home:/opt/rustwide/rustup-home:ro,Z" "-e" "SOURCE_DIR=/opt/rustwide/workdir" "-e" "CARGO_TARGET_DIR=/opt/rustwide/target" "-e" "CARGO_INCREMENTAL=0" "-e" "RUST_BACKTRACE=full" "-e" "RUSTFLAGS=--cap-lints=forbid" "-e" "RUSTDOCFLAGS=--cap-lints=forbid" "-e" "CARGO_HOME=/opt/rustwide/cargo-home" "-e" "RUSTUP_HOME=/opt/rustwide/rustup-home" "-w" "/opt/rustwide/workdir" "-m" "1610612736" "--user" "0:0" "--network" "none" "ghcr.io/rust-lang/crates-build-env/linux@sha256:2788e3201cd34a07e3172128adcd8b3090168a8e3bcc40d7c032b9dda1df7d1c" "/opt/rustwide/cargo-home/bin/cargo" "+nightly-2024-02-05" "check" "--frozen" "--all" "--all-targets" "--message-format=json", kill_on_drop: false }`
[INFO] [stdout] c6bc6cc238ff51cfe90ed10cf8431e57830e263859ccdb51a86a131291c24145
[INFO] running `Command { std: "docker" "start" "-a" "c6bc6cc238ff51cfe90ed10cf8431e57830e263859ccdb51a86a131291c24145", kill_on_drop: false }`
[INFO] [stderr]    Compiling libc v0.2.139
[INFO] [stderr]    Compiling proc-macro2 v1.0.56
[INFO] [stderr]    Compiling quote v1.0.26
[INFO] [stderr]    Compiling syn v1.0.109
[INFO] [stderr]    Compiling serde v1.0.152
[INFO] [stderr]     Checking once_cell v1.17.1
[INFO] [stderr]    Compiling libm v0.2.6
[INFO] [stderr]    Compiling num-traits v0.2.15
[INFO] [stderr]     Checking aho-corasick v0.7.20
[INFO] [stderr]     Checking regex-syntax v0.6.28
[INFO] [stderr]    Compiling crossbeam-utils v0.8.15
[INFO] [stderr]    Compiling io-lifetimes v1.0.5
[INFO] [stdout] error[E0422]: cannot find struct, variant or union type `LineColumn` in crate `proc_macro`
[INFO] [stdout]    --> /opt/rustwide/cargo-home/registry/src/index.crates.io-6f17d22bba15001f/proc-macro2-1.0.56/src/wrapper.rs:475:33
[INFO] [stdout]     |
[INFO] [stdout] 475 |                 let proc_macro::LineColumn { line, column } = s.start();
[INFO] [stdout]     |                                 ^^^^^^^^^^ not found in `proc_macro`
[INFO] [stdout]     |
[INFO] [stdout] help: consider importing this struct through its public re-export
[INFO] [stdout]     |
[INFO] [stdout] 1   + use crate::LineColumn;
[INFO] [stdout]     |
[INFO] [stdout] help: if you import `LineColumn`, refer to it directly
[INFO] [stdout]     |
[INFO] [stdout] 475 -                 let proc_macro::LineColumn { line, column } = s.start();
[INFO] [stdout] 475 +                 let LineColumn { line, column } = s.start();
[INFO] [stdout]     |
[INFO] [stdout] 
[INFO] [stdout] 
[INFO] [stdout] error[E0422]: cannot find struct, variant or union type `LineColumn` in crate `proc_macro`
[INFO] [stdout]    --> /opt/rustwide/cargo-home/registry/src/index.crates.io-6f17d22bba15001f/proc-macro2-1.0.56/src/wrapper.rs:489:33
[INFO] [stdout]     |
[INFO] [stdout] 489 |                 let proc_macro::LineColumn { line, column } = s.end();
[INFO] [stdout]     |                                 ^^^^^^^^^^ not found in `proc_macro`
[INFO] [stdout]     |
[INFO] [stdout] help: consider importing this struct through its public re-export
[INFO] [stdout]     |
[INFO] [stdout] 1   + use crate::LineColumn;
[INFO] [stdout]     |
[INFO] [stdout] help: if you import `LineColumn`, refer to it directly
[INFO] [stdout]     |
[INFO] [stdout] 489 -                 let proc_macro::LineColumn { line, column } = s.end();
[INFO] [stdout] 489 +                 let LineColumn { line, column } = s.end();
[INFO] [stdout]     |
[INFO] [stdout] 
[INFO] [stdout] 
[INFO] [stdout] error[E0635]: unknown feature `proc_macro_span_shrink`
[INFO] [stdout]   --> /opt/rustwide/cargo-home/registry/src/index.crates.io-6f17d22bba15001f/proc-macro2-1.0.56/src/lib.rs:92:30
[INFO] [stdout]    |
[INFO] [stdout] 92 |     feature(proc_macro_span, proc_macro_span_shrink)
[INFO] [stdout]    |                              ^^^^^^^^^^^^^^^^^^^^^^
[INFO] [stdout] 
[INFO] [stdout] 
[INFO] [stderr]    Compiling rustix v0.36.8
[INFO] [stdout] error: aborting due to 3 previous errors
[INFO] [stdout] 
[INFO] [stdout] 
[INFO] [stdout] Some errors have detailed explanations: E0422, E0635.
[INFO] [stdout] 
[INFO] [stdout] For more information about an error, try `rustc --explain E0422`.
[INFO] [stdout] 
[INFO] [stderr] error: could not compile `proc-macro2` (lib) due to 4 previous errors
[INFO] [stderr] warning: build failed, waiting for other jobs to finish...
[INFO] running `Command { std: "docker" "inspect" "c6bc6cc238ff51cfe90ed10cf8431e57830e263859ccdb51a86a131291c24145", kill_on_drop: false }`
[INFO] running `Command { std: "docker" "rm" "-f" "c6bc6cc238ff51cfe90ed10cf8431e57830e263859ccdb51a86a131291c24145", kill_on_drop: false }`
[INFO] [stdout] c6bc6cc238ff51cfe90ed10cf8431e57830e263859ccdb51a86a131291c24145
