[INFO] fetching crate golemcli 0.2.1...
[INFO] checking golemcli-0.2.1 against nightly-2024-02-05 for check-cfg
[INFO] extracting crate golemcli 0.2.1 into /workspace/builds/worker-4-tc1/source
[INFO] validating manifest of crates.io crate golemcli 0.2.1 on toolchain nightly-2024-02-05
[INFO] running `Command { std: CARGO_HOME="/workspace/cargo-home" RUSTUP_HOME="/workspace/rustup-home" "/workspace/cargo-home/bin/cargo" "+nightly-2024-02-05" "metadata" "--manifest-path" "Cargo.toml" "--no-deps", kill_on_drop: false }`
[INFO] started tweaking crates.io crate golemcli 0.2.1
[INFO] finished tweaking crates.io crate golemcli 0.2.1
[INFO] tweaked toml for crates.io crate golemcli 0.2.1 written to /workspace/builds/worker-4-tc1/source/Cargo.toml
[INFO] crate crates.io crate golemcli 0.2.1 already has a lockfile, it will not be regenerated
[INFO] running `Command { std: CARGO_HOME="/workspace/cargo-home" RUSTUP_HOME="/workspace/rustup-home" "/workspace/cargo-home/bin/cargo" "+nightly-2024-02-05" "fetch" "--manifest-path" "Cargo.toml", kill_on_drop: false }`
[INFO] [stderr]     Updating crates.io index
[INFO] [stderr]  Downloading crates ...
[INFO] [stderr]   Downloaded derive_builder v0.7.2
[INFO] [stderr]   Downloaded backtrace v0.3.38
[INFO] [stderr]   Downloaded string_cache_codegen v0.3.1
[INFO] [stderr]   Downloaded ucd-util v0.1.5
[INFO] [stderr]   Downloaded nix v0.13.1
[INFO] [stderr]   Downloaded utf8parse v0.1.1
[INFO] [stderr]   Downloaded redox_users v0.3.1
[INFO] [stderr]   Downloaded sha2 v0.8.0
[INFO] [stderr]   Downloaded serde_yaml v0.8.11
[INFO] [stderr]   Downloaded unicode-normalization v0.1.11
[INFO] [stderr]   Downloaded actix-threadpool v0.1.2
[INFO] [stderr]   Downloaded trust-dns-proto v0.7.4
[INFO] [stderr]   Downloaded openssl-sys v0.9.53
[INFO] [stderr]   Downloaded const-random-macro v0.1.6
[INFO] [stderr]   Downloaded trust-dns-resolver v0.11.1
[INFO] [stderr]   Downloaded actix-http v0.2.11
[INFO] [stderr]   Downloaded num_cpus v1.11.1
[INFO] [stderr]   Downloaded parking_lot_core v0.5.0
[INFO] [stderr]   Downloaded derive_more v0.15.0
[INFO] [stderr]   Downloaded socket2 v0.3.11
[INFO] [stderr]   Downloaded actix-server-config v0.1.2
[INFO] [stderr]   Downloaded actix-codec v0.1.2
[INFO] [stderr]   Downloaded threadpool v1.7.1
[INFO] [stderr]   Downloaded parking_lot v0.8.0
[INFO] [stderr]   Downloaded ipconfig v0.2.1
[INFO] [stderr]   Downloaded byte-tools v0.2.0
[INFO] [stderr]   Downloaded sha2 v0.7.1
[INFO] [stderr]   Downloaded actix-rt v0.2.6
[INFO] [stderr]   Downloaded backtrace-sys v0.1.30
[INFO] [stderr]   Downloaded chrono v0.4.10
[INFO] [stderr]   Downloaded syn v0.9.2
[INFO] [stderr]   Downloaded serde_derive v1.0.103
[INFO] [stderr]   Downloaded serde v1.0.103
[INFO] [stderr]   Downloaded crossbeam-channel v0.3.9
[INFO] [stderr]   Downloaded appdirs v0.2.0
[INFO] [stderr]   Downloaded aes-soft v0.3.3
[INFO] [stderr]   Downloaded aesni v0.6.0
[INFO] [stderr]   Downloaded actix-connect v0.2.5
[INFO] [stderr]   Downloaded actix-utils v0.4.7
[INFO] [stderr]   Downloaded const-random v0.1.6
[INFO] [stderr]   Downloaded widestring v0.4.0
[INFO] [stderr]   Downloaded winutil v0.1.1
[INFO] [stderr]   Downloaded enum-as-inner v0.2.1
[INFO] [stderr]   Downloaded tokio-reactor v0.1.11
[INFO] [stderr]   Downloaded actix-service v0.4.2
[INFO] [stderr]   Downloaded tokio-timer v0.2.12
[INFO] [stderr]   Downloaded rust-argon2 v0.5.1
[INFO] [stderr]   Downloaded aes v0.3.2
[INFO] [stderr]   Downloaded block-cipher-trait v0.6.2
[INFO] [stderr]   Downloaded constant_time_eq v0.1.4
[INFO] [stderr]   Downloaded rpassword v3.0.2
[INFO] [stderr]   Downloaded rmp-serde v0.13.7
[INFO] [stderr]   Downloaded darling v0.9.0
[INFO] [stderr]   Downloaded generic-array v0.9.0
[INFO] [stderr]   Downloaded resolv-conf v0.6.2
[INFO] [stderr]   Downloaded arrayref v0.3.5
[INFO] [stderr]   Downloaded darling_macro v0.9.0
[INFO] [stderr]   Downloaded prettytable-rs v0.8.0
[INFO] [stderr]   Downloaded tokio-executor v0.1.9
[INFO] [stderr]   Downloaded memzero v0.1.0
[INFO] [stderr]   Downloaded dbghelp-sys v0.2.0
[INFO] [stderr]   Downloaded nix v0.5.1
[INFO] [stderr]   Downloaded derive_builder_core v0.5.0
[INFO] [stderr]   Downloaded bitflags v0.4.0
[INFO] [stderr]   Downloaded serde_repr v0.1.5
[INFO] [stderr]   Downloaded string_cache v0.2.29
[INFO] [stderr]   Downloaded syn v1.0.11
[INFO] [stderr]   Downloaded serde_json v1.0.43
[INFO] [stderr]   Downloaded tendril v0.2.4
[INFO] [stderr]   Downloaded hmac v0.6.3
[INFO] [stderr]   Downloaded digest v0.7.6
[INFO] [stderr]   Downloaded lock_api v0.2.0
[INFO] [stderr]   Downloaded proc-macro-hack v0.5.11
[INFO] [stderr]   Downloaded hostname v0.1.5
[INFO] [stderr]   Downloaded smallvec v1.0.0
[INFO] [stderr]   Downloaded debug_unreachable v0.1.1
[INFO] [stderr]   Downloaded typenum v1.11.2
[INFO] [stderr]   Downloaded unreachable v0.1.1
[INFO] [stderr]   Downloaded utf-8 v0.6.0
[INFO] [stderr]   Downloaded block-buffer v0.3.3
[INFO] [stderr]   Downloaded darling_core v0.9.0
[INFO] [stderr]   Downloaded html5ever-atoms v0.1.3
[INFO] [stderr]   Downloaded golem-rpc-macros v0.1.0
[INFO] [stderr]   Downloaded new_debug_unreachable v1.0.3
[INFO] [stderr]   Downloaded actix-wamp v0.1.0
[INFO] [stderr]   Downloaded ethkey v0.2.5
[INFO] [stderr]   Downloaded derive_more v0.14.1
[INFO] [stderr]   Downloaded encode_unicode v0.1.3
[INFO] [stderr]   Downloaded string_cache v0.3.0
[INFO] [stderr]   Downloaded stream-cipher v0.3.2
[INFO] [stderr]   Downloaded promptly v0.1.5
[INFO] [stderr]   Downloaded golem-rpc-api v0.1.0
[INFO] [stderr]   Downloaded scrypt v0.1.2
[INFO] [stderr]   Downloaded serde_bytes v0.11.2
[INFO] [stderr]   Downloaded actix_derive v0.4.0
[INFO] [stderr]   Downloaded pbkdf2 v0.2.3
[INFO] [stderr]   Downloaded aes-ctr v0.3.0
[INFO] [stderr]   Downloaded rustc-hex v2.0.1
[INFO] [stderr]   Downloaded parity-crypto v0.3.1
[INFO] [stderr]   Downloaded csv-core v0.1.6
[INFO] [stderr]   Downloaded block-modes v0.3.3
[INFO] [stderr]   Downloaded crypto-mac v0.6.2
[INFO] [stderr]   Downloaded ctr v0.3.2
[INFO] [stderr]   Downloaded fancy-regex v0.1.0
[INFO] [stderr]   Downloaded rmpv v0.4.2
[INFO] [stderr]   Downloaded rustyline v4.1.0
[INFO] [stderr]   Downloaded cc v1.0.26
[INFO] [stderr]   Downloaded blake2b_simd v0.5.9
[INFO] [stderr]   Downloaded ethsign v0.5.0
[INFO] [stderr]   Downloaded flexi_logger v0.11.5
[INFO] [stderr]   Downloaded bigdecimal v0.1.0
[INFO] [stderr]   Downloaded rustyline v1.0.0
[INFO] [stderr]   Downloaded html2text v0.1.8
[INFO] [stderr]   Downloaded regex-automata v0.1.8
[INFO] [stderr]   Downloaded ahash v0.2.18
[INFO] [stderr]   Downloaded tokio-openssl v0.3.0
[INFO] [stderr]   Downloaded rmp v0.8.8
[INFO] [stderr]   Downloaded backtrace v0.2.3
[INFO] [stderr]   Downloaded num-bigint v0.2.3
[INFO] [stderr]   Downloaded awc v0.2.8
[INFO] [stderr]   Downloaded actix v0.8.3
[INFO] [stderr]   Downloaded html5ever v0.9.0
[INFO] [stderr]   Downloaded openssl v0.10.26
[INFO] [stderr]   Downloaded zxcvbn v1.0.2
[INFO] [stderr]   Downloaded secp256k1 v0.12.2
[INFO] [stderr]   Downloaded csv v1.1.1
[INFO] [stderr]   Downloaded bstr v0.2.8
[INFO] running `Command { std: "docker" "create" "-v" "/var/lib/crater-agent-workspace/builds/worker-4-tc1/target:/opt/rustwide/target:rw,Z" "-v" "/var/lib/crater-agent-workspace/builds/worker-4-tc1/source:/opt/rustwide/workdir:ro,Z" "-v" "/var/lib/crater-agent-workspace/cargo-home:/opt/rustwide/cargo-home:ro,Z" "-v" "/var/lib/crater-agent-workspace/rustup-home:/opt/rustwide/rustup-home:ro,Z" "-e" "SOURCE_DIR=/opt/rustwide/workdir" "-e" "CARGO_TARGET_DIR=/opt/rustwide/target" "-e" "CARGO_HOME=/opt/rustwide/cargo-home" "-e" "RUSTUP_HOME=/opt/rustwide/rustup-home" "-w" "/opt/rustwide/workdir" "-m" "1610612736" "--user" "0:0" "--network" "none" "ghcr.io/rust-lang/crates-build-env/linux@sha256:2788e3201cd34a07e3172128adcd8b3090168a8e3bcc40d7c032b9dda1df7d1c" "/opt/rustwide/cargo-home/bin/cargo" "+nightly-2024-02-05" "metadata" "--no-deps" "--format-version=1", kill_on_drop: false }`
[INFO] [stdout] 71bb26ac4955d5fa9dbd971ce7bea9723c64a47edde08160a6e364db461c71c9
[INFO] running `Command { std: "docker" "start" "-a" "71bb26ac4955d5fa9dbd971ce7bea9723c64a47edde08160a6e364db461c71c9", kill_on_drop: false }`
[INFO] running `Command { std: "docker" "inspect" "71bb26ac4955d5fa9dbd971ce7bea9723c64a47edde08160a6e364db461c71c9", kill_on_drop: false }`
[INFO] running `Command { std: "docker" "rm" "-f" "71bb26ac4955d5fa9dbd971ce7bea9723c64a47edde08160a6e364db461c71c9", kill_on_drop: false }`
[INFO] [stdout] 71bb26ac4955d5fa9dbd971ce7bea9723c64a47edde08160a6e364db461c71c9
[INFO] running `Command { std: "docker" "create" "-v" "/var/lib/crater-agent-workspace/builds/worker-4-tc1/target:/opt/rustwide/target:rw,Z" "-v" "/var/lib/crater-agent-workspace/builds/worker-4-tc1/source:/opt/rustwide/workdir:ro,Z" "-v" "/var/lib/crater-agent-workspace/cargo-home:/opt/rustwide/cargo-home:ro,Z" "-v" "/var/lib/crater-agent-workspace/rustup-home:/opt/rustwide/rustup-home:ro,Z" "-e" "SOURCE_DIR=/opt/rustwide/workdir" "-e" "CARGO_TARGET_DIR=/opt/rustwide/target" "-e" "CARGO_INCREMENTAL=0" "-e" "RUST_BACKTRACE=full" "-e" "RUSTFLAGS=--cap-lints=forbid" "-e" "RUSTDOCFLAGS=--cap-lints=forbid" "-e" "CARGO_HOME=/opt/rustwide/cargo-home" "-e" "RUSTUP_HOME=/opt/rustwide/rustup-home" "-w" "/opt/rustwide/workdir" "-m" "1610612736" "--user" "0:0" "--network" "none" "ghcr.io/rust-lang/crates-build-env/linux@sha256:2788e3201cd34a07e3172128adcd8b3090168a8e3bcc40d7c032b9dda1df7d1c" "/opt/rustwide/cargo-home/bin/cargo" "+nightly-2024-02-05" "check" "--frozen" "--all" "--all-targets" "--message-format=json", kill_on_drop: false }`
[INFO] [stdout] 106c51eb2313c4586e610c5df4a39e55be836e385001ef6eb46de8b6d648366d
[INFO] running `Command { std: "docker" "start" "-a" "106c51eb2313c4586e610c5df4a39e55be836e385001ef6eb46de8b6d648366d", kill_on_drop: false }`
[INFO] [stderr]    Compiling libc v0.2.66
[INFO] [stderr]    Compiling autocfg v0.1.7
[INFO] [stderr]    Compiling byteorder v1.3.2
[INFO] [stderr]    Compiling proc-macro2 v1.0.6
[INFO] [stderr]    Compiling syn v1.0.11
[INFO] [stderr]    Compiling cc v1.0.26
[INFO] [stderr]    Compiling memchr v2.2.1
[INFO] [stderr]    Compiling log v0.4.8
[INFO] [stderr]    Compiling typenum v1.11.2
[INFO] [stderr]    Compiling proc-macro2 v0.4.30
[INFO] [stderr]     Checking futures v0.1.29
[INFO] [stderr]    Compiling rand_core v0.4.2
[INFO] [stderr]    Compiling syn v0.15.44
[INFO] [stderr]    Compiling serde v1.0.103
[INFO] [stderr]     Checking rand_core v0.3.1
[INFO] [stderr]     Checking smallvec v0.6.13
[INFO] [stderr]     Checking crossbeam-utils v0.6.6
[INFO] [stderr]    Compiling getrandom v0.1.13
[INFO] [stderr]     Checking scopeguard v1.0.0
[INFO] [stderr]    Compiling rand_pcg v0.1.2
[INFO] [stderr]    Compiling rand_chacha v0.1.1
[INFO] [stderr]    Compiling rand v0.6.5
[INFO] [stderr]    Compiling rand_isaac v0.1.1
[INFO] [stderr]    Compiling rand_xorshift v0.1.1
[INFO] [stderr]    Compiling rand_hc v0.1.0
[INFO] [stderr]    Compiling rand_jitter v0.1.4
[INFO] [stderr]    Compiling parking_lot_core v0.6.2
[INFO] [stderr]    Compiling siphasher v0.2.3
[INFO] [stderr]     Checking fnv v1.0.6
[INFO] [stderr]     Checking lock_api v0.3.2
[INFO] [stderr]    Compiling num-traits v0.2.10
[INFO] [stderr]    Compiling phf_shared v0.7.24
[INFO] [stderr]    Compiling quote v1.0.2
[INFO] [stderr]     Checking smallvec v1.0.0
[INFO] [stderr]     Checking quick-error v1.2.2
[INFO] [stderr]    Compiling rand_os v0.1.3
[INFO] [stderr]    Compiling failure_derive v0.1.6
[INFO] [stderr]     Checking itoa v0.4.4
[INFO] [stderr]    Compiling quote v0.6.13
[INFO] [stderr]     Checking iovec v0.1.4
[INFO] [stderr]     Checking num_cpus v1.11.1
[INFO] [stderr]     Checking bytes v0.4.12
[INFO] [stderr]    Compiling backtrace-sys v0.1.30
[INFO] [stderr]     Checking net2 v0.2.33
[INFO] [stderr]     Checking unicode-normalization v0.1.11
[INFO] [stderr]     Checking parking_lot v0.9.0
[INFO] [stderr]     Checking thread_local v0.3.6
[INFO] [stderr]    Compiling ppv-lite86 v0.2.6
[INFO] [stderr]     Checking tokio-executor v0.1.9
[INFO] [stderr]     Checking tokio-sync v0.1.7
[INFO] [stderr]     Checking tokio-io v0.1.12
[INFO] [stderr]     Checking mio v0.6.21
[INFO] [stderr]     Checking generic-array v0.12.3
[INFO] [stderr]    Compiling openssl-sys v0.9.53
[INFO] [stderr]    Compiling aho-corasick v0.7.6
[INFO] [stderr]    Compiling rand_core v0.5.1
[INFO] [stderr]    Compiling num-integer v0.1.41
[INFO] [stderr]    Compiling ryu v1.0.2
[INFO] [stderr]    Compiling c2-chacha v0.2.3
[INFO] [stderr]    Compiling regex-syntax v0.6.12
[INFO] [stderr]     Checking tokio-timer v0.2.12
[INFO] [stderr]     Checking tokio-codec v0.1.1
[INFO] [stderr]    Compiling rand_chacha v0.2.1
[INFO] [stderr]    Compiling indexmap v1.3.0
[INFO] [stderr]     Checking linked-hash-map v0.5.2
[INFO] [stderr]    Compiling phf_generator v0.7.24
[INFO] [stderr]     Checking tokio-reactor v0.1.11
[INFO] [stderr]    Compiling rand v0.7.2
[INFO] [stderr]     Checking idna v0.1.5
[INFO] [stderr] The following warnings were emitted during compilation:
[INFO] [stderr] 
[INFO] [stderr] warning: openssl-sys@0.9.53: build/expando.c:4:24: error: pasting "RUST_VERSION_OPENSSL_" and "(" does not give a valid preprocessing token
[INFO] [stderr] warning: openssl-sys@0.9.53:     4 | #define VERSION2(n, v) RUST_VERSION_##n##_##v
[INFO] [stderr] warning: openssl-sys@0.9.53:       |                        ^~~~~~~~~~~~~
[INFO] [stderr] warning: openssl-sys@0.9.53: build/expando.c:5:23: note: in expansion of macro 'VERSION2'
[INFO] [stderr] warning: openssl-sys@0.9.53:     5 | #define VERSION(n, v) VERSION2(n, v)
[INFO] [stderr] warning: openssl-sys@0.9.53:       |                       ^~~~~~~~
[INFO] [stderr] warning: openssl-sys@0.9.53: build/expando.c:10:1: note: in expansion of macro 'VERSION'
[INFO] [stderr] warning: openssl-sys@0.9.53:    10 | VERSION(OPENSSL, OPENSSL_VERSION_NUMBER)
[INFO] [stderr] warning: openssl-sys@0.9.53:       | ^~~~~~~
[INFO] [stderr] 
[INFO] [stderr] error: failed to run custom build command for `openssl-sys v0.9.53`
[INFO] [stderr] note: To improve backtraces for build dependencies, set the CARGO_PROFILE_DEV_BUILD_OVERRIDE_DEBUG=true environment variable to enable debug information generation.
[INFO] [stderr] 
[INFO] [stderr] Caused by:
[INFO] [stderr]   process didn't exit successfully: `/opt/rustwide/target/debug/build/openssl-sys-10733b2ae6f61198/build-script-main` (exit status: 101)
[INFO] [stderr]   --- stdout
[INFO] [stderr]   cargo:rustc-cfg=const_fn
[INFO] [stderr]   cargo:rerun-if-env-changed=X86_64_UNKNOWN_LINUX_GNU_OPENSSL_LIB_DIR
[INFO] [stderr]   X86_64_UNKNOWN_LINUX_GNU_OPENSSL_LIB_DIR unset
[INFO] [stderr]   cargo:rerun-if-env-changed=OPENSSL_LIB_DIR
[INFO] [stderr]   OPENSSL_LIB_DIR unset
[INFO] [stderr]   cargo:rerun-if-env-changed=X86_64_UNKNOWN_LINUX_GNU_OPENSSL_INCLUDE_DIR
[INFO] [stderr]   X86_64_UNKNOWN_LINUX_GNU_OPENSSL_INCLUDE_DIR unset
[INFO] [stderr]   cargo:rerun-if-env-changed=OPENSSL_INCLUDE_DIR
[INFO] [stderr]   OPENSSL_INCLUDE_DIR unset
[INFO] [stderr]   cargo:rerun-if-env-changed=X86_64_UNKNOWN_LINUX_GNU_OPENSSL_DIR
[INFO] [stderr]   X86_64_UNKNOWN_LINUX_GNU_OPENSSL_DIR unset
[INFO] [stderr]   cargo:rerun-if-env-changed=OPENSSL_DIR
[INFO] [stderr]   OPENSSL_DIR unset
[INFO] [stderr]   cargo:rustc-link-lib=ssl
[INFO] [stderr]   cargo:rustc-link-lib=crypto
[INFO] [stderr]   OPT_LEVEL = Some("0")
[INFO] [stderr]   TARGET = Some("x86_64-unknown-linux-gnu")
[INFO] [stderr]   HOST = Some("x86_64-unknown-linux-gnu")
[INFO] [stderr]   CC_x86_64-unknown-linux-gnu = None
[INFO] [stderr]   CC_x86_64_unknown_linux_gnu = None
[INFO] [stderr]   HOST_CC = None
[INFO] [stderr]   CC = None
[INFO] [stderr]   CFLAGS_x86_64-unknown-linux-gnu = None
[INFO] [stderr]   CFLAGS_x86_64_unknown_linux_gnu = None
[INFO] [stderr]   HOST_CFLAGS = None
[INFO] [stderr]   CFLAGS = None
[INFO] [stderr]   DEBUG = Some("true")
[INFO] [stderr]   running: "cc" "-O0" "-ffunction-sections" "-fdata-sections" "-fPIC" "-g" "-fno-omit-frame-pointer" "-m64" "-I" "/usr/include" "-Wall" "-Wextra" "-E" "build/expando.c"
[INFO] [stderr]   cargo:warning=build/expando.c:4:24: error: pasting "RUST_VERSION_OPENSSL_" and "(" does not give a valid preprocessing token
[INFO] [stderr]   cargo:warning=    4 | #define VERSION2(n, v) RUST_VERSION_##n##_##v
[INFO] [stderr]   cargo:warning=      |                        ^~~~~~~~~~~~~
[INFO] [stderr]   cargo:warning=build/expando.c:5:23: note: in expansion of macro 'VERSION2'
[INFO] [stderr]   cargo:warning=    5 | #define VERSION(n, v) VERSION2(n, v)
[INFO] [stderr]   cargo:warning=      |                       ^~~~~~~~
[INFO] [stderr]   cargo:warning=build/expando.c:10:1: note: in expansion of macro 'VERSION'
[INFO] [stderr]   cargo:warning=   10 | VERSION(OPENSSL, OPENSSL_VERSION_NUMBER)
[INFO] [stderr]   cargo:warning=      | ^~~~~~~
[INFO] [stderr]   exit status: 1
[INFO] [stderr] 
[INFO] [stderr]   --- stderr
[INFO] [stderr]   thread 'main' panicked at /opt/rustwide/cargo-home/registry/src/index.crates.io-6f17d22bba15001f/openssl-sys-0.9.53/build/main.rs:126:13:
[INFO] [stderr] 
[INFO] [stderr]   Header expansion error:
[INFO] [stderr]   Error { kind: ToolExecError, message: "Command \"cc\" \"-O0\" \"-ffunction-sections\" \"-fdata-sections\" \"-fPIC\" \"-g\" \"-fno-omit-frame-pointer\" \"-m64\" \"-I\" \"/usr/include\" \"-Wall\" \"-Wextra\" \"-E\" \"build/expando.c\" with args \"cc\" did not execute successfully (status code exit status: 1)." }
[INFO] [stderr] 
[INFO] [stderr]   Failed to find OpenSSL development headers.
[INFO] [stderr] 
[INFO] [stderr]   You can try fixing this setting the `OPENSSL_DIR` environment variable
[INFO] [stderr]   pointing to your OpenSSL installation or installing OpenSSL headers package
[INFO] [stderr]   specific to your distribution:
[INFO] [stderr] 
[INFO] [stderr]       # On Ubuntu
[INFO] [stderr]       sudo apt-get install libssl-dev
[INFO] [stderr]       # On Arch Linux
[INFO] [stderr]       sudo pacman -S openssl
[INFO] [stderr]       # On Fedora
[INFO] [stderr]       sudo dnf install openssl-devel
[INFO] [stderr] 
[INFO] [stderr]   See rust-openssl README for more information:
[INFO] [stderr] 
[INFO] [stderr]       https://github.com/sfackler/rust-openssl#linux
[INFO] [stderr] 
[INFO] [stderr]   stack backtrace:
[INFO] [stderr]      0:     0x55bc5aa30176 - std::backtrace_rs::backtrace::libunwind::trace::heebc7766b165eb2a
[INFO] [stderr]                                  at /rustc/268dbbbc4b3fd71c5f360a4d0728295252430b5b/library/std/src/../../backtrace/src/backtrace/libunwind.rs:104:5
[INFO] [stderr]      1:     0x55bc5aa30176 - std::backtrace_rs::backtrace::trace_unsynchronized::ha677020d8fc0296d
[INFO] [stderr]                                  at /rustc/268dbbbc4b3fd71c5f360a4d0728295252430b5b/library/std/src/../../backtrace/src/backtrace/mod.rs:66:5
[INFO] [stderr]      2:     0x55bc5aa30176 - std::sys_common::backtrace::_print_fmt::hcaff2fd86a1aeaa3
[INFO] [stderr]                                  at /rustc/268dbbbc4b3fd71c5f360a4d0728295252430b5b/library/std/src/sys_common/backtrace.rs:68:5
[INFO] [stderr]      3:     0x55bc5aa30176 - <std::sys_common::backtrace::_print::DisplayBacktrace as core::fmt::Display>::fmt::hc2446d8aa0059188
[INFO] [stderr]                                  at /rustc/268dbbbc4b3fd71c5f360a4d0728295252430b5b/library/std/src/sys_common/backtrace.rs:44:22
[INFO] [stderr]      4:     0x55bc5aa55470 - core::fmt::rt::Argument::fmt::h2fbb6454da37999b
[INFO] [stderr]                                  at /rustc/268dbbbc4b3fd71c5f360a4d0728295252430b5b/library/core/src/fmt/rt.rs:142:9
[INFO] [stderr]      5:     0x55bc5aa55470 - core::fmt::write::had96bdeda7d49d3a
[INFO] [stderr]                                  at /rustc/268dbbbc4b3fd71c5f360a4d0728295252430b5b/library/core/src/fmt/mod.rs:1120:17
[INFO] [stderr]      6:     0x55bc5aa2d93f - std::io::Write::write_fmt::h30b1f36eea05b391
[INFO] [stderr]                                  at /rustc/268dbbbc4b3fd71c5f360a4d0728295252430b5b/library/std/src/io/mod.rs:1849:15
[INFO] [stderr]      7:     0x55bc5aa2ff54 - std::sys_common::backtrace::_print::hc333bb91ae972137
[INFO] [stderr]                                  at /rustc/268dbbbc4b3fd71c5f360a4d0728295252430b5b/library/std/src/sys_common/backtrace.rs:47:5
[INFO] [stderr]      8:     0x55bc5aa2ff54 - std::sys_common::backtrace::print::h18fd3c71a95a3169
[INFO] [stderr]                                  at /rustc/268dbbbc4b3fd71c5f360a4d0728295252430b5b/library/std/src/sys_common/backtrace.rs:34:9
[INFO] [stderr]      9:     0x55bc5aa31837 - std::panicking::default_hook::{{closure}}::ha3473f9bcb4e9a37
[INFO] [stderr]     10:     0x55bc5aa31599 - std::panicking::default_hook::h23d9d43185db6584
[INFO] [stderr]                                  at /rustc/268dbbbc4b3fd71c5f360a4d0728295252430b5b/library/std/src/panicking.rs:292:9
[INFO] [stderr]     11:     0x55bc5aa31cc8 - std::panicking::rust_panic_with_hook::h94aceaa7df3a6edd
[INFO] [stderr]                                  at /rustc/268dbbbc4b3fd71c5f360a4d0728295252430b5b/library/std/src/panicking.rs:781:13
[INFO] [stderr]     12:     0x55bc5aa31ba2 - std::panicking::begin_panic_handler::{{closure}}::h9905d45d1d82fc42
[INFO] [stderr]                                  at /rustc/268dbbbc4b3fd71c5f360a4d0728295252430b5b/library/std/src/panicking.rs:659:13
[INFO] [stderr]     13:     0x55bc5aa30676 - std::sys_common::backtrace::__rust_end_short_backtrace::hb02085545dc143b9
[INFO] [stderr]                                  at /rustc/268dbbbc4b3fd71c5f360a4d0728295252430b5b/library/std/src/sys_common/backtrace.rs:171:18
[INFO] [stderr]     14:     0x55bc5aa318f4 - rust_begin_unwind
[INFO] [stderr]                                  at /rustc/268dbbbc4b3fd71c5f360a4d0728295252430b5b/library/std/src/panicking.rs:647:5
[INFO] [stderr]     15:     0x55bc5a9a2685 - core::panicking::panic_fmt::h6dca3983f8a9f4d0
[INFO] [stderr]                                  at /rustc/268dbbbc4b3fd71c5f360a4d0728295252430b5b/library/core/src/panicking.rs:72:14
[INFO] [stderr]     16:     0x55bc5a9ab6f3 - build_script_main::validate_headers::hb561dc52e7c2a126
[INFO] [stderr]     17:     0x55bc5a9a815e - build_script_main::find::try_pkg_config::h3f36712b43cc27d8
[INFO] [stderr]     18:     0x55bc5a9a6e78 - build_script_main::find::find_openssl_dir::h246f38a7e0a64c5e
[INFO] [stderr]     19:     0x55bc5a9a6c82 - build_script_main::find::get_openssl::{{closure}}::h1f7d231df7a7a326
[INFO] [stderr]     20:     0x55bc5a9a4bef - core::option::Option<T>::unwrap_or_else::h13784d111df2f509
[INFO] [stderr]     21:     0x55bc5a9a6a7d - build_script_main::find::get_openssl::h04d2c124b4e21cc9
[INFO] [stderr]     22:     0x55bc5a9a9049 - build_script_main::main::hd5f4f5dbeb9a9c1a
[INFO] [stderr]     23:     0x55bc5a9a3773 - core::ops::function::FnOnce::call_once::h04533cbb22d93a41
[INFO] [stderr]     24:     0x55bc5a9a3266 - std::sys_common::backtrace::__rust_begin_short_backtrace::h66c6c54c5bad6a03
[INFO] [stderr]     25:     0x55bc5a9ace89 - std::rt::lang_start::{{closure}}::h3de4c7ec712edcd7
[INFO] [stderr]     26:     0x55bc5aa29a61 - core::ops::function::impls::<impl core::ops::function::FnOnce<A> for &F>::call_once::h298d8ff12ebcec8c
[INFO] [stderr]                                  at /rustc/268dbbbc4b3fd71c5f360a4d0728295252430b5b/library/core/src/ops/function.rs:284:13
[INFO] [stderr]     27:     0x55bc5aa29a61 - std::panicking::try::do_call::hbd0ffb05da5bd343
[INFO] [stderr]                                  at /rustc/268dbbbc4b3fd71c5f360a4d0728295252430b5b/library/std/src/panicking.rs:554:40
[INFO] [stderr]     28:     0x55bc5aa29a61 - std::panicking::try::h11c9a152defd5d2a
[INFO] [stderr]                                  at /rustc/268dbbbc4b3fd71c5f360a4d0728295252430b5b/library/std/src/panicking.rs:518:19
[INFO] [stderr]     29:     0x55bc5aa29a61 - std::panic::catch_unwind::h0d6db2fa902b4d64
[INFO] [stderr]                                  at /rustc/268dbbbc4b3fd71c5f360a4d0728295252430b5b/library/std/src/panic.rs:142:14
[INFO] [stderr]     30:     0x55bc5aa29a61 - std::rt::lang_start_internal::{{closure}}::hdcc09b4aad7ef821
[INFO] [stderr]                                  at /rustc/268dbbbc4b3fd71c5f360a4d0728295252430b5b/library/std/src/rt.rs:148:48
[INFO] [stderr]     31:     0x55bc5aa29a61 - std::panicking::try::do_call::h3ffd2f162d60900f
[INFO] [stderr]                                  at /rustc/268dbbbc4b3fd71c5f360a4d0728295252430b5b/library/std/src/panicking.rs:554:40
[INFO] [stderr]     32:     0x55bc5aa29a61 - std::panicking::try::heeba82b9c3e190fb
[INFO] [stderr]                                  at /rustc/268dbbbc4b3fd71c5f360a4d0728295252430b5b/library/std/src/panicking.rs:518:19
[INFO] [stderr]     33:     0x55bc5aa29a61 - std::panic::catch_unwind::hdaab8f1c188f387f
[INFO] [stderr]                                  at /rustc/268dbbbc4b3fd71c5f360a4d0728295252430b5b/library/std/src/panic.rs:142:14
[INFO] [stderr]     34:     0x55bc5aa29a61 - std::rt::lang_start_internal::h9989e088c48b7903
[INFO] [stderr]                                  at /rustc/268dbbbc4b3fd71c5f360a4d0728295252430b5b/library/std/src/rt.rs:148:20
[INFO] [stderr]     35:     0x55bc5a9ace67 - std::rt::lang_start::ha213319d2ccc53d4
[INFO] [stderr]     36:     0x55bc5a9ac5d5 - main
[INFO] [stderr]     37:     0x7fac1a01ad90 - <unknown>
[INFO] [stderr]     38:     0x7fac1a01ae40 - __libc_start_main
[INFO] [stderr]     39:     0x55bc5a9a2ea5 - _start
[INFO] [stderr]     40:                0x0 - <unknown>
[INFO] [stderr] warning: build failed, waiting for other jobs to finish...
[INFO] running `Command { std: "docker" "inspect" "106c51eb2313c4586e610c5df4a39e55be836e385001ef6eb46de8b6d648366d", kill_on_drop: false }`
[INFO] running `Command { std: "docker" "rm" "-f" "106c51eb2313c4586e610c5df4a39e55be836e385001ef6eb46de8b6d648366d", kill_on_drop: false }`
[INFO] [stdout] 106c51eb2313c4586e610c5df4a39e55be836e385001ef6eb46de8b6d648366d
[INFO] checking golemcli-0.2.1 against nightly-2024-02-05+rustflags=-Dunexpected_cfgs+cargoflags=-Zcheck-cfg for check-cfg
[INFO] extracting crate golemcli 0.2.1 into /workspace/builds/worker-4-tc2/source
[INFO] validating manifest of crates.io crate golemcli 0.2.1 on toolchain nightly-2024-02-05
[INFO] running `Command { std: CARGO_HOME="/workspace/cargo-home" RUSTUP_HOME="/workspace/rustup-home" "/workspace/cargo-home/bin/cargo" "+nightly-2024-02-05" "metadata" "--manifest-path" "Cargo.toml" "--no-deps", kill_on_drop: false }`
[INFO] started tweaking crates.io crate golemcli 0.2.1
[INFO] finished tweaking crates.io crate golemcli 0.2.1
[INFO] tweaked toml for crates.io crate golemcli 0.2.1 written to /workspace/builds/worker-4-tc2/source/Cargo.toml
[INFO] crate crates.io crate golemcli 0.2.1 already has a lockfile, it will not be regenerated
[INFO] running `Command { std: CARGO_HOME="/workspace/cargo-home" RUSTUP_HOME="/workspace/rustup-home" "/workspace/cargo-home/bin/cargo" "+nightly-2024-02-05" "fetch" "--manifest-path" "Cargo.toml", kill_on_drop: false }`
[INFO] running `Command { std: "docker" "create" "-v" "/var/lib/crater-agent-workspace/builds/worker-4-tc2/target:/opt/rustwide/target:rw,Z" "-v" "/var/lib/crater-agent-workspace/builds/worker-4-tc2/source:/opt/rustwide/workdir:ro,Z" "-v" "/var/lib/crater-agent-workspace/cargo-home:/opt/rustwide/cargo-home:ro,Z" "-v" "/var/lib/crater-agent-workspace/rustup-home:/opt/rustwide/rustup-home:ro,Z" "-e" "SOURCE_DIR=/opt/rustwide/workdir" "-e" "CARGO_TARGET_DIR=/opt/rustwide/target" "-e" "CARGO_HOME=/opt/rustwide/cargo-home" "-e" "RUSTUP_HOME=/opt/rustwide/rustup-home" "-w" "/opt/rustwide/workdir" "-m" "1610612736" "--user" "0:0" "--network" "none" "ghcr.io/rust-lang/crates-build-env/linux@sha256:2788e3201cd34a07e3172128adcd8b3090168a8e3bcc40d7c032b9dda1df7d1c" "/opt/rustwide/cargo-home/bin/cargo" "+nightly-2024-02-05" "metadata" "--no-deps" "--format-version=1", kill_on_drop: false }`
[INFO] [stdout] adbe9a0c226dd92b00afaa2d1dbb896e24015f5218df9ed34058e1f085dc37e1
[INFO] running `Command { std: "docker" "start" "-a" "adbe9a0c226dd92b00afaa2d1dbb896e24015f5218df9ed34058e1f085dc37e1", kill_on_drop: false }`
[INFO] running `Command { std: "docker" "inspect" "adbe9a0c226dd92b00afaa2d1dbb896e24015f5218df9ed34058e1f085dc37e1", kill_on_drop: false }`
[INFO] running `Command { std: "docker" "rm" "-f" "adbe9a0c226dd92b00afaa2d1dbb896e24015f5218df9ed34058e1f085dc37e1", kill_on_drop: false }`
[INFO] [stdout] adbe9a0c226dd92b00afaa2d1dbb896e24015f5218df9ed34058e1f085dc37e1
[INFO] running `Command { std: "docker" "create" "-v" "/var/lib/crater-agent-workspace/builds/worker-4-tc2/target:/opt/rustwide/target:rw,Z" "-v" "/var/lib/crater-agent-workspace/builds/worker-4-tc2/source:/opt/rustwide/workdir:ro,Z" "-v" "/var/lib/crater-agent-workspace/cargo-home:/opt/rustwide/cargo-home:ro,Z" "-v" "/var/lib/crater-agent-workspace/rustup-home:/opt/rustwide/rustup-home:ro,Z" "-e" "SOURCE_DIR=/opt/rustwide/workdir" "-e" "CARGO_TARGET_DIR=/opt/rustwide/target" "-e" "CARGO_INCREMENTAL=0" "-e" "RUST_BACKTRACE=full" "-e" "RUSTFLAGS=--cap-lints=forbid -Dunexpected_cfgs" "-e" "RUSTDOCFLAGS=--cap-lints=forbid" "-e" "CARGO_HOME=/opt/rustwide/cargo-home" "-e" "RUSTUP_HOME=/opt/rustwide/rustup-home" "-w" "/opt/rustwide/workdir" "-m" "1610612736" "--user" "0:0" "--network" "none" "ghcr.io/rust-lang/crates-build-env/linux@sha256:2788e3201cd34a07e3172128adcd8b3090168a8e3bcc40d7c032b9dda1df7d1c" "/opt/rustwide/cargo-home/bin/cargo" "+nightly-2024-02-05" "check" "--frozen" "--all" "--all-targets" "--message-format=json" "-Zcheck-cfg", kill_on_drop: false }`
[INFO] [stdout] 1fc24f2ed612b9b9ddfee5502ed72215a91d99f1aff82bd34d424fdf0d2b184a
[INFO] running `Command { std: "docker" "start" "-a" "1fc24f2ed612b9b9ddfee5502ed72215a91d99f1aff82bd34d424fdf0d2b184a", kill_on_drop: false }`
[INFO] [stderr]    Compiling libc v0.2.66
[INFO] [stderr]    Compiling autocfg v0.1.7
[INFO] [stderr]    Compiling byteorder v1.3.2
[INFO] [stderr]    Compiling proc-macro2 v1.0.6
[INFO] [stderr]    Compiling syn v1.0.11
[INFO] [stderr]    Compiling cc v1.0.26
[INFO] [stderr]    Compiling memchr v2.2.1
[INFO] [stderr]    Compiling log v0.4.8
[INFO] [stderr]    Compiling typenum v1.11.2
[INFO] [stderr]    Compiling proc-macro2 v0.4.30
[INFO] [stderr]     Checking futures v0.1.29
[INFO] [stderr]    Compiling syn v0.15.44
[INFO] [stderr]    Compiling rand_core v0.4.2
[INFO] [stderr]    Compiling serde v1.0.103
[INFO] [stderr]     Checking rand_core v0.3.1
[INFO] [stderr]     Checking smallvec v0.6.13
[INFO] [stderr]     Checking crossbeam-utils v0.6.6
[INFO] [stderr]     Checking scopeguard v1.0.0
[INFO] [stderr]    Compiling getrandom v0.1.13
[INFO] [stderr]    Compiling rand_hc v0.1.0
[INFO] [stderr]    Compiling rand_pcg v0.1.2
[INFO] [stderr]    Compiling rand_chacha v0.1.1
[INFO] [stderr]    Compiling rand v0.6.5
[INFO] [stderr]    Compiling rand_isaac v0.1.1
[INFO] [stderr]    Compiling rand_xorshift v0.1.1
[INFO] [stderr]    Compiling rand_jitter v0.1.4
[INFO] [stderr]    Compiling parking_lot_core v0.6.2
[INFO] [stderr]    Compiling siphasher v0.2.3
[INFO] [stderr]     Checking fnv v1.0.6
[INFO] [stderr]    Compiling num-traits v0.2.10
[INFO] [stderr]     Checking lock_api v0.3.2
[INFO] [stderr]    Compiling phf_shared v0.7.24
[INFO] [stderr]     Checking smallvec v1.0.0
[INFO] [stderr]     Checking quick-error v1.2.2
[INFO] [stderr]    Compiling failure_derive v0.1.6
[INFO] [stderr]     Checking itoa v0.4.4
[INFO] [stderr]     Checking iovec v0.1.4
[INFO] [stderr]    Compiling rand_os v0.1.3
[INFO] [stderr]     Checking num_cpus v1.11.1
[INFO] [stderr]    Compiling quote v0.6.13
[INFO] [stderr]    Compiling quote v1.0.2
[INFO] [stderr]     Checking bytes v0.4.12
[INFO] [stderr]     Checking net2 v0.2.33
[INFO] [stderr]     Checking unicode-normalization v0.1.11
[INFO] [stderr]     Checking parking_lot v0.9.0
[INFO] [stderr]    Compiling backtrace-sys v0.1.30
[INFO] [stderr]     Checking tokio-executor v0.1.9
[INFO] [stderr]     Checking tokio-io v0.1.12
[INFO] [stderr]     Checking tokio-sync v0.1.7
[INFO] [stderr]     Checking mio v0.6.21
[INFO] [stderr]     Checking thread_local v0.3.6
[INFO] [stderr]    Compiling ppv-lite86 v0.2.6
[INFO] [stderr]     Checking generic-array v0.12.3
[INFO] [stderr]    Compiling aho-corasick v0.7.6
[INFO] [stderr]    Compiling rand_core v0.5.1
[INFO] [stderr]    Compiling openssl-sys v0.9.53
[INFO] [stderr]     Checking tokio-codec v0.1.1
[INFO] [stderr]    Compiling c2-chacha v0.2.3
[INFO] [stderr]    Compiling num-integer v0.1.41
[INFO] [stderr]    Compiling ryu v1.0.2
[INFO] [stderr]    Compiling regex-syntax v0.6.12
[INFO] [stderr]     Checking tokio-timer v0.2.12
[INFO] [stderr]    Compiling rand_chacha v0.2.1
[INFO] [stderr]    Compiling indexmap v1.3.0
[INFO] [stderr]     Checking tokio-reactor v0.1.11
[INFO] [stderr]     Checking linked-hash-map v0.5.2
[INFO] [stderr]    Compiling phf_generator v0.7.24
[INFO] [stderr]    Compiling rand v0.7.2
[INFO] [stderr]     Checking idna v0.1.5
[INFO] [stderr]     Checking generic-array v0.9.0
[INFO] [stderr]    Compiling winapi-build v0.1.1
[INFO] [stderr]    Compiling openssl v0.10.26
[INFO] [stderr]     Checking tokio-tcp v0.1.3
[INFO] [stderr]     Checking either v1.5.3
[INFO] [stderr]     Checking encoding_index_tests v0.1.4
[INFO] [stderr]    Compiling string_cache_shared v0.3.0
[INFO] [stderr]     Checking tokio-udp v0.1.5
[INFO] [stderr]     Checking digest v0.8.1
[INFO] [stderr] The following warnings were emitted during compilation:
[INFO] [stderr] 
[INFO] [stderr] warning: openssl-sys@0.9.53: build/expando.c:4:24: error: pasting "RUST_VERSION_OPENSSL_" and "(" does not give a valid preprocessing token
[INFO] [stderr] warning: openssl-sys@0.9.53:     4 | #define VERSION2(n, v) RUST_VERSION_##n##_##v
[INFO] [stderr] warning: openssl-sys@0.9.53:       |                        ^~~~~~~~~~~~~
[INFO] [stderr] warning: openssl-sys@0.9.53: build/expando.c:5:23: note: in expansion of macro 'VERSION2'
[INFO] [stderr] warning: openssl-sys@0.9.53:     5 | #define VERSION(n, v) VERSION2(n, v)
[INFO] [stderr] warning: openssl-sys@0.9.53:       |                       ^~~~~~~~
[INFO] [stderr] warning: openssl-sys@0.9.53: build/expando.c:10:1: note: in expansion of macro 'VERSION'
[INFO] [stderr] warning: openssl-sys@0.9.53:    10 | VERSION(OPENSSL, OPENSSL_VERSION_NUMBER)
[INFO] [stderr] warning: openssl-sys@0.9.53:       | ^~~~~~~
[INFO] [stderr] 
[INFO] [stderr] error: failed to run custom build command for `openssl-sys v0.9.53`
[INFO] [stderr] note: To improve backtraces for build dependencies, set the CARGO_PROFILE_DEV_BUILD_OVERRIDE_DEBUG=true environment variable to enable debug information generation.
[INFO] [stderr] 
[INFO] [stderr] Caused by:
[INFO] [stderr]   process didn't exit successfully: `/opt/rustwide/target/debug/build/openssl-sys-10733b2ae6f61198/build-script-main` (exit status: 101)
[INFO] [stderr]   --- stdout
[INFO] [stderr]   cargo:rustc-cfg=const_fn
[INFO] [stderr]   cargo:rerun-if-env-changed=X86_64_UNKNOWN_LINUX_GNU_OPENSSL_LIB_DIR
[INFO] [stderr]   X86_64_UNKNOWN_LINUX_GNU_OPENSSL_LIB_DIR unset
[INFO] [stderr]   cargo:rerun-if-env-changed=OPENSSL_LIB_DIR
[INFO] [stderr]   OPENSSL_LIB_DIR unset
[INFO] [stderr]   cargo:rerun-if-env-changed=X86_64_UNKNOWN_LINUX_GNU_OPENSSL_INCLUDE_DIR
[INFO] [stderr]   X86_64_UNKNOWN_LINUX_GNU_OPENSSL_INCLUDE_DIR unset
[INFO] [stderr]   cargo:rerun-if-env-changed=OPENSSL_INCLUDE_DIR
[INFO] [stderr]   OPENSSL_INCLUDE_DIR unset
[INFO] [stderr]   cargo:rerun-if-env-changed=X86_64_UNKNOWN_LINUX_GNU_OPENSSL_DIR
[INFO] [stderr]   X86_64_UNKNOWN_LINUX_GNU_OPENSSL_DIR unset
[INFO] [stderr]   cargo:rerun-if-env-changed=OPENSSL_DIR
[INFO] [stderr]   OPENSSL_DIR unset
[INFO] [stderr]   cargo:rustc-link-lib=ssl
[INFO] [stderr]   cargo:rustc-link-lib=crypto
[INFO] [stderr]   OPT_LEVEL = Some("0")
[INFO] [stderr]   TARGET = Some("x86_64-unknown-linux-gnu")
[INFO] [stderr]   HOST = Some("x86_64-unknown-linux-gnu")
[INFO] [stderr]   CC_x86_64-unknown-linux-gnu = None
[INFO] [stderr]   CC_x86_64_unknown_linux_gnu = None
[INFO] [stderr]   HOST_CC = None
[INFO] [stderr]   CC = None
[INFO] [stderr]   CFLAGS_x86_64-unknown-linux-gnu = None
[INFO] [stderr]   CFLAGS_x86_64_unknown_linux_gnu = None
[INFO] [stderr]   HOST_CFLAGS = None
[INFO] [stderr]   CFLAGS = None
[INFO] [stderr]   DEBUG = Some("true")
[INFO] [stderr]   running: "cc" "-O0" "-ffunction-sections" "-fdata-sections" "-fPIC" "-g" "-fno-omit-frame-pointer" "-m64" "-I" "/usr/include" "-Wall" "-Wextra" "-E" "build/expando.c"
[INFO] [stderr]   cargo:warning=build/expando.c:4:24: error: pasting "RUST_VERSION_OPENSSL_" and "(" does not give a valid preprocessing token
[INFO] [stderr]   cargo:warning=    4 | #define VERSION2(n, v) RUST_VERSION_##n##_##v
[INFO] [stderr]   cargo:warning=      |                        ^~~~~~~~~~~~~
[INFO] [stderr]   cargo:warning=build/expando.c:5:23: note: in expansion of macro 'VERSION2'
[INFO] [stderr]   cargo:warning=    5 | #define VERSION(n, v) VERSION2(n, v)
[INFO] [stderr]   cargo:warning=      |                       ^~~~~~~~
[INFO] [stderr]   cargo:warning=build/expando.c:10:1: note: in expansion of macro 'VERSION'
[INFO] [stderr]   cargo:warning=   10 | VERSION(OPENSSL, OPENSSL_VERSION_NUMBER)
[INFO] [stderr]   cargo:warning=      | ^~~~~~~
[INFO] [stderr]   exit status: 1
[INFO] [stderr] 
[INFO] [stderr]   --- stderr
[INFO] [stderr]   thread 'main' panicked at /opt/rustwide/cargo-home/registry/src/index.crates.io-6f17d22bba15001f/openssl-sys-0.9.53/build/main.rs:126:13:
[INFO] [stderr] 
[INFO] [stderr]   Header expansion error:
[INFO] [stderr]   Error { kind: ToolExecError, message: "Command \"cc\" \"-O0\" \"-ffunction-sections\" \"-fdata-sections\" \"-fPIC\" \"-g\" \"-fno-omit-frame-pointer\" \"-m64\" \"-I\" \"/usr/include\" \"-Wall\" \"-Wextra\" \"-E\" \"build/expando.c\" with args \"cc\" did not execute successfully (status code exit status: 1)." }
[INFO] [stderr] 
[INFO] [stderr]   Failed to find OpenSSL development headers.
[INFO] [stderr] 
[INFO] [stderr]   You can try fixing this setting the `OPENSSL_DIR` environment variable
[INFO] [stderr]   pointing to your OpenSSL installation or installing OpenSSL headers package
[INFO] [stderr]   specific to your distribution:
[INFO] [stderr] 
[INFO] [stderr]       # On Ubuntu
[INFO] [stderr]       sudo apt-get install libssl-dev
[INFO] [stderr]       # On Arch Linux
[INFO] [stderr]       sudo pacman -S openssl
[INFO] [stderr]       # On Fedora
[INFO] [stderr]       sudo dnf install openssl-devel
[INFO] [stderr] 
[INFO] [stderr]   See rust-openssl README for more information:
[INFO] [stderr] 
[INFO] [stderr]       https://github.com/sfackler/rust-openssl#linux
[INFO] [stderr] 
[INFO] [stderr]   stack backtrace:
[INFO] [stderr]      0:     0x558f9ba66176 - std::backtrace_rs::backtrace::libunwind::trace::heebc7766b165eb2a
[INFO] [stderr]                                  at /rustc/268dbbbc4b3fd71c5f360a4d0728295252430b5b/library/std/src/../../backtrace/src/backtrace/libunwind.rs:104:5
[INFO] [stderr]      1:     0x558f9ba66176 - std::backtrace_rs::backtrace::trace_unsynchronized::ha677020d8fc0296d
[INFO] [stderr]                                  at /rustc/268dbbbc4b3fd71c5f360a4d0728295252430b5b/library/std/src/../../backtrace/src/backtrace/mod.rs:66:5
[INFO] [stderr]      2:     0x558f9ba66176 - std::sys_common::backtrace::_print_fmt::hcaff2fd86a1aeaa3
[INFO] [stderr]                                  at /rustc/268dbbbc4b3fd71c5f360a4d0728295252430b5b/library/std/src/sys_common/backtrace.rs:68:5
[INFO] [stderr]      3:     0x558f9ba66176 - <std::sys_common::backtrace::_print::DisplayBacktrace as core::fmt::Display>::fmt::hc2446d8aa0059188
[INFO] [stderr]                                  at /rustc/268dbbbc4b3fd71c5f360a4d0728295252430b5b/library/std/src/sys_common/backtrace.rs:44:22
[INFO] [stderr]      4:     0x558f9ba8b470 - core::fmt::rt::Argument::fmt::h2fbb6454da37999b
[INFO] [stderr]                                  at /rustc/268dbbbc4b3fd71c5f360a4d0728295252430b5b/library/core/src/fmt/rt.rs:142:9
[INFO] [stderr]      5:     0x558f9ba8b470 - core::fmt::write::had96bdeda7d49d3a
[INFO] [stderr]                                  at /rustc/268dbbbc4b3fd71c5f360a4d0728295252430b5b/library/core/src/fmt/mod.rs:1120:17
[INFO] [stderr]      6:     0x558f9ba6393f - std::io::Write::write_fmt::h30b1f36eea05b391
[INFO] [stderr]                                  at /rustc/268dbbbc4b3fd71c5f360a4d0728295252430b5b/library/std/src/io/mod.rs:1849:15
[INFO] [stderr]      7:     0x558f9ba65f54 - std::sys_common::backtrace::_print::hc333bb91ae972137
[INFO] [stderr]                                  at /rustc/268dbbbc4b3fd71c5f360a4d0728295252430b5b/library/std/src/sys_common/backtrace.rs:47:5
[INFO] [stderr]      8:     0x558f9ba65f54 - std::sys_common::backtrace::print::h18fd3c71a95a3169
[INFO] [stderr]                                  at /rustc/268dbbbc4b3fd71c5f360a4d0728295252430b5b/library/std/src/sys_common/backtrace.rs:34:9
[INFO] [stderr]      9:     0x558f9ba67837 - std::panicking::default_hook::{{closure}}::ha3473f9bcb4e9a37
[INFO] [stderr]     10:     0x558f9ba67599 - std::panicking::default_hook::h23d9d43185db6584
[INFO] [stderr]                                  at /rustc/268dbbbc4b3fd71c5f360a4d0728295252430b5b/library/std/src/panicking.rs:292:9
[INFO] [stderr]     11:     0x558f9ba67cc8 - std::panicking::rust_panic_with_hook::h94aceaa7df3a6edd
[INFO] [stderr]                                  at /rustc/268dbbbc4b3fd71c5f360a4d0728295252430b5b/library/std/src/panicking.rs:781:13
[INFO] [stderr]     12:     0x558f9ba67ba2 - std::panicking::begin_panic_handler::{{closure}}::h9905d45d1d82fc42
[INFO] [stderr]                                  at /rustc/268dbbbc4b3fd71c5f360a4d0728295252430b5b/library/std/src/panicking.rs:659:13
[INFO] [stderr]     13:     0x558f9ba66676 - std::sys_common::backtrace::__rust_end_short_backtrace::hb02085545dc143b9
[INFO] [stderr]                                  at /rustc/268dbbbc4b3fd71c5f360a4d0728295252430b5b/library/std/src/sys_common/backtrace.rs:171:18
[INFO] [stderr]     14:     0x558f9ba678f4 - rust_begin_unwind
[INFO] [stderr]                                  at /rustc/268dbbbc4b3fd71c5f360a4d0728295252430b5b/library/std/src/panicking.rs:647:5
[INFO] [stderr]     15:     0x558f9b9d8685 - core::panicking::panic_fmt::h6dca3983f8a9f4d0
[INFO] [stderr]                                  at /rustc/268dbbbc4b3fd71c5f360a4d0728295252430b5b/library/core/src/panicking.rs:72:14
[INFO] [stderr]     16:     0x558f9b9e16f3 - build_script_main::validate_headers::hb561dc52e7c2a126
[INFO] [stderr]     17:     0x558f9b9de15e - build_script_main::find::try_pkg_config::h3f36712b43cc27d8
[INFO] [stderr]     18:     0x558f9b9dce78 - build_script_main::find::find_openssl_dir::h246f38a7e0a64c5e
[INFO] [stderr]     19:     0x558f9b9dcc82 - build_script_main::find::get_openssl::{{closure}}::h1f7d231df7a7a326
[INFO] [stderr]     20:     0x558f9b9dabef - core::option::Option<T>::unwrap_or_else::h13784d111df2f509
[INFO] [stderr]     21:     0x558f9b9dca7d - build_script_main::find::get_openssl::h04d2c124b4e21cc9
[INFO] [stderr]     22:     0x558f9b9df049 - build_script_main::main::hd5f4f5dbeb9a9c1a
[INFO] [stderr]     23:     0x558f9b9d9773 - core::ops::function::FnOnce::call_once::h04533cbb22d93a41
[INFO] [stderr]     24:     0x558f9b9d9266 - std::sys_common::backtrace::__rust_begin_short_backtrace::h66c6c54c5bad6a03
[INFO] [stderr]     25:     0x558f9b9e2e89 - std::rt::lang_start::{{closure}}::h3de4c7ec712edcd7
[INFO] [stderr]     26:     0x558f9ba5fa61 - core::ops::function::impls::<impl core::ops::function::FnOnce<A> for &F>::call_once::h298d8ff12ebcec8c
[INFO] [stderr]                                  at /rustc/268dbbbc4b3fd71c5f360a4d0728295252430b5b/library/core/src/ops/function.rs:284:13
[INFO] [stderr]     27:     0x558f9ba5fa61 - std::panicking::try::do_call::hbd0ffb05da5bd343
[INFO] [stderr]                                  at /rustc/268dbbbc4b3fd71c5f360a4d0728295252430b5b/library/std/src/panicking.rs:554:40
[INFO] [stderr]     28:     0x558f9ba5fa61 - std::panicking::try::h11c9a152defd5d2a
[INFO] [stderr]                                  at /rustc/268dbbbc4b3fd71c5f360a4d0728295252430b5b/library/std/src/panicking.rs:518:19
[INFO] [stderr]     29:     0x558f9ba5fa61 - std::panic::catch_unwind::h0d6db2fa902b4d64
[INFO] [stderr]                                  at /rustc/268dbbbc4b3fd71c5f360a4d0728295252430b5b/library/std/src/panic.rs:142:14
[INFO] [stderr]     30:     0x558f9ba5fa61 - std::rt::lang_start_internal::{{closure}}::hdcc09b4aad7ef821
[INFO] [stderr]                                  at /rustc/268dbbbc4b3fd71c5f360a4d0728295252430b5b/library/std/src/rt.rs:148:48
[INFO] [stderr]     31:     0x558f9ba5fa61 - std::panicking::try::do_call::h3ffd2f162d60900f
[INFO] [stderr]                                  at /rustc/268dbbbc4b3fd71c5f360a4d0728295252430b5b/library/std/src/panicking.rs:554:40
[INFO] [stderr]     32:     0x558f9ba5fa61 - std::panicking::try::heeba82b9c3e190fb
[INFO] [stderr]                                  at /rustc/268dbbbc4b3fd71c5f360a4d0728295252430b5b/library/std/src/panicking.rs:518:19
[INFO] [stderr]     33:     0x558f9ba5fa61 - std::panic::catch_unwind::hdaab8f1c188f387f
[INFO] [stderr]                                  at /rustc/268dbbbc4b3fd71c5f360a4d0728295252430b5b/library/std/src/panic.rs:142:14
[INFO] [stderr]     34:     0x558f9ba5fa61 - std::rt::lang_start_internal::h9989e088c48b7903
[INFO] [stderr]                                  at /rustc/268dbbbc4b3fd71c5f360a4d0728295252430b5b/library/std/src/rt.rs:148:20
[INFO] [stderr]     35:     0x558f9b9e2e67 - std::rt::lang_start::ha213319d2ccc53d4
[INFO] [stderr]     36:     0x558f9b9e25d5 - main
[INFO] [stderr]     37:     0x7fc80628dd90 - <unknown>
[INFO] [stderr]     38:     0x7fc80628de40 - __libc_start_main
[INFO] [stderr]     39:     0x558f9b9d8ea5 - _start
[INFO] [stderr]     40:                0x0 - <unknown>
[INFO] [stderr] warning: build failed, waiting for other jobs to finish...
[INFO] running `Command { std: "docker" "inspect" "1fc24f2ed612b9b9ddfee5502ed72215a91d99f1aff82bd34d424fdf0d2b184a", kill_on_drop: false }`
[INFO] running `Command { std: "docker" "rm" "-f" "1fc24f2ed612b9b9ddfee5502ed72215a91d99f1aff82bd34d424fdf0d2b184a", kill_on_drop: false }`
[INFO] [stdout] 1fc24f2ed612b9b9ddfee5502ed72215a91d99f1aff82bd34d424fdf0d2b184a
