[INFO] fetching crate golang-type-name-macro 0.1.0...
[INFO] checking golang-type-name-macro-0.1.0 against nightly-2024-02-05 for check-cfg
[INFO] extracting crate golang-type-name-macro 0.1.0 into /workspace/builds/worker-7-tc1/source
[INFO] validating manifest of crates.io crate golang-type-name-macro 0.1.0 on toolchain nightly-2024-02-05
[INFO] running `Command { std: CARGO_HOME="/workspace/cargo-home" RUSTUP_HOME="/workspace/rustup-home" "/workspace/cargo-home/bin/cargo" "+nightly-2024-02-05" "metadata" "--manifest-path" "Cargo.toml" "--no-deps", kill_on_drop: false }`
[INFO] started tweaking crates.io crate golang-type-name-macro 0.1.0
[INFO] finished tweaking crates.io crate golang-type-name-macro 0.1.0
[INFO] tweaked toml for crates.io crate golang-type-name-macro 0.1.0 written to /workspace/builds/worker-7-tc1/source/Cargo.toml
[INFO] running `Command { std: CARGO_HOME="/workspace/cargo-home" RUSTUP_HOME="/workspace/rustup-home" "/workspace/cargo-home/bin/cargo" "+nightly-2024-02-05" "generate-lockfile" "--manifest-path" "Cargo.toml", kill_on_drop: false }`
[INFO] [stderr]     Updating crates.io index
[INFO] running `Command { std: CARGO_HOME="/workspace/cargo-home" RUSTUP_HOME="/workspace/rustup-home" "/workspace/cargo-home/bin/cargo" "+nightly-2024-02-05" "fetch" "--manifest-path" "Cargo.toml", kill_on_drop: false }`
[INFO] [stderr]     Blocking waiting for file lock on package cache
[INFO] [stderr]     Blocking waiting for file lock on package cache
[INFO] [stderr]  Downloading crates ...
[INFO] [stderr]   Downloaded golang-type-name-core v0.1.0
[INFO] [stderr]   Downloaded golang-parser v0.1.0
[INFO] [stderr]   Downloaded tree-sitter-go v0.16.0
[INFO] [stderr]   Downloaded tree-sitter v0.17.1
[INFO] running `Command { std: "docker" "create" "-v" "/var/lib/crater-agent-workspace/builds/worker-7-tc1/target:/opt/rustwide/target:rw,Z" "-v" "/var/lib/crater-agent-workspace/builds/worker-7-tc1/source:/opt/rustwide/workdir:ro,Z" "-v" "/var/lib/crater-agent-workspace/cargo-home:/opt/rustwide/cargo-home:ro,Z" "-v" "/var/lib/crater-agent-workspace/rustup-home:/opt/rustwide/rustup-home:ro,Z" "-e" "SOURCE_DIR=/opt/rustwide/workdir" "-e" "CARGO_TARGET_DIR=/opt/rustwide/target" "-e" "CARGO_HOME=/opt/rustwide/cargo-home" "-e" "RUSTUP_HOME=/opt/rustwide/rustup-home" "-w" "/opt/rustwide/workdir" "-m" "1610612736" "--user" "0:0" "--network" "none" "ghcr.io/rust-lang/crates-build-env/linux@sha256:2788e3201cd34a07e3172128adcd8b3090168a8e3bcc40d7c032b9dda1df7d1c" "/opt/rustwide/cargo-home/bin/cargo" "+nightly-2024-02-05" "metadata" "--no-deps" "--format-version=1", kill_on_drop: false }`
[INFO] [stdout] cfcaa28ad5855f9cb8dd499ce2072a558e663abedad8f1a4e750e46e886471fb
[INFO] running `Command { std: "docker" "start" "-a" "cfcaa28ad5855f9cb8dd499ce2072a558e663abedad8f1a4e750e46e886471fb", kill_on_drop: false }`
[INFO] running `Command { std: "docker" "inspect" "cfcaa28ad5855f9cb8dd499ce2072a558e663abedad8f1a4e750e46e886471fb", kill_on_drop: false }`
[INFO] running `Command { std: "docker" "rm" "-f" "cfcaa28ad5855f9cb8dd499ce2072a558e663abedad8f1a4e750e46e886471fb", kill_on_drop: false }`
[INFO] [stdout] cfcaa28ad5855f9cb8dd499ce2072a558e663abedad8f1a4e750e46e886471fb
[INFO] running `Command { std: "docker" "create" "-v" "/var/lib/crater-agent-workspace/builds/worker-7-tc1/target:/opt/rustwide/target:rw,Z" "-v" "/var/lib/crater-agent-workspace/builds/worker-7-tc1/source:/opt/rustwide/workdir:ro,Z" "-v" "/var/lib/crater-agent-workspace/cargo-home:/opt/rustwide/cargo-home:ro,Z" "-v" "/var/lib/crater-agent-workspace/rustup-home:/opt/rustwide/rustup-home:ro,Z" "-e" "SOURCE_DIR=/opt/rustwide/workdir" "-e" "CARGO_TARGET_DIR=/opt/rustwide/target" "-e" "CARGO_INCREMENTAL=0" "-e" "RUST_BACKTRACE=full" "-e" "RUSTFLAGS=--cap-lints=forbid" "-e" "RUSTDOCFLAGS=--cap-lints=forbid" "-e" "CARGO_HOME=/opt/rustwide/cargo-home" "-e" "RUSTUP_HOME=/opt/rustwide/rustup-home" "-w" "/opt/rustwide/workdir" "-m" "1610612736" "--user" "0:0" "--network" "none" "ghcr.io/rust-lang/crates-build-env/linux@sha256:2788e3201cd34a07e3172128adcd8b3090168a8e3bcc40d7c032b9dda1df7d1c" "/opt/rustwide/cargo-home/bin/cargo" "+nightly-2024-02-05" "check" "--frozen" "--all" "--all-targets" "--message-format=json", kill_on_drop: false }`
[INFO] [stdout] b825cb1da047c47b8cb7f623afffad75ce3891029e3ba05b2c73a6b0f7459407
[INFO] running `Command { std: "docker" "start" "-a" "b825cb1da047c47b8cb7f623afffad75ce3891029e3ba05b2c73a6b0f7459407", kill_on_drop: false }`
[INFO] [stderr]     Checking memchr v2.7.1
[INFO] [stderr]     Checking regex-syntax v0.8.2
[INFO] [stderr]    Compiling tree-sitter v0.17.1
[INFO] [stderr]    Compiling tree-sitter-go v0.16.0
[INFO] [stderr]    Compiling syn v1.0.109
[INFO] [stderr]    Compiling thiserror v1.0.56
[INFO] [stderr]     Checking aho-corasick v1.1.2
[INFO] [stderr]     Checking regex-automata v0.4.5
[INFO] [stderr]     Checking regex v1.10.3
[INFO] [stderr]     Checking golang-parser v0.1.0
[INFO] [stderr]     Checking golang-type-name-core v0.1.0
[INFO] [stderr]     Checking golang-type-name-macro v0.1.0 (/opt/rustwide/workdir)
[INFO] [stdout] error[E0599]: no function or associated item named `new_spanned` found for struct `syn::Error` in the current scope
[INFO] [stdout]    --> src/lib.rs:20:58
[INFO] [stdout]     |
[INFO] [stdout] 20  |             .map_err(|err: TypeNameParseError| SynError::new_spanned(type_name, err.to_string()))?;
[INFO] [stdout]     |                                                          ^^^^^^^^^^^ function or associated item not found in `syn::Error`
[INFO] [stdout]     |
[INFO] [stdout] note: if you're trying to build a new `syn::Error`, consider using `syn::Error::new` which returns `syn::Error`
[INFO] [stdout]    --> /opt/rustwide/cargo-home/registry/src/index.crates.io-6f17d22bba15001f/syn-1.0.109/src/error.rs:136:5
[INFO] [stdout]     |
[INFO] [stdout] 136 |     pub fn new<T: Display>(span: Span, message: T) -> Self {
[INFO] [stdout]     |     ^^^^^^^^^^^^^^^^^^^^^^^^^^^^^^^^^^^^^^^^^^^^^^^^^^^^^^
[INFO] [stdout] 
[INFO] [stdout] 
[INFO] [stdout] error[E0599]: no function or associated item named `new_spanned` found for struct `syn::Error` in the current scope
[INFO] [stdout]    --> src/lib.rs:20:58
[INFO] [stdout]     |
[INFO] [stdout] 20  |             .map_err(|err: TypeNameParseError| SynError::new_spanned(type_name, err.to_string()))?;
[INFO] [stdout]     |                                                          ^^^^^^^^^^^ function or associated item not found in `syn::Error`
[INFO] [stdout]     |
[INFO] [stdout] note: if you're trying to build a new `syn::Error`, consider using `syn::Error::new` which returns `syn::Error`
[INFO] [stdout]    --> /opt/rustwide/cargo-home/registry/src/index.crates.io-6f17d22bba15001f/syn-1.0.109/src/error.rs:136:5
[INFO] [stdout]     |
[INFO] [stdout] 136 |     pub fn new<T: Display>(span: Span, message: T) -> Self {
[INFO] [stdout]     |     ^^^^^^^^^^^^^^^^^^^^^^^^^^^^^^^^^^^^^^^^^^^^^^^^^^^^^^
[INFO] [stdout] 
[INFO] [stdout] 
[INFO] [stdout] error: aborting due to 1 previous error
[INFO] [stdout] 
[INFO] [stdout] 
[INFO] [stdout] For more information about this error, try `rustc --explain E0599`.
[INFO] [stdout] 
[INFO] [stdout] error: aborting due to 1 previous error
[INFO] [stdout] 
[INFO] [stdout] 
[INFO] [stdout] For more information about this error, try `rustc --explain E0599`.
[INFO] [stdout] 
[INFO] [stderr] error: could not compile `golang-type-name-macro` (lib) due to 2 previous errors
[INFO] [stderr] warning: build failed, waiting for other jobs to finish...
[INFO] [stderr] error: could not compile `golang-type-name-macro` (lib test) due to 2 previous errors
[INFO] running `Command { std: "docker" "inspect" "b825cb1da047c47b8cb7f623afffad75ce3891029e3ba05b2c73a6b0f7459407", kill_on_drop: false }`
[INFO] running `Command { std: "docker" "rm" "-f" "b825cb1da047c47b8cb7f623afffad75ce3891029e3ba05b2c73a6b0f7459407", kill_on_drop: false }`
[INFO] [stdout] b825cb1da047c47b8cb7f623afffad75ce3891029e3ba05b2c73a6b0f7459407
[INFO] checking golang-type-name-macro-0.1.0 against nightly-2024-02-05+rustflags=-Dunexpected_cfgs+cargoflags=-Zcheck-cfg for check-cfg
[INFO] extracting crate golang-type-name-macro 0.1.0 into /workspace/builds/worker-7-tc2/source
[INFO] validating manifest of crates.io crate golang-type-name-macro 0.1.0 on toolchain nightly-2024-02-05
[INFO] running `Command { std: CARGO_HOME="/workspace/cargo-home" RUSTUP_HOME="/workspace/rustup-home" "/workspace/cargo-home/bin/cargo" "+nightly-2024-02-05" "metadata" "--manifest-path" "Cargo.toml" "--no-deps", kill_on_drop: false }`
[INFO] started tweaking crates.io crate golang-type-name-macro 0.1.0
[INFO] finished tweaking crates.io crate golang-type-name-macro 0.1.0
[INFO] tweaked toml for crates.io crate golang-type-name-macro 0.1.0 written to /workspace/builds/worker-7-tc2/source/Cargo.toml
[INFO] running `Command { std: CARGO_HOME="/workspace/cargo-home" RUSTUP_HOME="/workspace/rustup-home" "/workspace/cargo-home/bin/cargo" "+nightly-2024-02-05" "generate-lockfile" "--manifest-path" "Cargo.toml", kill_on_drop: false }`
[INFO] [stderr]     Updating crates.io index
[INFO] running `Command { std: CARGO_HOME="/workspace/cargo-home" RUSTUP_HOME="/workspace/rustup-home" "/workspace/cargo-home/bin/cargo" "+nightly-2024-02-05" "fetch" "--manifest-path" "Cargo.toml", kill_on_drop: false }`
[INFO] running `Command { std: "docker" "create" "-v" "/var/lib/crater-agent-workspace/builds/worker-7-tc2/target:/opt/rustwide/target:rw,Z" "-v" "/var/lib/crater-agent-workspace/builds/worker-7-tc2/source:/opt/rustwide/workdir:ro,Z" "-v" "/var/lib/crater-agent-workspace/cargo-home:/opt/rustwide/cargo-home:ro,Z" "-v" "/var/lib/crater-agent-workspace/rustup-home:/opt/rustwide/rustup-home:ro,Z" "-e" "SOURCE_DIR=/opt/rustwide/workdir" "-e" "CARGO_TARGET_DIR=/opt/rustwide/target" "-e" "CARGO_HOME=/opt/rustwide/cargo-home" "-e" "RUSTUP_HOME=/opt/rustwide/rustup-home" "-w" "/opt/rustwide/workdir" "-m" "1610612736" "--user" "0:0" "--network" "none" "ghcr.io/rust-lang/crates-build-env/linux@sha256:2788e3201cd34a07e3172128adcd8b3090168a8e3bcc40d7c032b9dda1df7d1c" "/opt/rustwide/cargo-home/bin/cargo" "+nightly-2024-02-05" "metadata" "--no-deps" "--format-version=1", kill_on_drop: false }`
[INFO] [stdout] dd162f89ee5f3aef5df2526ea385931f1fd62b81d439a79e816c2b78869ed4c4
[INFO] running `Command { std: "docker" "start" "-a" "dd162f89ee5f3aef5df2526ea385931f1fd62b81d439a79e816c2b78869ed4c4", kill_on_drop: false }`
[INFO] running `Command { std: "docker" "inspect" "dd162f89ee5f3aef5df2526ea385931f1fd62b81d439a79e816c2b78869ed4c4", kill_on_drop: false }`
[INFO] running `Command { std: "docker" "rm" "-f" "dd162f89ee5f3aef5df2526ea385931f1fd62b81d439a79e816c2b78869ed4c4", kill_on_drop: false }`
[INFO] [stdout] dd162f89ee5f3aef5df2526ea385931f1fd62b81d439a79e816c2b78869ed4c4
[INFO] running `Command { std: "docker" "create" "-v" "/var/lib/crater-agent-workspace/builds/worker-7-tc2/target:/opt/rustwide/target:rw,Z" "-v" "/var/lib/crater-agent-workspace/builds/worker-7-tc2/source:/opt/rustwide/workdir:ro,Z" "-v" "/var/lib/crater-agent-workspace/cargo-home:/opt/rustwide/cargo-home:ro,Z" "-v" "/var/lib/crater-agent-workspace/rustup-home:/opt/rustwide/rustup-home:ro,Z" "-e" "SOURCE_DIR=/opt/rustwide/workdir" "-e" "CARGO_TARGET_DIR=/opt/rustwide/target" "-e" "CARGO_INCREMENTAL=0" "-e" "RUST_BACKTRACE=full" "-e" "RUSTFLAGS=--cap-lints=forbid -Dunexpected_cfgs" "-e" "RUSTDOCFLAGS=--cap-lints=forbid" "-e" "CARGO_HOME=/opt/rustwide/cargo-home" "-e" "RUSTUP_HOME=/opt/rustwide/rustup-home" "-w" "/opt/rustwide/workdir" "-m" "1610612736" "--user" "0:0" "--network" "none" "ghcr.io/rust-lang/crates-build-env/linux@sha256:2788e3201cd34a07e3172128adcd8b3090168a8e3bcc40d7c032b9dda1df7d1c" "/opt/rustwide/cargo-home/bin/cargo" "+nightly-2024-02-05" "check" "--frozen" "--all" "--all-targets" "--message-format=json" "-Zcheck-cfg", kill_on_drop: false }`
[INFO] [stdout] e60a86d879b6a4106d1d90888fccd02ffed66094db078166b20d52421630effd
[INFO] running `Command { std: "docker" "start" "-a" "e60a86d879b6a4106d1d90888fccd02ffed66094db078166b20d52421630effd", kill_on_drop: false }`
[INFO] [stderr]     Checking memchr v2.7.1
[INFO] [stderr]     Checking regex-syntax v0.8.2
[INFO] [stderr]    Compiling syn v1.0.109
[INFO] [stderr]    Compiling thiserror v1.0.56
[INFO] [stderr]    Compiling tree-sitter v0.17.1
[INFO] [stderr]    Compiling tree-sitter-go v0.16.0
[INFO] [stderr]     Checking aho-corasick v1.1.2
[INFO] [stderr]     Checking regex-automata v0.4.5
[INFO] [stderr]     Checking regex v1.10.3
[INFO] [stderr]     Checking golang-parser v0.1.0
[INFO] [stderr]     Checking golang-type-name-core v0.1.0
[INFO] [stderr]     Checking golang-type-name-macro v0.1.0 (/opt/rustwide/workdir)
[INFO] [stdout] error[E0599]: no function or associated item named `new_spanned` found for struct `syn::Error` in the current scope
[INFO] [stdout]    --> src/lib.rs:20:58
[INFO] [stdout]     |
[INFO] [stdout] 20  |             .map_err(|err: TypeNameParseError| SynError::new_spanned(type_name, err.to_string()))?;
[INFO] [stdout]     |                                                          ^^^^^^^^^^^ function or associated item not found in `syn::Error`
[INFO] [stdout]     |
[INFO] [stdout] note: if you're trying to build a new `syn::Error`, consider using `syn::Error::new` which returns `syn::Error`
[INFO] [stdout]    --> /opt/rustwide/cargo-home/registry/src/index.crates.io-6f17d22bba15001f/syn-1.0.109/src/error.rs:136:5
[INFO] [stdout]     |
[INFO] [stdout] 136 |     pub fn new<T: Display>(span: Span, message: T) -> Self {
[INFO] [stdout]     |     ^^^^^^^^^^^^^^^^^^^^^^^^^^^^^^^^^^^^^^^^^^^^^^^^^^^^^^
[INFO] [stdout] 
[INFO] [stdout] 
[INFO] [stdout] error[E0599]: no function or associated item named `new_spanned` found for struct `syn::Error` in the current scope
[INFO] [stdout]    --> src/lib.rs:20:58
[INFO] [stdout]     |
[INFO] [stdout] 20  |             .map_err(|err: TypeNameParseError| SynError::new_spanned(type_name, err.to_string()))?;
[INFO] [stdout]     |                                                          ^^^^^^^^^^^ function or associated item not found in `syn::Error`
[INFO] [stdout]     |
[INFO] [stdout] note: if you're trying to build a new `syn::Error`, consider using `syn::Error::new` which returns `syn::Error`
[INFO] [stdout]    --> /opt/rustwide/cargo-home/registry/src/index.crates.io-6f17d22bba15001f/syn-1.0.109/src/error.rs:136:5
[INFO] [stdout]     |
[INFO] [stdout] 136 |     pub fn new<T: Display>(span: Span, message: T) -> Self {
[INFO] [stdout]     |     ^^^^^^^^^^^^^^^^^^^^^^^^^^^^^^^^^^^^^^^^^^^^^^^^^^^^^^
[INFO] [stdout] 
[INFO] [stdout] 
[INFO] [stdout] error: aborting due to 1 previous error
[INFO] [stdout] 
[INFO] [stdout] 
[INFO] [stdout] For more information about this error, try `rustc --explain E0599`.
[INFO] [stdout] 
[INFO] [stdout] error: aborting due to 1 previous error
[INFO] [stdout] 
[INFO] [stdout] 
[INFO] [stdout] For more information about this error, try `rustc --explain E0599`.
[INFO] [stdout] 
[INFO] [stderr] error: could not compile `golang-type-name-macro` (lib) due to 2 previous errors
[INFO] [stderr] warning: build failed, waiting for other jobs to finish...
[INFO] [stderr] error: could not compile `golang-type-name-macro` (lib test) due to 2 previous errors
[INFO] running `Command { std: "docker" "inspect" "e60a86d879b6a4106d1d90888fccd02ffed66094db078166b20d52421630effd", kill_on_drop: false }`
[INFO] running `Command { std: "docker" "rm" "-f" "e60a86d879b6a4106d1d90888fccd02ffed66094db078166b20d52421630effd", kill_on_drop: false }`
[INFO] [stdout] e60a86d879b6a4106d1d90888fccd02ffed66094db078166b20d52421630effd
