[INFO] fetching crate golang-type-decl 0.3.0...
[INFO] checking golang-type-decl-0.3.0 against nightly-2024-02-05 for check-cfg
[INFO] extracting crate golang-type-decl 0.3.0 into /workspace/builds/worker-4-tc1/source
[INFO] validating manifest of crates.io crate golang-type-decl 0.3.0 on toolchain nightly-2024-02-05
[INFO] running `Command { std: CARGO_HOME="/workspace/cargo-home" RUSTUP_HOME="/workspace/rustup-home" "/workspace/cargo-home/bin/cargo" "+nightly-2024-02-05" "metadata" "--manifest-path" "Cargo.toml" "--no-deps", kill_on_drop: false }`
[INFO] started tweaking crates.io crate golang-type-decl 0.3.0
[INFO] finished tweaking crates.io crate golang-type-decl 0.3.0
[INFO] tweaked toml for crates.io crate golang-type-decl 0.3.0 written to /workspace/builds/worker-4-tc1/source/Cargo.toml
[INFO] running `Command { std: CARGO_HOME="/workspace/cargo-home" RUSTUP_HOME="/workspace/rustup-home" "/workspace/cargo-home/bin/cargo" "+nightly-2024-02-05" "generate-lockfile" "--manifest-path" "Cargo.toml", kill_on_drop: false }`
[INFO] [stderr]     Updating crates.io index
[INFO] running `Command { std: CARGO_HOME="/workspace/cargo-home" RUSTUP_HOME="/workspace/rustup-home" "/workspace/cargo-home/bin/cargo" "+nightly-2024-02-05" "fetch" "--manifest-path" "Cargo.toml", kill_on_drop: false }`
[INFO] [stderr]  Downloading crates ...
[INFO] [stderr]   Downloaded golang-type-core v0.1.0
[INFO] [stderr]   Downloaded golang-struct-tag v0.1.0
[INFO] [stderr]   Downloaded golang-type-decl-macro v0.3.0
[INFO] [stderr]   Downloaded serde-aux v2.3.0
[INFO] [stderr]   Downloaded golang-type-decl-core v0.3.0
[INFO] [stderr]   Downloaded golang-type-name-core v0.1.0
[INFO] [stderr]   Downloaded golang-parser v0.1.0
[INFO] [stderr]   Downloaded tree-sitter v0.17.1
[INFO] [stderr]   Downloaded tree-sitter-go v0.16.0
[INFO] running `Command { std: "docker" "create" "-v" "/var/lib/crater-agent-workspace/builds/worker-4-tc1/target:/opt/rustwide/target:rw,Z" "-v" "/var/lib/crater-agent-workspace/builds/worker-4-tc1/source:/opt/rustwide/workdir:ro,Z" "-v" "/var/lib/crater-agent-workspace/cargo-home:/opt/rustwide/cargo-home:ro,Z" "-v" "/var/lib/crater-agent-workspace/rustup-home:/opt/rustwide/rustup-home:ro,Z" "-e" "SOURCE_DIR=/opt/rustwide/workdir" "-e" "CARGO_TARGET_DIR=/opt/rustwide/target" "-e" "CARGO_HOME=/opt/rustwide/cargo-home" "-e" "RUSTUP_HOME=/opt/rustwide/rustup-home" "-w" "/opt/rustwide/workdir" "-m" "1610612736" "--user" "0:0" "--network" "none" "ghcr.io/rust-lang/crates-build-env/linux@sha256:2788e3201cd34a07e3172128adcd8b3090168a8e3bcc40d7c032b9dda1df7d1c" "/opt/rustwide/cargo-home/bin/cargo" "+nightly-2024-02-05" "metadata" "--no-deps" "--format-version=1", kill_on_drop: false }`
[INFO] [stdout] 9e6877cc3cf35e7bfc030e9fe5703b4adb71a5dc4aa9cb39183f90713a639595
[INFO] running `Command { std: "docker" "start" "-a" "9e6877cc3cf35e7bfc030e9fe5703b4adb71a5dc4aa9cb39183f90713a639595", kill_on_drop: false }`
[INFO] running `Command { std: "docker" "inspect" "9e6877cc3cf35e7bfc030e9fe5703b4adb71a5dc4aa9cb39183f90713a639595", kill_on_drop: false }`
[INFO] running `Command { std: "docker" "rm" "-f" "9e6877cc3cf35e7bfc030e9fe5703b4adb71a5dc4aa9cb39183f90713a639595", kill_on_drop: false }`
[INFO] [stdout] 9e6877cc3cf35e7bfc030e9fe5703b4adb71a5dc4aa9cb39183f90713a639595
[INFO] running `Command { std: "docker" "create" "-v" "/var/lib/crater-agent-workspace/builds/worker-4-tc1/target:/opt/rustwide/target:rw,Z" "-v" "/var/lib/crater-agent-workspace/builds/worker-4-tc1/source:/opt/rustwide/workdir:ro,Z" "-v" "/var/lib/crater-agent-workspace/cargo-home:/opt/rustwide/cargo-home:ro,Z" "-v" "/var/lib/crater-agent-workspace/rustup-home:/opt/rustwide/rustup-home:ro,Z" "-e" "SOURCE_DIR=/opt/rustwide/workdir" "-e" "CARGO_TARGET_DIR=/opt/rustwide/target" "-e" "CARGO_INCREMENTAL=0" "-e" "RUST_BACKTRACE=full" "-e" "RUSTFLAGS=--cap-lints=forbid" "-e" "RUSTDOCFLAGS=--cap-lints=forbid" "-e" "CARGO_HOME=/opt/rustwide/cargo-home" "-e" "RUSTUP_HOME=/opt/rustwide/rustup-home" "-w" "/opt/rustwide/workdir" "-m" "1610612736" "--user" "0:0" "--network" "none" "ghcr.io/rust-lang/crates-build-env/linux@sha256:2788e3201cd34a07e3172128adcd8b3090168a8e3bcc40d7c032b9dda1df7d1c" "/opt/rustwide/cargo-home/bin/cargo" "+nightly-2024-02-05" "check" "--frozen" "--all" "--all-targets" "--message-format=json", kill_on_drop: false }`
[INFO] [stdout] 2b057d113634d1ec38b5c00abc55e69658d9d254e368db4fe752f38ac0b1f489
[INFO] running `Command { std: "docker" "start" "-a" "2b057d113634d1ec38b5c00abc55e69658d9d254e368db4fe752f38ac0b1f489", kill_on_drop: false }`
[INFO] [stderr]    Compiling proc-macro2 v1.0.78
[INFO] [stderr]    Compiling memchr v2.7.1
[INFO] [stderr]    Compiling libc v0.2.153
[INFO] [stderr]    Compiling tinyvec_macros v0.1.1
[INFO] [stderr]    Compiling percent-encoding v2.3.1
[INFO] [stderr]    Compiling num-traits v0.2.17
[INFO] [stderr]    Compiling unicode-bidi v0.3.15
[INFO] [stderr]    Compiling syn v1.0.109
[INFO] [stderr]    Compiling tinyvec v1.6.0
[INFO] [stderr]    Compiling form_urlencoded v1.2.1
[INFO] [stderr]     Checking iana-time-zone v0.1.60
[INFO] [stderr]    Compiling cc v1.0.83
[INFO] [stderr]    Compiling quote v1.0.35
[INFO] [stderr]    Compiling aho-corasick v1.1.2
[INFO] [stderr]    Compiling syn v2.0.48
[INFO] [stderr]    Compiling unicode-normalization v0.1.22
[INFO] [stderr]     Checking chrono v0.4.33
[INFO] [stderr]    Compiling tree-sitter v0.17.1
[INFO] [stderr]    Compiling tree-sitter-go v0.16.0
[INFO] [stderr]    Compiling idna v0.5.0
[INFO] [stderr]    Compiling regex-automata v0.4.5
[INFO] [stderr]    Compiling url v2.5.0
[INFO] [stderr]    Compiling regex v1.10.3
[INFO] [stderr]    Compiling thiserror-impl v1.0.56
[INFO] [stderr]    Compiling serde_derive v1.0.196
[INFO] [stderr]    Compiling thiserror v1.0.56
[INFO] [stderr]     Checking golang-parser v0.1.0
[INFO] [stderr]     Checking pest v2.7.7
[INFO] [stderr]    Compiling golang-type-name-core v0.1.0
[INFO] [stderr]    Compiling pest_meta v2.7.7
[INFO] [stderr]     Checking serde v1.0.196
[INFO] [stderr]    Compiling pest_generator v2.7.7
[INFO] [stderr]    Compiling pest_derive v2.7.7
[INFO] [stderr]    Compiling golang-struct-tag v0.1.0
[INFO] [stdout] error[E0433]: failed to resolve: could not find `alloc` in the list of imported crates
[INFO] [stdout]  --> /opt/rustwide/cargo-home/registry/src/index.crates.io-6f17d22bba15001f/golang-struct-tag-0.1.0/src/convention_struct_tag_parser.rs:3:10
[INFO] [stdout]   |
[INFO] [stdout] 3 | #[derive(Parser)]
[INFO] [stdout]   |          ^^^^^^ could not find `alloc` in the list of imported crates
[INFO] [stdout]   |
[INFO] [stdout]   = help: consider importing this module:
[INFO] [stdout]           std::boxed
[INFO] [stdout]   = note: this error originates in the derive macro `Parser` (in Nightly builds, run with -Z macro-backtrace for more info)
[INFO] [stdout] 
[INFO] [stdout] 
[INFO] [stdout] error[E0433]: failed to resolve: could not find `alloc` in the list of imported crates
[INFO] [stdout]  --> /opt/rustwide/cargo-home/registry/src/index.crates.io-6f17d22bba15001f/golang-struct-tag-0.1.0/src/convention_struct_tag_parser.rs:3:10
[INFO] [stdout]   |
[INFO] [stdout] 3 | #[derive(Parser)]
[INFO] [stdout]   |          ^^^^^^ could not find `alloc` in the list of imported crates
[INFO] [stdout]   |
[INFO] [stdout]   = help: consider importing this module:
[INFO] [stdout]           std::boxed
[INFO] [stdout]   = note: this error originates in the derive macro `Parser` (in Nightly builds, run with -Z macro-backtrace for more info)
[INFO] [stdout] 
[INFO] [stdout] 
[INFO] [stdout] error: aborting due to 1 previous error
[INFO] [stdout] 
[INFO] [stdout] 
[INFO] [stdout] For more information about this error, try `rustc --explain E0433`.
[INFO] [stdout] 
[INFO] [stdout] error: aborting due to 1 previous error
[INFO] [stdout] 
[INFO] [stdout] 
[INFO] [stdout] For more information about this error, try `rustc --explain E0433`.
[INFO] [stdout] 
[INFO] [stderr] error: could not compile `golang-struct-tag` (lib) due to 2 previous errors
[INFO] [stderr] warning: build failed, waiting for other jobs to finish...
[INFO] [stderr] error: could not compile `golang-struct-tag` (lib) due to 2 previous errors
[INFO] running `Command { std: "docker" "inspect" "2b057d113634d1ec38b5c00abc55e69658d9d254e368db4fe752f38ac0b1f489", kill_on_drop: false }`
[INFO] running `Command { std: "docker" "rm" "-f" "2b057d113634d1ec38b5c00abc55e69658d9d254e368db4fe752f38ac0b1f489", kill_on_drop: false }`
[INFO] [stdout] 2b057d113634d1ec38b5c00abc55e69658d9d254e368db4fe752f38ac0b1f489
[INFO] checking golang-type-decl-0.3.0 against nightly-2024-02-05+rustflags=-Dunexpected_cfgs+cargoflags=-Zcheck-cfg for check-cfg
[INFO] extracting crate golang-type-decl 0.3.0 into /workspace/builds/worker-4-tc2/source
[INFO] validating manifest of crates.io crate golang-type-decl 0.3.0 on toolchain nightly-2024-02-05
[INFO] running `Command { std: CARGO_HOME="/workspace/cargo-home" RUSTUP_HOME="/workspace/rustup-home" "/workspace/cargo-home/bin/cargo" "+nightly-2024-02-05" "metadata" "--manifest-path" "Cargo.toml" "--no-deps", kill_on_drop: false }`
[INFO] started tweaking crates.io crate golang-type-decl 0.3.0
[INFO] finished tweaking crates.io crate golang-type-decl 0.3.0
[INFO] tweaked toml for crates.io crate golang-type-decl 0.3.0 written to /workspace/builds/worker-4-tc2/source/Cargo.toml
[INFO] running `Command { std: CARGO_HOME="/workspace/cargo-home" RUSTUP_HOME="/workspace/rustup-home" "/workspace/cargo-home/bin/cargo" "+nightly-2024-02-05" "generate-lockfile" "--manifest-path" "Cargo.toml", kill_on_drop: false }`
[INFO] [stderr]     Updating crates.io index
[INFO] running `Command { std: CARGO_HOME="/workspace/cargo-home" RUSTUP_HOME="/workspace/rustup-home" "/workspace/cargo-home/bin/cargo" "+nightly-2024-02-05" "fetch" "--manifest-path" "Cargo.toml", kill_on_drop: false }`
[INFO] running `Command { std: "docker" "create" "-v" "/var/lib/crater-agent-workspace/builds/worker-4-tc2/target:/opt/rustwide/target:rw,Z" "-v" "/var/lib/crater-agent-workspace/builds/worker-4-tc2/source:/opt/rustwide/workdir:ro,Z" "-v" "/var/lib/crater-agent-workspace/cargo-home:/opt/rustwide/cargo-home:ro,Z" "-v" "/var/lib/crater-agent-workspace/rustup-home:/opt/rustwide/rustup-home:ro,Z" "-e" "SOURCE_DIR=/opt/rustwide/workdir" "-e" "CARGO_TARGET_DIR=/opt/rustwide/target" "-e" "CARGO_HOME=/opt/rustwide/cargo-home" "-e" "RUSTUP_HOME=/opt/rustwide/rustup-home" "-w" "/opt/rustwide/workdir" "-m" "1610612736" "--user" "0:0" "--network" "none" "ghcr.io/rust-lang/crates-build-env/linux@sha256:2788e3201cd34a07e3172128adcd8b3090168a8e3bcc40d7c032b9dda1df7d1c" "/opt/rustwide/cargo-home/bin/cargo" "+nightly-2024-02-05" "metadata" "--no-deps" "--format-version=1", kill_on_drop: false }`
[INFO] [stdout] 9307a612e384483b8246af0edd6c5267334c3675a557dbc778be260320613d27
[INFO] running `Command { std: "docker" "start" "-a" "9307a612e384483b8246af0edd6c5267334c3675a557dbc778be260320613d27", kill_on_drop: false }`
[INFO] running `Command { std: "docker" "inspect" "9307a612e384483b8246af0edd6c5267334c3675a557dbc778be260320613d27", kill_on_drop: false }`
[INFO] running `Command { std: "docker" "rm" "-f" "9307a612e384483b8246af0edd6c5267334c3675a557dbc778be260320613d27", kill_on_drop: false }`
[INFO] [stdout] 9307a612e384483b8246af0edd6c5267334c3675a557dbc778be260320613d27
[INFO] running `Command { std: "docker" "create" "-v" "/var/lib/crater-agent-workspace/builds/worker-4-tc2/target:/opt/rustwide/target:rw,Z" "-v" "/var/lib/crater-agent-workspace/builds/worker-4-tc2/source:/opt/rustwide/workdir:ro,Z" "-v" "/var/lib/crater-agent-workspace/cargo-home:/opt/rustwide/cargo-home:ro,Z" "-v" "/var/lib/crater-agent-workspace/rustup-home:/opt/rustwide/rustup-home:ro,Z" "-e" "SOURCE_DIR=/opt/rustwide/workdir" "-e" "CARGO_TARGET_DIR=/opt/rustwide/target" "-e" "CARGO_INCREMENTAL=0" "-e" "RUST_BACKTRACE=full" "-e" "RUSTFLAGS=--cap-lints=forbid -Dunexpected_cfgs" "-e" "RUSTDOCFLAGS=--cap-lints=forbid" "-e" "CARGO_HOME=/opt/rustwide/cargo-home" "-e" "RUSTUP_HOME=/opt/rustwide/rustup-home" "-w" "/opt/rustwide/workdir" "-m" "1610612736" "--user" "0:0" "--network" "none" "ghcr.io/rust-lang/crates-build-env/linux@sha256:2788e3201cd34a07e3172128adcd8b3090168a8e3bcc40d7c032b9dda1df7d1c" "/opt/rustwide/cargo-home/bin/cargo" "+nightly-2024-02-05" "check" "--frozen" "--all" "--all-targets" "--message-format=json" "-Zcheck-cfg", kill_on_drop: false }`
[INFO] [stdout] d19f9db6a67cbd06d81d4163ab302c29390f48e1dbd188fa09854887e70294a4
[INFO] running `Command { std: "docker" "start" "-a" "d19f9db6a67cbd06d81d4163ab302c29390f48e1dbd188fa09854887e70294a4", kill_on_drop: false }`
[INFO] [stderr]    Compiling proc-macro2 v1.0.78
[INFO] [stderr]    Compiling memchr v2.7.1
[INFO] [stderr]    Compiling libc v0.2.153
[INFO] [stderr]    Compiling tinyvec_macros v0.1.1
[INFO] [stderr]    Compiling num-traits v0.2.17
[INFO] [stderr]    Compiling unicode-bidi v0.3.15
[INFO] [stderr]    Compiling percent-encoding v2.3.1
[INFO] [stderr]    Compiling syn v1.0.109
[INFO] [stderr]    Compiling tinyvec v1.6.0
[INFO] [stderr]    Compiling quote v1.0.35
[INFO] [stderr]    Compiling syn v2.0.48
[INFO] [stderr]    Compiling cc v1.0.83
[INFO] [stderr]    Compiling aho-corasick v1.1.2
[INFO] [stderr]    Compiling unicode-normalization v0.1.22
[INFO] [stderr]    Compiling form_urlencoded v1.2.1
[INFO] [stderr]     Checking iana-time-zone v0.1.60
[INFO] [stderr]    Compiling idna v0.5.0
[INFO] [stderr]     Checking chrono v0.4.33
[INFO] [stderr]    Compiling tree-sitter v0.17.1
[INFO] [stderr]    Compiling tree-sitter-go v0.16.0
[INFO] [stderr]    Compiling regex-automata v0.4.5
[INFO] [stderr]    Compiling url v2.5.0
[INFO] [stderr]    Compiling regex v1.10.3
[INFO] [stderr]    Compiling thiserror-impl v1.0.56
[INFO] [stderr]    Compiling serde_derive v1.0.196
[INFO] [stderr]    Compiling thiserror v1.0.56
[INFO] [stderr]    Compiling pest v2.7.7
[INFO] [stderr]    Compiling golang-parser v0.1.0
[INFO] [stderr]    Compiling golang-type-name-core v0.1.0
[INFO] [stderr]    Compiling pest_meta v2.7.7
[INFO] [stderr]     Checking serde v1.0.196
[INFO] [stderr]    Compiling pest_generator v2.7.7
[INFO] [stderr]    Compiling pest_derive v2.7.7
[INFO] [stderr]    Compiling golang-struct-tag v0.1.0
[INFO] [stdout] error[E0433]: failed to resolve: could not find `alloc` in the list of imported crates
[INFO] [stdout]  --> /opt/rustwide/cargo-home/registry/src/index.crates.io-6f17d22bba15001f/golang-struct-tag-0.1.0/src/convention_struct_tag_parser.rs:3:10
[INFO] [stdout]   |
[INFO] [stdout] 3 | #[derive(Parser)]
[INFO] [stdout]   |          ^^^^^^ could not find `alloc` in the list of imported crates
[INFO] [stdout]   |
[INFO] [stdout]   = help: consider importing this module:
[INFO] [stdout]           std::boxed
[INFO] [stdout]   = note: this error originates in the derive macro `Parser` (in Nightly builds, run with -Z macro-backtrace for more info)
[INFO] [stdout] 
[INFO] [stdout] 
[INFO] [stdout] error[E0433]: failed to resolve: could not find `alloc` in the list of imported crates
[INFO] [stdout]  --> /opt/rustwide/cargo-home/registry/src/index.crates.io-6f17d22bba15001f/golang-struct-tag-0.1.0/src/convention_struct_tag_parser.rs:3:10
[INFO] [stdout]   |
[INFO] [stdout] 3 | #[derive(Parser)]
[INFO] [stdout]   |          ^^^^^^ could not find `alloc` in the list of imported crates
[INFO] [stdout]   |
[INFO] [stdout]   = help: consider importing this module:
[INFO] [stdout]           std::boxed
[INFO] [stdout]   = note: this error originates in the derive macro `Parser` (in Nightly builds, run with -Z macro-backtrace for more info)
[INFO] [stdout] 
[INFO] [stdout] 
[INFO] [stdout] error: aborting due to 1 previous error
[INFO] [stdout] 
[INFO] [stdout] 
[INFO] [stdout] For more information about this error, try `rustc --explain E0433`.
[INFO] [stdout] 
[INFO] [stdout] error: aborting due to 1 previous error
[INFO] [stdout] 
[INFO] [stdout] 
[INFO] [stdout] For more information about this error, try `rustc --explain E0433`.
[INFO] [stdout] 
[INFO] [stderr] error: could not compile `golang-struct-tag` (lib) due to 2 previous errors
[INFO] [stderr] warning: build failed, waiting for other jobs to finish...
[INFO] [stderr] error: could not compile `golang-struct-tag` (lib) due to 2 previous errors
[INFO] running `Command { std: "docker" "inspect" "d19f9db6a67cbd06d81d4163ab302c29390f48e1dbd188fa09854887e70294a4", kill_on_drop: false }`
[INFO] running `Command { std: "docker" "rm" "-f" "d19f9db6a67cbd06d81d4163ab302c29390f48e1dbd188fa09854887e70294a4", kill_on_drop: false }`
[INFO] [stdout] d19f9db6a67cbd06d81d4163ab302c29390f48e1dbd188fa09854887e70294a4
