[INFO] fetching crate goki 0.2.3...
[INFO] checking goki-0.2.3 against nightly-2024-02-05 for check-cfg
[INFO] extracting crate goki 0.2.3 into /workspace/builds/worker-7-tc1/source
[INFO] validating manifest of crates.io crate goki 0.2.3 on toolchain nightly-2024-02-05
[INFO] running `Command { std: CARGO_HOME="/workspace/cargo-home" RUSTUP_HOME="/workspace/rustup-home" "/workspace/cargo-home/bin/cargo" "+nightly-2024-02-05" "metadata" "--manifest-path" "Cargo.toml" "--no-deps", kill_on_drop: false }`
[INFO] started tweaking crates.io crate goki 0.2.3
[INFO] finished tweaking crates.io crate goki 0.2.3
[INFO] tweaked toml for crates.io crate goki 0.2.3 written to /workspace/builds/worker-7-tc1/source/Cargo.toml
[INFO] crate crates.io crate goki 0.2.3 already has a lockfile, it will not be regenerated
[INFO] running `Command { std: CARGO_HOME="/workspace/cargo-home" RUSTUP_HOME="/workspace/rustup-home" "/workspace/cargo-home/bin/cargo" "+nightly-2024-02-05" "fetch" "--manifest-path" "Cargo.toml", kill_on_drop: false }`
[INFO] [stderr]     Updating crates.io index
[INFO] [stderr]  Downloading crates ...
[INFO] [stderr]   Downloaded dialoguer v0.9.0
[INFO] [stderr]   Downloaded anchor-syn v0.24.2
[INFO] [stderr]   Downloaded solana-bloom v1.9.20
[INFO] [stderr]   Downloaded anchor-client v0.24.2
[INFO] [stderr]   Downloaded solana-sdk-macro v1.9.20
[INFO] [stderr]   Downloaded caps v0.5.3
[INFO] [stderr]   Downloaded ouroboros_macro v0.13.0
[INFO] [stderr]   Downloaded solana-cli-config v1.9.20
[INFO] [stderr]   Downloaded solana-rayon-threadlimit v1.9.20
[INFO] [stderr]   Downloaded solana-compute-budget-program v1.9.20
[INFO] [stderr]   Downloaded ouroboros v0.13.0
[INFO] [stderr]   Downloaded solana-bucket-map v1.9.20
[INFO] [stderr]   Downloaded solana-logger v1.9.20
[INFO] [stderr]   Downloaded solana-measure v1.9.20
[INFO] [stderr]   Downloaded solana-frozen-abi-macro v1.9.20
[INFO] [stderr]   Downloaded solana-account-decoder v1.9.20
[INFO] [stderr]   Downloaded solana-clap-utils v1.9.20
[INFO] [stderr]   Downloaded bzip2 v0.4.3
[INFO] [stderr]   Downloaded index_list v0.2.7
[INFO] [stderr]   Downloaded reqwest v0.11.10
[INFO] [stderr]   Downloaded dir-diff v0.3.2
[INFO] [stderr]   Downloaded solana-runtime v1.9.20
[INFO] [stderr]   Downloaded hyper v0.14.18
[INFO] [stderr]   Downloaded tokio v1.18.2
[INFO] [stderr]   Downloaded http v0.2.7
[INFO] [stderr]   Downloaded hidapi v1.4.1
[INFO] [stderr]   Downloaded tungstenite v0.16.0
[INFO] [stderr]   Downloaded flate2 v1.0.23
[INFO] [stderr]   Downloaded solana-sdk v1.9.20
[INFO] [stderr]   Downloaded solana-version v1.9.20
[INFO] [stderr]   Downloaded solana-address-lookup-table-program v1.9.20
[INFO] [stderr]   Downloaded solana-stake-program v1.9.20
[INFO] [stderr]   Downloaded tokio-util v0.7.2
[INFO] [stderr]   Downloaded solana-program v1.9.20
[INFO] [stderr]   Downloaded semver v1.0.9
[INFO] [stderr]   Downloaded solana-client v1.9.20
[INFO] [stderr]   Downloaded openssl-sys v0.9.73
[INFO] [stderr]   Downloaded anchor-attribute-constant v0.24.2
[INFO] [stderr]   Downloaded anchor-attribute-error v0.24.2
[INFO] [stderr]   Downloaded base32 v0.4.0
[INFO] [stderr]   Downloaded crossbeam-epoch v0.9.8
[INFO] [stderr]   Downloaded solana-faucet v1.9.20
[INFO] [stderr]   Downloaded solana-metrics v1.9.20
[INFO] [stderr]   Downloaded solana-vote-program v1.9.20
[INFO] [stderr]   Downloaded spl-token v3.2.0
[INFO] [stderr]   Downloaded bs58 v0.3.1
[INFO] [stderr]   Downloaded anchor-lang v0.24.2
[INFO] [stderr]   Downloaded miniz_oxide v0.5.1
[INFO] [stderr]   Downloaded anchor-attribute-account v0.24.2
[INFO] [stderr]   Downloaded anchor-attribute-event v0.24.2
[INFO] [stderr]   Downloaded anchor-derive-accounts v0.24.2
[INFO] [stderr]   Downloaded spl-associated-token-account v1.0.3
[INFO] [stderr]   Downloaded solana-program-runtime v1.9.20
[INFO] [stderr]   Downloaded solana-transaction-status v1.9.20
[INFO] [stderr]   Downloaded anchor-attribute-state v0.24.2
[INFO] [stderr]   Downloaded solana-frozen-abi v1.9.20
[INFO] [stderr]   Downloaded signature v1.5.0
[INFO] [stderr]   Downloaded memmap2 v0.5.3
[INFO] [stderr]   Downloaded solana-config-program v1.9.20
[INFO] [stderr]   Downloaded anchor-attribute-access-control v0.24.2
[INFO] [stderr]   Downloaded anchor-attribute-interface v0.24.2
[INFO] [stderr]   Downloaded anchor-attribute-program v0.24.2
[INFO] [stderr]   Downloaded solana-perf v1.9.20
[INFO] [stderr]   Downloaded solana-net-utils v1.9.20
[INFO] [stderr]   Downloaded solana-remote-wallet v1.9.20
[INFO] running `Command { std: "docker" "create" "-v" "/var/lib/crater-agent-workspace/builds/worker-7-tc1/target:/opt/rustwide/target:rw,Z" "-v" "/var/lib/crater-agent-workspace/builds/worker-7-tc1/source:/opt/rustwide/workdir:ro,Z" "-v" "/var/lib/crater-agent-workspace/cargo-home:/opt/rustwide/cargo-home:ro,Z" "-v" "/var/lib/crater-agent-workspace/rustup-home:/opt/rustwide/rustup-home:ro,Z" "-e" "SOURCE_DIR=/opt/rustwide/workdir" "-e" "CARGO_TARGET_DIR=/opt/rustwide/target" "-e" "CARGO_HOME=/opt/rustwide/cargo-home" "-e" "RUSTUP_HOME=/opt/rustwide/rustup-home" "-w" "/opt/rustwide/workdir" "-m" "1610612736" "--user" "0:0" "--network" "none" "ghcr.io/rust-lang/crates-build-env/linux@sha256:2788e3201cd34a07e3172128adcd8b3090168a8e3bcc40d7c032b9dda1df7d1c" "/opt/rustwide/cargo-home/bin/cargo" "+nightly-2024-02-05" "metadata" "--no-deps" "--format-version=1", kill_on_drop: false }`
[INFO] [stdout] 5171b09ea9637eac6ad824b671cb9ba3701a50cdc463bbaa9fd4068bc372319f
[INFO] running `Command { std: "docker" "start" "-a" "5171b09ea9637eac6ad824b671cb9ba3701a50cdc463bbaa9fd4068bc372319f", kill_on_drop: false }`
[INFO] running `Command { std: "docker" "inspect" "5171b09ea9637eac6ad824b671cb9ba3701a50cdc463bbaa9fd4068bc372319f", kill_on_drop: false }`
[INFO] running `Command { std: "docker" "rm" "-f" "5171b09ea9637eac6ad824b671cb9ba3701a50cdc463bbaa9fd4068bc372319f", kill_on_drop: false }`
[INFO] [stdout] 5171b09ea9637eac6ad824b671cb9ba3701a50cdc463bbaa9fd4068bc372319f
[INFO] running `Command { std: "docker" "create" "-v" "/var/lib/crater-agent-workspace/builds/worker-7-tc1/target:/opt/rustwide/target:rw,Z" "-v" "/var/lib/crater-agent-workspace/builds/worker-7-tc1/source:/opt/rustwide/workdir:ro,Z" "-v" "/var/lib/crater-agent-workspace/cargo-home:/opt/rustwide/cargo-home:ro,Z" "-v" "/var/lib/crater-agent-workspace/rustup-home:/opt/rustwide/rustup-home:ro,Z" "-e" "SOURCE_DIR=/opt/rustwide/workdir" "-e" "CARGO_TARGET_DIR=/opt/rustwide/target" "-e" "CARGO_INCREMENTAL=0" "-e" "RUST_BACKTRACE=full" "-e" "RUSTFLAGS=--cap-lints=forbid" "-e" "RUSTDOCFLAGS=--cap-lints=forbid" "-e" "CARGO_HOME=/opt/rustwide/cargo-home" "-e" "RUSTUP_HOME=/opt/rustwide/rustup-home" "-w" "/opt/rustwide/workdir" "-m" "1610612736" "--user" "0:0" "--network" "none" "ghcr.io/rust-lang/crates-build-env/linux@sha256:2788e3201cd34a07e3172128adcd8b3090168a8e3bcc40d7c032b9dda1df7d1c" "/opt/rustwide/cargo-home/bin/cargo" "+nightly-2024-02-05" "check" "--frozen" "--all" "--all-targets" "--message-format=json", kill_on_drop: false }`
[INFO] [stdout] 9295570abe420ffbfa1f98269eca148827a5dbe0d8aedda6ef1969132c39a42c
[INFO] running `Command { std: "docker" "start" "-a" "9295570abe420ffbfa1f98269eca148827a5dbe0d8aedda6ef1969132c39a42c", kill_on_drop: false }`
[INFO] [stderr]    Compiling proc-macro2 v1.0.39
[INFO] [stderr]    Compiling unicode-ident v1.0.0
[INFO] [stderr]    Compiling syn v1.0.95
[INFO] [stderr]    Compiling libc v0.2.126
[INFO] [stderr]    Compiling serde_derive v1.0.137
[INFO] [stderr]    Compiling serde v1.0.137
[INFO] [stderr]     Checking once_cell v1.11.0
[INFO] [stderr]    Compiling semver v1.0.9
[INFO] [stderr]    Compiling generic-array v0.14.5
[INFO] [stderr]     Checking subtle v2.4.1
[INFO] [stderr]    Compiling typenum v1.15.0
[INFO] [stderr]    Compiling ahash v0.7.6
[INFO] [stderr]    Compiling serde_json v1.0.81
[INFO] [stderr]    Compiling unicode-xid v0.2.3
[INFO] [stderr]    Compiling getrandom v0.1.16
[INFO] [stderr]    Compiling crunchy v0.2.2
[INFO] [stderr]     Checking block-padding v0.2.1
[INFO] [stderr]     Checking opaque-debug v0.3.0
[INFO] [stderr]     Checking cpufeatures v0.2.2
[INFO] [stderr]     Checking ppv-lite86 v0.2.16
[INFO] [stderr]     Checking regex-syntax v0.6.26
[INFO] [stderr]     Checking itoa v1.0.2
[INFO] [stderr]    Compiling wasm-bindgen-shared v0.2.80
[INFO] [stderr]    Compiling log v0.4.17
[INFO] [stderr]    Compiling num-traits v0.2.15
[INFO] [stderr]    Compiling rustversion v1.0.6
[INFO] [stderr]    Compiling feature-probe v0.1.1
[INFO] [stderr]     Checking fnv v1.0.7
[INFO] [stderr]     Checking byteorder v1.4.3
[INFO] [stderr]    Compiling bumpalo v3.9.1
[INFO] [stderr]     Checking base64 v0.13.0
[INFO] [stderr]    Compiling bv v0.11.1
[INFO] [stdout] error[E0422]: cannot find struct, variant or union type `LineColumn` in crate `proc_macro`
[INFO] [stdout]    --> /opt/rustwide/cargo-home/registry/src/index.crates.io-6f17d22bba15001f/proc-macro2-1.0.39/src/wrapper.rs:485:33
[INFO] [stdout]     |
[INFO] [stdout] 485 |                 let proc_macro::LineColumn { line, column } = s.start();
[INFO] [stdout]     |                                 ^^^^^^^^^^ not found in `proc_macro`
[INFO] [stdout]     |
[INFO] [stdout] help: consider importing one of these items
[INFO] [stdout]     |
[INFO] [stdout] 1   + use crate::LineColumn;
[INFO] [stdout]     |
[INFO] [stdout] 1   + use crate::fallback::LineColumn;
[INFO] [stdout]     |
[INFO] [stdout] help: if you import `LineColumn`, refer to it directly
[INFO] [stdout]     |
[INFO] [stdout] 485 -                 let proc_macro::LineColumn { line, column } = s.start();
[INFO] [stdout] 485 +                 let LineColumn { line, column } = s.start();
[INFO] [stdout]     |
[INFO] [stdout] 
[INFO] [stdout] 
[INFO] [stdout] error[E0422]: cannot find struct, variant or union type `LineColumn` in crate `proc_macro`
[INFO] [stdout]    --> /opt/rustwide/cargo-home/registry/src/index.crates.io-6f17d22bba15001f/proc-macro2-1.0.39/src/wrapper.rs:502:33
[INFO] [stdout]     |
[INFO] [stdout] 502 |                 let proc_macro::LineColumn { line, column } = s.end();
[INFO] [stdout]     |                                 ^^^^^^^^^^ not found in `proc_macro`
[INFO] [stdout]     |
[INFO] [stdout] help: consider importing one of these items
[INFO] [stdout]     |
[INFO] [stdout] 1   + use crate::LineColumn;
[INFO] [stdout]     |
[INFO] [stdout] 1   + use crate::fallback::LineColumn;
[INFO] [stdout]     |
[INFO] [stdout] help: if you import `LineColumn`, refer to it directly
[INFO] [stdout]     |
[INFO] [stdout] 502 -                 let proc_macro::LineColumn { line, column } = s.end();
[INFO] [stdout] 502 +                 let LineColumn { line, column } = s.end();
[INFO] [stdout]     |
[INFO] [stdout] 
[INFO] [stdout] 
[INFO] [stderr]    Compiling rustc_version v0.4.0
[INFO] [stderr]    Compiling bs58 v0.4.0
[INFO] [stderr]    Compiling wasm-bindgen v0.2.80
[INFO] [stderr]     Checking arrayref v0.3.6
[INFO] [stdout] error: aborting due to 2 previous errors
[INFO] [stdout] 
[INFO] [stdout] 
[INFO] [stdout] For more information about this error, try `rustc --explain E0422`.
[INFO] [stdout] 
[INFO] [stderr] error: could not compile `proc-macro2` (lib) due to 3 previous errors
[INFO] [stderr] warning: build failed, waiting for other jobs to finish...
[INFO] running `Command { std: "docker" "inspect" "9295570abe420ffbfa1f98269eca148827a5dbe0d8aedda6ef1969132c39a42c", kill_on_drop: false }`
[INFO] running `Command { std: "docker" "rm" "-f" "9295570abe420ffbfa1f98269eca148827a5dbe0d8aedda6ef1969132c39a42c", kill_on_drop: false }`
[INFO] [stdout] 9295570abe420ffbfa1f98269eca148827a5dbe0d8aedda6ef1969132c39a42c
[INFO] checking goki-0.2.3 against nightly-2024-02-05+rustflags=-Dunexpected_cfgs+cargoflags=-Zcheck-cfg for check-cfg
[INFO] extracting crate goki 0.2.3 into /workspace/builds/worker-7-tc2/source
[INFO] validating manifest of crates.io crate goki 0.2.3 on toolchain nightly-2024-02-05
[INFO] running `Command { std: CARGO_HOME="/workspace/cargo-home" RUSTUP_HOME="/workspace/rustup-home" "/workspace/cargo-home/bin/cargo" "+nightly-2024-02-05" "metadata" "--manifest-path" "Cargo.toml" "--no-deps", kill_on_drop: false }`
[INFO] started tweaking crates.io crate goki 0.2.3
[INFO] finished tweaking crates.io crate goki 0.2.3
[INFO] tweaked toml for crates.io crate goki 0.2.3 written to /workspace/builds/worker-7-tc2/source/Cargo.toml
[INFO] crate crates.io crate goki 0.2.3 already has a lockfile, it will not be regenerated
[INFO] running `Command { std: CARGO_HOME="/workspace/cargo-home" RUSTUP_HOME="/workspace/rustup-home" "/workspace/cargo-home/bin/cargo" "+nightly-2024-02-05" "fetch" "--manifest-path" "Cargo.toml", kill_on_drop: false }`
[INFO] running `Command { std: "docker" "create" "-v" "/var/lib/crater-agent-workspace/builds/worker-7-tc2/target:/opt/rustwide/target:rw,Z" "-v" "/var/lib/crater-agent-workspace/builds/worker-7-tc2/source:/opt/rustwide/workdir:ro,Z" "-v" "/var/lib/crater-agent-workspace/cargo-home:/opt/rustwide/cargo-home:ro,Z" "-v" "/var/lib/crater-agent-workspace/rustup-home:/opt/rustwide/rustup-home:ro,Z" "-e" "SOURCE_DIR=/opt/rustwide/workdir" "-e" "CARGO_TARGET_DIR=/opt/rustwide/target" "-e" "CARGO_HOME=/opt/rustwide/cargo-home" "-e" "RUSTUP_HOME=/opt/rustwide/rustup-home" "-w" "/opt/rustwide/workdir" "-m" "1610612736" "--user" "0:0" "--network" "none" "ghcr.io/rust-lang/crates-build-env/linux@sha256:2788e3201cd34a07e3172128adcd8b3090168a8e3bcc40d7c032b9dda1df7d1c" "/opt/rustwide/cargo-home/bin/cargo" "+nightly-2024-02-05" "metadata" "--no-deps" "--format-version=1", kill_on_drop: false }`
[INFO] [stdout] 52a7b78b064c4a9631cae81a0f47230b7746170d00ea7e102310e247c856a8f2
[INFO] running `Command { std: "docker" "start" "-a" "52a7b78b064c4a9631cae81a0f47230b7746170d00ea7e102310e247c856a8f2", kill_on_drop: false }`
[INFO] running `Command { std: "docker" "inspect" "52a7b78b064c4a9631cae81a0f47230b7746170d00ea7e102310e247c856a8f2", kill_on_drop: false }`
[INFO] running `Command { std: "docker" "rm" "-f" "52a7b78b064c4a9631cae81a0f47230b7746170d00ea7e102310e247c856a8f2", kill_on_drop: false }`
[INFO] [stdout] 52a7b78b064c4a9631cae81a0f47230b7746170d00ea7e102310e247c856a8f2
[INFO] running `Command { std: "docker" "create" "-v" "/var/lib/crater-agent-workspace/builds/worker-7-tc2/target:/opt/rustwide/target:rw,Z" "-v" "/var/lib/crater-agent-workspace/builds/worker-7-tc2/source:/opt/rustwide/workdir:ro,Z" "-v" "/var/lib/crater-agent-workspace/cargo-home:/opt/rustwide/cargo-home:ro,Z" "-v" "/var/lib/crater-agent-workspace/rustup-home:/opt/rustwide/rustup-home:ro,Z" "-e" "SOURCE_DIR=/opt/rustwide/workdir" "-e" "CARGO_TARGET_DIR=/opt/rustwide/target" "-e" "CARGO_INCREMENTAL=0" "-e" "RUST_BACKTRACE=full" "-e" "RUSTFLAGS=--cap-lints=forbid -Dunexpected_cfgs" "-e" "RUSTDOCFLAGS=--cap-lints=forbid" "-e" "CARGO_HOME=/opt/rustwide/cargo-home" "-e" "RUSTUP_HOME=/opt/rustwide/rustup-home" "-w" "/opt/rustwide/workdir" "-m" "1610612736" "--user" "0:0" "--network" "none" "ghcr.io/rust-lang/crates-build-env/linux@sha256:2788e3201cd34a07e3172128adcd8b3090168a8e3bcc40d7c032b9dda1df7d1c" "/opt/rustwide/cargo-home/bin/cargo" "+nightly-2024-02-05" "check" "--frozen" "--all" "--all-targets" "--message-format=json" "-Zcheck-cfg", kill_on_drop: false }`
[INFO] [stdout] 149f643ae8a2c5d3d1077dbee3d5ff313e53860f8e1c49a7a2be1e45894899e0
[INFO] running `Command { std: "docker" "start" "-a" "149f643ae8a2c5d3d1077dbee3d5ff313e53860f8e1c49a7a2be1e45894899e0", kill_on_drop: false }`
[INFO] [stderr]    Compiling proc-macro2 v1.0.39
[INFO] [stderr]    Compiling unicode-ident v1.0.0
[INFO] [stderr]    Compiling syn v1.0.95
[INFO] [stderr]    Compiling libc v0.2.126
[INFO] [stderr]    Compiling serde_derive v1.0.137
[INFO] [stderr]    Compiling serde v1.0.137
[INFO] [stderr]    Compiling semver v1.0.9
[INFO] [stderr]     Checking once_cell v1.11.0
[INFO] [stderr]    Compiling generic-array v0.14.5
[INFO] [stderr]     Checking subtle v2.4.1
[INFO] [stderr]    Compiling typenum v1.15.0
[INFO] [stderr]    Compiling ahash v0.7.6
[INFO] [stderr]    Compiling serde_json v1.0.81
[INFO] [stderr]    Compiling unicode-xid v0.2.3
[INFO] [stderr]    Compiling getrandom v0.1.16
[INFO] [stderr]     Checking block-padding v0.2.1
[INFO] [stderr]    Compiling crunchy v0.2.2
[INFO] [stderr]     Checking ppv-lite86 v0.2.16
[INFO] [stderr]     Checking cpufeatures v0.2.2
[INFO] [stderr]     Checking opaque-debug v0.3.0
[INFO] [stderr]     Checking regex-syntax v0.6.26
[INFO] [stderr]     Checking itoa v1.0.2
[INFO] [stderr]    Compiling wasm-bindgen-shared v0.2.80
[INFO] [stderr]    Compiling log v0.4.17
[INFO] [stderr]    Compiling num-traits v0.2.15
[INFO] [stderr]    Compiling feature-probe v0.1.1
[INFO] [stderr]     Checking fnv v1.0.7
[INFO] [stderr]     Checking byteorder v1.4.3
[INFO] [stderr]    Compiling rustversion v1.0.6
[INFO] [stderr]    Compiling bumpalo v3.9.1
[INFO] [stderr]     Checking base64 v0.13.0
[INFO] [stdout] error[E0422]: cannot find struct, variant or union type `LineColumn` in crate `proc_macro`
[INFO] [stdout]    --> /opt/rustwide/cargo-home/registry/src/index.crates.io-6f17d22bba15001f/proc-macro2-1.0.39/src/wrapper.rs:485:33
[INFO] [stdout]     |
[INFO] [stdout] 485 |                 let proc_macro::LineColumn { line, column } = s.start();
[INFO] [stdout]     |                                 ^^^^^^^^^^ not found in `proc_macro`
[INFO] [stdout]     |
[INFO] [stdout] help: consider importing one of these items
[INFO] [stdout]     |
[INFO] [stdout] 1   + use crate::LineColumn;
[INFO] [stdout]     |
[INFO] [stdout] 1   + use crate::fallback::LineColumn;
[INFO] [stdout]     |
[INFO] [stdout] help: if you import `LineColumn`, refer to it directly
[INFO] [stdout]     |
[INFO] [stdout] 485 -                 let proc_macro::LineColumn { line, column } = s.start();
[INFO] [stdout] 485 +                 let LineColumn { line, column } = s.start();
[INFO] [stdout]     |
[INFO] [stdout] 
[INFO] [stdout] 
[INFO] [stdout] error[E0422]: cannot find struct, variant or union type `LineColumn` in crate `proc_macro`
[INFO] [stdout]    --> /opt/rustwide/cargo-home/registry/src/index.crates.io-6f17d22bba15001f/proc-macro2-1.0.39/src/wrapper.rs:502:33
[INFO] [stdout]     |
[INFO] [stdout] 502 |                 let proc_macro::LineColumn { line, column } = s.end();
[INFO] [stdout]     |                                 ^^^^^^^^^^ not found in `proc_macro`
[INFO] [stdout]     |
[INFO] [stdout] help: consider importing one of these items
[INFO] [stdout]     |
[INFO] [stdout] 1   + use crate::LineColumn;
[INFO] [stdout]     |
[INFO] [stdout] 1   + use crate::fallback::LineColumn;
[INFO] [stdout]     |
[INFO] [stdout] help: if you import `LineColumn`, refer to it directly
[INFO] [stdout]     |
[INFO] [stdout] 502 -                 let proc_macro::LineColumn { line, column } = s.end();
[INFO] [stdout] 502 +                 let LineColumn { line, column } = s.end();
[INFO] [stdout]     |
[INFO] [stdout] 
[INFO] [stdout] 
[INFO] [stderr]    Compiling rustc_version v0.4.0
[INFO] [stderr]    Compiling bv v0.11.1
[INFO] [stderr]     Checking percent-encoding v2.1.0
[INFO] [stdout] error: aborting due to 2 previous errors
[INFO] [stdout] 
[INFO] [stdout] 
[INFO] [stdout] For more information about this error, try `rustc --explain E0422`.
[INFO] [stdout] 
[INFO] [stderr] error: could not compile `proc-macro2` (lib) due to 3 previous errors
[INFO] [stderr] warning: build failed, waiting for other jobs to finish...
[INFO] running `Command { std: "docker" "inspect" "149f643ae8a2c5d3d1077dbee3d5ff313e53860f8e1c49a7a2be1e45894899e0", kill_on_drop: false }`
[INFO] running `Command { std: "docker" "rm" "-f" "149f643ae8a2c5d3d1077dbee3d5ff313e53860f8e1c49a7a2be1e45894899e0", kill_on_drop: false }`
[INFO] [stdout] 149f643ae8a2c5d3d1077dbee3d5ff313e53860f8e1c49a7a2be1e45894899e0
