[INFO] fetching crate gnostique 0.1.0-alpha.1...
[INFO] checking gnostique-0.1.0-alpha.1 against nightly-2024-02-05 for check-cfg
[INFO] extracting crate gnostique 0.1.0-alpha.1 into /workspace/builds/worker-1-tc1/source
[INFO] validating manifest of crates.io crate gnostique 0.1.0-alpha.1 on toolchain nightly-2024-02-05
[INFO] running `Command { std: CARGO_HOME="/workspace/cargo-home" RUSTUP_HOME="/workspace/rustup-home" "/workspace/cargo-home/bin/cargo" "+nightly-2024-02-05" "metadata" "--manifest-path" "Cargo.toml" "--no-deps", kill_on_drop: false }`
[INFO] removed /workspace/builds/worker-1-tc1/source/rust-toolchain.toml
[INFO] started tweaking crates.io crate gnostique 0.1.0-alpha.1
[INFO] finished tweaking crates.io crate gnostique 0.1.0-alpha.1
[INFO] tweaked toml for crates.io crate gnostique 0.1.0-alpha.1 written to /workspace/builds/worker-1-tc1/source/Cargo.toml
[INFO] crate crates.io crate gnostique 0.1.0-alpha.1 already has a lockfile, it will not be regenerated
[INFO] running `Command { std: CARGO_HOME="/workspace/cargo-home" RUSTUP_HOME="/workspace/rustup-home" "/workspace/cargo-home/bin/cargo" "+nightly-2024-02-05" "fetch" "--manifest-path" "Cargo.toml", kill_on_drop: false }`
[INFO] [stderr]     Updating crates.io index
[INFO] [stderr]  Downloading crates ...
[INFO] [stderr]   Downloaded gtk4-macros v0.5.5
[INFO] [stderr]   Downloaded gsk4 v0.5.5
[INFO] [stderr]   Downloaded cxxbridge-flags v1.0.86
[INFO] [stderr]   Downloaded graphene-sys v0.16.3
[INFO] [stderr]   Downloaded async-trait v0.1.61
[INFO] [stderr]   Downloaded unicode-normalization v0.1.9
[INFO] [stderr]   Downloaded bip39 v1.0.1
[INFO] [stderr]   Downloaded cxx v1.0.86
[INFO] [stderr]   Downloaded cxxbridge-macro v1.0.86
[INFO] [stderr]   Downloaded bitcoin_hashes v0.9.7
[INFO] [stderr]   Downloaded field-offset v0.3.4
[INFO] [stderr]   Downloaded relm4 v0.5.0-rc.1
[INFO] [stderr]   Downloaded nostr v0.14.0
[INFO] [stderr]   Downloaded gdk4 v0.5.5
[INFO] [stderr]   Downloaded gsk4-sys v0.5.5
[INFO] [stderr]   Downloaded tokio v1.24.1
[INFO] [stderr]   Downloaded gtk4 v0.5.5
[INFO] [stderr]   Downloaded graphene-rs v0.16.3
[INFO] [stderr]   Downloaded uuid-macro-internal v1.2.2
[INFO] [stderr]   Downloaded pest v2.5.3
[INFO] [stderr]   Downloaded cxx-build v1.0.86
[INFO] [stderr]   Downloaded gtk4-sys v0.5.5
[INFO] [stderr]   Downloaded nostr-sdk v0.14.1
[INFO] [stderr]   Downloaded gdk4-sys v0.5.5
[INFO] [stderr]   Downloaded relm4-macros v0.5.0-rc.1
[INFO] running `Command { std: "docker" "create" "-v" "/var/lib/crater-agent-workspace/builds/worker-1-tc1/target:/opt/rustwide/target:rw,Z" "-v" "/var/lib/crater-agent-workspace/builds/worker-1-tc1/source:/opt/rustwide/workdir:ro,Z" "-v" "/var/lib/crater-agent-workspace/cargo-home:/opt/rustwide/cargo-home:ro,Z" "-v" "/var/lib/crater-agent-workspace/rustup-home:/opt/rustwide/rustup-home:ro,Z" "-e" "SOURCE_DIR=/opt/rustwide/workdir" "-e" "CARGO_TARGET_DIR=/opt/rustwide/target" "-e" "CARGO_HOME=/opt/rustwide/cargo-home" "-e" "RUSTUP_HOME=/opt/rustwide/rustup-home" "-w" "/opt/rustwide/workdir" "-m" "1610612736" "--user" "0:0" "--network" "none" "ghcr.io/rust-lang/crates-build-env/linux@sha256:2788e3201cd34a07e3172128adcd8b3090168a8e3bcc40d7c032b9dda1df7d1c" "/opt/rustwide/cargo-home/bin/cargo" "+nightly-2024-02-05" "metadata" "--no-deps" "--format-version=1", kill_on_drop: false }`
[INFO] [stdout] fb5821fea0f362aabeb815fe22097802af10036fbe5e74d21584ce81f4496797
[INFO] running `Command { std: "docker" "start" "-a" "fb5821fea0f362aabeb815fe22097802af10036fbe5e74d21584ce81f4496797", kill_on_drop: false }`
[INFO] running `Command { std: "docker" "inspect" "fb5821fea0f362aabeb815fe22097802af10036fbe5e74d21584ce81f4496797", kill_on_drop: false }`
[INFO] running `Command { std: "docker" "rm" "-f" "fb5821fea0f362aabeb815fe22097802af10036fbe5e74d21584ce81f4496797", kill_on_drop: false }`
[INFO] [stdout] fb5821fea0f362aabeb815fe22097802af10036fbe5e74d21584ce81f4496797
[INFO] running `Command { std: "docker" "create" "-v" "/var/lib/crater-agent-workspace/builds/worker-1-tc1/target:/opt/rustwide/target:rw,Z" "-v" "/var/lib/crater-agent-workspace/builds/worker-1-tc1/source:/opt/rustwide/workdir:ro,Z" "-v" "/var/lib/crater-agent-workspace/cargo-home:/opt/rustwide/cargo-home:ro,Z" "-v" "/var/lib/crater-agent-workspace/rustup-home:/opt/rustwide/rustup-home:ro,Z" "-e" "SOURCE_DIR=/opt/rustwide/workdir" "-e" "CARGO_TARGET_DIR=/opt/rustwide/target" "-e" "CARGO_INCREMENTAL=0" "-e" "RUST_BACKTRACE=full" "-e" "RUSTFLAGS=--cap-lints=forbid" "-e" "RUSTDOCFLAGS=--cap-lints=forbid" "-e" "CARGO_HOME=/opt/rustwide/cargo-home" "-e" "RUSTUP_HOME=/opt/rustwide/rustup-home" "-w" "/opt/rustwide/workdir" "-m" "1610612736" "--user" "0:0" "--network" "none" "ghcr.io/rust-lang/crates-build-env/linux@sha256:2788e3201cd34a07e3172128adcd8b3090168a8e3bcc40d7c032b9dda1df7d1c" "/opt/rustwide/cargo-home/bin/cargo" "+nightly-2024-02-05" "check" "--frozen" "--all" "--all-targets" "--message-format=json", kill_on_drop: false }`
[INFO] [stdout] 995fb991843c968cb5d56f3873a10e00bbf48a04675b0ebc0016222abd5142b7
[INFO] running `Command { std: "docker" "start" "-a" "995fb991843c968cb5d56f3873a10e00bbf48a04675b0ebc0016222abd5142b7", kill_on_drop: false }`
[INFO] [stderr]    Compiling proc-macro2 v1.0.49
[INFO] [stderr]    Compiling syn v1.0.107
[INFO] [stderr]    Compiling serde v1.0.152
[INFO] [stderr]    Compiling libc v0.2.139
[INFO] [stderr]    Compiling smallvec v1.10.0
[INFO] [stderr]    Compiling version-compare v0.1.1
[INFO] [stderr]    Compiling thiserror v1.0.38
[INFO] [stderr]    Compiling cc v1.0.78
[INFO] [stderr]    Compiling cfg-expr v0.11.0
[INFO] [stderr]    Compiling futures-core v0.3.25
[INFO] [stderr]     Checking futures-sink v0.3.25
[INFO] [stderr]    Compiling slab v0.4.7
[INFO] [stderr]    Compiling futures-channel v0.3.25
[INFO] [stdout] error[E0422]: cannot find struct, variant or union type `LineColumn` in crate `proc_macro`
[INFO] [stdout]    --> /opt/rustwide/cargo-home/registry/src/index.crates.io-6f17d22bba15001f/proc-macro2-1.0.49/src/wrapper.rs:479:33
[INFO] [stdout]     |
[INFO] [stdout] 479 |                 let proc_macro::LineColumn { line, column } = s.start();
[INFO] [stdout]     |                                 ^^^^^^^^^^ not found in `proc_macro`
[INFO] [stdout]     |
[INFO] [stdout] help: consider importing one of these items
[INFO] [stdout]     |
[INFO] [stdout] 1   + use crate::LineColumn;
[INFO] [stdout]     |
[INFO] [stdout] 1   + use crate::fallback::LineColumn;
[INFO] [stdout]     |
[INFO] [stdout] help: if you import `LineColumn`, refer to it directly
[INFO] [stdout]     |
[INFO] [stdout] 479 -                 let proc_macro::LineColumn { line, column } = s.start();
[INFO] [stdout] 479 +                 let LineColumn { line, column } = s.start();
[INFO] [stdout]     |
[INFO] [stdout] 
[INFO] [stdout] 
[INFO] [stdout] error[E0422]: cannot find struct, variant or union type `LineColumn` in crate `proc_macro`
[INFO] [stdout]    --> /opt/rustwide/cargo-home/registry/src/index.crates.io-6f17d22bba15001f/proc-macro2-1.0.49/src/wrapper.rs:496:33
[INFO] [stdout]     |
[INFO] [stdout] 496 |                 let proc_macro::LineColumn { line, column } = s.end();
[INFO] [stdout]     |                                 ^^^^^^^^^^ not found in `proc_macro`
[INFO] [stdout]     |
[INFO] [stdout] help: consider importing one of these items
[INFO] [stdout]     |
[INFO] [stdout] 1   + use crate::LineColumn;
[INFO] [stdout]     |
[INFO] [stdout] 1   + use crate::fallback::LineColumn;
[INFO] [stdout]     |
[INFO] [stdout] help: if you import `LineColumn`, refer to it directly
[INFO] [stdout]     |
[INFO] [stdout] 496 -                 let proc_macro::LineColumn { line, column } = s.end();
[INFO] [stdout] 496 +                 let LineColumn { line, column } = s.end();
[INFO] [stdout]     |
[INFO] [stdout] 
[INFO] [stdout] 
[INFO] [stdout] error[E0635]: unknown feature `proc_macro_span_shrink`
[INFO] [stdout]   --> /opt/rustwide/cargo-home/registry/src/index.crates.io-6f17d22bba15001f/proc-macro2-1.0.49/src/lib.rs:92:30
[INFO] [stdout]    |
[INFO] [stdout] 92 |     feature(proc_macro_span, proc_macro_span_shrink)
[INFO] [stdout]    |                              ^^^^^^^^^^^^^^^^^^^^^^
[INFO] [stdout] 
[INFO] [stdout] 
[INFO] [stdout] error: aborting due to 3 previous errors
[INFO] [stdout] 
[INFO] [stdout] 
[INFO] [stdout] Some errors have detailed explanations: E0422, E0635.
[INFO] [stdout] 
[INFO] [stdout] For more information about an error, try `rustc --explain E0422`.
[INFO] [stdout] 
[INFO] [stderr] error: could not compile `proc-macro2` (lib) due to 4 previous errors
[INFO] [stderr] warning: build failed, waiting for other jobs to finish...
[INFO] running `Command { std: "docker" "inspect" "995fb991843c968cb5d56f3873a10e00bbf48a04675b0ebc0016222abd5142b7", kill_on_drop: false }`
[INFO] running `Command { std: "docker" "rm" "-f" "995fb991843c968cb5d56f3873a10e00bbf48a04675b0ebc0016222abd5142b7", kill_on_drop: false }`
[INFO] [stdout] 995fb991843c968cb5d56f3873a10e00bbf48a04675b0ebc0016222abd5142b7
[INFO] checking gnostique-0.1.0-alpha.1 against nightly-2024-02-05+rustflags=-Dunexpected_cfgs+cargoflags=-Zcheck-cfg for check-cfg
[INFO] extracting crate gnostique 0.1.0-alpha.1 into /workspace/builds/worker-1-tc2/source
[INFO] validating manifest of crates.io crate gnostique 0.1.0-alpha.1 on toolchain nightly-2024-02-05
[INFO] running `Command { std: CARGO_HOME="/workspace/cargo-home" RUSTUP_HOME="/workspace/rustup-home" "/workspace/cargo-home/bin/cargo" "+nightly-2024-02-05" "metadata" "--manifest-path" "Cargo.toml" "--no-deps", kill_on_drop: false }`
[INFO] removed /workspace/builds/worker-1-tc2/source/rust-toolchain.toml
[INFO] started tweaking crates.io crate gnostique 0.1.0-alpha.1
[INFO] finished tweaking crates.io crate gnostique 0.1.0-alpha.1
[INFO] tweaked toml for crates.io crate gnostique 0.1.0-alpha.1 written to /workspace/builds/worker-1-tc2/source/Cargo.toml
[INFO] crate crates.io crate gnostique 0.1.0-alpha.1 already has a lockfile, it will not be regenerated
[INFO] running `Command { std: CARGO_HOME="/workspace/cargo-home" RUSTUP_HOME="/workspace/rustup-home" "/workspace/cargo-home/bin/cargo" "+nightly-2024-02-05" "fetch" "--manifest-path" "Cargo.toml", kill_on_drop: false }`
[INFO] running `Command { std: "docker" "create" "-v" "/var/lib/crater-agent-workspace/builds/worker-1-tc2/target:/opt/rustwide/target:rw,Z" "-v" "/var/lib/crater-agent-workspace/builds/worker-1-tc2/source:/opt/rustwide/workdir:ro,Z" "-v" "/var/lib/crater-agent-workspace/cargo-home:/opt/rustwide/cargo-home:ro,Z" "-v" "/var/lib/crater-agent-workspace/rustup-home:/opt/rustwide/rustup-home:ro,Z" "-e" "SOURCE_DIR=/opt/rustwide/workdir" "-e" "CARGO_TARGET_DIR=/opt/rustwide/target" "-e" "CARGO_HOME=/opt/rustwide/cargo-home" "-e" "RUSTUP_HOME=/opt/rustwide/rustup-home" "-w" "/opt/rustwide/workdir" "-m" "1610612736" "--user" "0:0" "--network" "none" "ghcr.io/rust-lang/crates-build-env/linux@sha256:2788e3201cd34a07e3172128adcd8b3090168a8e3bcc40d7c032b9dda1df7d1c" "/opt/rustwide/cargo-home/bin/cargo" "+nightly-2024-02-05" "metadata" "--no-deps" "--format-version=1", kill_on_drop: false }`
[INFO] [stdout] 10aad7bca5bfb52d5ce2ecfbc833bc47088f291b0a1f7a0cd04ed54c0fa80092
[INFO] running `Command { std: "docker" "start" "-a" "10aad7bca5bfb52d5ce2ecfbc833bc47088f291b0a1f7a0cd04ed54c0fa80092", kill_on_drop: false }`
[INFO] running `Command { std: "docker" "inspect" "10aad7bca5bfb52d5ce2ecfbc833bc47088f291b0a1f7a0cd04ed54c0fa80092", kill_on_drop: false }`
[INFO] running `Command { std: "docker" "rm" "-f" "10aad7bca5bfb52d5ce2ecfbc833bc47088f291b0a1f7a0cd04ed54c0fa80092", kill_on_drop: false }`
[INFO] [stdout] 10aad7bca5bfb52d5ce2ecfbc833bc47088f291b0a1f7a0cd04ed54c0fa80092
[INFO] running `Command { std: "docker" "create" "-v" "/var/lib/crater-agent-workspace/builds/worker-1-tc2/target:/opt/rustwide/target:rw,Z" "-v" "/var/lib/crater-agent-workspace/builds/worker-1-tc2/source:/opt/rustwide/workdir:ro,Z" "-v" "/var/lib/crater-agent-workspace/cargo-home:/opt/rustwide/cargo-home:ro,Z" "-v" "/var/lib/crater-agent-workspace/rustup-home:/opt/rustwide/rustup-home:ro,Z" "-e" "SOURCE_DIR=/opt/rustwide/workdir" "-e" "CARGO_TARGET_DIR=/opt/rustwide/target" "-e" "CARGO_INCREMENTAL=0" "-e" "RUST_BACKTRACE=full" "-e" "RUSTFLAGS=--cap-lints=forbid -Dunexpected_cfgs" "-e" "RUSTDOCFLAGS=--cap-lints=forbid" "-e" "CARGO_HOME=/opt/rustwide/cargo-home" "-e" "RUSTUP_HOME=/opt/rustwide/rustup-home" "-w" "/opt/rustwide/workdir" "-m" "1610612736" "--user" "0:0" "--network" "none" "ghcr.io/rust-lang/crates-build-env/linux@sha256:2788e3201cd34a07e3172128adcd8b3090168a8e3bcc40d7c032b9dda1df7d1c" "/opt/rustwide/cargo-home/bin/cargo" "+nightly-2024-02-05" "check" "--frozen" "--all" "--all-targets" "--message-format=json" "-Zcheck-cfg", kill_on_drop: false }`
[INFO] [stdout] e112ccea4f938afa4cc226761bbd1be0621a129e024f04ad58c19d626bd5ce53
[INFO] running `Command { std: "docker" "start" "-a" "e112ccea4f938afa4cc226761bbd1be0621a129e024f04ad58c19d626bd5ce53", kill_on_drop: false }`
[INFO] [stderr]    Compiling proc-macro2 v1.0.49
[INFO] [stderr]    Compiling syn v1.0.107
[INFO] [stderr]    Compiling libc v0.2.139
[INFO] [stderr]    Compiling serde v1.0.152
[INFO] [stderr]    Compiling smallvec v1.10.0
[INFO] [stderr]    Compiling version-compare v0.1.1
[INFO] [stderr]    Compiling cc v1.0.78
[INFO] [stderr]    Compiling thiserror v1.0.38
[INFO] [stderr]    Compiling cfg-expr v0.11.0
[INFO] [stderr]    Compiling futures-core v0.3.25
[INFO] [stderr]     Checking futures-sink v0.3.25
[INFO] [stderr]    Compiling slab v0.4.7
[INFO] [stderr]    Compiling futures-channel v0.3.25
[INFO] [stderr]    Compiling futures-task v0.3.25
[INFO] [stdout] error[E0422]: cannot find struct, variant or union type `LineColumn` in crate `proc_macro`
[INFO] [stdout]    --> /opt/rustwide/cargo-home/registry/src/index.crates.io-6f17d22bba15001f/proc-macro2-1.0.49/src/wrapper.rs:479:33
[INFO] [stdout]     |
[INFO] [stdout] 479 |                 let proc_macro::LineColumn { line, column } = s.start();
[INFO] [stdout]     |                                 ^^^^^^^^^^ not found in `proc_macro`
[INFO] [stdout]     |
[INFO] [stdout] help: consider importing one of these items
[INFO] [stdout]     |
[INFO] [stdout] 1   + use crate::LineColumn;
[INFO] [stdout]     |
[INFO] [stdout] 1   + use crate::fallback::LineColumn;
[INFO] [stdout]     |
[INFO] [stdout] help: if you import `LineColumn`, refer to it directly
[INFO] [stdout]     |
[INFO] [stdout] 479 -                 let proc_macro::LineColumn { line, column } = s.start();
[INFO] [stdout] 479 +                 let LineColumn { line, column } = s.start();
[INFO] [stdout]     |
[INFO] [stdout] 
[INFO] [stdout] 
[INFO] [stdout] error[E0422]: cannot find struct, variant or union type `LineColumn` in crate `proc_macro`
[INFO] [stdout]    --> /opt/rustwide/cargo-home/registry/src/index.crates.io-6f17d22bba15001f/proc-macro2-1.0.49/src/wrapper.rs:496:33
[INFO] [stdout]     |
[INFO] [stdout] 496 |                 let proc_macro::LineColumn { line, column } = s.end();
[INFO] [stdout]     |                                 ^^^^^^^^^^ not found in `proc_macro`
[INFO] [stdout]     |
[INFO] [stdout] help: consider importing one of these items
[INFO] [stdout]     |
[INFO] [stdout] 1   + use crate::LineColumn;
[INFO] [stdout]     |
[INFO] [stdout] 1   + use crate::fallback::LineColumn;
[INFO] [stdout]     |
[INFO] [stdout] help: if you import `LineColumn`, refer to it directly
[INFO] [stdout]     |
[INFO] [stdout] 496 -                 let proc_macro::LineColumn { line, column } = s.end();
[INFO] [stdout] 496 +                 let LineColumn { line, column } = s.end();
[INFO] [stdout]     |
[INFO] [stdout] 
[INFO] [stdout] 
[INFO] [stdout] error[E0635]: unknown feature `proc_macro_span_shrink`
[INFO] [stdout]   --> /opt/rustwide/cargo-home/registry/src/index.crates.io-6f17d22bba15001f/proc-macro2-1.0.49/src/lib.rs:92:30
[INFO] [stdout]    |
[INFO] [stdout] 92 |     feature(proc_macro_span, proc_macro_span_shrink)
[INFO] [stdout]    |                              ^^^^^^^^^^^^^^^^^^^^^^
[INFO] [stdout] 
[INFO] [stdout] 
[INFO] [stderr]    Compiling futures-util v0.3.25
[INFO] [stdout] error: aborting due to 3 previous errors
[INFO] [stdout] 
[INFO] [stdout] 
[INFO] [stdout] Some errors have detailed explanations: E0422, E0635.
[INFO] [stdout] 
[INFO] [stdout] For more information about an error, try `rustc --explain E0422`.
[INFO] [stdout] 
[INFO] [stderr] error: could not compile `proc-macro2` (lib) due to 4 previous errors
[INFO] [stderr] warning: build failed, waiting for other jobs to finish...
[INFO] running `Command { std: "docker" "inspect" "e112ccea4f938afa4cc226761bbd1be0621a129e024f04ad58c19d626bd5ce53", kill_on_drop: false }`
[INFO] running `Command { std: "docker" "rm" "-f" "e112ccea4f938afa4cc226761bbd1be0621a129e024f04ad58c19d626bd5ce53", kill_on_drop: false }`
[INFO] [stdout] e112ccea4f938afa4cc226761bbd1be0621a129e024f04ad58c19d626bd5ce53
