[INFO] fetching crate gmt_dos-actors 10.1.0...
[INFO] checking gmt_dos-actors-10.1.0 against nightly-2024-02-05 for check-cfg
[INFO] extracting crate gmt_dos-actors 10.1.0 into /workspace/builds/worker-6-tc1/source
[INFO] validating manifest of crates.io crate gmt_dos-actors 10.1.0 on toolchain nightly-2024-02-05
[INFO] running `Command { std: CARGO_HOME="/workspace/cargo-home" RUSTUP_HOME="/workspace/rustup-home" "/workspace/cargo-home/bin/cargo" "+nightly-2024-02-05" "metadata" "--manifest-path" "Cargo.toml" "--no-deps", kill_on_drop: false }`
[INFO] started tweaking crates.io crate gmt_dos-actors 10.1.0
[INFO] finished tweaking crates.io crate gmt_dos-actors 10.1.0
[INFO] tweaked toml for crates.io crate gmt_dos-actors 10.1.0 written to /workspace/builds/worker-6-tc1/source/Cargo.toml
[INFO] crate crates.io crate gmt_dos-actors 10.1.0 already has a lockfile, it will not be regenerated
[INFO] running `Command { std: CARGO_HOME="/workspace/cargo-home" RUSTUP_HOME="/workspace/rustup-home" "/workspace/cargo-home/bin/cargo" "+nightly-2024-02-05" "fetch" "--manifest-path" "Cargo.toml", kill_on_drop: false }`
[INFO] [stderr]     Updating crates.io index
[INFO] [stderr]  Downloading crates ...
[INFO] [stderr]   Downloaded gmt_dos-actors_dsl v0.6.0
[INFO] [stderr]   Downloaded dos-uid-derive v4.1.0
[INFO] [stderr]   Downloaded errno v0.3.4
[INFO] [stderr]   Downloaded paris v1.5.15
[INFO] [stderr]   Downloaded prettyplease v0.2.15
[INFO] [stderr]   Downloaded wide v0.7.12
[INFO] [stderr]   Downloaded rustix v0.38.17
[INFO] [stderr]   Downloaded linux-raw-sys v0.4.8
[INFO] [stderr]   Downloaded gmt_dos-clients v3.2.0
[INFO] [stderr]   Downloaded simple_logger v2.3.0
[INFO] [stderr]   Downloaded colorous v1.0.12
[INFO] [stderr]   Downloaded complot v0.3.4
[INFO] [stderr]   Downloaded gmt_dos-actors-clients_interface v0.1.5
[INFO] [stderr]   Downloaded vec_box v1.0.0
[INFO] running `Command { std: "docker" "create" "-v" "/var/lib/crater-agent-workspace/builds/worker-6-tc1/target:/opt/rustwide/target:rw,Z" "-v" "/var/lib/crater-agent-workspace/builds/worker-6-tc1/source:/opt/rustwide/workdir:ro,Z" "-v" "/var/lib/crater-agent-workspace/cargo-home:/opt/rustwide/cargo-home:ro,Z" "-v" "/var/lib/crater-agent-workspace/rustup-home:/opt/rustwide/rustup-home:ro,Z" "-e" "SOURCE_DIR=/opt/rustwide/workdir" "-e" "CARGO_TARGET_DIR=/opt/rustwide/target" "-e" "CARGO_HOME=/opt/rustwide/cargo-home" "-e" "RUSTUP_HOME=/opt/rustwide/rustup-home" "-w" "/opt/rustwide/workdir" "-m" "1610612736" "--user" "0:0" "--network" "none" "ghcr.io/rust-lang/crates-build-env/linux@sha256:2788e3201cd34a07e3172128adcd8b3090168a8e3bcc40d7c032b9dda1df7d1c" "/opt/rustwide/cargo-home/bin/cargo" "+nightly-2024-02-05" "metadata" "--no-deps" "--format-version=1", kill_on_drop: false }`
[INFO] [stdout] c4fa0eb4f6dbd15ad23474354fa8f75007e86ac78e359da944ce577168130fdd
[INFO] running `Command { std: "docker" "start" "-a" "c4fa0eb4f6dbd15ad23474354fa8f75007e86ac78e359da944ce577168130fdd", kill_on_drop: false }`
[INFO] running `Command { std: "docker" "inspect" "c4fa0eb4f6dbd15ad23474354fa8f75007e86ac78e359da944ce577168130fdd", kill_on_drop: false }`
[INFO] running `Command { std: "docker" "rm" "-f" "c4fa0eb4f6dbd15ad23474354fa8f75007e86ac78e359da944ce577168130fdd", kill_on_drop: false }`
[INFO] [stdout] c4fa0eb4f6dbd15ad23474354fa8f75007e86ac78e359da944ce577168130fdd
[INFO] running `Command { std: "docker" "create" "-v" "/var/lib/crater-agent-workspace/builds/worker-6-tc1/target:/opt/rustwide/target:rw,Z" "-v" "/var/lib/crater-agent-workspace/builds/worker-6-tc1/source:/opt/rustwide/workdir:ro,Z" "-v" "/var/lib/crater-agent-workspace/cargo-home:/opt/rustwide/cargo-home:ro,Z" "-v" "/var/lib/crater-agent-workspace/rustup-home:/opt/rustwide/rustup-home:ro,Z" "-e" "SOURCE_DIR=/opt/rustwide/workdir" "-e" "CARGO_TARGET_DIR=/opt/rustwide/target" "-e" "CARGO_INCREMENTAL=0" "-e" "RUST_BACKTRACE=full" "-e" "RUSTFLAGS=--cap-lints=forbid" "-e" "RUSTDOCFLAGS=--cap-lints=forbid" "-e" "CARGO_HOME=/opt/rustwide/cargo-home" "-e" "RUSTUP_HOME=/opt/rustwide/rustup-home" "-w" "/opt/rustwide/workdir" "-m" "1610612736" "--user" "0:0" "--network" "none" "ghcr.io/rust-lang/crates-build-env/linux@sha256:2788e3201cd34a07e3172128adcd8b3090168a8e3bcc40d7c032b9dda1df7d1c" "/opt/rustwide/cargo-home/bin/cargo" "+nightly-2024-02-05" "check" "--frozen" "--all" "--all-targets" "--message-format=json", kill_on_drop: false }`
[INFO] [stdout] d5ac4b4c718c537db01c9ada21d620cb2b54f08cb80bfb2087e6edfadff2b285
[INFO] running `Command { std: "docker" "start" "-a" "d5ac4b4c718c537db01c9ada21d620cb2b54f08cb80bfb2087e6edfadff2b285", kill_on_drop: false }`
[INFO] [stderr]    Compiling proc-macro2 v1.0.67
[INFO] [stderr]    Compiling libc v0.2.148
[INFO] [stderr]    Compiling libm v0.2.7
[INFO] [stderr]    Compiling num-traits v0.2.16
[INFO] [stderr]     Checking log v0.4.20
[INFO] [stderr]     Checking bytemuck v1.14.0
[INFO] [stderr]    Compiling num-rational v0.4.1
[INFO] [stderr]    Compiling syn v1.0.109
[INFO] [stderr]    Compiling pathfinder_simd v0.5.2
[INFO] [stderr]     Checking bitflags v2.4.0
[INFO] [stderr]    Compiling yeslogic-fontconfig-sys v3.2.0
[INFO] [stderr]    Compiling rustix v0.38.17
[INFO] [stderr]    Compiling futures-channel v0.3.28
[INFO] [stderr]     Checking futures-sink v0.3.28
[INFO] [stderr]     Checking flate2 v1.0.27
[INFO] [stderr]     Checking libloading v0.8.1
[INFO] [stderr]    Compiling futures-util v0.3.28
[INFO] [stderr]     Checking linux-raw-sys v0.4.8
[INFO] [stderr]    Compiling quote v1.0.33
[INFO] [stderr]     Checking getrandom v0.2.10
[INFO] [stderr]     Checking png v0.17.10
[INFO] [stderr]    Compiling cc v1.0.83
[INFO] [stderr]    Compiling syn v2.0.38
[INFO] [stderr]     Checking num_cpus v1.16.0
[INFO] [stderr]     Checking dirs-sys-next v0.1.2
[INFO] [stderr]     Checking dlib v0.5.2
[INFO] [stderr]     Checking num-integer v0.1.45
[INFO] [stderr]    Compiling cmake v0.1.50
[INFO] [stderr]     Checking safe_arch v0.7.1
[INFO] [stderr]    Compiling matrixmultiply v0.3.8
[INFO] [stderr]     Checking const-cstr v0.3.0
[INFO] [stderr]    Compiling font-kit v0.11.0
[INFO] [stderr]    Compiling prettyplease v0.2.15
[INFO] [stderr]     Checking plotters-backend v0.3.5
[INFO] [stderr]     Checking jpeg-decoder v0.3.0
[INFO] [stderr]     Checking chrono v0.4.31
[INFO] [stderr]    Compiling tracing-core v0.1.31
[INFO] [stderr]     Checking wide v0.7.12
[INFO] [stderr]     Checking is-terminal v0.4.9
[INFO] [stderr]     Checking pathfinder_geometry v0.5.1
[INFO] [stderr]    Compiling freetype-sys v0.13.1
[INFO] [stderr]     Checking approx v0.5.1
[INFO] [stderr]     Checking image v0.24.7
[INFO] [stderr]     Checking num-complex v0.4.4
[INFO] [stderr]    Compiling proc-macro-error-attr v1.0.4
[INFO] [stderr]     Checking dirs-next v2.0.0
[INFO] [stderr]     Checking rand_core v0.6.4
[INFO] [stderr]     Checking freetype v0.7.0
[INFO] [stderr]     Checking aho-corasick v1.1.1
[INFO] [stderr]    Compiling num-bigint v0.4.4
[INFO] [stderr]     Checking regex-syntax v0.7.5
[INFO] [stderr]     Checking paris v1.5.15
[INFO] [stderr]    Compiling pin-project-lite v0.2.13
[INFO] [stderr]     Checking rawpointer v0.2.1
[INFO] [stderr]    Compiling colorous v1.0.12
[INFO] [stderr]    Compiling async-trait v0.1.73
[INFO] [stderr]     Checking float-ord v0.2.0
[INFO] [stderr]     Checking plotters-bitmap v0.3.3
[INFO] [stderr]    Compiling time-macros v0.2.15
[INFO] [stderr]     Checking rand_chacha v0.3.1
[INFO] [stderr]     Checking simba v0.8.1
[INFO] [stderr]    Compiling proc-macro-error v1.0.4
[INFO] [stderr]     Checking plotters-svg v0.3.5
[INFO] [stderr]     Checking regex-automata v0.3.9
[INFO] [stderr]     Checking nanorand v0.7.0
[INFO] [stderr]     Checking atty v0.2.14
[INFO] [stderr]     Checking console v0.15.7
[INFO] [stderr]     Checking ttf-parser v0.17.1
[INFO] [stderr]     Checking num_threads v0.1.6
[INFO] [stderr]     Checking deranged v0.3.8
[INFO] [stderr]     Checking clap v2.34.0
[INFO] [stderr]     Checking indicatif v0.17.7
[INFO] [stderr]     Checking time v0.3.29
[INFO] [stderr]    Compiling nalgebra-macros v0.2.1
[INFO] [stderr]    Compiling structopt-derive v0.4.18
[INFO] [stderr]     Checking regex v1.9.6
[INFO] [stderr]     Checking plotters v0.3.5
[INFO] [stderr]     Checking flume v0.11.0
[INFO] [stderr]     Checking rand v0.8.5
[INFO] [stderr]    Compiling tokio-macros v2.1.0
[INFO] [stderr]    Compiling futures-macro v0.3.28
[INFO] [stderr]    Compiling thiserror-impl v1.0.49
[INFO] [stderr]    Compiling tracing-attributes v0.1.26
[INFO] [stderr]    Compiling dos-uid-derive v4.1.0
[INFO] [stderr]    Compiling async-stream-impl v0.3.5
[INFO] [stderr]     Checking tokio v1.32.0
[INFO] [stderr]    Compiling serde_derive v1.0.188
[INFO] [stderr]     Checking gmt_dos-actors-clients_interface v0.1.5
[INFO] [stderr]     Checking async-stream v0.3.5
[INFO] [stderr]     Checking thiserror v1.0.49
[INFO] [stderr]     Checking colored v2.0.4
[INFO] [stderr]     Checking iter-read v0.3.1
[INFO] [stderr]     Checking vec_box v1.0.0
[INFO] [stderr]     Checking simple_logger v2.3.0
[INFO] [stderr]     Checking serde-pickle v1.1.1
[INFO] [stderr]     Checking nalgebra v0.32.3
[INFO] [stderr]     Checking env_logger v0.10.0
[INFO] [stderr]     Checking complot v0.3.4
[INFO] [stderr]     Checking structopt v0.3.26
[INFO] [stderr]     Checking rand_distr v0.4.3
[INFO] [stderr]    Compiling tracing v0.1.37
[INFO] [stderr]     Checking tokio-stream v0.1.14
[INFO] [stderr]    Compiling gmt_dos-actors_dsl v0.6.0
[INFO] [stderr]     Checking tokio-test v0.4.3
[INFO] [stderr]     Checking futures-executor v0.3.28
[INFO] [stderr]     Checking futures v0.3.28
[INFO] [stderr]     Checking gmt_dos-actors v10.1.0 (/opt/rustwide/workdir)
[INFO] [stderr]     Checking ron v0.8.1
[INFO] [stderr]     Checking gmt_dos-clients v3.2.0
[INFO] [stdout] /*
[INFO] [stdout] Model MODEL [completed] :
[INFO] [stdout]   1: lofi[AddLoFi] -> woofer[ResLoFi] -> tweeter[ResHiFi]
[INFO] [stdout]   1: lofi[AddLoFi] -> scope_addlofi
[INFO] [stdout]   1: woofer[ResLoFi] -> scope_reslofi
[INFO] [stdout]   1: tweeter[ResHiFi] -> scope_reshifi
[INFO] [stdout]  */
[INFO] [stdout] /*
[INFO] [stdout] Model MODEL [completed] :
[INFO] [stdout]   1: source[SignalToFilter] -> logging_actor
[INFO] [stdout]   1: source[SignalToFilter] -> filter[FilterToSink] -> logging_actor
[INFO] [stdout]  */
[INFO] [stdout] /*
[INFO] [stdout] Model MODEL [completed] :
[INFO] [stdout]   1: ramp[RRR] -> logging1_actor
[INFO] [stdout]   3: ramp[RRR] -> _1_rrr_3_ -> logging2_actor
[INFO] [stdout]   1: ramp[RRR] -> sampler
[INFO] [stdout]   3: sampler[RRR] -> logging3_actor
[INFO] [stdout]   1: ramp[RRR] -> average
[INFO] [stdout]   3: average[RRR] -> logging4_actor
[INFO] [stdout]  */
[INFO] [stdout] warning: associated function `new` is never used
[INFO] [stdout]   --> examples/simple/feedback.rs:32:12
[INFO] [stdout]    |
[INFO] [stdout] 31 | impl Integrator {
[INFO] [stdout]    | --------------- associated function in this implementation
[INFO] [stdout] 32 |     pub fn new(gain: f64, n_data: usize) -> Self {
[INFO] [stdout]    |            ^^^
[INFO] [stdout]    |
[INFO] [stdout]    = note: `#[warn(dead_code)]` on by default
[INFO] [stdout] 
[INFO] [stdout] 
[INFO] [stdout] error[E0599]: no method named `run` found for struct `Model<Completed>` in the current scope
[INFO] [stdout]   --> examples/simple_dsl/main.rs:77:11
[INFO] [stdout]    |
[INFO] [stdout] 77 |     model.run().wait().await?;
[INFO] [stdout]    |           ^^^ method not found in `Model<Completed>`
[INFO] [stdout]    |
[INFO] [stdout]    = note: the method was found for
[INFO] [stdout]            - `Model<gmt_dos_actors::model::Ready>`
[INFO] [stdout] 
[INFO] [stdout] 
[INFO] [stdout] error[E0433]: failed to resolve: could not find `gmt_dos_clients_scope` in the list of imported crates
[INFO] [stdout]   --> examples/woofer-tweeter/main.rs:34:5
[INFO] [stdout]    |
[INFO] [stdout] 34 | /     actorscript! {
[INFO] [stdout] 35 | |         1: lofi[AddLoFi]~ -> {woofer}[ResLoFi]~ -> {tweeter}[ResHiFi]~
[INFO] [stdout] 36 | |     }
[INFO] [stdout]    | |_____^ could not find `gmt_dos_clients_scope` in the list of imported crates
[INFO] [stdout]    |
[INFO] [stdout]    = note: this error originates in the macro `actorscript` (in Nightly builds, run with -Z macro-backtrace for more info)
[INFO] [stdout] 
[INFO] [stdout] 
[INFO] [stdout] error: aborting due to 1 previous error
[INFO] [stdout] 
[INFO] [stdout] 
[INFO] [stdout] For more information about this error, try `rustc --explain E0599`.
[INFO] [stdout] 
[INFO] [stdout] warning: 1 warning emitted
[INFO] [stdout] 
[INFO] [stdout] 
[INFO] [stderr] error: could not compile `gmt_dos-actors` (example "simple_dsl") due to 2 previous errors
[INFO] [stderr] warning: build failed, waiting for other jobs to finish...
[INFO] [stdout] error[E0433]: failed to resolve: could not find `gmt_dos_clients_scope` in the list of imported crates
[INFO] [stdout]   --> examples/woofer-tweeter/main.rs:34:5
[INFO] [stdout]    |
[INFO] [stdout] 34 | /     actorscript! {
[INFO] [stdout] 35 | |         1: lofi[AddLoFi]~ -> {woofer}[ResLoFi]~ -> {tweeter}[ResHiFi]~
[INFO] [stdout] 36 | |     }
[INFO] [stdout]    | |_____^ could not find `gmt_dos_clients_scope` in the list of imported crates
[INFO] [stdout]    |
[INFO] [stdout]    = note: this error originates in the macro `actorscript` (in Nightly builds, run with -Z macro-backtrace for more info)
[INFO] [stdout] help: consider importing this struct
[INFO] [stdout]    |
[INFO] [stdout] 1  + use std::thread::Scope;
[INFO] [stdout]    |
[INFO] [stdout] 
[INFO] [stdout] 
[INFO] [stdout] error[E0433]: failed to resolve: could not find `gmt_dos_clients_scope_client` in the list of imported crates
[INFO] [stdout]   --> examples/woofer-tweeter/main.rs:34:5
[INFO] [stdout]    |
[INFO] [stdout] 34 | /     actorscript! {
[INFO] [stdout] 35 | |         1: lofi[AddLoFi]~ -> {woofer}[ResLoFi]~ -> {tweeter}[ResHiFi]~
[INFO] [stdout] 36 | |     }
[INFO] [stdout]    | |_____^ could not find `gmt_dos_clients_scope_client` in the list of imported crates
[INFO] [stdout]    |
[INFO] [stdout]    = note: this error originates in the macro `actorscript` (in Nightly builds, run with -Z macro-backtrace for more info)
[INFO] [stdout] help: consider importing this struct
[INFO] [stdout]    |
[INFO] [stdout] 1  + use std::thread::Scope;
[INFO] [stdout]    |
[INFO] [stdout] 
[INFO] [stdout] 
[INFO] [stdout] error: aborting due to 3 previous errors
[INFO] [stdout] 
[INFO] [stdout] 
[INFO] [stdout] For more information about this error, try `rustc --explain E0433`.
[INFO] [stdout] 
[INFO] [stderr] error: could not compile `gmt_dos-actors` (example "woofer-tweeter") due to 4 previous errors
[INFO] running `Command { std: "docker" "inspect" "d5ac4b4c718c537db01c9ada21d620cb2b54f08cb80bfb2087e6edfadff2b285", kill_on_drop: false }`
[INFO] running `Command { std: "docker" "rm" "-f" "d5ac4b4c718c537db01c9ada21d620cb2b54f08cb80bfb2087e6edfadff2b285", kill_on_drop: false }`
[INFO] [stdout] d5ac4b4c718c537db01c9ada21d620cb2b54f08cb80bfb2087e6edfadff2b285
[INFO] checking gmt_dos-actors-10.1.0 against nightly-2024-02-05+rustflags=-Dunexpected_cfgs+cargoflags=-Zcheck-cfg for check-cfg
[INFO] extracting crate gmt_dos-actors 10.1.0 into /workspace/builds/worker-6-tc2/source
[INFO] validating manifest of crates.io crate gmt_dos-actors 10.1.0 on toolchain nightly-2024-02-05
[INFO] running `Command { std: CARGO_HOME="/workspace/cargo-home" RUSTUP_HOME="/workspace/rustup-home" "/workspace/cargo-home/bin/cargo" "+nightly-2024-02-05" "metadata" "--manifest-path" "Cargo.toml" "--no-deps", kill_on_drop: false }`
[INFO] started tweaking crates.io crate gmt_dos-actors 10.1.0
[INFO] finished tweaking crates.io crate gmt_dos-actors 10.1.0
[INFO] tweaked toml for crates.io crate gmt_dos-actors 10.1.0 written to /workspace/builds/worker-6-tc2/source/Cargo.toml
[INFO] crate crates.io crate gmt_dos-actors 10.1.0 already has a lockfile, it will not be regenerated
[INFO] running `Command { std: CARGO_HOME="/workspace/cargo-home" RUSTUP_HOME="/workspace/rustup-home" "/workspace/cargo-home/bin/cargo" "+nightly-2024-02-05" "fetch" "--manifest-path" "Cargo.toml", kill_on_drop: false }`
[INFO] running `Command { std: "docker" "create" "-v" "/var/lib/crater-agent-workspace/builds/worker-6-tc2/target:/opt/rustwide/target:rw,Z" "-v" "/var/lib/crater-agent-workspace/builds/worker-6-tc2/source:/opt/rustwide/workdir:ro,Z" "-v" "/var/lib/crater-agent-workspace/cargo-home:/opt/rustwide/cargo-home:ro,Z" "-v" "/var/lib/crater-agent-workspace/rustup-home:/opt/rustwide/rustup-home:ro,Z" "-e" "SOURCE_DIR=/opt/rustwide/workdir" "-e" "CARGO_TARGET_DIR=/opt/rustwide/target" "-e" "CARGO_HOME=/opt/rustwide/cargo-home" "-e" "RUSTUP_HOME=/opt/rustwide/rustup-home" "-w" "/opt/rustwide/workdir" "-m" "1610612736" "--user" "0:0" "--network" "none" "ghcr.io/rust-lang/crates-build-env/linux@sha256:2788e3201cd34a07e3172128adcd8b3090168a8e3bcc40d7c032b9dda1df7d1c" "/opt/rustwide/cargo-home/bin/cargo" "+nightly-2024-02-05" "metadata" "--no-deps" "--format-version=1", kill_on_drop: false }`
[INFO] [stdout] ecc496bf302b04050569fed4d0117f2226d520097aa4be1e85ce864eef831387
[INFO] running `Command { std: "docker" "start" "-a" "ecc496bf302b04050569fed4d0117f2226d520097aa4be1e85ce864eef831387", kill_on_drop: false }`
[INFO] running `Command { std: "docker" "inspect" "ecc496bf302b04050569fed4d0117f2226d520097aa4be1e85ce864eef831387", kill_on_drop: false }`
[INFO] running `Command { std: "docker" "rm" "-f" "ecc496bf302b04050569fed4d0117f2226d520097aa4be1e85ce864eef831387", kill_on_drop: false }`
[INFO] [stdout] ecc496bf302b04050569fed4d0117f2226d520097aa4be1e85ce864eef831387
[INFO] running `Command { std: "docker" "create" "-v" "/var/lib/crater-agent-workspace/builds/worker-6-tc2/target:/opt/rustwide/target:rw,Z" "-v" "/var/lib/crater-agent-workspace/builds/worker-6-tc2/source:/opt/rustwide/workdir:ro,Z" "-v" "/var/lib/crater-agent-workspace/cargo-home:/opt/rustwide/cargo-home:ro,Z" "-v" "/var/lib/crater-agent-workspace/rustup-home:/opt/rustwide/rustup-home:ro,Z" "-e" "SOURCE_DIR=/opt/rustwide/workdir" "-e" "CARGO_TARGET_DIR=/opt/rustwide/target" "-e" "CARGO_INCREMENTAL=0" "-e" "RUST_BACKTRACE=full" "-e" "RUSTFLAGS=--cap-lints=forbid -Dunexpected_cfgs" "-e" "RUSTDOCFLAGS=--cap-lints=forbid" "-e" "CARGO_HOME=/opt/rustwide/cargo-home" "-e" "RUSTUP_HOME=/opt/rustwide/rustup-home" "-w" "/opt/rustwide/workdir" "-m" "1610612736" "--user" "0:0" "--network" "none" "ghcr.io/rust-lang/crates-build-env/linux@sha256:2788e3201cd34a07e3172128adcd8b3090168a8e3bcc40d7c032b9dda1df7d1c" "/opt/rustwide/cargo-home/bin/cargo" "+nightly-2024-02-05" "check" "--frozen" "--all" "--all-targets" "--message-format=json" "-Zcheck-cfg", kill_on_drop: false }`
[INFO] [stdout] c6d407204e63771c5ab64b5cce96e52a5603bdc9b4d90a5e14956dd07bc4d5a4
[INFO] running `Command { std: "docker" "start" "-a" "c6d407204e63771c5ab64b5cce96e52a5603bdc9b4d90a5e14956dd07bc4d5a4", kill_on_drop: false }`
[INFO] [stderr]    Compiling proc-macro2 v1.0.67
[INFO] [stderr]    Compiling libc v0.2.148
[INFO] [stderr]    Compiling libm v0.2.7
[INFO] [stderr]    Compiling num-traits v0.2.16
[INFO] [stderr]     Checking log v0.4.20
[INFO] [stderr]     Checking bytemuck v1.14.0
[INFO] [stderr]    Compiling num-rational v0.4.1
[INFO] [stderr]    Compiling syn v1.0.109
[INFO] [stderr]    Compiling pathfinder_simd v0.5.2
[INFO] [stderr]     Checking bitflags v2.4.0
[INFO] [stderr]    Compiling yeslogic-fontconfig-sys v3.2.0
[INFO] [stderr]     Checking futures-sink v0.3.28
[INFO] [stderr]    Compiling futures-channel v0.3.28
[INFO] [stderr]    Compiling rustix v0.38.17
[INFO] [stderr]     Checking flate2 v1.0.27
[INFO] [stderr]     Checking libloading v0.8.1
[INFO] [stderr]     Checking linux-raw-sys v0.4.8
[INFO] [stderr]    Compiling quote v1.0.33
[INFO] [stderr]    Compiling syn v2.0.38
[INFO] [stderr]    Compiling cc v1.0.83
[INFO] [stderr]     Checking getrandom v0.2.10
[INFO] [stderr]    Compiling futures-util v0.3.28
[INFO] [stderr]     Checking num_cpus v1.16.0
[INFO] [stderr]     Checking dirs-sys-next v0.1.2
[INFO] [stderr]     Checking png v0.17.10
[INFO] [stderr]     Checking dlib v0.5.2
[INFO] [stderr]     Checking num-integer v0.1.45
[INFO] [stderr]    Compiling cmake v0.1.50
[INFO] [stderr]     Checking safe_arch v0.7.1
[INFO] [stderr]    Compiling matrixmultiply v0.3.8
[INFO] [stderr]     Checking jpeg-decoder v0.3.0
[INFO] [stderr]    Compiling prettyplease v0.2.15
[INFO] [stderr]     Checking plotters-backend v0.3.5
[INFO] [stderr]    Compiling font-kit v0.11.0
[INFO] [stderr]     Checking const-cstr v0.3.0
[INFO] [stderr]     Checking wide v0.7.12
[INFO] [stderr]    Compiling tracing-core v0.1.31
[INFO] [stderr]     Checking image v0.24.7
[INFO] [stderr]     Checking chrono v0.4.31
[INFO] [stderr]     Checking pathfinder_geometry v0.5.1
[INFO] [stderr]    Compiling freetype-sys v0.13.1
[INFO] [stderr]     Checking is-terminal v0.4.9
[INFO] [stderr]     Checking num-complex v0.4.4
[INFO] [stderr]     Checking approx v0.5.1
[INFO] [stderr]     Checking freetype v0.7.0
[INFO] [stderr]    Compiling proc-macro-error-attr v1.0.4
[INFO] [stderr]     Checking dirs-next v2.0.0
[INFO] [stderr]     Checking rand_core v0.6.4
[INFO] [stderr]     Checking aho-corasick v1.1.1
[INFO] [stderr]    Compiling num-bigint v0.4.4
[INFO] [stderr]    Compiling pin-project-lite v0.2.13
[INFO] [stderr]     Checking float-ord v0.2.0
[INFO] [stderr]     Checking paris v1.5.15
[INFO] [stderr]    Compiling colorous v1.0.12
[INFO] [stderr]     Checking rawpointer v0.2.1
[INFO] [stderr]    Compiling async-trait v0.1.73
[INFO] [stderr]     Checking regex-syntax v0.7.5
[INFO] [stderr]     Checking rand_chacha v0.3.1
[INFO] [stderr]    Compiling proc-macro-error v1.0.4
[INFO] [stderr]    Compiling time-macros v0.2.15
[INFO] [stderr]     Checking plotters-bitmap v0.3.3
[INFO] [stderr]     Checking simba v0.8.1
[INFO] [stderr]     Checking plotters-svg v0.3.5
[INFO] [stderr]     Checking nanorand v0.7.0
[INFO] [stderr]     Checking atty v0.2.14
[INFO] [stderr]     Checking console v0.15.7
[INFO] [stderr]     Checking deranged v0.3.8
[INFO] [stderr]     Checking regex-automata v0.3.9
[INFO] [stderr]     Checking ttf-parser v0.17.1
[INFO] [stderr]     Checking num_threads v0.1.6
[INFO] [stderr]     Checking clap v2.34.0
[INFO] [stderr]     Checking indicatif v0.17.7
[INFO] [stderr]     Checking flume v0.11.0
[INFO] [stderr]     Checking time v0.3.29
[INFO] [stderr]    Compiling nalgebra-macros v0.2.1
[INFO] [stderr]     Checking plotters v0.3.5
[INFO] [stderr]     Checking regex v1.9.6
[INFO] [stderr]    Compiling structopt-derive v0.4.18
[INFO] [stderr]     Checking rand v0.8.5
[INFO] [stderr]     Checking colored v2.0.4
[INFO] [stderr]     Checking vec_box v1.0.0
[INFO] [stderr]    Compiling tokio-macros v2.1.0
[INFO] [stderr]    Compiling futures-macro v0.3.28
[INFO] [stderr]    Compiling thiserror-impl v1.0.49
[INFO] [stderr]    Compiling tracing-attributes v0.1.26
[INFO] [stderr]    Compiling dos-uid-derive v4.1.0
[INFO] [stderr]    Compiling async-stream-impl v0.3.5
[INFO] [stderr]     Checking gmt_dos-actors-clients_interface v0.1.5
[INFO] [stderr]    Compiling serde_derive v1.0.188
[INFO] [stderr]     Checking tokio v1.32.0
[INFO] [stderr]     Checking async-stream v0.3.5
[INFO] [stderr]     Checking iter-read v0.3.1
[INFO] [stderr]     Checking env_logger v0.10.0
[INFO] [stderr]     Checking thiserror v1.0.49
[INFO] [stderr]     Checking serde-pickle v1.1.1
[INFO] [stderr]     Checking structopt v0.3.26
[INFO] [stderr]     Checking rand_distr v0.4.3
[INFO] [stderr]     Checking nalgebra v0.32.3
[INFO] [stderr]    Compiling tracing v0.1.37
[INFO] [stderr]     Checking complot v0.3.4
[INFO] [stderr]     Checking simple_logger v2.3.0
[INFO] [stderr]    Compiling gmt_dos-actors_dsl v0.6.0
[INFO] [stderr]     Checking tokio-stream v0.1.14
[INFO] [stderr]     Checking tokio-test v0.4.3
[INFO] [stderr]     Checking futures-executor v0.3.28
[INFO] [stderr]     Checking futures v0.3.28
[INFO] [stderr]     Checking gmt_dos-actors v10.1.0 (/opt/rustwide/workdir)
[INFO] [stderr]     Checking ron v0.8.1
[INFO] [stderr]     Checking gmt_dos-clients v3.2.0
[INFO] [stdout] /*
[INFO] [stdout] Model MODEL [completed] :
[INFO] [stdout]   1: ramp[RRR] -> logging1_actor
[INFO] [stdout]   3: ramp[RRR] -> _1_rrr_3_ -> logging2_actor
[INFO] [stdout]   1: ramp[RRR] -> sampler
[INFO] [stdout]   3: sampler[RRR] -> logging3_actor
[INFO] [stdout]   1: ramp[RRR] -> average
[INFO] [stdout]   3: average[RRR] -> logging4_actor
[INFO] [stdout]  */
[INFO] [stdout] /*
[INFO] [stdout] Model MODEL [completed] :
[INFO] [stdout]   1: lofi[AddLoFi] -> woofer[ResLoFi] -> tweeter[ResHiFi]
[INFO] [stdout]   1: lofi[AddLoFi] -> scope_addlofi
[INFO] [stdout]   1: woofer[ResLoFi] -> scope_reslofi
[INFO] [stdout]   1: tweeter[ResHiFi] -> scope_reshifi
[INFO] [stdout]  */
[INFO] [stdout] /*
[INFO] [stdout] Model MODEL [completed] :
[INFO] [stdout]   1: source[SignalToFilter] -> logging_actor
[INFO] [stdout]   1: source[SignalToFilter] -> filter[FilterToSink] -> logging_actor
[INFO] [stdout]  */
[INFO] [stdout] error[E0599]: no method named `run` found for struct `Model<Completed>` in the current scope
[INFO] [stdout]   --> examples/simple_dsl/main.rs:77:11
[INFO] [stdout]    |
[INFO] [stdout] 77 |     model.run().wait().await?;
[INFO] [stdout]    |           ^^^ method not found in `Model<Completed>`
[INFO] [stdout]    |
[INFO] [stdout]    = note: the method was found for
[INFO] [stdout]            - `Model<gmt_dos_actors::model::Ready>`
[INFO] [stdout] 
[INFO] [stdout] 
[INFO] [stdout] error[E0433]: failed to resolve: could not find `gmt_dos_clients_scope` in the list of imported crates
[INFO] [stdout]   --> examples/woofer-tweeter/main.rs:34:5
[INFO] [stdout]    |
[INFO] [stdout] 34 | /     actorscript! {
[INFO] [stdout] 35 | |         1: lofi[AddLoFi]~ -> {woofer}[ResLoFi]~ -> {tweeter}[ResHiFi]~
[INFO] [stdout] 36 | |     }
[INFO] [stdout]    | |_____^ could not find `gmt_dos_clients_scope` in the list of imported crates
[INFO] [stdout]    |
[INFO] [stdout]    = note: this error originates in the macro `actorscript` (in Nightly builds, run with -Z macro-backtrace for more info)
[INFO] [stdout] 
[INFO] [stdout] 
[INFO] [stdout] error: aborting due to 1 previous error
[INFO] [stdout] 
[INFO] [stdout] 
[INFO] [stdout] For more information about this error, try `rustc --explain E0599`.
[INFO] [stdout] 
[INFO] [stdout] error[E0433]: failed to resolve: could not find `gmt_dos_clients_scope` in the list of imported crates
[INFO] [stdout]   --> examples/woofer-tweeter/main.rs:34:5
[INFO] [stdout]    |
[INFO] [stdout] 34 | /     actorscript! {
[INFO] [stdout] 35 | |         1: lofi[AddLoFi]~ -> {woofer}[ResLoFi]~ -> {tweeter}[ResHiFi]~
[INFO] [stdout] 36 | |     }
[INFO] [stdout]    | |_____^ could not find `gmt_dos_clients_scope` in the list of imported crates
[INFO] [stdout]    |
[INFO] [stdout]    = note: this error originates in the macro `actorscript` (in Nightly builds, run with -Z macro-backtrace for more info)
[INFO] [stdout] help: consider importing this struct
[INFO] [stdout]    |
[INFO] [stdout] 1  + use std::thread::Scope;
[INFO] [stdout]    |
[INFO] [stdout] 
[INFO] [stdout] 
[INFO] [stdout] error[E0433]: failed to resolve: could not find `gmt_dos_clients_scope_client` in the list of imported crates
[INFO] [stdout]   --> examples/woofer-tweeter/main.rs:34:5
[INFO] [stdout]    |
[INFO] [stdout] 34 | /     actorscript! {
[INFO] [stdout] 35 | |         1: lofi[AddLoFi]~ -> {woofer}[ResLoFi]~ -> {tweeter}[ResHiFi]~
[INFO] [stdout] 36 | |     }
[INFO] [stdout]    | |_____^ could not find `gmt_dos_clients_scope_client` in the list of imported crates
[INFO] [stdout]    |
[INFO] [stdout]    = note: this error originates in the macro `actorscript` (in Nightly builds, run with -Z macro-backtrace for more info)
[INFO] [stdout] help: consider importing this struct
[INFO] [stdout]    |
[INFO] [stdout] 1  + use std::thread::Scope;
[INFO] [stdout]    |
[INFO] [stdout] 
[INFO] [stdout] 
[INFO] [stderr] error: could not compile `gmt_dos-actors` (example "simple_dsl") due to 2 previous errors
[INFO] [stderr] warning: build failed, waiting for other jobs to finish...
[INFO] [stdout] warning: associated function `new` is never used
[INFO] [stdout]   --> examples/simple/feedback.rs:32:12
[INFO] [stdout]    |
[INFO] [stdout] 31 | impl Integrator {
[INFO] [stdout]    | --------------- associated function in this implementation
[INFO] [stdout] 32 |     pub fn new(gain: f64, n_data: usize) -> Self {
[INFO] [stdout]    |            ^^^
[INFO] [stdout]    |
[INFO] [stdout]    = note: `#[warn(dead_code)]` on by default
[INFO] [stdout] 
[INFO] [stdout] 
[INFO] [stdout] warning: 1 warning emitted
[INFO] [stdout] 
[INFO] [stdout] 
[INFO] [stdout] error: aborting due to 3 previous errors
[INFO] [stdout] 
[INFO] [stdout] 
[INFO] [stdout] For more information about this error, try `rustc --explain E0433`.
[INFO] [stdout] 
[INFO] [stderr] error: could not compile `gmt_dos-actors` (example "woofer-tweeter") due to 4 previous errors
[INFO] running `Command { std: "docker" "inspect" "c6d407204e63771c5ab64b5cce96e52a5603bdc9b4d90a5e14956dd07bc4d5a4", kill_on_drop: false }`
[INFO] running `Command { std: "docker" "rm" "-f" "c6d407204e63771c5ab64b5cce96e52a5603bdc9b4d90a5e14956dd07bc4d5a4", kill_on_drop: false }`
[INFO] [stdout] c6d407204e63771c5ab64b5cce96e52a5603bdc9b4d90a5e14956dd07bc4d5a4
