[INFO] fetching crate gix-submodule 0.5.0...
[INFO] checking gix-submodule-0.5.0 against nightly-2024-02-05 for check-cfg
[INFO] extracting crate gix-submodule 0.5.0 into /workspace/builds/worker-1-tc1/source
[INFO] validating manifest of crates.io crate gix-submodule 0.5.0 on toolchain nightly-2024-02-05
[INFO] running `Command { std: CARGO_HOME="/workspace/cargo-home" RUSTUP_HOME="/workspace/rustup-home" "/workspace/cargo-home/bin/cargo" "+nightly-2024-02-05" "metadata" "--manifest-path" "Cargo.toml" "--no-deps", kill_on_drop: false }`
[INFO] started tweaking crates.io crate gix-submodule 0.5.0
[INFO] finished tweaking crates.io crate gix-submodule 0.5.0
[INFO] tweaked toml for crates.io crate gix-submodule 0.5.0 written to /workspace/builds/worker-1-tc1/source/Cargo.toml
[INFO] running `Command { std: CARGO_HOME="/workspace/cargo-home" RUSTUP_HOME="/workspace/rustup-home" "/workspace/cargo-home/bin/cargo" "+nightly-2024-02-05" "generate-lockfile" "--manifest-path" "Cargo.toml", kill_on_drop: false }`
[INFO] [stderr]     Updating crates.io index
[INFO] running `Command { std: CARGO_HOME="/workspace/cargo-home" RUSTUP_HOME="/workspace/rustup-home" "/workspace/cargo-home/bin/cargo" "+nightly-2024-02-05" "fetch" "--manifest-path" "Cargo.toml", kill_on_drop: false }`
[INFO] [stderr]  Downloading crates ...
[INFO] [stderr]   Downloaded memmap2 v0.7.1
[INFO] [stderr]   Downloaded gix-tempfile v11.0.1
[INFO] [stderr]   Downloaded gix-config-value v0.14.4
[INFO] [stderr]   Downloaded gix-url v0.25.2
[INFO] [stderr]   Downloaded gix-path v0.10.5
[INFO] [stderr]   Downloaded gix-quote v0.4.10
[INFO] [stderr]   Downloaded gix-utils v0.1.9
[INFO] [stderr]   Downloaded gix-fs v0.8.1
[INFO] [stderr]   Downloaded gix-lock v11.0.1
[INFO] [stderr]   Downloaded gix-pathspec v0.4.1
[INFO] [stderr]   Downloaded gix-glob v0.14.1
[INFO] [stderr]   Downloaded gix-revision v0.23.0
[INFO] [stderr]   Downloaded gix-ref v0.38.0
[INFO] [stderr]   Downloaded gix-sec v0.10.4
[INFO] [stderr]   Downloaded gix-attributes v0.20.1
[INFO] [stderr]   Downloaded gix-config v0.31.0
[INFO] [stderr]   Downloaded gix-refspec v0.19.0
[INFO] running `Command { std: "docker" "create" "-v" "/var/lib/crater-agent-workspace/builds/worker-1-tc1/target:/opt/rustwide/target:rw,Z" "-v" "/var/lib/crater-agent-workspace/builds/worker-1-tc1/source:/opt/rustwide/workdir:ro,Z" "-v" "/var/lib/crater-agent-workspace/cargo-home:/opt/rustwide/cargo-home:ro,Z" "-v" "/var/lib/crater-agent-workspace/rustup-home:/opt/rustwide/rustup-home:ro,Z" "-e" "SOURCE_DIR=/opt/rustwide/workdir" "-e" "CARGO_TARGET_DIR=/opt/rustwide/target" "-e" "CARGO_HOME=/opt/rustwide/cargo-home" "-e" "RUSTUP_HOME=/opt/rustwide/rustup-home" "-w" "/opt/rustwide/workdir" "-m" "1610612736" "--user" "0:0" "--network" "none" "ghcr.io/rust-lang/crates-build-env/linux@sha256:2788e3201cd34a07e3172128adcd8b3090168a8e3bcc40d7c032b9dda1df7d1c" "/opt/rustwide/cargo-home/bin/cargo" "+nightly-2024-02-05" "metadata" "--no-deps" "--format-version=1", kill_on_drop: false }`
[INFO] [stdout] 264d932d5a0e4aa4d18bab8c92907f8be08902f5c47a7ec29a390220850b62b3
[INFO] running `Command { std: "docker" "start" "-a" "264d932d5a0e4aa4d18bab8c92907f8be08902f5c47a7ec29a390220850b62b3", kill_on_drop: false }`
[INFO] running `Command { std: "docker" "inspect" "264d932d5a0e4aa4d18bab8c92907f8be08902f5c47a7ec29a390220850b62b3", kill_on_drop: false }`
[INFO] running `Command { std: "docker" "rm" "-f" "264d932d5a0e4aa4d18bab8c92907f8be08902f5c47a7ec29a390220850b62b3", kill_on_drop: false }`
[INFO] [stdout] 264d932d5a0e4aa4d18bab8c92907f8be08902f5c47a7ec29a390220850b62b3
[INFO] running `Command { std: "docker" "create" "-v" "/var/lib/crater-agent-workspace/builds/worker-1-tc1/target:/opt/rustwide/target:rw,Z" "-v" "/var/lib/crater-agent-workspace/builds/worker-1-tc1/source:/opt/rustwide/workdir:ro,Z" "-v" "/var/lib/crater-agent-workspace/cargo-home:/opt/rustwide/cargo-home:ro,Z" "-v" "/var/lib/crater-agent-workspace/rustup-home:/opt/rustwide/rustup-home:ro,Z" "-e" "SOURCE_DIR=/opt/rustwide/workdir" "-e" "CARGO_TARGET_DIR=/opt/rustwide/target" "-e" "CARGO_INCREMENTAL=0" "-e" "RUST_BACKTRACE=full" "-e" "RUSTFLAGS=--cap-lints=forbid" "-e" "RUSTDOCFLAGS=--cap-lints=forbid" "-e" "CARGO_HOME=/opt/rustwide/cargo-home" "-e" "RUSTUP_HOME=/opt/rustwide/rustup-home" "-w" "/opt/rustwide/workdir" "-m" "1610612736" "--user" "0:0" "--network" "none" "ghcr.io/rust-lang/crates-build-env/linux@sha256:2788e3201cd34a07e3172128adcd8b3090168a8e3bcc40d7c032b9dda1df7d1c" "/opt/rustwide/cargo-home/bin/cargo" "+nightly-2024-02-05" "check" "--frozen" "--all" "--all-targets" "--message-format=json", kill_on_drop: false }`
[INFO] [stdout] ab5f4cbddf9ec6282946db6a0d1d3ff419ede155a667afc6f82f3800305b6c25
[INFO] running `Command { std: "docker" "start" "-a" "ab5f4cbddf9ec6282946db6a0d1d3ff419ede155a667afc6f82f3800305b6c25", kill_on_drop: false }`
[INFO] [stderr]    Compiling proc-macro2 v1.0.78
[INFO] [stderr]    Compiling unicode-ident v1.0.12
[INFO] [stderr]    Compiling libc v0.2.153
[INFO] [stderr]    Compiling thiserror v1.0.56
[INFO] [stderr]    Compiling autocfg v1.1.0
[INFO] [stderr]    Compiling serde v1.0.196
[INFO] [stderr]     Checking memchr v2.7.1
[INFO] [stderr]     Checking regex-automata v0.4.5
[INFO] [stderr]     Checking gix-trace v0.1.7
[INFO] [stderr]     Checking same-file v1.0.6
[INFO] [stderr]     Checking walkdir v2.4.0
[INFO] [stderr]     Checking sha1_smol v1.0.0
[INFO] [stderr]     Checking prodash v26.2.2
[INFO] [stderr]    Compiling num-traits v0.2.17
[INFO] [stderr]     Checking smallvec v1.13.1
[INFO] [stderr]    Compiling lock_api v0.4.11
[INFO] [stderr]     Checking cfg-if v1.0.0
[INFO] [stderr]    Compiling parking_lot_core v0.9.9
[INFO] [stderr]     Checking bitflags v2.4.2
[INFO] [stderr]     Checking once_cell v1.19.0
[INFO] [stderr]     Checking scopeguard v1.2.0
[INFO] [stderr]    Compiling quote v1.0.35
[INFO] [stderr]     Checking bstr v1.9.0
[INFO] [stderr]    Compiling num-conv v0.1.0
[INFO] [stderr]    Compiling syn v2.0.48
[INFO] [stderr]     Checking powerfmt v0.2.0
[INFO] [stderr]    Compiling time-core v0.1.2
[INFO] [stderr]     Checking deranged v0.3.11
[INFO] [stderr]    Compiling time-macros v0.2.17
[INFO] [stderr]     Checking tinyvec_macros v0.1.1
[INFO] [stderr]     Checking num_threads v0.1.6
[INFO] [stderr]     Checking itoa v1.0.10
[INFO] [stderr]     Checking parking_lot v0.12.1
[INFO] [stderr]     Checking tinyvec v1.6.0
[INFO] [stderr]     Checking home v0.5.9
[INFO] [stderr]     Checking winnow v0.5.37
[INFO] [stderr]    Compiling rustix v0.38.31
[INFO] [stderr]     Checking linux-raw-sys v0.4.13
[INFO] [stderr]     Checking btoi v0.4.3
[INFO] [stderr]     Checking fastrand v2.0.1
[INFO] [stderr]     Checking memmap2 v0.9.4
[INFO] [stderr]     Checking unicode-normalization v0.1.22
[INFO] [stderr]     Checking hashbrown v0.14.3
[INFO] [stderr]     Checking static_assertions v1.1.0
[INFO] [stderr]     Checking percent-encoding v2.3.1
[INFO] [stderr]     Checking unicode-bom v2.0.3
[INFO] [stderr]     Checking unicode-bidi v0.3.15
[INFO] [stderr]     Checking gix-utils v0.1.9
[INFO] [stderr]     Checking faster-hex v0.9.0
[INFO] [stderr]     Checking form_urlencoded v1.2.1
[INFO] [stderr]     Checking kstring v2.0.0
[INFO] [stderr]     Checking memmap2 v0.7.1
[INFO] [stderr]     Checking gix-sec v0.10.4
[INFO] [stderr]     Checking idna v0.5.0
[INFO] [stderr]     Checking time v0.3.34
[INFO] [stderr]     Checking url v2.5.0
[INFO] [stderr]    Compiling thiserror-impl v1.0.56
[INFO] [stderr]     Checking tempfile v3.10.0
[INFO] [stderr]     Checking gix-hash v0.13.3
[INFO] [stderr]     Checking gix-path v0.10.5
[INFO] [stderr]     Checking gix-date v0.8.3
[INFO] [stderr]     Checking gix-validate v0.8.3
[INFO] [stderr]     Checking gix-chunk v0.4.7
[INFO] [stderr]     Checking gix-quote v0.4.10
[INFO] [stderr]     Checking gix-config-value v0.14.4
[INFO] [stderr]     Checking gix-features v0.36.1
[INFO] [stderr]     Checking gix-hashtable v0.4.1
[INFO] [stderr]     Checking gix-actor v0.28.1
[INFO] [stderr]     Checking gix-fs v0.8.1
[INFO] [stderr]     Checking gix-commitgraph v0.22.1
[INFO] [stderr]     Checking gix-glob v0.14.1
[INFO] [stderr]     Checking gix-url v0.25.2
[INFO] [stderr]     Checking gix-object v0.38.0
[INFO] [stderr]     Checking gix-tempfile v11.0.1
[INFO] [stderr]     Checking gix-lock v11.0.1
[INFO] [stderr]     Checking gix-attributes v0.20.1
[INFO] [stderr]     Checking gix-pathspec v0.4.1
[INFO] [stderr]     Checking gix-revwalk v0.9.0
[INFO] [stderr]     Checking gix-ref v0.38.0
[INFO] [stderr]     Checking gix-revision v0.23.0
[INFO] [stderr]     Checking gix-refspec v0.19.0
[INFO] [stderr]     Checking gix-config v0.31.0
[INFO] [stderr]     Checking gix-submodule v0.5.0 (/opt/rustwide/workdir)
[INFO] [stdout] error[E0433]: failed to resolve: use of undeclared crate or module `gix_features`
[INFO] [stdout]  --> tests/file/baseline.rs:4:5
[INFO] [stdout]   |
[INFO] [stdout] 4 | use gix_features::fs::walkdir::Parallelism;
[INFO] [stdout]   |     ^^^^^^^^^^^^ use of undeclared crate or module `gix_features`
[INFO] [stdout] 
[INFO] [stdout] 
[INFO] [stdout] error[E0432]: unresolved import `gix_testtools`
[INFO] [stdout]  --> tests/submodule.rs:1:5
[INFO] [stdout]   |
[INFO] [stdout] 1 | use gix_testtools::Result;
[INFO] [stdout]   |     ^^^^^^^^^^^^^ use of undeclared crate or module `gix_testtools`
[INFO] [stdout] 
[INFO] [stdout] 
[INFO] [stdout] error[E0433]: failed to resolve: use of undeclared crate or module `gix_features`
[INFO] [stdout]   --> tests/file/baseline.rs:64:5
[INFO] [stdout]    |
[INFO] [stdout] 64 |     gix_features::fs::walkdir_sorted_new(&dir, Parallelism::Serial)
[INFO] [stdout]    |     ^^^^^^^^^^^^ use of undeclared crate or module `gix_features`
[INFO] [stdout] 
[INFO] [stdout] 
[INFO] [stdout] error[E0433]: failed to resolve: use of undeclared crate or module `gix_testtools`
[INFO] [stdout]   --> tests/file/baseline.rs:63:15
[INFO] [stdout]    |
[INFO] [stdout] 63 |     let dir = gix_testtools::scripted_fixture_read_only("basic.sh").expect("valid fixture");
[INFO] [stdout]    |               ^^^^^^^^^^^^^ use of undeclared crate or module `gix_testtools`
[INFO] [stdout] 
[INFO] [stdout] 
[INFO] [stdout] error[E0433]: failed to resolve: use of undeclared crate or module `gix_testtools`
[INFO] [stdout]  --> tests/file/mod.rs:9:23
[INFO] [stdout]   |
[INFO] [stdout] 9 |         let modules = gix_testtools::scripted_fixture_read_only("basic.sh")?
[INFO] [stdout]   |                       ^^^^^^^^^^^^^ use of undeclared crate or module `gix_testtools`
[INFO] [stdout] 
[INFO] [stdout] 
[INFO] [stdout] error: aborting due to 5 previous errors
[INFO] [stdout] 
[INFO] [stdout] 
[INFO] [stdout] Some errors have detailed explanations: E0432, E0433.
[INFO] [stdout] 
[INFO] [stdout] For more information about an error, try `rustc --explain E0432`.
[INFO] [stdout] 
[INFO] [stderr] error: could not compile `gix-submodule` (test "submodule") due to 6 previous errors
[INFO] running `Command { std: "docker" "inspect" "ab5f4cbddf9ec6282946db6a0d1d3ff419ede155a667afc6f82f3800305b6c25", kill_on_drop: false }`
[INFO] running `Command { std: "docker" "rm" "-f" "ab5f4cbddf9ec6282946db6a0d1d3ff419ede155a667afc6f82f3800305b6c25", kill_on_drop: false }`
[INFO] [stdout] ab5f4cbddf9ec6282946db6a0d1d3ff419ede155a667afc6f82f3800305b6c25
[INFO] checking gix-submodule-0.5.0 against nightly-2024-02-05+rustflags=-Dunexpected_cfgs+cargoflags=-Zcheck-cfg for check-cfg
[INFO] extracting crate gix-submodule 0.5.0 into /workspace/builds/worker-1-tc2/source
[INFO] validating manifest of crates.io crate gix-submodule 0.5.0 on toolchain nightly-2024-02-05
[INFO] running `Command { std: CARGO_HOME="/workspace/cargo-home" RUSTUP_HOME="/workspace/rustup-home" "/workspace/cargo-home/bin/cargo" "+nightly-2024-02-05" "metadata" "--manifest-path" "Cargo.toml" "--no-deps", kill_on_drop: false }`
[INFO] started tweaking crates.io crate gix-submodule 0.5.0
[INFO] finished tweaking crates.io crate gix-submodule 0.5.0
[INFO] tweaked toml for crates.io crate gix-submodule 0.5.0 written to /workspace/builds/worker-1-tc2/source/Cargo.toml
[INFO] running `Command { std: CARGO_HOME="/workspace/cargo-home" RUSTUP_HOME="/workspace/rustup-home" "/workspace/cargo-home/bin/cargo" "+nightly-2024-02-05" "generate-lockfile" "--manifest-path" "Cargo.toml", kill_on_drop: false }`
[INFO] [stderr]     Updating crates.io index
[INFO] running `Command { std: CARGO_HOME="/workspace/cargo-home" RUSTUP_HOME="/workspace/rustup-home" "/workspace/cargo-home/bin/cargo" "+nightly-2024-02-05" "fetch" "--manifest-path" "Cargo.toml", kill_on_drop: false }`
[INFO] running `Command { std: "docker" "create" "-v" "/var/lib/crater-agent-workspace/builds/worker-1-tc2/target:/opt/rustwide/target:rw,Z" "-v" "/var/lib/crater-agent-workspace/builds/worker-1-tc2/source:/opt/rustwide/workdir:ro,Z" "-v" "/var/lib/crater-agent-workspace/cargo-home:/opt/rustwide/cargo-home:ro,Z" "-v" "/var/lib/crater-agent-workspace/rustup-home:/opt/rustwide/rustup-home:ro,Z" "-e" "SOURCE_DIR=/opt/rustwide/workdir" "-e" "CARGO_TARGET_DIR=/opt/rustwide/target" "-e" "CARGO_HOME=/opt/rustwide/cargo-home" "-e" "RUSTUP_HOME=/opt/rustwide/rustup-home" "-w" "/opt/rustwide/workdir" "-m" "1610612736" "--user" "0:0" "--network" "none" "ghcr.io/rust-lang/crates-build-env/linux@sha256:2788e3201cd34a07e3172128adcd8b3090168a8e3bcc40d7c032b9dda1df7d1c" "/opt/rustwide/cargo-home/bin/cargo" "+nightly-2024-02-05" "metadata" "--no-deps" "--format-version=1", kill_on_drop: false }`
[INFO] [stdout] b5ccc880cdd4987cea2bacf69ccfc342b7628cbfb04cd7541de4312eff797f71
[INFO] running `Command { std: "docker" "start" "-a" "b5ccc880cdd4987cea2bacf69ccfc342b7628cbfb04cd7541de4312eff797f71", kill_on_drop: false }`
[INFO] running `Command { std: "docker" "inspect" "b5ccc880cdd4987cea2bacf69ccfc342b7628cbfb04cd7541de4312eff797f71", kill_on_drop: false }`
[INFO] running `Command { std: "docker" "rm" "-f" "b5ccc880cdd4987cea2bacf69ccfc342b7628cbfb04cd7541de4312eff797f71", kill_on_drop: false }`
[INFO] [stdout] b5ccc880cdd4987cea2bacf69ccfc342b7628cbfb04cd7541de4312eff797f71
[INFO] running `Command { std: "docker" "create" "-v" "/var/lib/crater-agent-workspace/builds/worker-1-tc2/target:/opt/rustwide/target:rw,Z" "-v" "/var/lib/crater-agent-workspace/builds/worker-1-tc2/source:/opt/rustwide/workdir:ro,Z" "-v" "/var/lib/crater-agent-workspace/cargo-home:/opt/rustwide/cargo-home:ro,Z" "-v" "/var/lib/crater-agent-workspace/rustup-home:/opt/rustwide/rustup-home:ro,Z" "-e" "SOURCE_DIR=/opt/rustwide/workdir" "-e" "CARGO_TARGET_DIR=/opt/rustwide/target" "-e" "CARGO_INCREMENTAL=0" "-e" "RUST_BACKTRACE=full" "-e" "RUSTFLAGS=--cap-lints=forbid -Dunexpected_cfgs" "-e" "RUSTDOCFLAGS=--cap-lints=forbid" "-e" "CARGO_HOME=/opt/rustwide/cargo-home" "-e" "RUSTUP_HOME=/opt/rustwide/rustup-home" "-w" "/opt/rustwide/workdir" "-m" "1610612736" "--user" "0:0" "--network" "none" "ghcr.io/rust-lang/crates-build-env/linux@sha256:2788e3201cd34a07e3172128adcd8b3090168a8e3bcc40d7c032b9dda1df7d1c" "/opt/rustwide/cargo-home/bin/cargo" "+nightly-2024-02-05" "check" "--frozen" "--all" "--all-targets" "--message-format=json" "-Zcheck-cfg", kill_on_drop: false }`
[INFO] [stdout] 20cbe0ec1b8e4bdb9b8d70dd3258d635231092aa6a03235a7f2e8b07b51b52f8
[INFO] running `Command { std: "docker" "start" "-a" "20cbe0ec1b8e4bdb9b8d70dd3258d635231092aa6a03235a7f2e8b07b51b52f8", kill_on_drop: false }`
[INFO] [stderr]    Compiling proc-macro2 v1.0.78
[INFO] [stderr]    Compiling unicode-ident v1.0.12
[INFO] [stderr]    Compiling libc v0.2.153
[INFO] [stderr]    Compiling thiserror v1.0.56
[INFO] [stderr]    Compiling autocfg v1.1.0
[INFO] [stderr]    Compiling serde v1.0.196
[INFO] [stderr]     Checking memchr v2.7.1
[INFO] [stderr]     Checking regex-automata v0.4.5
[INFO] [stderr]     Checking gix-trace v0.1.7
[INFO] [stderr]     Checking same-file v1.0.6
[INFO] [stderr]     Checking walkdir v2.4.0
[INFO] [stderr]     Checking prodash v26.2.2
[INFO] [stderr]     Checking sha1_smol v1.0.0
[INFO] [stderr]    Compiling num-traits v0.2.17
[INFO] [stderr]     Checking smallvec v1.13.1
[INFO] [stderr]    Compiling lock_api v0.4.11
[INFO] [stderr]     Checking cfg-if v1.0.0
[INFO] [stderr]    Compiling parking_lot_core v0.9.9
[INFO] [stderr]     Checking bitflags v2.4.2
[INFO] [stderr]    Compiling num-conv v0.1.0
[INFO] [stderr]    Compiling quote v1.0.35
[INFO] [stderr]     Checking bstr v1.9.0
[INFO] [stderr]     Checking powerfmt v0.2.0
[INFO] [stderr]    Compiling syn v2.0.48
[INFO] [stderr]     Checking once_cell v1.19.0
[INFO] [stderr]     Checking scopeguard v1.2.0
[INFO] [stderr]    Compiling time-core v0.1.2
[INFO] [stderr]    Compiling time-macros v0.2.17
[INFO] [stderr]     Checking deranged v0.3.11
[INFO] [stderr]     Checking num_threads v0.1.6
[INFO] [stderr]     Checking itoa v1.0.10
[INFO] [stderr]     Checking tinyvec_macros v0.1.1
[INFO] [stderr]     Checking parking_lot v0.12.1
[INFO] [stderr]     Checking home v0.5.9
[INFO] [stderr]     Checking tinyvec v1.6.0
[INFO] [stderr]     Checking winnow v0.5.37
[INFO] [stderr]    Compiling rustix v0.38.31
[INFO] [stderr]     Checking btoi v0.4.3
[INFO] [stderr]     Checking linux-raw-sys v0.4.13
[INFO] [stderr]     Checking fastrand v2.0.1
[INFO] [stderr]     Checking memmap2 v0.9.4
[INFO] [stderr]     Checking hashbrown v0.14.3
[INFO] [stderr]     Checking unicode-normalization v0.1.22
[INFO] [stderr]     Checking unicode-bom v2.0.3
[INFO] [stderr]     Checking percent-encoding v2.3.1
[INFO] [stderr]     Checking static_assertions v1.1.0
[INFO] [stderr]     Checking unicode-bidi v0.3.15
[INFO] [stderr]     Checking gix-utils v0.1.9
[INFO] [stderr]     Checking kstring v2.0.0
[INFO] [stderr]     Checking form_urlencoded v1.2.1
[INFO] [stderr]     Checking idna v0.5.0
[INFO] [stderr]     Checking memmap2 v0.7.1
[INFO] [stderr]     Checking faster-hex v0.9.0
[INFO] [stderr]     Checking gix-sec v0.10.4
[INFO] [stderr]     Checking time v0.3.34
[INFO] [stderr]     Checking url v2.5.0
[INFO] [stderr]    Compiling thiserror-impl v1.0.56
[INFO] [stderr]     Checking tempfile v3.10.0
[INFO] [stderr]     Checking gix-hash v0.13.3
[INFO] [stderr]     Checking gix-date v0.8.3
[INFO] [stderr]     Checking gix-path v0.10.5
[INFO] [stderr]     Checking gix-validate v0.8.3
[INFO] [stderr]     Checking gix-chunk v0.4.7
[INFO] [stderr]     Checking gix-quote v0.4.10
[INFO] [stderr]     Checking gix-config-value v0.14.4
[INFO] [stderr]     Checking gix-actor v0.28.1
[INFO] [stderr]     Checking gix-features v0.36.1
[INFO] [stderr]     Checking gix-hashtable v0.4.1
[INFO] [stderr]     Checking gix-fs v0.8.1
[INFO] [stderr]     Checking gix-glob v0.14.1
[INFO] [stderr]     Checking gix-commitgraph v0.22.1
[INFO] [stderr]     Checking gix-url v0.25.2
[INFO] [stderr]     Checking gix-object v0.38.0
[INFO] [stderr]     Checking gix-tempfile v11.0.1
[INFO] [stderr]     Checking gix-attributes v0.20.1
[INFO] [stderr]     Checking gix-lock v11.0.1
[INFO] [stderr]     Checking gix-pathspec v0.4.1
[INFO] [stderr]     Checking gix-revwalk v0.9.0
[INFO] [stderr]     Checking gix-ref v0.38.0
[INFO] [stderr]     Checking gix-revision v0.23.0
[INFO] [stderr]     Checking gix-refspec v0.19.0
[INFO] [stderr]     Checking gix-config v0.31.0
[INFO] [stderr]     Checking gix-submodule v0.5.0 (/opt/rustwide/workdir)
[INFO] [stdout] error[E0433]: failed to resolve: use of undeclared crate or module `gix_features`
[INFO] [stdout]  --> tests/file/baseline.rs:4:5
[INFO] [stdout]   |
[INFO] [stdout] 4 | use gix_features::fs::walkdir::Parallelism;
[INFO] [stdout]   |     ^^^^^^^^^^^^ use of undeclared crate or module `gix_features`
[INFO] [stdout] 
[INFO] [stdout] 
[INFO] [stdout] error[E0432]: unresolved import `gix_testtools`
[INFO] [stdout]  --> tests/submodule.rs:1:5
[INFO] [stdout]   |
[INFO] [stdout] 1 | use gix_testtools::Result;
[INFO] [stdout]   |     ^^^^^^^^^^^^^ use of undeclared crate or module `gix_testtools`
[INFO] [stdout] 
[INFO] [stdout] 
[INFO] [stdout] error[E0433]: failed to resolve: use of undeclared crate or module `gix_features`
[INFO] [stdout]   --> tests/file/baseline.rs:64:5
[INFO] [stdout]    |
[INFO] [stdout] 64 |     gix_features::fs::walkdir_sorted_new(&dir, Parallelism::Serial)
[INFO] [stdout]    |     ^^^^^^^^^^^^ use of undeclared crate or module `gix_features`
[INFO] [stdout] 
[INFO] [stdout] 
[INFO] [stdout] error[E0433]: failed to resolve: use of undeclared crate or module `gix_testtools`
[INFO] [stdout]   --> tests/file/baseline.rs:63:15
[INFO] [stdout]    |
[INFO] [stdout] 63 |     let dir = gix_testtools::scripted_fixture_read_only("basic.sh").expect("valid fixture");
[INFO] [stdout]    |               ^^^^^^^^^^^^^ use of undeclared crate or module `gix_testtools`
[INFO] [stdout] 
[INFO] [stdout] 
[INFO] [stdout] error[E0433]: failed to resolve: use of undeclared crate or module `gix_testtools`
[INFO] [stdout]  --> tests/file/mod.rs:9:23
[INFO] [stdout]   |
[INFO] [stdout] 9 |         let modules = gix_testtools::scripted_fixture_read_only("basic.sh")?
[INFO] [stdout]   |                       ^^^^^^^^^^^^^ use of undeclared crate or module `gix_testtools`
[INFO] [stdout] 
[INFO] [stdout] 
[INFO] [stdout] error: aborting due to 5 previous errors
[INFO] [stdout] 
[INFO] [stdout] 
[INFO] [stdout] Some errors have detailed explanations: E0432, E0433.
[INFO] [stdout] 
[INFO] [stdout] For more information about an error, try `rustc --explain E0432`.
[INFO] [stdout] 
[INFO] [stderr] error: could not compile `gix-submodule` (test "submodule") due to 6 previous errors
[INFO] running `Command { std: "docker" "inspect" "20cbe0ec1b8e4bdb9b8d70dd3258d635231092aa6a03235a7f2e8b07b51b52f8", kill_on_drop: false }`
[INFO] running `Command { std: "docker" "rm" "-f" "20cbe0ec1b8e4bdb9b8d70dd3258d635231092aa6a03235a7f2e8b07b51b52f8", kill_on_drop: false }`
[INFO] [stdout] 20cbe0ec1b8e4bdb9b8d70dd3258d635231092aa6a03235a7f2e8b07b51b52f8
