[INFO] fetching crate gix-archive 0.6.0...
[INFO] checking gix-archive-0.6.0 against nightly-2024-02-05 for check-cfg
[INFO] extracting crate gix-archive 0.6.0 into /workspace/builds/worker-1-tc1/source
[INFO] validating manifest of crates.io crate gix-archive 0.6.0 on toolchain nightly-2024-02-05
[INFO] running `Command { std: CARGO_HOME="/workspace/cargo-home" RUSTUP_HOME="/workspace/rustup-home" "/workspace/cargo-home/bin/cargo" "+nightly-2024-02-05" "metadata" "--manifest-path" "Cargo.toml" "--no-deps", kill_on_drop: false }`
[INFO] started tweaking crates.io crate gix-archive 0.6.0
[INFO] finished tweaking crates.io crate gix-archive 0.6.0
[INFO] tweaked toml for crates.io crate gix-archive 0.6.0 written to /workspace/builds/worker-1-tc1/source/Cargo.toml
[INFO] running `Command { std: CARGO_HOME="/workspace/cargo-home" RUSTUP_HOME="/workspace/rustup-home" "/workspace/cargo-home/bin/cargo" "+nightly-2024-02-05" "generate-lockfile" "--manifest-path" "Cargo.toml", kill_on_drop: false }`
[INFO] [stderr]     Updating crates.io index
[INFO] running `Command { std: CARGO_HOME="/workspace/cargo-home" RUSTUP_HOME="/workspace/rustup-home" "/workspace/cargo-home/bin/cargo" "+nightly-2024-02-05" "fetch" "--manifest-path" "Cargo.toml", kill_on_drop: false }`
[INFO] [stderr]  Downloading crates ...
[INFO] [stderr]   Downloaded gix-chunk v0.4.7
[INFO] [stderr]   Downloaded gix-actor v0.28.1
[INFO] [stderr]   Downloaded gix-fs v0.8.1
[INFO] [stderr]   Downloaded gix-command v0.2.10
[INFO] [stderr]   Downloaded faster-hex v0.8.1
[INFO] [stderr]   Downloaded gix-quote v0.4.10
[INFO] [stderr]   Downloaded gix-hashtable v0.4.1
[INFO] [stderr]   Downloaded gix-validate v0.8.3
[INFO] [stderr]   Downloaded gix-worktree-stream v0.6.0
[INFO] [stderr]   Downloaded gix-traverse v0.34.0
[INFO] [stderr]   Downloaded gix-path v0.10.5
[INFO] [stderr]   Downloaded gix-commitgraph v0.22.1
[INFO] [stderr]   Downloaded memmap2 v0.9.4
[INFO] [stderr]   Downloaded gix-revwalk v0.9.0
[INFO] [stderr]   Downloaded gix-object v0.38.0
[INFO] [stderr]   Downloaded prodash v26.2.2
[INFO] [stderr]   Downloaded gix-glob v0.14.1
[INFO] [stderr]   Downloaded gix-attributes v0.20.1
[INFO] [stderr]   Downloaded gix-packetline-blocking v0.16.6
[INFO] [stderr]   Downloaded gix-filter v0.6.0
[INFO] running `Command { std: "docker" "create" "-v" "/var/lib/crater-agent-workspace/builds/worker-1-tc1/target:/opt/rustwide/target:rw,Z" "-v" "/var/lib/crater-agent-workspace/builds/worker-1-tc1/source:/opt/rustwide/workdir:ro,Z" "-v" "/var/lib/crater-agent-workspace/cargo-home:/opt/rustwide/cargo-home:ro,Z" "-v" "/var/lib/crater-agent-workspace/rustup-home:/opt/rustwide/rustup-home:ro,Z" "-e" "SOURCE_DIR=/opt/rustwide/workdir" "-e" "CARGO_TARGET_DIR=/opt/rustwide/target" "-e" "CARGO_HOME=/opt/rustwide/cargo-home" "-e" "RUSTUP_HOME=/opt/rustwide/rustup-home" "-w" "/opt/rustwide/workdir" "-m" "1610612736" "--user" "0:0" "--network" "none" "ghcr.io/rust-lang/crates-build-env/linux@sha256:2788e3201cd34a07e3172128adcd8b3090168a8e3bcc40d7c032b9dda1df7d1c" "/opt/rustwide/cargo-home/bin/cargo" "+nightly-2024-02-05" "metadata" "--no-deps" "--format-version=1", kill_on_drop: false }`
[INFO] [stdout] e2f1a6147cca25db4be1f59dfe0f47752ca42e39a5a7d0f1bb4331efde4cb774
[INFO] running `Command { std: "docker" "start" "-a" "e2f1a6147cca25db4be1f59dfe0f47752ca42e39a5a7d0f1bb4331efde4cb774", kill_on_drop: false }`
[INFO] running `Command { std: "docker" "inspect" "e2f1a6147cca25db4be1f59dfe0f47752ca42e39a5a7d0f1bb4331efde4cb774", kill_on_drop: false }`
[INFO] running `Command { std: "docker" "rm" "-f" "e2f1a6147cca25db4be1f59dfe0f47752ca42e39a5a7d0f1bb4331efde4cb774", kill_on_drop: false }`
[INFO] [stdout] e2f1a6147cca25db4be1f59dfe0f47752ca42e39a5a7d0f1bb4331efde4cb774
[INFO] running `Command { std: "docker" "create" "-v" "/var/lib/crater-agent-workspace/builds/worker-1-tc1/target:/opt/rustwide/target:rw,Z" "-v" "/var/lib/crater-agent-workspace/builds/worker-1-tc1/source:/opt/rustwide/workdir:ro,Z" "-v" "/var/lib/crater-agent-workspace/cargo-home:/opt/rustwide/cargo-home:ro,Z" "-v" "/var/lib/crater-agent-workspace/rustup-home:/opt/rustwide/rustup-home:ro,Z" "-e" "SOURCE_DIR=/opt/rustwide/workdir" "-e" "CARGO_TARGET_DIR=/opt/rustwide/target" "-e" "CARGO_INCREMENTAL=0" "-e" "RUST_BACKTRACE=full" "-e" "RUSTFLAGS=--cap-lints=forbid" "-e" "RUSTDOCFLAGS=--cap-lints=forbid" "-e" "CARGO_HOME=/opt/rustwide/cargo-home" "-e" "RUSTUP_HOME=/opt/rustwide/rustup-home" "-w" "/opt/rustwide/workdir" "-m" "1610612736" "--user" "0:0" "--network" "none" "ghcr.io/rust-lang/crates-build-env/linux@sha256:2788e3201cd34a07e3172128adcd8b3090168a8e3bcc40d7c032b9dda1df7d1c" "/opt/rustwide/cargo-home/bin/cargo" "+nightly-2024-02-05" "check" "--frozen" "--all" "--all-targets" "--message-format=json", kill_on_drop: false }`
[INFO] [stdout] 8cb427e8eee3a799d022084b3452e07532aa249a423a83d67e26ad700e23f321
[INFO] running `Command { std: "docker" "start" "-a" "8cb427e8eee3a799d022084b3452e07532aa249a423a83d67e26ad700e23f321", kill_on_drop: false }`
[INFO] [stderr]    Compiling serde v1.0.196
[INFO] [stderr]     Checking memchr v2.7.1
[INFO] [stderr]     Checking regex-automata v0.4.5
[INFO] [stderr]     Checking gix-trace v0.1.7
[INFO] [stderr]    Compiling num-conv v0.1.0
[INFO] [stderr]     Checking powerfmt v0.2.0
[INFO] [stderr]    Compiling time-core v0.1.2
[INFO] [stderr]     Checking sha1_smol v1.0.0
[INFO] [stderr]     Checking prodash v26.2.2
[INFO] [stderr]     Checking num_threads v0.1.6
[INFO] [stderr]     Checking smallvec v1.13.1
[INFO] [stderr]    Compiling syn v2.0.48
[INFO] [stderr]     Checking btoi v0.4.3
[INFO] [stderr]     Checking home v0.5.9
[INFO] [stderr]     Checking memmap2 v0.9.4
[INFO] [stderr]     Checking hashbrown v0.14.3
[INFO] [stderr]    Compiling crc32fast v1.3.2
[INFO] [stderr]    Compiling rustix v0.38.31
[INFO] [stderr]     Checking kstring v2.0.0
[INFO] [stderr]     Checking deranged v0.3.11
[INFO] [stderr]     Checking linux-raw-sys v0.4.13
[INFO] [stderr]     Checking unicode-bom v2.0.3
[INFO] [stderr]     Checking miniz_oxide v0.7.2
[INFO] [stderr]    Compiling time-macros v0.2.17
[INFO] [stderr]     Checking parking_lot_core v0.9.9
[INFO] [stderr]     Checking encoding_rs v0.8.33
[INFO] [stderr]     Checking filetime v0.2.23
[INFO] [stderr]     Checking parking_lot v0.12.1
[INFO] [stderr]     Checking winnow v0.5.37
[INFO] [stderr]     Checking flate2 v1.0.28
[INFO] [stderr]     Checking bstr v1.9.0
[INFO] [stderr]     Checking gix-command v0.2.10
[INFO] [stderr]     Checking time v0.3.34
[INFO] [stderr]     Checking xattr v1.3.1
[INFO] [stderr]     Checking tar v0.4.40
[INFO] [stderr]    Compiling thiserror-impl v1.0.56
[INFO] [stderr]     Checking zip v0.6.6
[INFO] [stderr]     Checking faster-hex v0.9.0
[INFO] [stderr]     Checking faster-hex v0.8.1
[INFO] [stderr]     Checking thiserror v1.0.56
[INFO] [stderr]     Checking gix-hash v0.13.3
[INFO] [stderr]     Checking gix-date v0.8.3
[INFO] [stderr]     Checking gix-validate v0.8.3
[INFO] [stderr]     Checking gix-path v0.10.5
[INFO] [stderr]     Checking gix-chunk v0.4.7
[INFO] [stderr]     Checking gix-quote v0.4.10
[INFO] [stderr]     Checking gix-packetline-blocking v0.16.6
[INFO] [stderr]     Checking gix-features v0.36.1
[INFO] [stderr]     Checking gix-hashtable v0.4.1
[INFO] [stderr]     Checking gix-actor v0.28.1
[INFO] [stderr]     Checking gix-glob v0.14.1
[INFO] [stderr]     Checking gix-commitgraph v0.22.1
[INFO] [stderr]     Checking gix-fs v0.8.1
[INFO] [stderr]     Checking gix-object v0.38.0
[INFO] [stderr]     Checking gix-attributes v0.20.1
[INFO] [stderr]     Checking gix-revwalk v0.9.0
[INFO] [stderr]     Checking gix-filter v0.6.0
[INFO] [stderr]     Checking gix-traverse v0.34.0
[INFO] [stderr]     Checking gix-worktree-stream v0.6.0
[INFO] [stderr]     Checking gix-archive v0.6.0 (/opt/rustwide/workdir)
[INFO] [stdout] error[E0433]: failed to resolve: use of undeclared crate or module `gix_attributes`
[INFO] [stdout]   --> tests/archive.rs:10:9
[INFO] [stdout]    |
[INFO] [stdout] 10 |     use gix_attributes::glob::pattern::Case;
[INFO] [stdout]    |         ^^^^^^^^^^^^^^ use of undeclared crate or module `gix_attributes`
[INFO] [stdout] 
[INFO] [stdout] 
[INFO] [stdout] error[E0433]: failed to resolve: use of undeclared crate or module `gix_testtools`
[INFO] [stdout]   --> tests/archive.rs:13:9
[INFO] [stdout]    |
[INFO] [stdout] 13 |     use gix_testtools::bstr::ByteSlice;
[INFO] [stdout]    |         ^^^^^^^^^^^^^ use of undeclared crate or module `gix_testtools`
[INFO] [stdout] 
[INFO] [stdout] 
[INFO] [stdout] error[E0433]: failed to resolve: use of undeclared crate or module `gix_worktree`
[INFO] [stdout]   --> tests/archive.rs:14:9
[INFO] [stdout]    |
[INFO] [stdout] 14 |     use gix_worktree::stack::state::attributes::Source;
[INFO] [stdout]    |         ^^^^^^^^^^^^ use of undeclared crate or module `gix_worktree`
[INFO] [stdout] 
[INFO] [stdout] 
[INFO] [stdout] error[E0432]: unresolved import `gix_odb`
[INFO] [stdout]   --> tests/archive.rs:12:9
[INFO] [stdout]    |
[INFO] [stdout] 12 |     use gix_odb::FindExt;
[INFO] [stdout]    |         ^^^^^^^ use of undeclared crate or module `gix_odb`
[INFO] [stdout] 
[INFO] [stdout] 
[INFO] [stdout] error[E0433]: failed to resolve: use of undeclared crate or module `gix_hash`
[INFO] [stdout]  --> tests/archive.rs:3:5
[INFO] [stdout]   |
[INFO] [stdout] 3 |     gix_hash::ObjectId::from_hex(hex.as_bytes()).expect("40 bytes hex")
[INFO] [stdout]   |     ^^^^^^^^ use of undeclared crate or module `gix_hash`
[INFO] [stdout]   |
[INFO] [stdout] help: there is a crate or module with a similar name
[INFO] [stdout]   |
[INFO] [stdout] 3 |     gix_path::ObjectId::from_hex(hex.as_bytes()).expect("40 bytes hex")
[INFO] [stdout]   |     ~~~~~~~~
[INFO] [stdout] 
[INFO] [stdout] 
[INFO] [stdout] error[E0433]: failed to resolve: use of undeclared crate or module `gix_hash`
[INFO] [stdout]    --> tests/archive.rs:292:13
[INFO] [stdout]     |
[INFO] [stdout] 292 |             gix_hash::ObjectId::from_hex(hex.trim())?
[INFO] [stdout]     |             ^^^^^^^^ use of undeclared crate or module `gix_hash`
[INFO] [stdout]     |
[INFO] [stdout] help: there is a crate or module with a similar name
[INFO] [stdout]     |
[INFO] [stdout] 292 |             gix_path::ObjectId::from_hex(hex.trim())?
[INFO] [stdout]     |             ~~~~~~~~
[INFO] [stdout] 
[INFO] [stdout] 
[INFO] [stdout] error[E0433]: failed to resolve: use of undeclared crate or module `gix_worktree`
[INFO] [stdout]    --> tests/archive.rs:298:26
[INFO] [stdout]     |
[INFO] [stdout] 298 |         let attributes = gix_worktree::stack::state::Attributes::new(
[INFO] [stdout]     |                          ^^^^^^^^^^^^ use of undeclared crate or module `gix_worktree`
[INFO] [stdout]     |
[INFO] [stdout] help: there is an enum variant `gix_worktree_stream::entry::Error::Attributes`; try using the variant's enum
[INFO] [stdout]     |
[INFO] [stdout] 298 |         let attributes = gix_worktree_stream::entry::Error(
[INFO] [stdout]     |                          ~~~~~~~~~~~~~~~~~~~~~~~~~~~~~~~~~
[INFO] [stdout] 
[INFO] [stdout] 
[INFO] [stdout] error[E0433]: failed to resolve: use of undeclared crate or module `gix_attributes`
[INFO] [stdout]    --> tests/archive.rs:299:13
[INFO] [stdout]     |
[INFO] [stdout] 299 |             gix_attributes::Search::new_globals(None::<PathBuf>, &mut buf, &mut collection)?,
[INFO] [stdout]     |             ^^^^^^^^^^^^^^ use of undeclared crate or module `gix_attributes`
[INFO] [stdout] 
[INFO] [stdout] 
[INFO] [stdout] error[E0433]: failed to resolve: use of undeclared crate or module `gix_worktree`
[INFO] [stdout]    --> tests/archive.rs:304:21
[INFO] [stdout]     |
[INFO] [stdout] 304 |         let state = gix_worktree::stack::State::AttributesStack(attributes);
[INFO] [stdout]     |                     ^^^^^^^^^^^^ use of undeclared crate or module `gix_worktree`
[INFO] [stdout] 
[INFO] [stdout] 
[INFO] [stdout] error[E0433]: failed to resolve: use of undeclared crate or module `gix_worktree`
[INFO] [stdout]    --> tests/archive.rs:305:21
[INFO] [stdout]     |
[INFO] [stdout] 305 |         let cache = gix_worktree::Stack::new(&dir, state, Case::Sensitive, Default::default(), Default::default());
[INFO] [stdout]     |                     ^^^^^^^^^^^^ use of undeclared crate or module `gix_worktree`
[INFO] [stdout] 
[INFO] [stdout] 
[INFO] [stdout] error[E0433]: failed to resolve: use of undeclared crate or module `gix_filter`
[INFO] [stdout]    --> tests/archive.rs:310:9
[INFO] [stdout]     |
[INFO] [stdout] 310 |         gix_filter::Pipeline::new(&Default::default(), Default::default())
[INFO] [stdout]     |         ^^^^^^^^^^ use of undeclared crate or module `gix_filter`
[INFO] [stdout] 
[INFO] [stdout] 
[INFO] [stdout] error[E0599]: no method named `as_bstr` found for enum `Cow<'_, [u8]>` in the current scope
[INFO] [stdout]    --> tests/archive.rs:117:40
[INFO] [stdout]     |
[INFO] [stdout] 117 |                     entry.path_bytes().as_bstr().to_owned(),
[INFO] [stdout]     |                                        ^^^^^^^
[INFO] [stdout]     |
[INFO] [stdout]     = help: items from traits can only be used if the trait is in scope
[INFO] [stdout] help: the following trait is implemented but not in scope; perhaps add a `use` for it:
[INFO] [stdout]     |
[INFO] [stdout] 7   +     use bstr::ByteSlice;
[INFO] [stdout]     |
[INFO] [stdout] help: there is a method with a similar name
[INFO] [stdout]     |
[INFO] [stdout] 117 |                     entry.path_bytes().as_ptr().to_owned(),
[INFO] [stdout]     |                                        ~~~~~~
[INFO] [stdout] 
[INFO] [stdout] 
[INFO] [stdout] error[E0599]: no method named `as_bstr` found for struct `Vec<u8>` in the current scope
[INFO] [stdout]    --> tests/archive.rs:220:32
[INFO] [stdout]     |
[INFO] [stdout] 220 |                 assert_eq!(buf.as_bstr(), if cfg!(windows) { "hi\n" } else { "a" });
[INFO] [stdout]     |                                ^^^^^^^
[INFO] [stdout]     |
[INFO] [stdout]     = help: items from traits can only be used if the trait is in scope
[INFO] [stdout] help: the following trait is implemented but not in scope; perhaps add a `use` for it:
[INFO] [stdout]     |
[INFO] [stdout] 7   +     use bstr::ByteSlice;
[INFO] [stdout]     |
[INFO] [stdout] help: there is a method with a similar name
[INFO] [stdout]     |
[INFO] [stdout] 220 |                 assert_eq!(buf.as_ptr(), if cfg!(windows) { "hi\n" } else { "a" });
[INFO] [stdout]     |                                ~~~~~~
[INFO] [stdout] 
[INFO] [stdout] 
[INFO] [stdout] error[E0277]: the size for values of type `[u8]` cannot be known at compilation time
[INFO] [stdout]    --> tests/archive.rs:230:14
[INFO] [stdout]     |
[INFO] [stdout] 230 |         let (dir, head_tree, odb, mut cache) = basic()?;
[INFO] [stdout]     |              ^^^ doesn't have a size known at compile-time
[INFO] [stdout]     |
[INFO] [stdout]     = help: within `std::path::Path`, the trait `Sized` is not implemented for `[u8]`, which is required by `std::path::Path: Sized`
[INFO] [stdout] note: required because it appears within the type `std::path::Path`
[INFO] [stdout]    --> /rustc/268dbbbc4b3fd71c5f360a4d0728295252430b5b/library/std/src/path.rs:1992:12
[INFO] [stdout]     = note: all local variables must have a statically known size
[INFO] [stdout]     = help: unsized locals are gated as an unstable feature
[INFO] [stdout] 
[INFO] [stdout] 
[INFO] [stdout] error[E0433]: failed to resolve: use of undeclared crate or module `gix_testtools`
[INFO] [stdout]    --> tests/archive.rs:288:19
[INFO] [stdout]     |
[INFO] [stdout] 288 |         let dir = gix_testtools::scripted_fixture_read_only("basic.sh")?;
[INFO] [stdout]     |                   ^^^^^^^^^^^^^ use of undeclared crate or module `gix_testtools`
[INFO] [stdout] 
[INFO] [stdout] 
[INFO] [stdout] error[E0599]: no method named `trim` found for struct `Vec<u8>` in the current scope
[INFO] [stdout]    --> tests/archive.rs:292:46
[INFO] [stdout]     |
[INFO] [stdout] 292 |             gix_hash::ObjectId::from_hex(hex.trim())?
[INFO] [stdout]     |                                              ^^^^ method not found in `Vec<u8>`
[INFO] [stdout]     |
[INFO] [stdout]     = help: items from traits can only be used if the trait is in scope
[INFO] [stdout] help: the following trait is implemented but not in scope; perhaps add a `use` for it:
[INFO] [stdout]     |
[INFO] [stdout] 7   +     use bstr::ByteSlice;
[INFO] [stdout]     |
[INFO] [stdout] 
[INFO] [stdout] 
[INFO] [stdout] error[E0433]: failed to resolve: use of undeclared crate or module `gix_odb`
[INFO] [stdout]    --> tests/archive.rs:294:19
[INFO] [stdout]     |
[INFO] [stdout] 294 |         let odb = gix_odb::at(dir.join(".git").join("objects"))?;
[INFO] [stdout]     |                   ^^^^^^^ use of undeclared crate or module `gix_odb`
[INFO] [stdout] 
[INFO] [stdout] 
[INFO] [stdout] error[E0433]: failed to resolve: use of undeclared crate or module `gix_hash`
[INFO] [stdout]  --> tests/archive.rs:2:28
[INFO] [stdout]   |
[INFO] [stdout] 2 | fn hex_to_id(hex: &str) -> gix_hash::ObjectId {
[INFO] [stdout]   |                            ^^^^^^^^ use of undeclared crate or module `gix_hash`
[INFO] [stdout]   |
[INFO] [stdout] help: there is a crate or module with a similar name
[INFO] [stdout]   |
[INFO] [stdout] 2 | fn hex_to_id(hex: &str) -> gix_path::ObjectId {
[INFO] [stdout]   |                            ~~~~~~~~
[INFO] [stdout] 
[INFO] [stdout] 
[INFO] [stdout] error[E0433]: failed to resolve: use of undeclared crate or module `gix_testtools`
[INFO] [stdout]   --> tests/archive.rs:19:34
[INFO] [stdout]    |
[INFO] [stdout] 19 |     fn basic_usage_internal() -> gix_testtools::Result {
[INFO] [stdout]    |                                  ^^^^^^^^^^^^^ use of undeclared crate or module `gix_testtools`
[INFO] [stdout] 
[INFO] [stdout] 
[INFO] [stdout] error[E0433]: failed to resolve: use of undeclared crate or module `gix_testtools`
[INFO] [stdout]    --> tests/archive.rs:101:29
[INFO] [stdout]     |
[INFO] [stdout] 101 |     fn basic_usage_tar() -> gix_testtools::Result {
[INFO] [stdout]     |                             ^^^^^^^^^^^^^ use of undeclared crate or module `gix_testtools`
[INFO] [stdout] 
[INFO] [stdout] 
[INFO] [stdout] error[E0433]: failed to resolve: use of undeclared crate or module `gix_testtools`
[INFO] [stdout]    --> tests/archive.rs:162:32
[INFO] [stdout]     |
[INFO] [stdout] 162 |     fn basic_usage_tar_gz() -> gix_testtools::Result {
[INFO] [stdout]     |                                ^^^^^^^^^^^^^ use of undeclared crate or module `gix_testtools`
[INFO] [stdout] 
[INFO] [stdout] 
[INFO] [stdout] error[E0433]: failed to resolve: use of undeclared crate or module `gix_testtools`
[INFO] [stdout]    --> tests/archive.rs:180:29
[INFO] [stdout]     |
[INFO] [stdout] 180 |     fn basic_usage_zip() -> gix_testtools::Result {
[INFO] [stdout]     |                             ^^^^^^^^^^^^^ use of undeclared crate or module `gix_testtools`
[INFO] [stdout] 
[INFO] [stdout] 
[INFO] [stdout] error[E0433]: failed to resolve: use of undeclared crate or module `gix_testtools`
[INFO] [stdout]    --> tests/archive.rs:228:49
[INFO] [stdout]     |
[INFO] [stdout] 228 |         make_assertion: impl FnOnce(Vec<u8>) -> gix_testtools::Result,
[INFO] [stdout]     |                                                 ^^^^^^^^^^^^^ use of undeclared crate or module `gix_testtools`
[INFO] [stdout] 
[INFO] [stdout] 
[INFO] [stdout] error[E0433]: failed to resolve: use of undeclared crate or module `gix_testtools`
[INFO] [stdout]    --> tests/archive.rs:229:10
[INFO] [stdout]     |
[INFO] [stdout] 229 |     ) -> gix_testtools::Result {
[INFO] [stdout]     |          ^^^^^^^^^^^^^ use of undeclared crate or module `gix_testtools`
[INFO] [stdout] 
[INFO] [stdout] 
[INFO] [stdout] error[E0433]: failed to resolve: use of undeclared crate or module `gix_testtools`
[INFO] [stdout]    --> tests/archive.rs:287:19
[INFO] [stdout]     |
[INFO] [stdout] 287 |     fn basic() -> gix_testtools::Result<(PathBuf, gix_hash::ObjectId, gix_odb::HandleArc, gix_worktree::Stack)> {
[INFO] [stdout]     |                   ^^^^^^^^^^^^^ use of undeclared crate or module `gix_testtools`
[INFO] [stdout] 
[INFO] [stdout] 
[INFO] [stdout] error[E0433]: failed to resolve: use of undeclared crate or module `gix_hash`
[INFO] [stdout]    --> tests/archive.rs:287:51
[INFO] [stdout]     |
[INFO] [stdout] 287 |     fn basic() -> gix_testtools::Result<(PathBuf, gix_hash::ObjectId, gix_odb::HandleArc, gix_worktree::Stack)> {
[INFO] [stdout]     |                                                   ^^^^^^^^ use of undeclared crate or module `gix_hash`
[INFO] [stdout]     |
[INFO] [stdout] help: there is a crate or module with a similar name
[INFO] [stdout]     |
[INFO] [stdout] 287 |     fn basic() -> gix_testtools::Result<(PathBuf, gix_path::ObjectId, gix_odb::HandleArc, gix_worktree::Stack)> {
[INFO] [stdout]     |                                                   ~~~~~~~~
[INFO] [stdout] 
[INFO] [stdout] 
[INFO] [stdout] error[E0433]: failed to resolve: use of undeclared crate or module `gix_odb`
[INFO] [stdout]    --> tests/archive.rs:287:71
[INFO] [stdout]     |
[INFO] [stdout] 287 |     fn basic() -> gix_testtools::Result<(PathBuf, gix_hash::ObjectId, gix_odb::HandleArc, gix_worktree::Stack)> {
[INFO] [stdout]     |                                                                       ^^^^^^^ use of undeclared crate or module `gix_odb`
[INFO] [stdout] 
[INFO] [stdout] 
[INFO] [stdout] error[E0433]: failed to resolve: use of undeclared crate or module `gix_worktree`
[INFO] [stdout]    --> tests/archive.rs:287:91
[INFO] [stdout]     |
[INFO] [stdout] 287 |     fn basic() -> gix_testtools::Result<(PathBuf, gix_hash::ObjectId, gix_odb::HandleArc, gix_worktree::Stack)> {
[INFO] [stdout]     |                                                                                           ^^^^^^^^^^^^ use of undeclared crate or module `gix_worktree`
[INFO] [stdout] 
[INFO] [stdout] 
[INFO] [stdout] error[E0433]: failed to resolve: use of undeclared crate or module `gix_filter`
[INFO] [stdout]    --> tests/archive.rs:309:27
[INFO] [stdout]     |
[INFO] [stdout] 309 |     fn noop_pipeline() -> gix_filter::Pipeline {
[INFO] [stdout]     |                           ^^^^^^^^^^ use of undeclared crate or module `gix_filter`
[INFO] [stdout] 
[INFO] [stdout] 
[INFO] [stdout] error: aborting due to 29 previous errors
[INFO] [stdout] 
[INFO] [stdout] 
[INFO] [stdout] Some errors have detailed explanations: E0277, E0432, E0433, E0599.
[INFO] [stdout] 
[INFO] [stdout] For more information about an error, try `rustc --explain E0277`.
[INFO] [stdout] 
[INFO] [stderr] error: could not compile `gix-archive` (test "archive") due to 30 previous errors
[INFO] running `Command { std: "docker" "inspect" "8cb427e8eee3a799d022084b3452e07532aa249a423a83d67e26ad700e23f321", kill_on_drop: false }`
[INFO] running `Command { std: "docker" "rm" "-f" "8cb427e8eee3a799d022084b3452e07532aa249a423a83d67e26ad700e23f321", kill_on_drop: false }`
[INFO] [stdout] 8cb427e8eee3a799d022084b3452e07532aa249a423a83d67e26ad700e23f321
[INFO] checking gix-archive-0.6.0 against nightly-2024-02-05+rustflags=-Dunexpected_cfgs+cargoflags=-Zcheck-cfg for check-cfg
[INFO] extracting crate gix-archive 0.6.0 into /workspace/builds/worker-1-tc2/source
[INFO] validating manifest of crates.io crate gix-archive 0.6.0 on toolchain nightly-2024-02-05
[INFO] running `Command { std: CARGO_HOME="/workspace/cargo-home" RUSTUP_HOME="/workspace/rustup-home" "/workspace/cargo-home/bin/cargo" "+nightly-2024-02-05" "metadata" "--manifest-path" "Cargo.toml" "--no-deps", kill_on_drop: false }`
[INFO] started tweaking crates.io crate gix-archive 0.6.0
[INFO] finished tweaking crates.io crate gix-archive 0.6.0
[INFO] tweaked toml for crates.io crate gix-archive 0.6.0 written to /workspace/builds/worker-1-tc2/source/Cargo.toml
[INFO] running `Command { std: CARGO_HOME="/workspace/cargo-home" RUSTUP_HOME="/workspace/rustup-home" "/workspace/cargo-home/bin/cargo" "+nightly-2024-02-05" "generate-lockfile" "--manifest-path" "Cargo.toml", kill_on_drop: false }`
[INFO] [stderr]     Updating crates.io index
[INFO] running `Command { std: CARGO_HOME="/workspace/cargo-home" RUSTUP_HOME="/workspace/rustup-home" "/workspace/cargo-home/bin/cargo" "+nightly-2024-02-05" "fetch" "--manifest-path" "Cargo.toml", kill_on_drop: false }`
[INFO] running `Command { std: "docker" "create" "-v" "/var/lib/crater-agent-workspace/builds/worker-1-tc2/target:/opt/rustwide/target:rw,Z" "-v" "/var/lib/crater-agent-workspace/builds/worker-1-tc2/source:/opt/rustwide/workdir:ro,Z" "-v" "/var/lib/crater-agent-workspace/cargo-home:/opt/rustwide/cargo-home:ro,Z" "-v" "/var/lib/crater-agent-workspace/rustup-home:/opt/rustwide/rustup-home:ro,Z" "-e" "SOURCE_DIR=/opt/rustwide/workdir" "-e" "CARGO_TARGET_DIR=/opt/rustwide/target" "-e" "CARGO_HOME=/opt/rustwide/cargo-home" "-e" "RUSTUP_HOME=/opt/rustwide/rustup-home" "-w" "/opt/rustwide/workdir" "-m" "1610612736" "--user" "0:0" "--network" "none" "ghcr.io/rust-lang/crates-build-env/linux@sha256:2788e3201cd34a07e3172128adcd8b3090168a8e3bcc40d7c032b9dda1df7d1c" "/opt/rustwide/cargo-home/bin/cargo" "+nightly-2024-02-05" "metadata" "--no-deps" "--format-version=1", kill_on_drop: false }`
[INFO] [stdout] 927abf16f1efb52b6564951db3045e68d18aa8b6857ed8931e9145a36e9cfafa
[INFO] running `Command { std: "docker" "start" "-a" "927abf16f1efb52b6564951db3045e68d18aa8b6857ed8931e9145a36e9cfafa", kill_on_drop: false }`
[INFO] running `Command { std: "docker" "inspect" "927abf16f1efb52b6564951db3045e68d18aa8b6857ed8931e9145a36e9cfafa", kill_on_drop: false }`
[INFO] running `Command { std: "docker" "rm" "-f" "927abf16f1efb52b6564951db3045e68d18aa8b6857ed8931e9145a36e9cfafa", kill_on_drop: false }`
[INFO] [stdout] 927abf16f1efb52b6564951db3045e68d18aa8b6857ed8931e9145a36e9cfafa
[INFO] running `Command { std: "docker" "create" "-v" "/var/lib/crater-agent-workspace/builds/worker-1-tc2/target:/opt/rustwide/target:rw,Z" "-v" "/var/lib/crater-agent-workspace/builds/worker-1-tc2/source:/opt/rustwide/workdir:ro,Z" "-v" "/var/lib/crater-agent-workspace/cargo-home:/opt/rustwide/cargo-home:ro,Z" "-v" "/var/lib/crater-agent-workspace/rustup-home:/opt/rustwide/rustup-home:ro,Z" "-e" "SOURCE_DIR=/opt/rustwide/workdir" "-e" "CARGO_TARGET_DIR=/opt/rustwide/target" "-e" "CARGO_INCREMENTAL=0" "-e" "RUST_BACKTRACE=full" "-e" "RUSTFLAGS=--cap-lints=forbid -Dunexpected_cfgs" "-e" "RUSTDOCFLAGS=--cap-lints=forbid" "-e" "CARGO_HOME=/opt/rustwide/cargo-home" "-e" "RUSTUP_HOME=/opt/rustwide/rustup-home" "-w" "/opt/rustwide/workdir" "-m" "1610612736" "--user" "0:0" "--network" "none" "ghcr.io/rust-lang/crates-build-env/linux@sha256:2788e3201cd34a07e3172128adcd8b3090168a8e3bcc40d7c032b9dda1df7d1c" "/opt/rustwide/cargo-home/bin/cargo" "+nightly-2024-02-05" "check" "--frozen" "--all" "--all-targets" "--message-format=json" "-Zcheck-cfg", kill_on_drop: false }`
[INFO] [stdout] d30f325a4495f437d2f4a9bf9cf176d3f2884aecb0c7d4a9b8087b2ef38059da
[INFO] running `Command { std: "docker" "start" "-a" "d30f325a4495f437d2f4a9bf9cf176d3f2884aecb0c7d4a9b8087b2ef38059da", kill_on_drop: false }`
[INFO] [stderr]    Compiling serde v1.0.196
[INFO] [stderr]     Checking memchr v2.7.1
[INFO] [stderr]     Checking regex-automata v0.4.5
[INFO] [stderr]     Checking gix-trace v0.1.7
[INFO] [stderr]     Checking powerfmt v0.2.0
[INFO] [stderr]     Checking prodash v26.2.2
[INFO] [stderr]    Compiling num-conv v0.1.0
[INFO] [stderr]    Compiling time-core v0.1.2
[INFO] [stderr]     Checking sha1_smol v1.0.0
[INFO] [stderr]     Checking smallvec v1.13.1
[INFO] [stderr]     Checking num_threads v0.1.6
[INFO] [stderr]    Compiling syn v2.0.48
[INFO] [stderr]     Checking btoi v0.4.3
[INFO] [stderr]     Checking home v0.5.9
[INFO] [stderr]     Checking memmap2 v0.9.4
[INFO] [stderr]    Compiling crc32fast v1.3.2
[INFO] [stderr]    Compiling rustix v0.38.31
[INFO] [stderr]     Checking hashbrown v0.14.3
[INFO] [stderr]     Checking kstring v2.0.0
[INFO] [stderr]     Checking unicode-bom v2.0.3
[INFO] [stderr]     Checking deranged v0.3.11
[INFO] [stderr]     Checking linux-raw-sys v0.4.13
[INFO] [stderr]    Compiling time-macros v0.2.17
[INFO] [stderr]     Checking miniz_oxide v0.7.2
[INFO] [stderr]     Checking encoding_rs v0.8.33
[INFO] [stderr]     Checking parking_lot_core v0.9.9
[INFO] [stderr]     Checking filetime v0.2.23
[INFO] [stderr]     Checking parking_lot v0.12.1
[INFO] [stderr]     Checking winnow v0.5.37
[INFO] [stderr]     Checking flate2 v1.0.28
[INFO] [stderr]     Checking bstr v1.9.0
[INFO] [stderr]     Checking gix-command v0.2.10
[INFO] [stderr]     Checking time v0.3.34
[INFO] [stderr]     Checking xattr v1.3.1
[INFO] [stderr]    Compiling thiserror-impl v1.0.56
[INFO] [stderr]     Checking tar v0.4.40
[INFO] [stderr]     Checking zip v0.6.6
[INFO] [stderr]     Checking faster-hex v0.9.0
[INFO] [stderr]     Checking faster-hex v0.8.1
[INFO] [stderr]     Checking thiserror v1.0.56
[INFO] [stderr]     Checking gix-hash v0.13.3
[INFO] [stderr]     Checking gix-date v0.8.3
[INFO] [stderr]     Checking gix-validate v0.8.3
[INFO] [stderr]     Checking gix-path v0.10.5
[INFO] [stderr]     Checking gix-chunk v0.4.7
[INFO] [stderr]     Checking gix-quote v0.4.10
[INFO] [stderr]     Checking gix-packetline-blocking v0.16.6
[INFO] [stderr]     Checking gix-features v0.36.1
[INFO] [stderr]     Checking gix-hashtable v0.4.1
[INFO] [stderr]     Checking gix-actor v0.28.1
[INFO] [stderr]     Checking gix-commitgraph v0.22.1
[INFO] [stderr]     Checking gix-glob v0.14.1
[INFO] [stderr]     Checking gix-fs v0.8.1
[INFO] [stderr]     Checking gix-object v0.38.0
[INFO] [stderr]     Checking gix-attributes v0.20.1
[INFO] [stderr]     Checking gix-revwalk v0.9.0
[INFO] [stderr]     Checking gix-filter v0.6.0
[INFO] [stderr]     Checking gix-traverse v0.34.0
[INFO] [stderr]     Checking gix-worktree-stream v0.6.0
[INFO] [stderr]     Checking gix-archive v0.6.0 (/opt/rustwide/workdir)
[INFO] [stdout] error: unexpected `cfg` condition name: `docsrs`
[INFO] [stdout]   --> src/lib.rs:15:13
[INFO] [stdout]    |
[INFO] [stdout] 15 | #![cfg_attr(docsrs, feature(doc_cfg, doc_auto_cfg))]
[INFO] [stdout]    |             ^^^^^^
[INFO] [stdout]    |
[INFO] [stdout]    = help: expected names are: `debug_assertions`, `doc`, `doctest`, `feature`, `miri`, `overflow_checks`, `panic`, `proc_macro`, `relocation_model`, `sanitize`, `sanitizer_cfi_generalize_pointers`, `sanitizer_cfi_normalize_integers`, `target_abi`, `target_arch`, `target_endian`, `target_env`, `target_family`, `target_feature`, `target_has_atomic`, `target_has_atomic_equal_alignment`, `target_has_atomic_load_store`, `target_os`, `target_pointer_width`, `target_thread_local`, `target_vendor`, `test`, `unix`, `windows`
[INFO] [stdout]    = help: consider using a Cargo feature instead or adding `println!("cargo:rustc-check-cfg=cfg(docsrs)");` to the top of a `build.rs`
[INFO] [stdout]    = note: see <https://doc.rust-lang.org/nightly/cargo/reference/unstable.html#check-cfg> for more information about checking conditional configuration
[INFO] [stdout]    = note: requested on the command line with `-D unexpected-cfgs`
[INFO] [stdout] 
[INFO] [stdout] 
[INFO] [stdout] error: unexpected `cfg` condition name: `docsrs`
[INFO] [stdout]   --> src/lib.rs:15:13
[INFO] [stdout]    |
[INFO] [stdout] 15 | #![cfg_attr(docsrs, feature(doc_cfg, doc_auto_cfg))]
[INFO] [stdout]    |             ^^^^^^
[INFO] [stdout]    |
[INFO] [stdout]    = help: expected names are: `debug_assertions`, `doc`, `doctest`, `feature`, `miri`, `overflow_checks`, `panic`, `proc_macro`, `relocation_model`, `sanitize`, `sanitizer_cfi_generalize_pointers`, `sanitizer_cfi_normalize_integers`, `target_abi`, `target_arch`, `target_endian`, `target_env`, `target_family`, `target_feature`, `target_has_atomic`, `target_has_atomic_equal_alignment`, `target_has_atomic_load_store`, `target_os`, `target_pointer_width`, `target_thread_local`, `target_vendor`, `test`, `unix`, `windows`
[INFO] [stdout]    = help: consider using a Cargo feature instead or adding `println!("cargo:rustc-check-cfg=cfg(docsrs)");` to the top of a `build.rs`
[INFO] [stdout]    = note: see <https://doc.rust-lang.org/nightly/cargo/reference/unstable.html#check-cfg> for more information about checking conditional configuration
[INFO] [stdout]    = note: requested on the command line with `-D unexpected-cfgs`
[INFO] [stdout] 
[INFO] [stdout] 
[INFO] [stdout] error: aborting due to 1 previous error
[INFO] [stdout] 
[INFO] [stdout] 
[INFO] [stdout] error: aborting due to 1 previous error
[INFO] [stdout] 
[INFO] [stdout] 
[INFO] [stderr] error: could not compile `gix-archive` (lib) due to 2 previous errors
[INFO] [stderr] warning: build failed, waiting for other jobs to finish...
[INFO] [stderr] error: could not compile `gix-archive` (lib test) due to 2 previous errors
[INFO] running `Command { std: "docker" "inspect" "d30f325a4495f437d2f4a9bf9cf176d3f2884aecb0c7d4a9b8087b2ef38059da", kill_on_drop: false }`
[INFO] running `Command { std: "docker" "rm" "-f" "d30f325a4495f437d2f4a9bf9cf176d3f2884aecb0c7d4a9b8087b2ef38059da", kill_on_drop: false }`
[INFO] [stdout] d30f325a4495f437d2f4a9bf9cf176d3f2884aecb0c7d4a9b8087b2ef38059da
