[INFO] fetching crate git-revision 0.10.4...
[INFO] checking git-revision-0.10.4 against nightly-2024-02-05 for check-cfg
[INFO] extracting crate git-revision 0.10.4 into /workspace/builds/worker-4-tc1/source
[INFO] validating manifest of crates.io crate git-revision 0.10.4 on toolchain nightly-2024-02-05
[INFO] running `Command { std: CARGO_HOME="/workspace/cargo-home" RUSTUP_HOME="/workspace/rustup-home" "/workspace/cargo-home/bin/cargo" "+nightly-2024-02-05" "metadata" "--manifest-path" "Cargo.toml" "--no-deps", kill_on_drop: false }`
[INFO] started tweaking crates.io crate git-revision 0.10.4
[INFO] finished tweaking crates.io crate git-revision 0.10.4
[INFO] tweaked toml for crates.io crate git-revision 0.10.4 written to /workspace/builds/worker-4-tc1/source/Cargo.toml
[INFO] running `Command { std: CARGO_HOME="/workspace/cargo-home" RUSTUP_HOME="/workspace/rustup-home" "/workspace/cargo-home/bin/cargo" "+nightly-2024-02-05" "generate-lockfile" "--manifest-path" "Cargo.toml", kill_on_drop: false }`
[INFO] [stderr]     Updating crates.io index
[INFO] running `Command { std: CARGO_HOME="/workspace/cargo-home" RUSTUP_HOME="/workspace/rustup-home" "/workspace/cargo-home/bin/cargo" "+nightly-2024-02-05" "fetch" "--manifest-path" "Cargo.toml", kill_on_drop: false }`
[INFO] [stderr]  Downloading crates ...
[INFO] [stderr]   Downloaded btoi v0.4.3
[INFO] [stderr]   Downloaded git-object v0.26.2
[INFO] [stderr]   Downloaded git-validate v0.7.3
[INFO] [stderr]   Downloaded git-hash v0.10.3
[INFO] [stderr]   Downloaded git-date v0.4.3
[INFO] [stderr]   Downloaded git-hashtable v0.1.2
[INFO] [stderr]   Downloaded git-features v0.26.5
[INFO] [stderr]   Downloaded git-actor v0.17.2
[INFO] running `Command { std: "docker" "create" "-v" "/var/lib/crater-agent-workspace/builds/worker-4-tc1/target:/opt/rustwide/target:rw,Z" "-v" "/var/lib/crater-agent-workspace/builds/worker-4-tc1/source:/opt/rustwide/workdir:ro,Z" "-v" "/var/lib/crater-agent-workspace/cargo-home:/opt/rustwide/cargo-home:ro,Z" "-v" "/var/lib/crater-agent-workspace/rustup-home:/opt/rustwide/rustup-home:ro,Z" "-e" "SOURCE_DIR=/opt/rustwide/workdir" "-e" "CARGO_TARGET_DIR=/opt/rustwide/target" "-e" "CARGO_HOME=/opt/rustwide/cargo-home" "-e" "RUSTUP_HOME=/opt/rustwide/rustup-home" "-w" "/opt/rustwide/workdir" "-m" "1610612736" "--user" "0:0" "--network" "none" "ghcr.io/rust-lang/crates-build-env/linux@sha256:2788e3201cd34a07e3172128adcd8b3090168a8e3bcc40d7c032b9dda1df7d1c" "/opt/rustwide/cargo-home/bin/cargo" "+nightly-2024-02-05" "metadata" "--no-deps" "--format-version=1", kill_on_drop: false }`
[INFO] [stdout] 3b2cf228951b8dd30c1d44ea01868236346c59563317ea5fc63522e885afb577
[INFO] running `Command { std: "docker" "start" "-a" "3b2cf228951b8dd30c1d44ea01868236346c59563317ea5fc63522e885afb577", kill_on_drop: false }`
[INFO] running `Command { std: "docker" "inspect" "3b2cf228951b8dd30c1d44ea01868236346c59563317ea5fc63522e885afb577", kill_on_drop: false }`
[INFO] running `Command { std: "docker" "rm" "-f" "3b2cf228951b8dd30c1d44ea01868236346c59563317ea5fc63522e885afb577", kill_on_drop: false }`
[INFO] [stdout] 3b2cf228951b8dd30c1d44ea01868236346c59563317ea5fc63522e885afb577
[INFO] running `Command { std: "docker" "create" "-v" "/var/lib/crater-agent-workspace/builds/worker-4-tc1/target:/opt/rustwide/target:rw,Z" "-v" "/var/lib/crater-agent-workspace/builds/worker-4-tc1/source:/opt/rustwide/workdir:ro,Z" "-v" "/var/lib/crater-agent-workspace/cargo-home:/opt/rustwide/cargo-home:ro,Z" "-v" "/var/lib/crater-agent-workspace/rustup-home:/opt/rustwide/rustup-home:ro,Z" "-e" "SOURCE_DIR=/opt/rustwide/workdir" "-e" "CARGO_TARGET_DIR=/opt/rustwide/target" "-e" "CARGO_INCREMENTAL=0" "-e" "RUST_BACKTRACE=full" "-e" "RUSTFLAGS=--cap-lints=forbid" "-e" "RUSTDOCFLAGS=--cap-lints=forbid" "-e" "CARGO_HOME=/opt/rustwide/cargo-home" "-e" "RUSTUP_HOME=/opt/rustwide/rustup-home" "-w" "/opt/rustwide/workdir" "-m" "1610612736" "--user" "0:0" "--network" "none" "ghcr.io/rust-lang/crates-build-env/linux@sha256:2788e3201cd34a07e3172128adcd8b3090168a8e3bcc40d7c032b9dda1df7d1c" "/opt/rustwide/cargo-home/bin/cargo" "+nightly-2024-02-05" "check" "--frozen" "--all" "--all-targets" "--message-format=json", kill_on_drop: false }`
[INFO] [stdout] 5274a92d63baf89c1d60ee7f44f31e3ff46329cff19e4adf503a8aac7ea931f2
[INFO] running `Command { std: "docker" "start" "-a" "5274a92d63baf89c1d60ee7f44f31e3ff46329cff19e4adf503a8aac7ea931f2", kill_on_drop: false }`
[INFO] [stderr]     Checking regex-automata v0.4.5
[INFO] [stderr]     Checking sha1_smol v1.0.0
[INFO] [stderr]     Checking quick-error v2.0.1
[INFO] [stderr]     Checking smallvec v1.13.1
[INFO] [stderr]    Compiling time-macros v0.2.17
[INFO] [stderr]     Checking nom v7.1.3
[INFO] [stderr]     Checking hashbrown v0.13.2
[INFO] [stderr]     Checking btoi v0.4.3
[INFO] [stderr]     Checking git-hash v0.10.3
[INFO] [stderr]     Checking git-features v0.26.5
[INFO] [stderr]     Checking git-hashtable v0.1.2
[INFO] [stderr]     Checking bstr v1.9.0
[INFO] [stderr]     Checking git-validate v0.7.3
[INFO] [stderr]     Checking time v0.3.34
[INFO] [stderr]     Checking git-date v0.4.3
[INFO] [stderr]     Checking git-actor v0.17.2
[INFO] [stderr]     Checking git-object v0.26.2
[INFO] [stderr]     Checking git-revision v0.10.4 (/opt/rustwide/workdir)
[INFO] [stdout] error[E0282]: type annotations needed
[INFO] [stdout]    --> src/spec/parse/function.rs:325:17
[INFO] [stdout]     |
[INFO] [stdout] 325 |     match input.as_ref() {
[INFO] [stdout]     |                 ^^^^^^
[INFO] [stdout] 326 |         [b':'] => return Err(Error::MissingColonSuffix),
[INFO] [stdout]     |         ------ type must be known at this point
[INFO] [stdout]     |
[INFO] [stdout] help: try using a fully qualified path to specify the expected types
[INFO] [stdout]     |
[INFO] [stdout] 325 |     match <BStr as AsRef<T>>::as_ref(input) {
[INFO] [stdout]     |           +++++++++++++++++++++++++++     ~
[INFO] [stdout] 
[INFO] [stdout] 
[INFO] [stdout] error[E0282]: type annotations needed
[INFO] [stdout]    --> src/spec/parse/function.rs:325:17
[INFO] [stdout]     |
[INFO] [stdout] 325 |     match input.as_ref() {
[INFO] [stdout]     |                 ^^^^^^
[INFO] [stdout] 326 |         [b':'] => return Err(Error::MissingColonSuffix),
[INFO] [stdout]     |         ------ type must be known at this point
[INFO] [stdout]     |
[INFO] [stdout] help: try using a fully qualified path to specify the expected types
[INFO] [stdout]     |
[INFO] [stdout] 325 |     match <BStr as AsRef<T>>::as_ref(input) {
[INFO] [stdout]     |           +++++++++++++++++++++++++++     ~
[INFO] [stdout] 
[INFO] [stdout] 
[INFO] [stdout] error[E0308]: mismatched types
[INFO] [stdout]    --> src/spec/parse/function.rs:537:25
[INFO] [stdout]     |
[INFO] [stdout] 535 |                     let target = match kind.as_ref().as_ref() {
[INFO] [stdout]     |                                        ---------------------- this expression has type `&[u8; 6]`
[INFO] [stdout] 536 |                         b"commit" => delegate::PeelTo::ObjectKind(git_object::Kind::Commit),
[INFO] [stdout] 537 |                         b"tag" => delegate::PeelTo::ObjectKind(git_object::Kind::Tag),
[INFO] [stdout]     |                         ^^^^^^ expected an array with a fixed size of 6 elements, found one with 3 elements
[INFO] [stdout] 
[INFO] [stdout] 
[INFO] [stdout] error[E0308]: mismatched types
[INFO] [stdout]    --> src/spec/parse/function.rs:537:25
[INFO] [stdout]     |
[INFO] [stdout] 535 |                     let target = match kind.as_ref().as_ref() {
[INFO] [stdout]     |                                        ---------------------- this expression has type `&[u8; 6]`
[INFO] [stdout] 536 |                         b"commit" => delegate::PeelTo::ObjectKind(git_object::Kind::Commit),
[INFO] [stdout] 537 |                         b"tag" => delegate::PeelTo::ObjectKind(git_object::Kind::Tag),
[INFO] [stdout]     |                         ^^^^^^ expected an array with a fixed size of 6 elements, found one with 3 elements
[INFO] [stdout] 
[INFO] [stdout] 
[INFO] [stdout] error[E0308]: mismatched types
[INFO] [stdout]    --> src/spec/parse/function.rs:538:25
[INFO] [stdout]     |
[INFO] [stdout] 535 |                     let target = match kind.as_ref().as_ref() {
[INFO] [stdout]     |                                        ---------------------- this expression has type `&[u8; 6]`
[INFO] [stdout] ...
[INFO] [stdout] 538 |                         b"tree" => delegate::PeelTo::ObjectKind(git_object::Kind::Tree),
[INFO] [stdout]     |                         ^^^^^^^ expected an array with a fixed size of 6 elements, found one with 4 elements
[INFO] [stdout] 
[INFO] [stdout] 
[INFO] [stdout] error[E0308]: mismatched types
[INFO] [stdout]    --> src/spec/parse/function.rs:538:25
[INFO] [stdout]     |
[INFO] [stdout] 535 |                     let target = match kind.as_ref().as_ref() {
[INFO] [stdout]     |                                        ---------------------- this expression has type `&[u8; 6]`
[INFO] [stdout] ...
[INFO] [stdout] 538 |                         b"tree" => delegate::PeelTo::ObjectKind(git_object::Kind::Tree),
[INFO] [stdout]     |                         ^^^^^^^ expected an array with a fixed size of 6 elements, found one with 4 elements
[INFO] [stdout] 
[INFO] [stdout] 
[INFO] [stdout] error[E0308]: mismatched types
[INFO] [stdout]    --> src/spec/parse/function.rs:539:25
[INFO] [stdout]     |
[INFO] [stdout] 535 |                     let target = match kind.as_ref().as_ref() {
[INFO] [stdout]     |                                        ---------------------- this expression has type `&[u8; 6]`
[INFO] [stdout] ...
[INFO] [stdout] 539 |                         b"blob" => delegate::PeelTo::ObjectKind(git_object::Kind::Blob),
[INFO] [stdout]     |                         ^^^^^^^ expected an array with a fixed size of 6 elements, found one with 4 elements
[INFO] [stdout] 
[INFO] [stdout] 
[INFO] [stdout] error[E0308]: mismatched types
[INFO] [stdout]    --> src/spec/parse/function.rs:539:25
[INFO] [stdout]     |
[INFO] [stdout] 535 |                     let target = match kind.as_ref().as_ref() {
[INFO] [stdout]     |                                        ---------------------- this expression has type `&[u8; 6]`
[INFO] [stdout] ...
[INFO] [stdout] 539 |                         b"blob" => delegate::PeelTo::ObjectKind(git_object::Kind::Blob),
[INFO] [stdout]     |                         ^^^^^^^ expected an array with a fixed size of 6 elements, found one with 4 elements
[INFO] [stdout] 
[INFO] [stdout] 
[INFO] [stdout] error[E0308]: mismatched types
[INFO] [stdout]    --> src/spec/parse/function.rs:541:25
[INFO] [stdout]     |
[INFO] [stdout] 535 |                     let target = match kind.as_ref().as_ref() {
[INFO] [stdout]     |                                        ---------------------- this expression has type `&[u8; 6]`
[INFO] [stdout] ...
[INFO] [stdout] 541 |                         b"" => delegate::PeelTo::RecursiveTagObject,
[INFO] [stdout]     |                         ^^^ expected an array with a fixed size of 6 elements, found one with 0 elements
[INFO] [stdout] 
[INFO] [stdout] 
[INFO] [stdout] error[E0308]: mismatched types
[INFO] [stdout]    --> src/spec/parse/function.rs:541:25
[INFO] [stdout]     |
[INFO] [stdout] 535 |                     let target = match kind.as_ref().as_ref() {
[INFO] [stdout]     |                                        ---------------------- this expression has type `&[u8; 6]`
[INFO] [stdout] ...
[INFO] [stdout] 541 |                         b"" => delegate::PeelTo::RecursiveTagObject,
[INFO] [stdout]     |                         ^^^ expected an array with a fixed size of 6 elements, found one with 0 elements
[INFO] [stdout] 
[INFO] [stdout] 
[INFO] [stdout] error[E0277]: the trait bound `BStr: AsRef<[u8; 6]>` is not satisfied
[INFO] [stdout]    --> src/spec/parse/function.rs:535:54
[INFO] [stdout]     |
[INFO] [stdout] 535 |                     let target = match kind.as_ref().as_ref() {
[INFO] [stdout]     |                                                      ^^^^^^ the trait `AsRef<[u8; 6]>` is not implemented for `BStr`
[INFO] [stdout]     |
[INFO] [stdout]     = help: the following other types implement trait `AsRef<T>`:
[INFO] [stdout]               <BStr as AsRef<BStr>>
[INFO] [stdout]               <BStr as AsRef<[u8]>>
[INFO] [stdout] 
[INFO] [stdout] 
[INFO] [stdout] error[E0277]: the trait bound `BStr: AsRef<[u8; 6]>` is not satisfied
[INFO] [stdout]    --> src/spec/parse/function.rs:535:54
[INFO] [stdout]     |
[INFO] [stdout] 535 |                     let target = match kind.as_ref().as_ref() {
[INFO] [stdout]     |                                                      ^^^^^^ the trait `AsRef<[u8; 6]>` is not implemented for `BStr`
[INFO] [stdout]     |
[INFO] [stdout]     = help: the following other types implement trait `AsRef<T>`:
[INFO] [stdout]               <BStr as AsRef<BStr>>
[INFO] [stdout]               <BStr as AsRef<[u8]>>
[INFO] [stdout] 
[INFO] [stdout] 
[INFO] [stdout] error: aborting due to 6 previous errors
[INFO] [stdout] 
[INFO] [stdout] 
[INFO] [stdout] Some errors have detailed explanations: E0277, E0282, E0308.
[INFO] [stdout] 
[INFO] [stdout] For more information about an error, try `rustc --explain E0277`.
[INFO] [stdout] 
[INFO] [stdout] error: aborting due to 6 previous errors
[INFO] [stdout] 
[INFO] [stdout] 
[INFO] [stdout] Some errors have detailed explanations: E0277, E0282, E0308.
[INFO] [stdout] 
[INFO] [stdout] For more information about an error, try `rustc --explain E0277`.
[INFO] [stdout] 
[INFO] [stderr] error: could not compile `git-revision` (lib test) due to 7 previous errors
[INFO] [stderr] warning: build failed, waiting for other jobs to finish...
[INFO] [stderr] error: could not compile `git-revision` (lib) due to 7 previous errors
[INFO] running `Command { std: "docker" "inspect" "5274a92d63baf89c1d60ee7f44f31e3ff46329cff19e4adf503a8aac7ea931f2", kill_on_drop: false }`
[INFO] running `Command { std: "docker" "rm" "-f" "5274a92d63baf89c1d60ee7f44f31e3ff46329cff19e4adf503a8aac7ea931f2", kill_on_drop: false }`
[INFO] [stdout] 5274a92d63baf89c1d60ee7f44f31e3ff46329cff19e4adf503a8aac7ea931f2
[INFO] checking git-revision-0.10.4 against nightly-2024-02-05+rustflags=-Dunexpected_cfgs+cargoflags=-Zcheck-cfg for check-cfg
[INFO] extracting crate git-revision 0.10.4 into /workspace/builds/worker-4-tc2/source
[INFO] validating manifest of crates.io crate git-revision 0.10.4 on toolchain nightly-2024-02-05
[INFO] running `Command { std: CARGO_HOME="/workspace/cargo-home" RUSTUP_HOME="/workspace/rustup-home" "/workspace/cargo-home/bin/cargo" "+nightly-2024-02-05" "metadata" "--manifest-path" "Cargo.toml" "--no-deps", kill_on_drop: false }`
[INFO] started tweaking crates.io crate git-revision 0.10.4
[INFO] finished tweaking crates.io crate git-revision 0.10.4
[INFO] tweaked toml for crates.io crate git-revision 0.10.4 written to /workspace/builds/worker-4-tc2/source/Cargo.toml
[INFO] running `Command { std: CARGO_HOME="/workspace/cargo-home" RUSTUP_HOME="/workspace/rustup-home" "/workspace/cargo-home/bin/cargo" "+nightly-2024-02-05" "generate-lockfile" "--manifest-path" "Cargo.toml", kill_on_drop: false }`
[INFO] [stderr]     Updating crates.io index
[INFO] running `Command { std: CARGO_HOME="/workspace/cargo-home" RUSTUP_HOME="/workspace/rustup-home" "/workspace/cargo-home/bin/cargo" "+nightly-2024-02-05" "fetch" "--manifest-path" "Cargo.toml", kill_on_drop: false }`
[INFO] running `Command { std: "docker" "create" "-v" "/var/lib/crater-agent-workspace/builds/worker-4-tc2/target:/opt/rustwide/target:rw,Z" "-v" "/var/lib/crater-agent-workspace/builds/worker-4-tc2/source:/opt/rustwide/workdir:ro,Z" "-v" "/var/lib/crater-agent-workspace/cargo-home:/opt/rustwide/cargo-home:ro,Z" "-v" "/var/lib/crater-agent-workspace/rustup-home:/opt/rustwide/rustup-home:ro,Z" "-e" "SOURCE_DIR=/opt/rustwide/workdir" "-e" "CARGO_TARGET_DIR=/opt/rustwide/target" "-e" "CARGO_HOME=/opt/rustwide/cargo-home" "-e" "RUSTUP_HOME=/opt/rustwide/rustup-home" "-w" "/opt/rustwide/workdir" "-m" "1610612736" "--user" "0:0" "--network" "none" "ghcr.io/rust-lang/crates-build-env/linux@sha256:2788e3201cd34a07e3172128adcd8b3090168a8e3bcc40d7c032b9dda1df7d1c" "/opt/rustwide/cargo-home/bin/cargo" "+nightly-2024-02-05" "metadata" "--no-deps" "--format-version=1", kill_on_drop: false }`
[INFO] [stdout] a880df8f3dc1aaede5ba0418f07234c7c31f1b43158df5148e1425db71c197c1
[INFO] running `Command { std: "docker" "start" "-a" "a880df8f3dc1aaede5ba0418f07234c7c31f1b43158df5148e1425db71c197c1", kill_on_drop: false }`
[INFO] running `Command { std: "docker" "inspect" "a880df8f3dc1aaede5ba0418f07234c7c31f1b43158df5148e1425db71c197c1", kill_on_drop: false }`
[INFO] running `Command { std: "docker" "rm" "-f" "a880df8f3dc1aaede5ba0418f07234c7c31f1b43158df5148e1425db71c197c1", kill_on_drop: false }`
[INFO] [stdout] a880df8f3dc1aaede5ba0418f07234c7c31f1b43158df5148e1425db71c197c1
[INFO] running `Command { std: "docker" "create" "-v" "/var/lib/crater-agent-workspace/builds/worker-4-tc2/target:/opt/rustwide/target:rw,Z" "-v" "/var/lib/crater-agent-workspace/builds/worker-4-tc2/source:/opt/rustwide/workdir:ro,Z" "-v" "/var/lib/crater-agent-workspace/cargo-home:/opt/rustwide/cargo-home:ro,Z" "-v" "/var/lib/crater-agent-workspace/rustup-home:/opt/rustwide/rustup-home:ro,Z" "-e" "SOURCE_DIR=/opt/rustwide/workdir" "-e" "CARGO_TARGET_DIR=/opt/rustwide/target" "-e" "CARGO_INCREMENTAL=0" "-e" "RUST_BACKTRACE=full" "-e" "RUSTFLAGS=--cap-lints=forbid -Dunexpected_cfgs" "-e" "RUSTDOCFLAGS=--cap-lints=forbid" "-e" "CARGO_HOME=/opt/rustwide/cargo-home" "-e" "RUSTUP_HOME=/opt/rustwide/rustup-home" "-w" "/opt/rustwide/workdir" "-m" "1610612736" "--user" "0:0" "--network" "none" "ghcr.io/rust-lang/crates-build-env/linux@sha256:2788e3201cd34a07e3172128adcd8b3090168a8e3bcc40d7c032b9dda1df7d1c" "/opt/rustwide/cargo-home/bin/cargo" "+nightly-2024-02-05" "check" "--frozen" "--all" "--all-targets" "--message-format=json" "-Zcheck-cfg", kill_on_drop: false }`
[INFO] [stdout] 6bbd22c01ec232abb059589c354cee0baad1f66644b8946ebf8fa93671d2c095
[INFO] running `Command { std: "docker" "start" "-a" "6bbd22c01ec232abb059589c354cee0baad1f66644b8946ebf8fa93671d2c095", kill_on_drop: false }`
[INFO] [stderr]     Checking regex-automata v0.4.5
[INFO] [stderr]     Checking quick-error v2.0.1
[INFO] [stderr]    Compiling time-macros v0.2.17
[INFO] [stderr]     Checking nom v7.1.3
[INFO] [stderr]     Checking sha1_smol v1.0.0
[INFO] [stderr]     Checking hashbrown v0.13.2
[INFO] [stderr]     Checking smallvec v1.13.1
[INFO] [stderr]     Checking btoi v0.4.3
[INFO] [stderr]     Checking git-hash v0.10.3
[INFO] [stderr]     Checking git-features v0.26.5
[INFO] [stderr]     Checking git-hashtable v0.1.2
[INFO] [stderr]     Checking bstr v1.9.0
[INFO] [stderr]     Checking time v0.3.34
[INFO] [stderr]     Checking git-validate v0.7.3
[INFO] [stderr]     Checking git-date v0.4.3
[INFO] [stderr]     Checking git-actor v0.17.2
[INFO] [stderr]     Checking git-object v0.26.2
[INFO] [stderr]     Checking git-revision v0.10.4 (/opt/rustwide/workdir)
[INFO] [stdout] error: unexpected `cfg` condition name: `docsrs`
[INFO] [stdout]  --> src/lib.rs:8:13
[INFO] [stdout]   |
[INFO] [stdout] 8 | #![cfg_attr(docsrs, feature(doc_cfg, doc_auto_cfg))]
[INFO] [stdout]   |             ^^^^^^
[INFO] [stdout]   |
[INFO] [stdout]   = help: expected names are: `debug_assertions`, `doc`, `doctest`, `feature`, `miri`, `overflow_checks`, `panic`, `proc_macro`, `relocation_model`, `sanitize`, `sanitizer_cfi_generalize_pointers`, `sanitizer_cfi_normalize_integers`, `target_abi`, `target_arch`, `target_endian`, `target_env`, `target_family`, `target_feature`, `target_has_atomic`, `target_has_atomic_equal_alignment`, `target_has_atomic_load_store`, `target_os`, `target_pointer_width`, `target_thread_local`, `target_vendor`, `test`, `unix`, `windows`
[INFO] [stdout]   = help: consider using a Cargo feature instead or adding `println!("cargo:rustc-check-cfg=cfg(docsrs)");` to the top of a `build.rs`
[INFO] [stdout]   = note: see <https://doc.rust-lang.org/nightly/cargo/reference/unstable.html#check-cfg> for more information about checking conditional configuration
[INFO] [stdout]   = note: requested on the command line with `-D unexpected-cfgs`
[INFO] [stdout] 
[INFO] [stdout] 
[INFO] [stdout] error: unexpected `cfg` condition name: `docsrs`
[INFO] [stdout]  --> src/lib.rs:8:13
[INFO] [stdout]   |
[INFO] [stdout] 8 | #![cfg_attr(docsrs, feature(doc_cfg, doc_auto_cfg))]
[INFO] [stdout]   |             ^^^^^^
[INFO] [stdout]   |
[INFO] [stdout]   = help: expected names are: `debug_assertions`, `doc`, `doctest`, `feature`, `miri`, `overflow_checks`, `panic`, `proc_macro`, `relocation_model`, `sanitize`, `sanitizer_cfi_generalize_pointers`, `sanitizer_cfi_normalize_integers`, `target_abi`, `target_arch`, `target_endian`, `target_env`, `target_family`, `target_feature`, `target_has_atomic`, `target_has_atomic_equal_alignment`, `target_has_atomic_load_store`, `target_os`, `target_pointer_width`, `target_thread_local`, `target_vendor`, `test`, `unix`, `windows`
[INFO] [stdout]   = help: consider using a Cargo feature instead or adding `println!("cargo:rustc-check-cfg=cfg(docsrs)");` to the top of a `build.rs`
[INFO] [stdout]   = note: see <https://doc.rust-lang.org/nightly/cargo/reference/unstable.html#check-cfg> for more information about checking conditional configuration
[INFO] [stdout]   = note: requested on the command line with `-D unexpected-cfgs`
[INFO] [stdout] 
[INFO] [stdout] 
[INFO] [stdout] error[E0282]: type annotations needed
[INFO] [stdout]    --> src/spec/parse/function.rs:325:17
[INFO] [stdout]     |
[INFO] [stdout] 325 |     match input.as_ref() {
[INFO] [stdout]     |                 ^^^^^^
[INFO] [stdout] 326 |         [b':'] => return Err(Error::MissingColonSuffix),
[INFO] [stdout]     |         ------ type must be known at this point
[INFO] [stdout]     |
[INFO] [stdout] help: try using a fully qualified path to specify the expected types
[INFO] [stdout]     |
[INFO] [stdout] 325 |     match <BStr as AsRef<T>>::as_ref(input) {
[INFO] [stdout]     |           +++++++++++++++++++++++++++     ~
[INFO] [stdout] 
[INFO] [stdout] 
[INFO] [stdout] error[E0282]: type annotations needed
[INFO] [stdout]    --> src/spec/parse/function.rs:325:17
[INFO] [stdout]     |
[INFO] [stdout] 325 |     match input.as_ref() {
[INFO] [stdout]     |                 ^^^^^^
[INFO] [stdout] 326 |         [b':'] => return Err(Error::MissingColonSuffix),
[INFO] [stdout]     |         ------ type must be known at this point
[INFO] [stdout]     |
[INFO] [stdout] help: try using a fully qualified path to specify the expected types
[INFO] [stdout]     |
[INFO] [stdout] 325 |     match <BStr as AsRef<T>>::as_ref(input) {
[INFO] [stdout]     |           +++++++++++++++++++++++++++     ~
[INFO] [stdout] 
[INFO] [stdout] 
[INFO] [stdout] error[E0308]: mismatched types
[INFO] [stdout]    --> src/spec/parse/function.rs:537:25
[INFO] [stdout]     |
[INFO] [stdout] 535 |                     let target = match kind.as_ref().as_ref() {
[INFO] [stdout]     |                                        ---------------------- this expression has type `&[u8; 6]`
[INFO] [stdout] 536 |                         b"commit" => delegate::PeelTo::ObjectKind(git_object::Kind::Commit),
[INFO] [stdout] 537 |                         b"tag" => delegate::PeelTo::ObjectKind(git_object::Kind::Tag),
[INFO] [stdout]     |                         ^^^^^^ expected an array with a fixed size of 6 elements, found one with 3 elements
[INFO] [stdout] 
[INFO] [stdout] 
[INFO] [stdout] error[E0308]: mismatched types
[INFO] [stdout]    --> src/spec/parse/function.rs:538:25
[INFO] [stdout]     |
[INFO] [stdout] 535 |                     let target = match kind.as_ref().as_ref() {
[INFO] [stdout]     |                                        ---------------------- this expression has type `&[u8; 6]`
[INFO] [stdout] ...
[INFO] [stdout] 538 |                         b"tree" => delegate::PeelTo::ObjectKind(git_object::Kind::Tree),
[INFO] [stdout]     |                         ^^^^^^^ expected an array with a fixed size of 6 elements, found one with 4 elements
[INFO] [stdout] 
[INFO] [stdout] 
[INFO] [stdout] error[E0308]: mismatched types
[INFO] [stdout]    --> src/spec/parse/function.rs:539:25
[INFO] [stdout]     |
[INFO] [stdout] 535 |                     let target = match kind.as_ref().as_ref() {
[INFO] [stdout]     |                                        ---------------------- this expression has type `&[u8; 6]`
[INFO] [stdout] ...
[INFO] [stdout] 539 |                         b"blob" => delegate::PeelTo::ObjectKind(git_object::Kind::Blob),
[INFO] [stdout]     |                         ^^^^^^^ expected an array with a fixed size of 6 elements, found one with 4 elements
[INFO] [stdout] 
[INFO] [stdout] 
[INFO] [stdout] error[E0308]: mismatched types
[INFO] [stdout]    --> src/spec/parse/function.rs:541:25
[INFO] [stdout]     |
[INFO] [stdout] 535 |                     let target = match kind.as_ref().as_ref() {
[INFO] [stdout]     |                                        ---------------------- this expression has type `&[u8; 6]`
[INFO] [stdout] ...
[INFO] [stdout] 541 |                         b"" => delegate::PeelTo::RecursiveTagObject,
[INFO] [stdout]     |                         ^^^ expected an array with a fixed size of 6 elements, found one with 0 elements
[INFO] [stdout] 
[INFO] [stdout] 
[INFO] [stdout] error[E0277]: the trait bound `BStr: AsRef<[u8; 6]>` is not satisfied
[INFO] [stdout]    --> src/spec/parse/function.rs:535:54
[INFO] [stdout]     |
[INFO] [stdout] 535 |                     let target = match kind.as_ref().as_ref() {
[INFO] [stdout]     |                                                      ^^^^^^ the trait `AsRef<[u8; 6]>` is not implemented for `BStr`
[INFO] [stdout]     |
[INFO] [stdout]     = help: the following other types implement trait `AsRef<T>`:
[INFO] [stdout]               <BStr as AsRef<BStr>>
[INFO] [stdout]               <BStr as AsRef<[u8]>>
[INFO] [stdout] 
[INFO] [stdout] 
[INFO] [stdout] error[E0308]: mismatched types
[INFO] [stdout]    --> src/spec/parse/function.rs:537:25
[INFO] [stdout]     |
[INFO] [stdout] 535 |                     let target = match kind.as_ref().as_ref() {
[INFO] [stdout]     |                                        ---------------------- this expression has type `&[u8; 6]`
[INFO] [stdout] 536 |                         b"commit" => delegate::PeelTo::ObjectKind(git_object::Kind::Commit),
[INFO] [stdout] 537 |                         b"tag" => delegate::PeelTo::ObjectKind(git_object::Kind::Tag),
[INFO] [stdout]     |                         ^^^^^^ expected an array with a fixed size of 6 elements, found one with 3 elements
[INFO] [stdout] 
[INFO] [stdout] 
[INFO] [stdout] error[E0308]: mismatched types
[INFO] [stdout]    --> src/spec/parse/function.rs:538:25
[INFO] [stdout]     |
[INFO] [stdout] 535 |                     let target = match kind.as_ref().as_ref() {
[INFO] [stdout]     |                                        ---------------------- this expression has type `&[u8; 6]`
[INFO] [stdout] ...
[INFO] [stdout] 538 |                         b"tree" => delegate::PeelTo::ObjectKind(git_object::Kind::Tree),
[INFO] [stdout]     |                         ^^^^^^^ expected an array with a fixed size of 6 elements, found one with 4 elements
[INFO] [stdout] 
[INFO] [stdout] 
[INFO] [stdout] error[E0308]: mismatched types
[INFO] [stdout]    --> src/spec/parse/function.rs:539:25
[INFO] [stdout]     |
[INFO] [stdout] 535 |                     let target = match kind.as_ref().as_ref() {
[INFO] [stdout]     |                                        ---------------------- this expression has type `&[u8; 6]`
[INFO] [stdout] ...
[INFO] [stdout] 539 |                         b"blob" => delegate::PeelTo::ObjectKind(git_object::Kind::Blob),
[INFO] [stdout]     |                         ^^^^^^^ expected an array with a fixed size of 6 elements, found one with 4 elements
[INFO] [stdout] 
[INFO] [stdout] 
[INFO] [stdout] error[E0308]: mismatched types
[INFO] [stdout]    --> src/spec/parse/function.rs:541:25
[INFO] [stdout]     |
[INFO] [stdout] 535 |                     let target = match kind.as_ref().as_ref() {
[INFO] [stdout]     |                                        ---------------------- this expression has type `&[u8; 6]`
[INFO] [stdout] ...
[INFO] [stdout] 541 |                         b"" => delegate::PeelTo::RecursiveTagObject,
[INFO] [stdout]     |                         ^^^ expected an array with a fixed size of 6 elements, found one with 0 elements
[INFO] [stdout] 
[INFO] [stdout] 
[INFO] [stdout] error[E0277]: the trait bound `BStr: AsRef<[u8; 6]>` is not satisfied
[INFO] [stdout]    --> src/spec/parse/function.rs:535:54
[INFO] [stdout]     |
[INFO] [stdout] 535 |                     let target = match kind.as_ref().as_ref() {
[INFO] [stdout]     |                                                      ^^^^^^ the trait `AsRef<[u8; 6]>` is not implemented for `BStr`
[INFO] [stdout]     |
[INFO] [stdout]     = help: the following other types implement trait `AsRef<T>`:
[INFO] [stdout]               <BStr as AsRef<BStr>>
[INFO] [stdout]               <BStr as AsRef<[u8]>>
[INFO] [stdout] 
[INFO] [stdout] 
[INFO] [stdout] error: aborting due to 7 previous errors
[INFO] [stdout] 
[INFO] [stdout] 
[INFO] [stdout] Some errors have detailed explanations: E0277, E0282, E0308.
[INFO] [stdout] 
[INFO] [stdout] For more information about an error, try `rustc --explain E0277`.
[INFO] [stdout] 
[INFO] [stdout] error: aborting due to 7 previous errors
[INFO] [stdout] 
[INFO] [stdout] 
[INFO] [stdout] Some errors have detailed explanations: E0277, E0282, E0308.
[INFO] [stdout] 
[INFO] [stdout] For more information about an error, try `rustc --explain E0277`.
[INFO] [stdout] 
[INFO] [stderr] error: could not compile `git-revision` (lib) due to 8 previous errors
[INFO] [stderr] warning: build failed, waiting for other jobs to finish...
[INFO] [stderr] error: could not compile `git-revision` (lib test) due to 8 previous errors
[INFO] running `Command { std: "docker" "inspect" "6bbd22c01ec232abb059589c354cee0baad1f66644b8946ebf8fa93671d2c095", kill_on_drop: false }`
[INFO] running `Command { std: "docker" "rm" "-f" "6bbd22c01ec232abb059589c354cee0baad1f66644b8946ebf8fa93671d2c095", kill_on_drop: false }`
[INFO] [stdout] 6bbd22c01ec232abb059589c354cee0baad1f66644b8946ebf8fa93671d2c095
