[INFO] fetching crate girt-todo-file 2.3.0...
[INFO] checking girt-todo-file-2.3.0 against nightly-2024-02-05 for check-cfg
[INFO] extracting crate girt-todo-file 2.3.0 into /workspace/builds/worker-6-tc1/source
[INFO] validating manifest of crates.io crate girt-todo-file 2.3.0 on toolchain nightly-2024-02-05
[INFO] running `Command { std: CARGO_HOME="/workspace/cargo-home" RUSTUP_HOME="/workspace/rustup-home" "/workspace/cargo-home/bin/cargo" "+nightly-2024-02-05" "metadata" "--manifest-path" "Cargo.toml" "--no-deps", kill_on_drop: false }`
[INFO] started tweaking crates.io crate girt-todo-file 2.3.0
[INFO] finished tweaking crates.io crate girt-todo-file 2.3.0
[INFO] tweaked toml for crates.io crate girt-todo-file 2.3.0 written to /workspace/builds/worker-6-tc1/source/Cargo.toml
[INFO] running `Command { std: CARGO_HOME="/workspace/cargo-home" RUSTUP_HOME="/workspace/rustup-home" "/workspace/cargo-home/bin/cargo" "+nightly-2024-02-05" "generate-lockfile" "--manifest-path" "Cargo.toml", kill_on_drop: false }`
[INFO] [stderr]     Updating crates.io index
[INFO] running `Command { std: CARGO_HOME="/workspace/cargo-home" RUSTUP_HOME="/workspace/rustup-home" "/workspace/cargo-home/bin/cargo" "+nightly-2024-02-05" "fetch" "--manifest-path" "Cargo.toml", kill_on_drop: false }`
[INFO] [stderr]  Downloading crates ...
[INFO] [stderr]   Downloaded girt-testutils v2.3.0
[INFO] [stderr]   Downloaded version-track v0.1.0
[INFO] running `Command { std: "docker" "create" "-v" "/var/lib/crater-agent-workspace/builds/worker-6-tc1/target:/opt/rustwide/target:rw,Z" "-v" "/var/lib/crater-agent-workspace/builds/worker-6-tc1/source:/opt/rustwide/workdir:ro,Z" "-v" "/var/lib/crater-agent-workspace/cargo-home:/opt/rustwide/cargo-home:ro,Z" "-v" "/var/lib/crater-agent-workspace/rustup-home:/opt/rustwide/rustup-home:ro,Z" "-e" "SOURCE_DIR=/opt/rustwide/workdir" "-e" "CARGO_TARGET_DIR=/opt/rustwide/target" "-e" "CARGO_HOME=/opt/rustwide/cargo-home" "-e" "RUSTUP_HOME=/opt/rustwide/rustup-home" "-w" "/opt/rustwide/workdir" "-m" "1610612736" "--user" "0:0" "--network" "none" "ghcr.io/rust-lang/crates-build-env/linux@sha256:2788e3201cd34a07e3172128adcd8b3090168a8e3bcc40d7c032b9dda1df7d1c" "/opt/rustwide/cargo-home/bin/cargo" "+nightly-2024-02-05" "metadata" "--no-deps" "--format-version=1", kill_on_drop: false }`
[INFO] [stdout] 79b8d63beba55ebe0ac7eda2ba5c2c675fb5676c290a028781b4a16c181d2af3
[INFO] running `Command { std: "docker" "start" "-a" "79b8d63beba55ebe0ac7eda2ba5c2c675fb5676c290a028781b4a16c181d2af3", kill_on_drop: false }`
[INFO] running `Command { std: "docker" "inspect" "79b8d63beba55ebe0ac7eda2ba5c2c675fb5676c290a028781b4a16c181d2af3", kill_on_drop: false }`
[INFO] running `Command { std: "docker" "rm" "-f" "79b8d63beba55ebe0ac7eda2ba5c2c675fb5676c290a028781b4a16c181d2af3", kill_on_drop: false }`
[INFO] [stdout] 79b8d63beba55ebe0ac7eda2ba5c2c675fb5676c290a028781b4a16c181d2af3
[INFO] running `Command { std: "docker" "create" "-v" "/var/lib/crater-agent-workspace/builds/worker-6-tc1/target:/opt/rustwide/target:rw,Z" "-v" "/var/lib/crater-agent-workspace/builds/worker-6-tc1/source:/opt/rustwide/workdir:ro,Z" "-v" "/var/lib/crater-agent-workspace/cargo-home:/opt/rustwide/cargo-home:ro,Z" "-v" "/var/lib/crater-agent-workspace/rustup-home:/opt/rustwide/rustup-home:ro,Z" "-e" "SOURCE_DIR=/opt/rustwide/workdir" "-e" "CARGO_TARGET_DIR=/opt/rustwide/target" "-e" "CARGO_INCREMENTAL=0" "-e" "RUST_BACKTRACE=full" "-e" "RUSTFLAGS=--cap-lints=forbid" "-e" "RUSTDOCFLAGS=--cap-lints=forbid" "-e" "CARGO_HOME=/opt/rustwide/cargo-home" "-e" "RUSTUP_HOME=/opt/rustwide/rustup-home" "-w" "/opt/rustwide/workdir" "-m" "1610612736" "--user" "0:0" "--network" "none" "ghcr.io/rust-lang/crates-build-env/linux@sha256:2788e3201cd34a07e3172128adcd8b3090168a8e3bcc40d7c032b9dda1df7d1c" "/opt/rustwide/cargo-home/bin/cargo" "+nightly-2024-02-05" "check" "--frozen" "--all" "--all-targets" "--message-format=json", kill_on_drop: false }`
[INFO] [stdout] 71531b01ff23f16fda5444ab1fa0db6c89f1ad61c553eb73a561fa5c5a6817f7
[INFO] running `Command { std: "docker" "start" "-a" "71531b01ff23f16fda5444ab1fa0db6c89f1ad61c553eb73a561fa5c5a6817f7", kill_on_drop: false }`
[INFO] [stderr]    Compiling proc-macro2 v1.0.78
[INFO] [stderr]    Compiling semver v1.0.21
[INFO] [stderr]    Compiling unicode-ident v1.0.12
[INFO] [stderr]    Compiling libc v0.2.153
[INFO] [stderr]     Checking cfg-if v1.0.0
[INFO] [stderr]    Compiling autocfg v1.1.0
[INFO] [stderr]    Compiling memchr v2.7.1
[INFO] [stderr]     Checking ppv-lite86 v0.2.17
[INFO] [stderr]     Checking futures-sink v0.3.30
[INFO] [stderr]     Checking futures-core v0.3.30
[INFO] [stderr]     Checking futures-channel v0.3.30
[INFO] [stderr]    Compiling regex-syntax v0.8.2
[INFO] [stderr]    Compiling slab v0.4.9
[INFO] [stderr]    Compiling rustc_version v0.4.0
[INFO] [stderr]    Compiling aho-corasick v1.1.2
[INFO] [stderr]     Checking pin-project-lite v0.2.13
[INFO] [stderr]     Checking futures-io v0.3.30
[INFO] [stderr]     Checking futures-task v0.3.30
[INFO] [stderr]    Compiling rustix v0.38.31
[INFO] [stderr]    Compiling quote v1.0.35
[INFO] [stderr]     Checking pin-utils v0.1.0
[INFO] [stderr]    Compiling rstest_macros v0.18.2
[INFO] [stderr]    Compiling thiserror v1.0.56
[INFO] [stderr]    Compiling syn v2.0.48
[INFO] [stderr]     Checking getrandom v0.2.12
[INFO] [stderr]     Checking bitflags v2.4.2
[INFO] [stderr]     Checking rand_core v0.6.4
[INFO] [stderr]     Checking linux-raw-sys v0.4.13
[INFO] [stderr]    Compiling girt-testutils v2.3.0
[INFO] [stderr]    Compiling girt-todo-file v2.3.0 (/opt/rustwide/workdir)
[INFO] [stderr]     Checking rand_chacha v0.3.1
[INFO] [stderr]     Checking fastrand v2.0.1
[INFO] [stderr]     Checking rand v0.8.5
[INFO] [stderr]    Compiling glob v0.3.1
[INFO] [stderr]    Compiling relative-path v1.9.2
[INFO] [stderr]     Checking diff v0.1.13
[INFO] [stderr]     Checking futures-timer v3.0.2
[INFO] [stderr]     Checking yansi v0.5.1
[INFO] [stderr]     Checking pretty_assertions v1.4.0
[INFO] [stderr]     Checking uuid v1.7.0
[INFO] [stderr]     Checking version-track v0.1.0
[INFO] [stderr]    Compiling regex-automata v0.4.5
[INFO] [stderr]     Checking tempfile v3.10.0
[INFO] [stderr]    Compiling regex v1.10.3
[INFO] [stderr]    Compiling futures-macro v0.3.30
[INFO] [stderr]    Compiling thiserror-impl v1.0.56
[INFO] [stderr]     Checking futures-util v0.3.30
[INFO] [stderr]     Checking futures-executor v0.3.30
[INFO] [stderr]     Checking futures v0.3.30
[INFO] [stderr]     Checking rstest v0.18.2
[INFO] [stdout] error[E0432]: unresolved import `claim`
[INFO] [stdout]    --> src/action.rs:117:6
[INFO] [stdout]     |
[INFO] [stdout] 117 |     use claim::assert_ok_eq;
[INFO] [stdout]     |         ^^^^^ use of undeclared crate or module `claim`
[INFO] [stdout] 
[INFO] [stdout] 
[INFO] [stdout] error[E0432]: unresolved import `claim`
[INFO] [stdout]   --> src/edit_content.rs:71:6
[INFO] [stdout]    |
[INFO] [stdout] 71 |     use claim::{assert_none, assert_some_eq};
[INFO] [stdout]    |         ^^^^^ use of undeclared crate or module `claim`
[INFO] [stdout] 
[INFO] [stdout] 
[INFO] [stdout] error[E0432]: unresolved import `claim`
[INFO] [stdout]  --> src/history/tests.rs:1:5
[INFO] [stdout]   |
[INFO] [stdout] 1 | use claim::assert_some_eq;
[INFO] [stdout]   |     ^^^^^ use of undeclared crate or module `claim`
[INFO] [stdout] 
[INFO] [stdout] 
[INFO] [stdout] error[E0432]: unresolved import `claim`
[INFO] [stdout]    --> src/line.rs:283:6
[INFO] [stdout]     |
[INFO] [stdout] 283 |     use claim::assert_ok_eq;
[INFO] [stdout]     |         ^^^^^ use of undeclared crate or module `claim`
[INFO] [stdout] 
[INFO] [stdout] 
[INFO] [stdout] error[E0432]: unresolved import `claim`
[INFO] [stdout]    --> src/search.rs:169:6
[INFO] [stdout]     |
[INFO] [stdout] 169 |     use claim::{assert_none, assert_some_eq};
[INFO] [stdout]     |         ^^^^^ use of undeclared crate or module `claim`
[INFO] [stdout] 
[INFO] [stdout] 
[INFO] [stdout] error[E0432]: unresolved import `claim`
[INFO] [stdout]    --> src/lib.rs:477:6
[INFO] [stdout]     |
[INFO] [stdout] 477 |     use claim::{assert_none, assert_some_eq};
[INFO] [stdout]     |         ^^^^^ use of undeclared crate or module `claim`
[INFO] [stdout] 
[INFO] [stdout] 
[INFO] [stdout] error: aborting due to 6 previous errors
[INFO] [stdout] 
[INFO] [stdout] 
[INFO] [stdout] For more information about this error, try `rustc --explain E0432`.
[INFO] [stdout] 
[INFO] [stderr] error: could not compile `girt-todo-file` (lib test) due to 7 previous errors
[INFO] running `Command { std: "docker" "inspect" "71531b01ff23f16fda5444ab1fa0db6c89f1ad61c553eb73a561fa5c5a6817f7", kill_on_drop: false }`
[INFO] running `Command { std: "docker" "rm" "-f" "71531b01ff23f16fda5444ab1fa0db6c89f1ad61c553eb73a561fa5c5a6817f7", kill_on_drop: false }`
[INFO] [stdout] 71531b01ff23f16fda5444ab1fa0db6c89f1ad61c553eb73a561fa5c5a6817f7
