[INFO] fetching crate girt-runtime 2.3.0...
[INFO] checking girt-runtime-2.3.0 against nightly-2024-02-05 for check-cfg
[INFO] extracting crate girt-runtime 2.3.0 into /workspace/builds/worker-5-tc1/source
[INFO] validating manifest of crates.io crate girt-runtime 2.3.0 on toolchain nightly-2024-02-05
[INFO] running `Command { std: CARGO_HOME="/workspace/cargo-home" RUSTUP_HOME="/workspace/rustup-home" "/workspace/cargo-home/bin/cargo" "+nightly-2024-02-05" "metadata" "--manifest-path" "Cargo.toml" "--no-deps", kill_on_drop: false }`
[INFO] started tweaking crates.io crate girt-runtime 2.3.0
[INFO] finished tweaking crates.io crate girt-runtime 2.3.0
[INFO] tweaked toml for crates.io crate girt-runtime 2.3.0 written to /workspace/builds/worker-5-tc1/source/Cargo.toml
[INFO] running `Command { std: CARGO_HOME="/workspace/cargo-home" RUSTUP_HOME="/workspace/rustup-home" "/workspace/cargo-home/bin/cargo" "+nightly-2024-02-05" "generate-lockfile" "--manifest-path" "Cargo.toml", kill_on_drop: false }`
[INFO] [stderr]     Updating crates.io index
[INFO] running `Command { std: CARGO_HOME="/workspace/cargo-home" RUSTUP_HOME="/workspace/rustup-home" "/workspace/cargo-home/bin/cargo" "+nightly-2024-02-05" "fetch" "--manifest-path" "Cargo.toml", kill_on_drop: false }`
[INFO] [stderr]  Downloading crates ...
[INFO] [stderr]   Downloaded girt-testutils v2.3.0
[INFO] running `Command { std: "docker" "create" "-v" "/var/lib/crater-agent-workspace/builds/worker-5-tc1/target:/opt/rustwide/target:rw,Z" "-v" "/var/lib/crater-agent-workspace/builds/worker-5-tc1/source:/opt/rustwide/workdir:ro,Z" "-v" "/var/lib/crater-agent-workspace/cargo-home:/opt/rustwide/cargo-home:ro,Z" "-v" "/var/lib/crater-agent-workspace/rustup-home:/opt/rustwide/rustup-home:ro,Z" "-e" "SOURCE_DIR=/opt/rustwide/workdir" "-e" "CARGO_TARGET_DIR=/opt/rustwide/target" "-e" "CARGO_HOME=/opt/rustwide/cargo-home" "-e" "RUSTUP_HOME=/opt/rustwide/rustup-home" "-w" "/opt/rustwide/workdir" "-m" "1610612736" "--user" "0:0" "--network" "none" "ghcr.io/rust-lang/crates-build-env/linux@sha256:2788e3201cd34a07e3172128adcd8b3090168a8e3bcc40d7c032b9dda1df7d1c" "/opt/rustwide/cargo-home/bin/cargo" "+nightly-2024-02-05" "metadata" "--no-deps" "--format-version=1", kill_on_drop: false }`
[INFO] [stdout] a0b38a3b54f8019ebab5530e917225ff1db6c7b3d4ffab8cfd82d04f88c512f9
[INFO] running `Command { std: "docker" "start" "-a" "a0b38a3b54f8019ebab5530e917225ff1db6c7b3d4ffab8cfd82d04f88c512f9", kill_on_drop: false }`
[INFO] running `Command { std: "docker" "inspect" "a0b38a3b54f8019ebab5530e917225ff1db6c7b3d4ffab8cfd82d04f88c512f9", kill_on_drop: false }`
[INFO] running `Command { std: "docker" "rm" "-f" "a0b38a3b54f8019ebab5530e917225ff1db6c7b3d4ffab8cfd82d04f88c512f9", kill_on_drop: false }`
[INFO] [stdout] a0b38a3b54f8019ebab5530e917225ff1db6c7b3d4ffab8cfd82d04f88c512f9
[INFO] running `Command { std: "docker" "create" "-v" "/var/lib/crater-agent-workspace/builds/worker-5-tc1/target:/opt/rustwide/target:rw,Z" "-v" "/var/lib/crater-agent-workspace/builds/worker-5-tc1/source:/opt/rustwide/workdir:ro,Z" "-v" "/var/lib/crater-agent-workspace/cargo-home:/opt/rustwide/cargo-home:ro,Z" "-v" "/var/lib/crater-agent-workspace/rustup-home:/opt/rustwide/rustup-home:ro,Z" "-e" "SOURCE_DIR=/opt/rustwide/workdir" "-e" "CARGO_TARGET_DIR=/opt/rustwide/target" "-e" "CARGO_INCREMENTAL=0" "-e" "RUST_BACKTRACE=full" "-e" "RUSTFLAGS=--cap-lints=forbid" "-e" "RUSTDOCFLAGS=--cap-lints=forbid" "-e" "CARGO_HOME=/opt/rustwide/cargo-home" "-e" "RUSTUP_HOME=/opt/rustwide/rustup-home" "-w" "/opt/rustwide/workdir" "-m" "1610612736" "--user" "0:0" "--network" "none" "ghcr.io/rust-lang/crates-build-env/linux@sha256:2788e3201cd34a07e3172128adcd8b3090168a8e3bcc40d7c032b9dda1df7d1c" "/opt/rustwide/cargo-home/bin/cargo" "+nightly-2024-02-05" "check" "--frozen" "--all" "--all-targets" "--message-format=json", kill_on_drop: false }`
[INFO] [stdout] b118a07c6e98c1145e6ead722ea5a37adf488bcc75503e673cd48f25a76b4cce
[INFO] running `Command { std: "docker" "start" "-a" "b118a07c6e98c1145e6ead722ea5a37adf488bcc75503e673cd48f25a76b4cce", kill_on_drop: false }`
[INFO] [stderr]    Compiling semver v1.0.21
[INFO] [stderr]    Compiling crossbeam-utils v0.8.19
[INFO] [stderr]    Compiling thiserror-impl v1.0.56
[INFO] [stderr]    Compiling rustc_version v0.4.0
[INFO] [stderr]     Checking crossbeam-channel v0.5.11
[INFO] [stderr]    Compiling girt-testutils v2.3.0
[INFO] [stderr]    Compiling girt-runtime v2.3.0 (/opt/rustwide/workdir)
[INFO] [stderr]     Checking thiserror v1.0.56
[INFO] [stdout] error[E0432]: unresolved import `claim`
[INFO] [stdout]   --> src/notifier.rs:86:6
[INFO] [stdout]    |
[INFO] [stdout] 86 |     use claim::assert_ok_eq;
[INFO] [stdout]    |         ^^^^^ use of undeclared crate or module `claim`
[INFO] [stdout] 
[INFO] [stdout] 
[INFO] [stdout] error[E0432]: unresolved import `claim`
[INFO] [stdout]    --> src/runtime/mod.rs:143:6
[INFO] [stdout]     |
[INFO] [stdout] 143 |     use claim::assert_err;
[INFO] [stdout]     |         ^^^^^ use of undeclared crate or module `claim`
[INFO] [stdout] 
[INFO] [stdout] 
[INFO] [stdout] error[E0432]: unresolved import `claim`
[INFO] [stdout]   --> src/thread_statuses.rs:84:6
[INFO] [stdout]    |
[INFO] [stdout] 84 |     use claim::{assert_err, assert_ok, assert_some_eq};
[INFO] [stdout]    |         ^^^^^ use of undeclared crate or module `claim`
[INFO] [stdout] 
[INFO] [stdout] 
[INFO] [stdout] error: aborting due to 3 previous errors
[INFO] [stdout] 
[INFO] [stdout] 
[INFO] [stdout] For more information about this error, try `rustc --explain E0432`.
[INFO] [stdout] 
[INFO] [stderr] error: could not compile `girt-runtime` (lib test) due to 4 previous errors
[INFO] [stderr] warning: build failed, waiting for other jobs to finish...
[INFO] running `Command { std: "docker" "inspect" "b118a07c6e98c1145e6ead722ea5a37adf488bcc75503e673cd48f25a76b4cce", kill_on_drop: false }`
[INFO] running `Command { std: "docker" "rm" "-f" "b118a07c6e98c1145e6ead722ea5a37adf488bcc75503e673cd48f25a76b4cce", kill_on_drop: false }`
[INFO] [stdout] b118a07c6e98c1145e6ead722ea5a37adf488bcc75503e673cd48f25a76b4cce
